01-01 08:00:17.050 324 324 E realtek-i2c 9801ba00.i2c-4: rtk_i2c_handle_tx_abort: slave address not acknowledged (7bit mode)
01-01 08:00:17.052 1 1 I init: starting service 'bootanim'...
01-01 08:00:17.054 324 324 E realtek-i2c 9801ba00.i2c-4: rtk_i2c_handle_tx_abort: slave address not acknowledged (7bit mode)
01-01 08:00:17.058 1 1 I init: ... started service 'bootanim' has pid 842
01-01 08:00:17.061 324 324 E realtek-i2c 9801ba00.i2c-4: rtk_i2c_handle_tx_abort: slave address not acknowledged (7bit mode)
01-01 08:00:17.067 1 1 I init: Control message: Processed ctl.start for 'bootanim' from pid: 735 (/system/bin/surfaceflinger)
01-01 08:00:17.069 324 324 E realtek-i2c 9801ba00.i2c-4: rtk_i2c_handle_tx_abort: slave address not acknowledged (7bit mode)
01-01 08:00:17.075 1 1 I init: processing action (sys.usb.config=adb) from (/vendor/etc/init/init.kent.usb.rc:15)
01-01 08:00:17.077 324 324 E realtek-i2c 9801ba00.i2c-4: rtk_i2c_handle_tx_abort: slave address not acknowledged (7bit mode)
01-01 08:00:17.080 214 214 I rtk-usb-manager 98007088.rtk-usb-manager: port2: Now is host mode switch device mode
01-01 08:00:17.085 324 324 E realtek-i2c 9801ba00.i2c-4: rtk_i2c_handle_tx_abort: slave address not acknowledged (7bit mode)
01-01 08:00:17.088 21 21 I xhci-hcd.4.auto: remove, state 4
01-01 08:00:17.089 324 324 E realtek-i2c 9801ba00.i2c-4: rtk_i2c_handle_tx_abort: slave address not acknowledged (7bit mode)
01-01 08:00:17.092 21 21 I usb4: USB disconnect, device number 1
01-01 08:00:17.098 324 324 E realtek-i2c 9801ba00.i2c-4: rtk_i2c_handle_tx_abort: slave address not acknowledged (7bit mode)
01-01 08:00:05.343 678 678 W binder:678_2: type=1400 audit(0.0:68): avc: denied { getattr } for path="/sys/devices/platform/soc@0/98000000.rbus/98007088.rtk-usb-manager/9800773c.usb-phy/extcon/extcon0/state" dev="sysfs" ino=53074 scontext=u:r:hal_graphics_composer_default:s0 tcontext=u:object_r:sysfs:s0 tclass=file permissive=0
01-01 08:00:05.343 678 678 W binder:678_2: type=1400 audit(0.0:69): avc: denied { getattr } for path="/sys/devices/platform/soc@0/98000000.rbus/98007088.rtk-usb-manager/98007220.type-c/extcon/extcon1/state" dev="sysfs" ino=55415 scontext=u:r:hal_graphics_composer_default:s0 tcontext=u:object_r:sysfs:s0 tclass=file permissive=0
01-01 08:00:05.343 678 678 W binder:678_2: type=1400 audit(0.0:70): avc: denied { getattr } for path="/sys/devices/platform/soc@0/98000000.rbus/98007088.rtk-usb-manager/9800773c.usb-phy/extcon/extcon0/state" dev="sysfs" ino=53074 scontext=u:r:hal_graphics_composer_default:s0 tcontext=u:object_r:sysfs:s0 tclass=file permissive=0
01-01 08:00:05.343 678 678 W binder:678_2: type=1400 audit(0.0:71): avc: denied { getattr } for path="/sys/devices/platform/soc@0/98000000.rbus/98007088.rtk-usb-manager/98007220.type-c/extcon/extcon1/state" dev="sysfs" ino=55415 scontext=u:r:hal_graphics_composer_default:s0 tcontext=u:object_r:sysfs:s0 tclass=file permissive=0
01-01 08:00:05.343 678 678 W binder:678_2: type=1400 audit(0.0:72): avc: denied { getattr } for path="/sys/devices/platform/soc@0/98000000.rbus/98007088.rtk-usb-manager/9800773c.usb-phy/extcon/extcon0/state" dev="sysfs" ino=53074 scontext=u:r:hal_graphics_composer_default:s0 tcontext=u:object_r:sysfs:s0 tclass=file permissive=0
01-01 08:00:05.343 678 678 W binder:678_2: type=1400 audit(0.0:73): avc: denied { getattr } for path="/sys/devices/platform/soc@0/98000000.rbus/98007088.rtk-usb-manager/98007220.type-c/extcon/extcon1/state" dev="sysfs" ino=55415 scontext=u:r:hal_graphics_composer_default:s0 tcontext=u:object_r:sysfs:s0 tclass=file permissive=0
01-01 08:00:05.343 678 678 W binder:678_2: type=1400 audit(0.0:74): avc: denied { getattr } for path="/sys/devices/platform/soc@0/98000000.rbus/98007088.rtk-usb-manager/9800773c.usb-phy/extcon/extcon0/state" dev="sysfs" ino=53074 scontext=u:r:hal_graphics_composer_default:s0 tcontext=u:object_r:sysfs:s0 tclass=file permissive=0
01-01 08:00:05.343 678 678 W binder:678_2: type=1400 audit(0.0:75): avc: denied { getattr } for path="/sys/devices/platform/soc@0/98000000.rbus/98007088.rtk-usb-manager/98007220.type-c/extcon/extcon1/state" dev="sysfs" ino=55415 scontext=u:r:hal_graphics_composer_default:s0 tcontext=u:object_r:sysfs:s0 tclass=file permissive=0
01-01 08:00:17.102 21 21 I xhci-hcd.4.auto: USB bus 4 deregistered
01-01 08:00:17.106 324 324 E realtek-i2c 9801ba00.i2c-4: rtk_i2c_handle_tx_abort: slave address not acknowledged (7bit mode)
01-01 08:00:17.108 21 21 I xhci-hcd.4.auto: remove, state 1
01-01 08:00:05.355 678 678 W binder:678_2: type=1400 audit(0.0:76): avc: denied { getattr } for path="/sys/devices/platform/soc@0/98000000.rbus/98007088.rtk-usb-manager/9800773c.usb-phy/extcon/extcon0/state" dev="sysfs" ino=53074 scontext=u:r:hal_graphics_composer_default:s0 tcontext=u:object_r:sysfs:s0 tclass=file permissive=0
01-01 08:00:05.355 678 678 W binder:678_2: type=1400 audit(0.0:77): avc: denied { getattr } for path="/sys/devices/platform/soc@0/98000000.rbus/98007088.rtk-usb-manager/98007220.type-c/extcon/extcon1/state" dev="sysfs" ino=55415 scontext=u:r:hal_graphics_composer_default:s0 tcontext=u:object_r:sysfs:s0 tclass=file permissive=0
01-01 08:00:17.111 214 214 I rtk-usb-manager 98007088.rtk-usb-manager: run_auto_role_swap: Auto role swap check after 10s
01-01 08:00:17.111 1 1 I init: processing action (sys.usb.config=adb) from (/vendor/etc/init/init.common.usb.rc:53)
01-01 08:00:17.114 1 1 I init: processing action (persist.sys.syslog_service.enable=1) from (/vendor/etc/init/syslog_service.rc:26)
01-01 08:00:17.115 1 1 I init: starting service 'syslog_service'...
01-01 08:00:17.122 324 324 E realtek-i2c 9801ba00.i2c-4: rtk_i2c_handle_tx_abort: slave address not acknowledged (7bit mode)
01-01 08:00:17.122 324 324 E realtek-i2c 9801ba00.i2c-4: rtk_i2c_handle_tx_abort: slave address not acknowledged (7bit mode)
01-01 08:00:17.132 1 1 I init: ... started service 'syslog_service' has pid 843
01-01 08:00:17.134 324 324 E realtek-i2c 9801ba00.i2c-4: rtk_i2c_handle_tx_abort: slave address not acknowledged (7bit mode)
01-01 08:00:17.139 1 1 I init: processing action (ro.vendor.rtk.feature.car=true) from (/vendor/etc/init/tee_dodetect.rc:9)
01-01 08:00:05.387 843 843 W syslog_service: type=1400 audit(0.0:78): avc: denied { read } for name="u:object_r:system_prop:s0" dev="tmpfs" ino=444 scontext=u:r:syslog_service:s0 tcontext=u:object_r:system_prop:s0 tclass=file permissive=0
01-01 08:00:17.141 324 324 E realtek-i2c 9801ba00.i2c-4: rtk_i2c_handle_tx_abort: slave address not acknowledged (7bit mode)
01-01 08:00:17.145 1 1 I init: starting service 'tee_dodetect'...
01-01 08:00:05.394 843 843 W libc: Access denied finding property "persist.sys.rtk.fwdebug"
01-01 08:00:17.149 324 324 E realtek-i2c 9801ba00.i2c-4: rtk_i2c_handle_tx_abort: slave address not acknowledged (7bit mode)
01-01 08:00:17.155 1 1 I init: ... started service 'tee_dodetect' has pid 844
01-01 08:00:17.159 324 324 E realtek-i2c 9801ba00.i2c-4: rtk_i2c_handle_tx_abort: slave address not acknowledged (7bit mode)
01-01 08:00:17.163 1 1 I init: processing action (nonencrypted) from (/system/etc/init/hw/init.rc:1214)
01-01 08:00:17.166 324 324 E realtek-i2c 9801ba00.i2c-4: rtk_i2c_handle_tx_abort: slave address not acknowledged (7bit mode)
01-01 08:00:17.168 1 1 I init: service 'zygote_secondary' requested start, but it is already running (flags: 4)
01-01 08:00:17.170 324 324 E realtek-i2c 9801ba00.i2c-4: rtk_i2c_handle_tx_abort: slave address not acknowledged (7bit mode)
01-01 08:00:17.172 1 1 I init: service 'zygote' requested start, but it is already running (flags: 4)
01-01 08:00:17.174 324 324 E realtek-i2c 9801ba00.i2c-4: rtk_i2c_handle_tx_abort: slave address not acknowledged (7bit mode)
01-01 08:00:17.175 1 1 I init: starting service 'computepipe_router_service'...
01-01 08:00:17.178 324 324 E realtek-i2c 9801ba00.i2c-4: rtk_i2c_handle_tx_abort: slave address not acknowledged (7bit mode)
01-01 08:00:17.185 1 1 I init: ... started service 'computepipe_router_service' has pid 845
01-01 08:00:17.185 324 324 E realtek-i2c 9801ba00.i2c-4: rtk_i2c_handle_tx_abort: slave address not acknowledged (7bit mode)
01-01 08:00:17.187 1 1 I init: starting service 'cameraserver'...
01-01 08:00:05.442 819 819 I perfetto: probes_producer.cc:341 Connected to the service
01-01 08:00:17.190 324 324 E realtek-i2c 9801ba00.i2c-4: rtk_i2c_handle_tx_abort: slave address not acknowledged (7bit mode)
01-01 08:00:17.196 1 1 I init: ... started service 'cameraserver' has pid 846
01-01 08:00:17.199 324 324 E realtek-i2c 9801ba00.i2c-4: rtk_i2c_handle_tx_abort: slave address not acknowledged (7bit mode)
01-01 08:00:17.201 1 1 I init: service 'drm' requested start, but it is already running (flags: 132)
01-01 08:00:17.204 324 324 E realtek-i2c 9801ba00.i2c-4: rtk_i2c_handle_tx_abort: slave address not acknowledged (7bit mode)
01-01 08:00:17.206 273 273 I servicemanager: Found android.automotive.computepipe.registry.IPipeRegistration/router in framework VINTF manifest.
01-01 08:00:17.208 324 324 E realtek-i2c 9801ba00.i2c-4: rtk_i2c_handle_tx_abort: slave address not acknowledged (7bit mode)
01-01 08:00:17.211 273 273 I servicemanager: Found android.automotive.computepipe.registry.IPipeQuery/router in framework VINTF manifest.
01-01 08:00:05.463 845 850 E ComputepipeRouter: Registration Complete
01-01 08:00:17.214 324 324 E realtek-i2c 9801ba00.i2c-4: rtk_i2c_handle_tx_abort: slave address not acknowledged (7bit mode)
01-01 08:00:17.216 1 1 I init: starting service 'idmap2d'...
01-01 08:00:17.220 324 324 E realtek-i2c 9801ba00.i2c-4: rtk_i2c_handle_tx_abort: slave address not acknowledged (7bit mode)
01-01 08:00:17.221 287 287 E hub 3-0: 1.0: activate --> -108
01-01 08:00:17.223 1 1 I init: ... started service 'idmap2d' has pid 851
01-01 08:00:17.225 324 324 E realtek-i2c 9801ba00.i2c-4: rtk_i2c_handle_tx_abort: slave address not acknowledged (7bit mode)
01-01 08:00:17.225 324 324 E realtek-i2c 9801ba00.i2c-4: rtk_i2c_handle_tx_abort: slave address not acknowledged (7bit mode)
01-01 08:00:17.225 324 324 E realtek-i2c 9801ba00.i2c-4: rtk_i2c_handle_tx_abort: slave address not acknowledged (7bit mode)
01-01 08:00:17.225 324 324 E realtek-i2c 9801ba00.i2c-4: rtk_i2c_handle_tx_abort: slave address not acknowledged (7bit mode)
01-01 08:00:17.225 324 324 E realtek-i2c 9801ba00.i2c-4: rtk_i2c_handle_tx_abort: slave address not acknowledged (7bit mode)
01-01 08:00:17.225 324 324 E realtek-i2c 9801ba00.i2c-4: rtk_i2c_handle_tx_abort: slave address not acknowledged (7bit mode)
01-01 08:00:17.226 324 324 E realtek-i2c 9801ba00.i2c-4: rtk_i2c_handle_tx_abort: slave address not acknowledged (7bit mode)
01-01 08:00:17.226 324 324 E realtek-i2c 9801ba00.i2c-4: rtk_i2c_handle_tx_abort: slave address not acknowledged (7bit mode)
01-01 08:00:17.226 324 324 E realtek-i2c 9801ba00.i2c-4: rtk_i2c_handle_tx_abort: slave address not acknowledged (7bit mode)
01-01 08:00:17.226 324 324 E realtek-i2c 9801ba00.i2c-4: rtk_i2c_handle_tx_abort: slave address not acknowledged (7bit mode)
01-01 08:00:17.226 287 287 E hub 3-0: 1.0: hub_ext_port_status failed (err = -108)
01-01 08:00:17.226 21 21 I usb3: USB disconnect, device number 1
01-01 08:00:17.229 1 1 I init: starting service 'incidentd'...
01-01 08:00:05.474 351 358 D VehicleRTKHal: In[setValues][512]
01-01 08:00:05.474 351 358 D VehicleRTKHardware: Set value for property ID: 291504901
01-01 08:00:05.474 351 359 D VehicleRTKHardware: In[setValue][799] prop =291504901 ,289408515
01-01 08:00:05.474 351 359 D VehicleRTKHardware: In[setValue][825].. wirte success...
01-01 08:00:05.474 351 358 D VehicleRTKHal: In[setValues][512]
01-01 08:00:05.474 351 358 D VehicleRTKHardware: Set value for property ID: 291504647
01-01 08:00:05.474 351 359 D VehicleRTKHardware: In[setValue][799] prop =291504647 ,289408515
01-01 08:00:05.474 351 359 D VehicleRTKHardware: In[setValue][825].. wirte success...
01-01 08:00:05.474 351 358 D VehicleRTKHal: In[setValues][512]
01-01 08:00:05.474 351 358 D VehicleRTKHardware: Set value for property ID: 291504903
01-01 08:00:05.474 351 359 D VehicleRTKHardware: In[setValue][799] prop =291504903 ,289408515
01-01 08:00:05.474 351 359 D VehicleRTKHardware: In[setValue][825].. wirte success...
01-01 08:00:05.475 351 358 D VehicleRTKHal: In[setValues][512]
01-01 08:00:05.475 351 358 D VehicleRTKHardware: Set value for property ID: 291504897
01-01 08:00:05.475 351 359 D VehicleRTKHardware: In[setValue][799] prop =291504897 ,289408515
01-01 08:00:05.475 351 359 D VehicleRTKHardware: In[setValue][825].. wirte success...
01-01 08:00:05.475 351 358 D VehicleRTKHal: In[setValues][512]
01-01 08:00:05.475 351 358 D VehicleRTKHardware: Set value for property ID: 289408000
01-01 08:00:05.475 351 359 D VehicleRTKHardware: In[setValue][799] prop =289408000 ,289408515
01-01 08:00:05.475 351 359 D VehicleRTKHardware: In[setValue][825].. wirte success...
01-01 08:00:05.475 351 358 D VehicleRTKHal: In[setValues][512]
01-01 08:00:05.475 351 358 D VehicleRTKHardware: Set value for property ID: 287310855
01-01 08:00:05.475 351 359 D VehicleRTKHardware: In[setValue][799] prop =287310855 ,289408515
01-01 08:00:05.475 351 359 D VehicleRTKHardware: In[setValue][825].. wirte success...
01-01 08:00:05.475 351 358 D VehicleRTKHal: In[setValues][512]
01-01 08:00:05.475 351 358 D VehicleRTKHardware: Set value for property ID: 291504644
01-01 08:00:05.475 351 359 D VehicleRTKHardware: In[setValue][799] prop =291504644 ,289408515
01-01 08:00:05.475 351 359 D VehicleRTKHardware: In[setValue][825].. wirte success...
01-01 08:00:05.475 351 358 D VehicleRTKHal: In[setValues][512]
01-01 08:00:05.475 351 358 D VehicleRTKHardware: Set value for property ID: 291504904
01-01 08:00:05.475 351 359 D VehicleRTKHardware: In[setValue][799] prop =291504904 ,289408515
01-01 08:00:05.475 351 359 D VehicleRTKHardware: In[setValue][825].. wirte success...
01-01 08:00:05.476 351 358 D VehicleRTKHal: In[setValues][512]
01-01 08:00:05.476 351 358 D VehicleRTKHardware: Set value for property ID: 291505923
01-01 08:00:05.476 351 359 D VehicleRTKHardware: In[setValue][799] prop =291505923 ,289408515
01-01 08:00:05.476 351 359 D VehicleRTKHardware: In[setValue][825].. wirte success...
01-01 08:00:17.231 21 21 I rtk-usb-manager 98007088.rtk-usb-manager: __gpio_on_off to set power (low active) off by gpio (id=62) OK
01-01 08:00:17.237 1 1 I init: ... started service 'incidentd' has pid 852
01-01 08:00:17.245 1 1 I init: starting service 'installd'...
01-01 08:00:05.498 639 639 I zygote: Using memfd for future sealing
01-01 08:00:05.502 638 638 I zygote64: Using memfd for future sealing
01-01 08:00:05.511 842 842 D BootAnimation: BootAnimationStartTiming start time: 17158ms
01-01 08:00:05.511 842 842 D BootAnimation: BootAnimationPreloadTiming start time: 17159ms
01-01 08:00:05.512 851 851 I idmap2d: Starting
01-01 08:00:17.250 21 21 I xhci-hcd.4.auto: USB bus 3 deregistered
01-01 08:00:05.515 842 842 D BootAnimation: /system/media/bootanimation.zip is loaded successfully
01-01 08:00:05.518 278 278 I hwservicemanager: getTransport: Cannot find entry android.hardware.atrace@1.0::IAtraceDevice/default in either framework or device VINTF manifest.
01-01 08:00:05.483 678 678 W binder:678_2: type=1400 audit(0.0:79): avc: denied { getattr } for path="/sys/devices/platform/soc@0/98000000.rbus/98007088.rtk-usb-manager/9800773c.usb-phy/extcon/extcon0/state" dev="sysfs" ino=53074 scontext=u:r:hal_graphics_composer_default:s0 tcontext=u:object_r:sysfs:s0 tclass=file permissive=0
01-01 08:00:05.483 678 678 W binder:678_2: type=1400 audit(0.0:80): avc: denied { getattr } for path="/sys/devices/platform/soc@0/98000000.rbus/98007088.rtk-usb-manager/98007220.type-c/extcon/extcon1/state" dev="sysfs" ino=55415 scontext=u:r:hal_graphics_composer_default:s0 tcontext=u:object_r:sysfs:s0 tclass=file permissive=0
01-01 08:00:17.281 1 1 I init: ... started service 'installd' has pid 855
01-01 08:00:17.284 1 1 I init: service 'mdnsd' requested start, but it is already running (flags: 134)
01-01 08:00:05.483 678 678 W binder:678_2: type=1400 audit(0.0:81): avc: denied { getattr } for path="/sys/devices/platform/soc@0/98000000.rbus/98007088.rtk-usb-manager/9800773c.usb-phy/extcon/extcon0/state" dev="sysfs" ino=53074 scontext=u:r:hal_graphics_composer_default:s0 tcontext=u:object_r:sysfs:s0 tclass=file permissive=0
01-01 08:00:05.483 678 678 W binder:678_2: type=1400 audit(0.0:82): avc: denied { getattr } for path="/sys/devices/platform/soc@0/98000000.rbus/98007088.rtk-usb-manager/98007220.type-c/extcon/extcon1/state" dev="sysfs" ino=55415 scontext=u:r:hal_graphics_composer_default:s0 tcontext=u:object_r:sysfs:s0 tclass=file permissive=0
01-01 08:00:17.290 1 1 I init: starting service 'mediaextractor'...
01-01 08:00:05.544 842 842 D BootAnimation: BootAnimationPreloadStopTiming start time: 17191ms
01-01 08:00:05.491 678 678 W binder:678_2: type=1400 audit(0.0:83): avc: denied { getattr } for path="/sys/devices/platform/soc@0/98000000.rbus/98007088.rtk-usb-manager/9800773c.usb-phy/extcon/extcon0/state" dev="sysfs" ino=53074 scontext=u:r:hal_graphics_composer_default:s0 tcontext=u:object_r:sysfs:s0 tclass=file permissive=0
01-01 08:00:17.298 1 1 I init: ... started service 'mediaextractor' has pid 858
01-01 08:00:05.491 678 678 W binder:678_2: type=1400 audit(0.0:84): avc: denied { getattr } for path="/sys/devices/platform/soc@0/98000000.rbus/98007088.rtk-usb-manager/98007220.type-c/extcon/extcon1/state" dev="sysfs" ino=55415 scontext=u:r:hal_graphics_composer_default:s0 tcontext=u:object_r:sysfs:s0 tclass=file permissive=0
01-01 08:00:17.302 1 1 I init: starting service 'mediametrics'...
01-01 08:00:05.491 678 678 W binder:678_2: type=1400 audit(0.0:85): avc: denied { getattr } for path="/sys/devices/platform/soc@0/98000000.rbus/98007088.rtk-usb-manager/9800773c.usb-phy/extcon/extcon0/state" dev="sysfs" ino=53074 scontext=u:r:hal_graphics_composer_default:s0 tcontext=u:object_r:sysfs:s0 tclass=file permissive=0
01-01 08:00:05.563 855 855 I installd: installd firing up
01-01 08:00:05.564 678 678 D DRM2-hwc3-display: [DRMNR] GetPreferredBootConfig id=2 1280x1600p@59.999771 vic:VIC_NA
01-01 08:00:05.564 678 678 D DRM2-hwc3-display: [NHDR] GetPreferredBootConfig preferred_config_id:2 preferred_config_id_edid_auto:2 staged_mode_config_id_:2 active_config_id:2
01-01 08:00:17.310 1 1 I init: ... started service 'mediametrics' has pid 861
01-01 08:00:05.491 678 678 W binder:678_2: type=1400 audit(0.0:86): avc: denied { getattr } for path="/sys/devices/platform/soc@0/98000000.rbus/98007088.rtk-usb-manager/98007220.type-c/extcon/extcon1/state" dev="sysfs" ino=55415 scontext=u:r:hal_graphics_composer_default:s0 tcontext=u:object_r:sysfs:s0 tclass=file permissive=0
01-01 08:00:17.320 1 1 I init: starting service 'media'...
01-01 08:00:05.491 678 678 W binder:678_2: type=1400 audit(0.0:87): avc: denied { getattr } for path="/sys/devices/platform/soc@0/98000000.rbus/98007088.rtk-usb-manager/9800773c.usb-phy/extcon/extcon0/state" dev="sysfs" ino=53074 scontext=u:r:hal_graphics_composer_default:s0 tcontext=u:object_r:sysfs:s0 tclass=file permissive=0
01-01 08:00:05.491 678 678 W binder:678_2: type=1400 audit(0.0:88): avc: denied { getattr } for path="/sys/devices/platform/soc@0/98000000.rbus/98007088.rtk-usb-manager/98007220.type-c/extcon/extcon1/state" dev="sysfs" ino=55415 scontext=u:r:hal_graphics_composer_default:s0 tcontext=u:object_r:sysfs:s0 tclass=file permissive=0
01-01 08:00:05.519 678 678 W binder:678_2: type=1400 audit(0.0:89): avc: denied { getattr } for path="/sys/devices/platform/soc@0/98000000.rbus/98007088.rtk-usb-manager/9800773c.usb-phy/extcon/extcon0/state" dev="sysfs" ino=53074 scontext=u:r:hal_graphics_composer_default:s0 tcontext=u:object_r:sysfs:s0 tclass=file permissive=0
01-01 08:00:05.519 678 678 W binder:678_2: type=1400 audit(0.0:90): avc: denied { getattr } for path="/sys/devices/platform/soc@0/98000000.rbus/98007088.rtk-usb-manager/98007220.type-c/extcon/extcon1/state" dev="sysfs" ino=55415 scontext=u:r:hal_graphics_composer_default:s0 tcontext=u:object_r:sysfs:s0 tclass=file permissive=0
01-01 08:00:05.519 678 678 W binder:678_2: type=1400 audit(0.0:91): avc: denied { getattr } for path="/sys/devices/platform/soc@0/98000000.rbus/98007088.rtk-usb-manager/9800773c.usb-phy/extcon/extcon0/state" dev="sysfs" ino=53074 scontext=u:r:hal_graphics_composer_default:s0 tcontext=u:object_r:sysfs:s0 tclass=file permissive=0
01-01 08:00:05.519 678 678 W binder:678_2: type=1400 audit(0.0:92): avc: denied { getattr } for path="/sys/devices/platform/soc@0/98000000.rbus/98007088.rtk-usb-manager/98007220.type-c/extcon/extcon1/state" dev="sysfs" ino=55415 scontext=u:r:hal_graphics_composer_default:s0 tcontext=u:object_r:sysfs:s0 tclass=file permissive=0
01-01 08:00:05.519 678 678 W binder:678_2: type=1400 audit(0.0:93): avc: denied { getattr } for path="/sys/devices/platform/soc@0/98000000.rbus/98007088.rtk-usb-manager/9800773c.usb-phy/extcon/extcon0/state" dev="sysfs" ino=53074 scontext=u:r:hal_graphics_composer_default:s0 tcontext=u:object_r:sysfs:s0 tclass=file permissive=0
01-01 08:00:05.519 678 678 W binder:678_2: type=1400 audit(0.0:94): avc: denied { getattr } for path="/sys/devices/platform/soc@0/98000000.rbus/98007088.rtk-usb-manager/98007220.type-c/extcon/extcon1/state" dev="sysfs" ino=55415 scontext=u:r:hal_graphics_composer_default:s0 tcontext=u:object_r:sysfs:s0 tclass=file permissive=0
01-01 08:00:17.336 1 1 I init: ... started service 'media' has pid 862
01-01 08:00:17.340 324 324 E realtek-i2c 9801ba00.i2c-4: rtk_i2c_handle_tx_abort: slave address not acknowledged (7bit mode)
01-01 08:00:17.341 1 1 I init: service 'netd' requested start, but it is already running (flags: 4)
01-01 08:00:17.343 324 324 E realtek-i2c 9801ba00.i2c-4: rtk_i2c_handle_tx_abort: slave address not acknowledged (7bit mode)
01-01 08:00:05.623 861 861 V MediaUtils: physMem: 5400895488
01-01 08:00:05.623 861 861 V MediaUtils: requested limit: 134217728
01-01 08:00:05.623 861 861 I libc: malloc_limit: Allocation limit enabled, max size 134217728 bytes
01-01 08:00:05.624 861 861 D AudioPowerUsage: AudioPowerUsage
01-01 08:00:05.624 861 861 D AudioAnalytics: AudioAnalytics
01-01 08:00:05.624 861 861 D MediaMetricsService: MediaMetricsService
01-01 08:00:05.633 858 858 I main_extractorservice: enable media.extractor memory limits
01-01 08:00:05.633 858 858 V MediaUtils: physMem: 5400895488
01-01 08:00:05.633 858 858 V MediaUtils: requested limit: 1080179080
01-01 08:00:05.633 858 858 I libc: malloc_limit: Allocation limit enabled, max size 1080179080 bytes
01-01 08:00:17.382 1 1 I init: starting service 'storaged'...
01-01 08:00:05.636 713 713 I ServiceManagerCppClient: Waiting for service 'media.metrics' on '/dev/binder' successful after waiting 1379ms
01-01 08:00:05.637 713 713 I AudioFlinger: Using 3000 mSec as standby time.
01-01 08:00:05.637 713 713 D audioserver: main: AudioFlinger created
01-01 08:00:05.649 858 858 W mediaextractor: Could not read additional policy file '/vendor/etc/seccomp_policy/mediaextractor.policy'
01-01 08:00:05.650 858 858 W mediaextractor: libminijail[858]: failed to get path of fd 4: No such file or directory
01-01 08:00:05.650 858 858 W mediaextractor: libminijail[858]: allowing syscall: connect
01-01 08:00:05.650 858 858 W mediaextractor: libminijail[858]: allowing syscall: fcntl
01-01 08:00:05.650 858 858 W mediaextractor: libminijail[858]: allowing syscall: sendto
01-01 08:00:05.650 858 858 W mediaextractor: libminijail[858]: allowing syscall: socket
01-01 08:00:05.650 858 858 W mediaextractor: libminijail[858]: allowing syscall: writev
01-01 08:00:05.650 858 858 W mediaextractor: libminijail[858]: compile_file: (42): syscall readlinkat redefined here
01-01 08:00:05.650 858 858 W mediaextractor: libminijail[858]: compile_file: (38): previous definition here
01-01 08:00:05.650 858 858 W mediaextractor: libminijail[858]: compile_file: /apex/com.android.media/etc/seccomp_policy/crash_dump.arm64.policy(1): syscall read redefined here
01-01 08:00:05.650 858 858 W mediaextractor: libminijail[858]: compile_file: (18): previous definition here
01-01 08:00:05.650 858 858 W mediaextractor: libminijail[858]: compile_file: /apex/com.android.media/etc/seccomp_policy/crash_dump.arm64.policy(2): syscall write redefined here
01-01 08:00:05.650 858 858 W mediaextractor: libminijail[858]: compile_file: (6): previous definition here
01-01 08:00:05.650 858 858 W mediaextractor: libminijail[858]: compile_file: /apex/com.android.media/etc/seccomp_policy/crash_dump.arm64.policy(3): syscall exit redefined here
01-01 08:00:05.650 858 858 W mediaextractor: libminijail[858]: compile_file: (27): previous definition here
01-01 08:00:05.650 858 858 W mediaextractor: libminijail[858]: compile_file: /apex/com.android.media/etc/seccomp_policy/crash_dump.arm64.policy(4): syscall rt_sigreturn redefined here
01-01 08:00:05.650 858 858 W mediaextractor: libminijail[858]: compile_file: (29): previous definition here
01-01 08:00:05.650 858 858 W mediaextractor: libminijail[858]: compile_file: /apex/com.android.media/etc/seccomp_policy/crash_dump.arm64.policy(5): syscall exit_group redefined here
01-01 08:00:05.650 858 858 W mediaextractor: libminijail[858]: compile_file: (28): previous definition here
01-01 08:00:05.650 858 858 W mediaextractor: libminijail[858]: compile_file: /apex/com.android.media/etc/seccomp_policy/crash_dump.arm64.policy(8): syscall futex redefined here
01-01 08:00:05.650 858 858 W mediaextractor: libminijail[858]: compile_file: (4): previous definition here
01-01 08:00:05.650 858 858 W mediaextractor: libminijail[858]: compile_file: /apex/com.android.media/etc/seccomp_policy/crash_dump.arm64.policy(9): syscall getrandom redefined here
01-01 08:00:05.650 858 858 W mediaextractor: libminijail[858]: compile_file: (32): previous definition here
01-01 08:00:05.650 858 858 W mediaextractor: libminijail[858]: compile_file: /apex/com.android.media/etc/seccomp_policy/crash_dump.arm64.policy(14): syscall openat redefined here
01-01 08:00:05.650 858 858 W mediaextractor: libminijail[858]: compile_file: (12): previous definition here
01-01 08:00:05.650 858 858 W mediaextractor: libminijail[858]: compile_file: /apex/com.android.media/etc/seccomp_policy/crash_dump.arm64.policy(15): syscall dup redefined here
01-01 08:00:05.650 858 858 W mediaextractor: libminijail[858]: compile_file: (9): previous definition here
01-01 08:00:05.650 858 858 W mediaextractor: libminijail[858]: compile_file: /apex/com.android.media/etc/seccomp_policy/crash_dump.arm64.policy(16): syscall close redefined here
01-01 08:00:05.650 858 858 W mediaextractor: libminijail[858]: compile_file: (8): previous definition here
01-01 08:00:05.650 858 858 W mediaextractor: libminijail[858]: compile_file: /apex/com.android.media/etc/seccomp_policy/crash_dump.arm64.policy(17): syscall lseek redefined here
01-01 08:00:05.650 858 858 W mediaextractor: libminijail[858]: compile_file: (23): previous definition here
01-01 08:00:05.650 858 858 W mediaextractor: libminijail[858]: compile_file: /apex/com.android.media/etc/seccomp_policy/crash_dump.arm64.policy(18): syscall getdents64 redefined here
01-01 08:00:05.650 858 858 W mediaextractor: libminijail[858]: compile_file: (41): previous definition here
01-01 08:00:05.650 858 858 W mediaextractor: libminijail[858]: compile_file: /apex/com.android.media/etc/seccomp_policy/crash_dump.arm64.policy(19): syscall faccessat redefined here
01-01 08:00:05.650 858 858 W mediaextractor: libminijail[858]: compile_file: (25): previous definition here
01-01 08:00:05.650 858 858 W mediaextractor: libminijail[858]: compile_file: /apex/com.android.media/etc/seccomp_policy/crash_dump.arm64.policy(28): syscall prctl redefined here
01-01 08:00:05.650 858 858 W mediaextractor: libminijail[858]: compile_file: (5): previous definition here
01-01 08:00:05.651 858 858 W mediaextractor: libminijail[858]: compile_file: /apex/com.android.media/etc/seccomp_policy/crash_dump.arm64.policy(29): syscall madvise redefined here
01-01 08:00:05.651 858 858 W mediaextractor: libminijail[858]: compile_file: (14): previous definition here
01-01 08:00:05.651 858 858 W mediaextractor: libminijail[858]: compile_file: /apex/com.android.media/etc/seccomp_policy/crash_dump.arm64.policy(30): syscall mprotect redefined here
01-01 08:00:05.651 858 858 W mediaextractor: libminijail[858]: compile_file: (13): previous definition here
01-01 08:00:05.651 858 858 W mediaextractor: libminijail[858]: compile_file: /apex/com.android.media/etc/seccomp_policy/crash_dump.arm64.policy(31): syscall munmap redefined here
01-01 08:00:05.651 858 858 W mediaextractor: libminijail[858]: compile_file: (11): previous definition here
01-01 08:00:05.651 858 858 W mediaextractor: libminijail[858]: compile_file: /apex/com.android.media/etc/seccomp_policy/crash_dump.arm64.policy(32): syscall getuid redefined here
01-01 08:00:05.651 858 858 W mediaextractor: libminijail[858]: compile_file: (15): previous definition here
01-01 08:00:05.651 858 858 W mediaextractor: libminijail[858]: compile_file: /apex/com.android.media/etc/seccomp_policy/crash_dump.arm64.policy(33): syscall fstat redefined here
01-01 08:00:05.651 858 858 W mediaextractor: libminijail[858]: compile_file: (16): previous definition here
01-01 08:00:05.651 858 858 W mediaextractor: libminijail[858]: compile_file: /apex/com.android.media/etc/seccomp_policy/crash_dump.arm64.policy(34): syscall mmap redefined here
01-01 08:00:05.651 858 858 W mediaextractor: libminijail[858]: compile_file: (10): previous definition here
01-01 08:00:05.651 858 858 W mediaextractor: libminijail[858]: logging seccomp filter failures
01-01 08:00:05.654 861 875 I ServiceManagerCppClient: Waiting for service 'package_native' on '/dev/binder'...
01-01 08:00:05.631 678 678 W binder:678_2: type=1400 audit(0.0:95): avc: denied { getattr } for path="/sys/devices/platform/soc@0/98000000.rbus/98007088.rtk-usb-manager/9800773c.usb-phy/extcon/extcon0/state" dev="sysfs" ino=53074 scontext=u:r:hal_graphics_composer_default:s0 tcontext=u:object_r:sysfs:s0 tclass=file permissive=0
01-01 08:00:17.407 1 1 I init: Could not open file '/d/mmc0/mmc0:0001/ext_csd': Failed to open file '/d/mmc0/mmc0:0001/ext_csd': Permission denied
01-01 08:00:17.408 324 324 E realtek-i2c 9801ba00.i2c-4: rtk_i2c_handle_tx_abort: slave address not acknowledged (7bit mode)
01-01 08:00:17.408 324 324 E realtek-i2c 9801ba00.i2c-4: rtk_i2c_handle_tx_abort: slave address not acknowledged (7bit mode)
01-01 08:00:17.408 324 324 E realtek-i2c 9801ba00.i2c-4: rtk_i2c_handle_tx_abort: slave address not acknowledged (7bit mode)
01-01 08:00:17.408 324 324 E realtek-i2c 9801ba00.i2c-4: rtk_i2c_handle_tx_abort: slave address not acknowledged (7bit mode)
01-01 08:00:17.409 324 324 E realtek-i2c 9801ba00.i2c-4: rtk_i2c_handle_tx_abort: slave address not acknowledged (7bit mode)
01-01 08:00:05.631 678 678 W binder:678_2: type=1400 audit(0.0:96): avc: denied { getattr } for path="/sys/devices/platform/soc@0/98000000.rbus/98007088.rtk-usb-manager/98007220.type-c/extcon/extcon1/state" dev="sysfs" ino=55415 scontext=u:r:hal_graphics_composer_default:s0 tcontext=u:object_r:sysfs:s0 tclass=file permissive=0
01-01 08:00:05.665 843 843 I syslog_service: Service initialized with 7 collectors
01-01 08:00:05.668 842 859 D libEGL: loaded /vendor/lib64/egl/libGLES_mali.so
01-01 08:00:17.413 324 324 E realtek-i2c 9801ba00.i2c-4: rtk_i2c_handle_tx_abort: slave address not acknowledged (7bit mode)
01-01 08:00:17.419 324 324 E realtek-i2c 9801ba00.i2c-4: rtk_i2c_handle_tx_abort: slave address not acknowledged (7bit mode)
01-01 08:00:17.432 1 1 I init: ... started service 'storaged' has pid 888
01-01 08:00:17.433 324 324 E realtek-i2c 9801ba00.i2c-4: rtk_i2c_handle_tx_abort: slave address not acknowledged (7bit mode)
01-01 08:00:05.651 1 1 W init: type=1400 audit(0.0:97): avc: denied { read } for name="ext_csd" dev="debugfs" ino=13236 scontext=u:r:init:s0 tcontext=u:object_r:debugfs_mmc:s0 tclass=file permissive=0
01-01 08:00:05.684 351 358 D VehicleRTKHal: In[setValues][512]
01-01 08:00:05.684 351 358 D VehicleRTKHardware: Set value for property ID: 291504901
01-01 08:00:05.684 351 359 D VehicleRTKHardware: In[setValue][799] prop =291504901 ,289408515
01-01 08:00:05.684 351 359 D VehicleRTKHardware: In[setValue][825].. wirte success...
01-01 08:00:05.684 351 358 D VehicleRTKHal: In[setValues][512]
01-01 08:00:05.684 351 358 D VehicleRTKHardware: Set value for property ID: 291504647
01-01 08:00:05.685 351 359 D VehicleRTKHardware: In[setValue][799] prop =291504647 ,289408515
01-01 08:00:05.685 351 359 D VehicleRTKHardware: In[setValue][825].. wirte success...
01-01 08:00:05.685 351 358 D VehicleRTKHal: In[setValues][512]
01-01 08:00:05.685 351 358 D VehicleRTKHardware: Set value for property ID: 291504903
01-01 08:00:05.685 351 359 D VehicleRTKHardware: In[setValue][799] prop =291504903 ,289408515
01-01 08:00:05.685 351 359 D VehicleRTKHardware: In[setValue][825].. wirte success...
01-01 08:00:05.685 351 358 D VehicleRTKHal: In[setValues][512]
01-01 08:00:05.685 351 358 D VehicleRTKHardware: Set value for property ID: 291504897
01-01 08:00:05.685 351 359 D VehicleRTKHardware: In[setValue][799] prop =291504897 ,289408515
01-01 08:00:05.685 351 359 D VehicleRTKHardware: In[setValue][825].. wirte success...
01-01 08:00:05.685 351 358 D VehicleRTKHal: In[setValues][512]
01-01 08:00:05.685 351 358 D VehicleRTKHardware: Set value for property ID: 289408000
01-01 08:00:05.685 351 359 D VehicleRTKHardware: In[setValue][799] prop =289408000 ,289408515
01-01 08:00:05.685 351 359 D VehicleRTKHardware: In[setValue][825].. wirte success...
01-01 08:00:05.685 351 358 D VehicleRTKHal: In[setValues][512]
01-01 08:00:05.685 351 358 D VehicleRTKHardware: Set value for property ID: 287310855
01-01 08:00:05.685 351 359 D VehicleRTKHardware: In[setValue][799] prop =287310855 ,289408515
01-01 08:00:05.685 351 359 D VehicleRTKHardware: In[setValue][825].. wirte success...
01-01 08:00:05.686 351 358 D VehicleRTKHal: In[setValues][512]
01-01 08:00:05.686 351 358 D VehicleRTKHardware: Set value for property ID: 291504644
01-01 08:00:05.686 351 359 D VehicleRTKHardware: In[setValue][799] prop =291504644 ,289408515
01-01 08:00:05.686 351 359 D VehicleRTKHardware: In[setValue][825].. wirte success...
01-01 08:00:05.686 351 358 D VehicleRTKHal: In[setValues][512]
01-01 08:00:05.686 351 358 D VehicleRTKHardware: Set value for property ID: 291504904
01-01 08:00:05.686 351 359 D VehicleRTKHardware: In[setValue][799] prop =291504904 ,289408515
01-01 08:00:05.686 351 359 D VehicleRTKHardware: In[setValue][825].. wirte success...
01-01 08:00:05.686 351 358 D VehicleRTKHal: In[setValues][512]
01-01 08:00:05.686 351 358 D VehicleRTKHardware: Set value for property ID: 291505923
01-01 08:00:05.686 351 359 D VehicleRTKHardware: In[setValue][799] prop =291505923 ,289408515
01-01 08:00:05.686 351 359 D VehicleRTKHardware: In[setValue][825].. wirte success...
01-01 08:00:17.435 1 1 I init: starting service 'wificond'...
01-01 08:00:17.436 324 324 E realtek-i2c 9801ba00.i2c-4: rtk_i2c_handle_tx_abort: slave address not acknowledged (7bit mode)
01-01 08:00:17.451 282 282 I logd: logdr: UID=0 GID=1000 PID=843 b tail=0 logMask=99 pid=0 start=0ns deadline=0ns
01-01 08:00:17.452 324 324 E realtek-i2c 9801ba00.i2c-4: rtk_i2c_handle_tx_abort: slave address not acknowledged (7bit mode)
01-01 08:00:17.465 1 1 I init: ... started service 'wificond' has pid 889
01-01 08:00:17.467 324 324 E realtek-i2c 9801ba00.i2c-4: rtk_i2c_handle_tx_abort: slave address not acknowledged (7bit mode)
01-01 08:00:17.470 1 1 I init: starting service 'vendor.RtkAFWLC'...
01-01 08:00:17.470 324 324 E realtek-i2c 9801ba00.i2c-4: rtk_i2c_handle_tx_abort: slave address not acknowledged (7bit mode)
01-01 08:00:17.481 1 1 I init: ... started service 'vendor.RtkAFWLC' has pid 894
01-01 08:00:17.481 1 1 I init: starting service 'vendor.ril-daemon'...
01-01 08:00:17.485 324 324 E realtek-i2c 9801ba00.i2c-4: rtk_i2c_handle_tx_abort: slave address not acknowledged (7bit mode)
01-01 08:00:05.723 842 842 W BootAnimation: type=1400 audit(0.0:98): avc: denied { read } for name="large_page_conf" dev="sysfs" ino=44899 scontext=u:r:bootanim:s0 tcontext=u:object_r:sysfs:s0 tclass=file permissive=0
01-01 08:00:05.779 888 888 I ServiceManagerCppClient: Waiting for service 'package_native' on '/dev/binder'...
01-01 08:00:05.780 889 889 I wificond: wificond is starting up...
01-01 08:00:17.507 1 1 I init: ... started service 'vendor.ril-daemon' has pid 895
01-01 08:00:17.509 273 273 I servicemanager: Found android.hardware.health.IHealth/default in device VINTF manifest.
01-01 08:00:17.528 1 1 I init: service 'syslog_service' requested start, but it is already running (flags: 134)
01-01 08:00:17.536 273 273 I servicemanager: Could not find android.hardware.net.nlinterceptor.IInterceptor/default in the VINTF manifest.
01-01 08:00:17.538 324 324 E realtek-i2c 9801ba00.i2c-4: rtk_i2c_handle_tx_abort: slave address not acknowledged (7bit mode)
01-01 08:00:05.808 895 895 W libc: Access denied finding property "vendor.rild.libpath"
01-01 08:00:05.809 278 278 I hwservicemanager: getTransport: Cannot find entry android.system.wifi.keystore@1.0::IKeystore/default in either framework or device VINTF manifest.
01-01 08:00:05.809 889 889 E HidlServiceManagement: Service android.system.wifi.keystore@1.0::IKeystore/default must be in VINTF manifest in order to register/get.
01-01 08:00:05.809 889 889 I wificond: Did not register wifi keystore HIDL HAL service: -2147483648
01-01 08:00:05.803 895 895 W rild: type=1400 audit(0.0:99): avc: denied { read } for name="u:object_r:vendor_radio_prop:s0" dev="tmpfs" ino=490 scontext=u:r:rild:s0 tcontext=u:object_r:vendor_radio_prop:s0 tclass=file permissive=0
01-01 08:00:17.565 1 1 E init: Could not start service 'tee_storage_checking' as part of class 'main': Cannot find '/vendor/bin/tee_storage_checking': No such file or directory
01-01 08:00:05.827 713 713 E APM::Serializer: deserialize: libxml failed to resolve XIncludes on /vendor/etc/audio_policy_configuration.xml document.
01-01 08:00:05.837 713 713 D APM_EngineLoader: Loaded engine from libaudiopolicyenginedefault.so
01-01 08:00:05.843 644 711 D audio_hw_primary_v5.12.20: adev_open
01-01 08:00:05.843 644 711 D AudioUtil: [vendor/realtek/common-stb/libs/hardware/AudioUtil_alsa/AudioUtil.cpp:103]AudioUtil_Init()...
01-01 08:00:05.843 644 711 W AudioUtil: [AudioUtil_InitRPC][78] [HIFI]
01-01 08:00:05.843 644 711 D RPCProxy: InitRPCProxy start pid:644 tid:711 name:RPC_Thread_HIFI
01-01 08:00:17.583 324 324 E realtek-i2c 9801ba00.i2c-4: rtk_i2c_handle_tx_abort: slave address not acknowledged (7bit mode)
01-01 08:00:17.597 1 1 I init: starting service 'media.swcodec'...
01-01 08:00:05.849 858 858 I MediaExtractorFactory: plugin directory not present (/system/lib64/extractors)
01-01 08:00:05.849 858 858 I MediaExtractorFactory: plugin directory not present (/system_ext/lib64/extractors)
01-01 08:00:17.599 324 324 E realtek-i2c 9801ba00.i2c-4: rtk_i2c_handle_tx_abort: slave address not acknowledged (7bit mode)
01-01 08:00:17.605 324 324 E realtek-i2c 9801ba00.i2c-4: rtk_i2c_handle_tx_abort: slave address not acknowledged (7bit mode)
01-01 08:00:05.857 644 711 D RPCProxy: InitRPCProxy END
01-01 08:00:05.857 644 711 V audio_util_wrap_rpc: [UTIL_WRAP_AUDIO_RPC_Init_Wrap][166] [WRAP]
01-01 08:00:05.857 644 711 V audio_util_wrap_rpc: [UTIL_WRAP_AUDIO_RPC_Register_Wrap][195] [WRAP]
01-01 08:00:05.857 644 711 D audio_util_wrap_rpc: [_UTIL_WRAP_AUDIORPC_Register_HiFi][112] [WRAP]
01-01 08:00:05.857 644 711 D AudioUtil: [vendor/realtek/common-stb/libs/hardware/AudioUtil_alsa/AudioUtil.cpp:42]SetContinuousAudioOutputMode()...
01-01 08:00:05.857 644 711 V audio_util_wrap_rpc: [UTIL_WRAP_prepareCLNT][233] [WRAP]
01-01 08:00:05.857 644 711 V audio_util_wrap_rpc: [UTIL_WRAP_AUDIO_RPC_ToAgent_AudioConfig_0][451] [WRAP]
01-01 08:00:05.858 644 711 V audio_util_wrap_rpc: [_CHK_HRESULT_IS_VAILD][15] [WRAP]
01-01 08:00:05.858 644 711 V audio_util_wrap_rpc: [UTIL_WRAP_prepareCLNT][233] [WRAP]
01-01 08:00:05.858 644 711 D AudioUtil: [vendor/realtek/common-stb/libs/hardware/AudioUtil_alsa/AudioUtil.cpp:2689]SetAudioDelay()... delayInMS = 0
01-01 08:00:05.858 644 711 V audio_util_wrap_rpc: [UTIL_WRAP_prepareCLNT][233] [WRAP]
01-01 08:00:05.858 644 711 V audio_util_wrap_rpc: [UTIL_WRAP_AUDIO_RPC_ToAgent_HDMI_OUT_VSDB_0][598] [WRAP]
01-01 08:00:05.858 644 711 V audio_util_wrap_rpc: [_CHK_HRESULT_IS_VAILD][15] [WRAP]
01-01 08:00:05.858 644 711 V AudioUtil: [vendor/realtek/common-stb/libs/hardware/AudioUtil_alsa/AudioUtil.cpp:1352]SetAudioDecStep()...step = 100
01-01 08:00:05.858 644 711 V audio_util_wrap_rpc: [UTIL_WRAP_prepareCLNT][233] [WRAP]
01-01 08:00:05.858 644 711 V audio_util_wrap_rpc: [UTIL_WRAP_AUDIO_RPC_ToAgent_AudioConfig_0][451] [WRAP]
01-01 08:00:05.847 678 678 W binder:678_2: type=1400 audit(0.0:100): avc: denied { getattr } for path="/sys/devices/platform/soc@0/98000000.rbus/98007088.rtk-usb-manager/9800773c.usb-phy/extcon/extcon0/state" dev="sysfs" ino=53074 scontext=u:r:hal_graphics_composer_default:s0 tcontext=u:object_r:sysfs:s0 tclass=file permissive=0
01-01 08:00:05.863 644 711 V audio_util_wrap_rpc: [_CHK_HRESULT_IS_VAILD][15] [WRAP]
01-01 08:00:05.863 644 711 D audio_hw_params: loadJson[+]
01-01 08:00:05.863 644 711 D audio_hw_params:  #### CheckPoint loadJson:282 want to use audio_hal_params.json.ninja9 #####
01-01 08:00:05.863 644 711 E audio_hw_params: audio_hal_params open failed
01-01 08:00:05.863 644 711 D audio_hw_params:  #### CheckPoint loadJson:305 got ninja9 but not detect new json using old one#####
01-01 08:00:05.863 644 711 D audio_hw_params: loadJson[-]
01-01 08:00:05.863 644 711 D audio_hw_params: get NonMS12 offset info
01-01 08:00:05.863 644 711 D audio_hw_params: json av sync offset: PCM 30/18, LPCM51 30/--, DDP 70/2, AC4 70/2
01-01 08:00:05.863 644 711 D audio_hw_params: nrdp_uiAudioBufferDelayOffset=60
01-01 08:00:05.863 644 711 W audio_hw_primary_v5.12.20: [adev_open][8950] [MS12] isMS12_on::0
01-01 08:00:05.863 644 711 W audio_hw_primary_v5.12.20: [adev_open][8954] [HIFI] isHiFi_on::1
01-01 08:00:05.863 644 711 W audio_hw_primary_v5.12.20: [adev_open][8958] [HIFI] isDDPOnly_on::0
01-01 08:00:05.863 644 711 W audio_hw_primary_v5.12.20: [adev_open][8962] [HIFI] isNoDolby_on::1
01-01 08:00:05.863 644 711 D AudioUtil: [vendor/realtek/common-stb/libs/hardware/AudioUtil_alsa/AudioUtil.cpp:542] GetAudioHdmiOutputMode(), hdmioutput mode=3
01-01 08:00:05.863 644 711 D audio_hw_primary_v5.12.20: hdmi_Settings 3
01-01 08:00:05.863 644 711 D audio_hw_primary_v5.12.20: ms12_switch 0
01-01 08:00:05.864 644 711 D audio_hw_primary_v5.12.20: ret 0 clk 1832696
01-01 08:00:05.864 644 711 D alsa_pcm_util: [getSndCard][52] name rtksnd name size 6
01-01 08:00:05.864 644 711 D alsa_pcm_util: check /proc/asound/card0/id
01-01 08:00:05.864 644 711 D alsa_pcm_util: check /proc/asound/card0/id result 0 cardname= rtksnd
01-01 08:00:05.864 644 711 D alsa_pcm_util: checkSndCard find at card 0
01-01 08:00:05.864 644 711 D alsa_pcm_util: [checkSndCard][26] sndname rtksnd sndname size 6 card 0
01-01 08:00:05.864 644 711 D AudioHdmiClient: HdmiAidlClient():58 HdmiAidlClient()
01-01 08:00:05.864 644 711 D AudioHdmiClient: connect():82 called
01-01 08:00:05.864 644 711 D AudioHdmiClient: connect():87 connect to android.hardware.graphics.composer3.IComposer/default
01-01 08:00:17.615 324 324 E realtek-i2c 9801ba00.i2c-4: rtk_i2c_handle_tx_abort: slave address not acknowledged (7bit mode)
01-01 08:00:17.618 273 273 I servicemanager: Found android.hardware.graphics.composer3.IComposer/default in device VINTF manifest.
01-01 08:00:05.865 644 711 D AudioHdmiClient: connect():102 mHdmi->getInterfaceVersion()=1
01-01 08:00:05.865 644 711 D AudioHdmiClient: connect():103 done
01-01 08:00:05.865 644 711 D DrmExtAidlClient: [connect] instance android.hardware.graphics.composer3.IComposer/default
01-01 08:00:05.870 644 711 E DrmExtAidlClient: [getEDIDRawData] get edid failed
01-01 08:00:05.870 644 711 D DrmExtAidlClient: DrmExtAidlCB()
01-01 08:00:17.622 1 1 I init: ... started service 'media.swcodec' has pid 903
01-01 08:00:17.623 273 273 I servicemanager: Found android.hardware.graphics.composer3.IComposer/default in device VINTF manifest.
01-01 08:00:17.625 324 324 E realtek-i2c 9801ba00.i2c-4: rtk_i2c_handle_tx_abort: slave address not acknowledged (7bit mode)
01-01 08:00:05.847 678 678 W binder:678_2: type=1400 audit(0.0:101): avc: denied { getattr } for path="/sys/devices/platform/soc@0/98000000.rbus/98007088.rtk-usb-manager/98007220.type-c/extcon/extcon1/state" dev="sysfs" ino=55415 scontext=u:r:hal_graphics_composer_default:s0 tcontext=u:object_r:sysfs:s0 tclass=file permissive=0
01-01 08:00:05.875 644 711 D DrmExtAidlClient: SetCallback E:
01-01 08:00:05.875 644 711 D DrmExtAidlClient: DrmExtAidlClient()
01-01 08:00:05.875 644 711 D audio_hw_primary_v5.12.20: initMs12HalHelper():8806 lib_dl_ms12_hal not exists
01-01 08:00:05.876 713 713 W AudioFlinger::MelReporter: activateHalSoundDoseComputation: HAL cannot provide sound dose interface for module primary
01-01 08:00:05.876 713 713 W AudioFlinger: loadHwModule() sound dose reporting is not available
01-01 08:00:05.877 644 711 D audio_hw_primary_v5.12.20: adev_get_parameters isBtVariableLatencySupported
01-01 08:00:05.877 644 711 D audio_hw_primary_v5.12.20: adev_get_parameters: exit: returns -
01-01 08:00:05.877 713 713 I AudioFlinger: loadHwModule() Loaded primary audio interface, handle 10
01-01 08:00:05.877 713 713 W APM_AudioPolicyManager: Output profile contains no device on module primary
01-01 08:00:05.877 713 713 W APM_AudioPolicyManager: Output profile contains no device on module primary
01-01 08:00:05.877 713 713 W APM_AudioPolicyManager: Output profile contains no device on module primary
01-01 08:00:05.878 713 713 I AudioFlinger: openOutput() this 0xb40000705e2df010, module 10 Device AUDIO_DEVICE_OUT_BUS, @:bus0_media_out, SamplingRate 48000, Format 0x000001, Channels 0x3, flags 0x2
01-01 08:00:05.878 644 711 D audio_hw_primary_v5.12.20: adev_open_output_stream flags = 0x2 devices 0x1000000 config format 0x1 mask 0x0003 rate 48000 handle 13
01-01 08:00:05.878 644 711 D audio_hw_primary_v5.12.20: adev_open_output_stream content_id = 0, sync_id = 0
01-01 08:00:05.878 644 711 D audio_hw_primary_v5.12.20: adev_open_output_stream() address = bus0_media_out
01-01 08:00:05.878 644 711 D audio_hw_primary_v5.12.20: [adjust_audio_levels] start
01-01 08:00:05.878 644 711 D audio_hw_primary_v5.12.20: set_adjust_audio_levels, firstStageDB (-12.00) finalStageDB (12.00)
01-01 08:00:05.878 644 711 D AudioMixerControll: set_adjust_audio_levels() start
01-01 08:00:05.878 644 711 D AudioMixerControll: First Stage (-12.00) - HI: 0x00000000, LO: 0x2026F30F
01-01 08:00:05.878 644 711 D AudioMixerControll: Final Stage (12.00) - HI: 0x00000001, LO: 0xFD93C1F1
01-01 08:00:05.878 644 711 D AudioMixerControll: set_audio_gain_process 2218: card (0), command_number(5)
01-01 08:00:05.878 644 711 D AudioMixerControll: array_value:
01-01 08:00:05.878 644 711 D AudioMixerControll: 0
01-01 08:00:05.878 644 711 D AudioMixerControll: 0
01-01 08:00:05.878 644 711 D AudioMixerControll: 2026f30f
01-01 08:00:05.878 644 711 D AudioMixerControll: 1
01-01 08:00:05.878 644 711 D AudioMixerControll: fd93c1f1
01-01 08:00:05.878 644 711 D AudioMixerControll:
01-01 08:00:05.879 644 711 D AudioMixerControll: set_adjust_audio_levels() end
01-01 08:00:05.879 644 711 D audio_hw_primary_v5.12.20: [adjust_audio_levels] end
01-01 08:00:05.879 644 711 D audio_hw_primary_v5.12.20: adev_open_output_stream() out->bus_address = bus0_media_out,out->device_index is 0
01-01 08:00:05.879 644 711 D AutoAudioUtil: AutoGetAudioPolicy 118 minValueMB is -3200 maxValueMBis 600
01-01 08:00:05.879 644 711 D audio_hw_primary_v5.12.20: 5975 enable nonTunnel negative value
01-01 08:00:05.879 644 711 D audio_hw_primary_v5.12.20: low latency pcm device period_size 384
01-01 08:00:05.879 644 711 D audio_hw_primary_v5.12.20: NORMAL out->config.channels 2 rate 48000
01-01 08:00:05.879 644 711 D audio_hw_primary_v5.12.20: config format 0x1 out : 0x1
01-01 08:00:05.879 644 711 D audio_hw_primary_v5.12.20: config channel 0x3 out : 0x3
01-01 08:00:05.879 644 711 D audio_hw_primary_v5.12.20: config rate 48000 out : 48000
01-01 08:00:05.879 644 711 D audio_hw_primary_v5.12.20: nonTunnel delay pcm_ms 30 lpcm51_ms 30 eac3_ms 70 ac4_ms 70
01-01 08:00:05.881 644 711 D audio_hw_primary_v5.12.20: out_get_buffer_size pcm buffer 1024 out->device 0x1000000
01-01 08:00:05.881 713 713 I AudioFlinger: HAL output buffer size 256 frames, normal sink buffer size 768 frames
01-01 08:00:05.881 644 711 D audio_hw_primary_v5.12.20: info AudioFlinger out_get_latency delay 101 usecase 0 device 0x1000000 mA2dpOpenCnt 0
01-01 08:00:05.882 278 278 I hwservicemanager: getTransport: Cannot find entry android.hardware.audio.effect@7.1::IEffectsFactory/default in either framework or device VINTF manifest.
01-01 08:00:05.882 278 278 I hwservicemanager: getTransport: Cannot find entry android.hardware.audio@7.1::IDevicesFactory/default in either framework or device VINTF manifest.
01-01 08:00:05.887 351 358 D VehicleRTKHal: In[setValues][512]
01-01 08:00:05.887 351 358 D VehicleRTKHardware: Set value for property ID: 291504901
01-01 08:00:05.887 351 359 D VehicleRTKHardware: In[setValue][799] prop =291504901 ,289408515
01-01 08:00:05.887 351 359 D VehicleRTKHardware: In[setValue][825].. wirte success...
01-01 08:00:05.887 351 358 D VehicleRTKHal: In[setValues][512]
01-01 08:00:05.887 351 358 D VehicleRTKHardware: Set value for property ID: 291504647
01-01 08:00:05.887 351 359 D VehicleRTKHardware: In[setValue][799] prop =291504647 ,289408515
01-01 08:00:05.887 351 359 D VehicleRTKHardware: In[setValue][825].. wirte success...
01-01 08:00:05.887 351 358 D VehicleRTKHal: In[setValues][512]
