01-01 08:00:09.372 273 273 I servicemanager: Found android.hardware.automotive.evs.IEvsEnumerator/hw/1 in device VINTF manifest.
01-01 08:00:09.373 266 266 D : Probing module rpmsg_rtk.ko
01-01 08:00:09.373 1 1 I init: processing action (late-fs) from (/system/etc/init/hw/init.rc:664)
01-01 08:00:09.374 1 1 I init: processing action (late-fs) from (/vendor/etc/init/init.kent.rc:74)
01-01 08:00:09.374 1 1 I init: start_waiting_for_property("hwservicemanager.ready", "true"): already set
01-01 08:00:09.375 1 1 I init: Calling: /system/bin/vdc checkpoint needsCheckpoint
01-01 08:00:09.380 324 324 E realtek-i2c 9801ba00.i2c-4: rtk_i2c_handle_tx_abort: slave address not acknowledged (7bit mode)
01-01 08:00:09.389 367 367 D vdc: Waited 0ms for vold
01-01 08:00:09.397 324 324 E realtek-i2c 9801ba00.i2c-4: rtk_i2c_handle_tx_abort: slave address not acknowledged (7bit mode)
01-01 08:00:09.399 273 273 I servicemanager: Found android.hardware.boot.IBootControl/default in device VINTF manifest.
01-01 08:00:09.404 324 324 E realtek-i2c 9801ba00.i2c-4: rtk_i2c_handle_tx_abort: slave address not acknowledged (7bit mode)
01-01 08:00:09.404 324 324 E realtek-i2c 9801ba00.i2c-4: rtk_i2c_handle_tx_abort: slave address not acknowledged (7bit mode)
01-01 08:00:09.309 301 301 I vold: Using AIDL version of IBootControl
01-01 08:00:09.422 368 368 I rtk-rpmsg 9801a000.syscon: vcpu-rpmsg: probed
01-01 08:00:09.427 368 368 I rtk-rpmsg 9801a000.syscon: hifi-rpmsg: probed
01-01 08:00:09.428 324 324 E realtek-i2c 9801ba00.i2c-4: rtk_i2c_handle_tx_abort: slave address not acknowledged (7bit mode)
01-01 08:00:09.429 368 368 E rtk-rpmsg 9801a000.syscon: hifi1-rpmsg: rproc is disabled, do not probe
01-01 08:00:09.434 1 1 I init: [libfs_mgr] Invalid f2fs superblock on '/dev/block/by-name/userdata'
01-01 08:00:09.437 368 368 I rtk-rpmsg 9801a000.syscon: kr4-rpmsg: probed
01-01 08:00:09.439 1 1 E init: [libfs_mgr] mount_with_alternatives(): skipping mount due to invalid magic, mountpoint=/data blk_dev=/dev/block/mmcblk0p49 rec[11].fs_type=f2fs
01-01 08:00:09.443 324 324 E realtek-i2c 9801ba00.i2c-4: rtk_i2c_handle_tx_abort: slave address not acknowledged (7bit mode)
01-01 08:00:09.445 266 266 D : Loaded kernel module rpmsg_rtk.ko
01-01 08:00:09.447 1 1 I init: Calling: /system/bin/vdc cryptfs mountFstab /dev/block/by-name/userdata /data
01-01 08:00:09.346 349 349 I OpteeKeyMint_ipc: Connection with trusted application was established
01-01 08:00:09.346 349 349 D OpteeKeyMint_ipc: OpteeKeyMintIPC_call 233 112
01-01 08:00:09.346 349 349 I OpteeKeyMint_cpp: Optee KeyMint Version: 300, 20250812, 4, 4
01-01 08:00:09.346 349 349 D OpteeKeyMint_ipc: OpteeKeyMintIPC_call 233 72
01-01 08:00:09.347 349 349 D OpteeKeyMint_ipc: OpteeKeyMintIPC_call 233 128
01-01 08:00:09.347 349 349 D OpteeKeyMint_ipc: OpteeKeyMintIPC_call 233 132
01-01 08:00:09.347 349 349 D OpteeKeyMint_ipc: OpteeKeyMintIPC_call 233 136
01-01 08:00:09.348 349 349 I android.hardware.security.keymint-impl-rtk: Optee KeyMint instance Initialized with sec_lvl = 0
01-01 08:00:09.348 349 349 I android.hardware.security.keymint-service-rtk: adding keymint service instance: android.hardware.security.keymint.IKeyMintDevice/default
01-01 08:00:09.348 349 349 I android.hardware.security.keymint-service-rtk: adding keymint service instance: android.hardware.security.keymint.IKeyMintDevice/default
01-01 08:00:09.455 273 273 I servicemanager: Found android.hardware.security.keymint.IKeyMintDevice/default in device VINTF manifest.
01-01 08:00:09.456 324 324 E realtek-i2c 9801ba00.i2c-4: rtk_i2c_handle_tx_abort: slave address not acknowledged (7bit mode)
01-01 08:00:09.457 266 266 D : Probing module rtk_rpc_mem.ko
01-01 08:00:09.353 349 349 I android.hardware.security.keymint-service-rtk: adding keymint service instance: android.hardware.security.secureclock.ISecureClock/default
01-01 08:00:09.353 349 349 I android.hardware.security.keymint-service-rtk: adding keymint service instance: android.hardware.security.secureclock.ISecureClock/default
01-01 08:00:09.459 273 273 I servicemanager: Found android.hardware.security.secureclock.ISecureClock/default in device VINTF manifest.
01-01 08:00:09.362 349 349 I android.hardware.security.keymint-service-rtk: adding keymint service instance: android.hardware.security.sharedsecret.ISharedSecret/default
01-01 08:00:09.362 349 349 I android.hardware.security.keymint-service-rtk: adding keymint service instance: android.hardware.security.sharedsecret.ISharedSecret/default
01-01 08:00:09.468 273 273 I servicemanager: Found android.hardware.security.sharedsecret.ISharedSecret/default in device VINTF manifest.
01-01 08:00:09.366 349 349 I android.hardware.security.keymint-service-rtk: adding keymint service instance: android.hardware.security.keymint.IRemotelyProvisionedComponent/default
01-01 08:00:09.366 349 349 I android.hardware.security.keymint-service-rtk: adding keymint service instance: android.hardware.security.keymint.IRemotelyProvisionedComponent/default
01-01 08:00:09.472 273 273 I servicemanager: Found android.hardware.security.keymint.IRemotelyProvisionedComponent/default in device VINTF manifest.
01-01 08:00:09.472 324 324 E realtek-i2c 9801ba00.i2c-4: rtk_i2c_handle_tx_abort: slave address not acknowledged (7bit mode)
01-01 08:00:09.478 370 370 D vdc: Waited 0ms for vold
01-01 08:00:09.376 301 301 D vold: fscrypt_mount_metadata_encrypted: /data encrypt: 0 format: 0 with null block device: /dev/block/by-name/userdata and zoned device:
01-01 08:00:09.376 301 301 D vold: metadata_key_dir/key: /metadata/vold/metadata_encryption/key
01-01 08:00:09.383 301 301 D vold: Key exists, using: /metadata/vold/metadata_encryption/key
01-01 08:00:09.509 273 273 I servicemanager: Since 'android.system.keystore2.IKeystoreService/default' could not be found, trying to start it as a lazy AIDL service. (if it's not configured to be a lazy service, it may be stuck starting or still starting).
01-01 08:00:09.566 371 371 E rtk-rpmsg 9801a000.syscon: vcpu-rpmsg: vcpu-rpmsg OK (SYNC_FLAG = 0x01000000)
01-01 08:00:09.589 324 324 E realtek-i2c 9801ba00.i2c-4: rtk_i2c_handle_tx_abort: slave address not acknowledged (7bit mode)
01-01 08:00:09.597 324 324 E realtek-i2c 9801ba00.i2c-4: rtk_i2c_handle_tx_abort: slave address not acknowledged (7bit mode)
01-01 08:00:09.608 324 324 E realtek-i2c 9801ba00.i2c-4: rtk_i2c_handle_tx_abort: slave address not acknowledged (7bit mode)
01-01 08:00:09.629 324 324 E realtek-i2c 9801ba00.i2c-4: rtk_i2c_handle_tx_abort: slave address not acknowledged (7bit mode)
01-01 08:00:09.530 343 343 I keystore2: system/security/keystore2/src/keystore2_main.rs:61 - Keystore2 is starting.
01-01 08:00:09.530 343 343 I keystore2: system/security/keystore2/src/keystore2_main.rs:67 - Setting up sqlite logging for keystore2
01-01 08:00:09.636 324 324 E realtek-i2c 9801ba00.i2c-4: rtk_i2c_handle_tx_abort: slave address not acknowledged (7bit mode)
01-01 08:00:09.544 343 343 W keystore2: system/security/keystore2/src/metrics_store.rs:577 - In update_keystore_crash_sysprop: Failed to read the existing system property due to: system/security/keystore2/src/metrics_store.rs:608: Property not set..Therefore, keystore crashes will not be logged.
01-01 08:00:09.545 343 343 I keystore2: system/security/keystore2/src/keystore2_main.rs:97 - Starting thread pool now.
01-01 08:00:09.547 343 343 I keystore2: system/security/keystore2/src/globals.rs:256 - KeyMint device is current version (Some(300)) for security level: r#TRUSTED_ENVIRONMENT
01-01 08:00:09.650 324 324 E realtek-i2c 9801ba00.i2c-4: rtk_i2c_handle_tx_abort: slave address not acknowledged (7bit mode)
01-01 08:00:09.548 343 373 I keystore2: getDeviceHalManifest: Reading VINTF information.
01-01 08:00:09.552 343 373 I keystore2: getDeviceHalManifest: Successfully processed VINTF information
01-01 08:00:09.661 324 324 E realtek-i2c 9801ba00.i2c-4: rtk_i2c_handle_tx_abort: slave address not acknowledged (7bit mode)
01-01 08:00:09.560 278 278 I hwservicemanager: getTransport: Cannot find entry android.hardware.keymaster@4.0::IKeymasterDevice/default in either framework or device VINTF manifest.
01-01 08:00:09.561 278 278 I hwservicemanager: getTransport: Cannot find entry android.hardware.keymaster@3.0::IKeymasterDevice/default in either framework or device VINTF manifest.
01-01 08:00:09.561 349 349 D OpteeKeyMint_ipc: OpteeKeyMintIPC_call 233 76
01-01 08:00:09.563 349 349 D OpteeKeyMint_ipc: OpteeKeyMintIPC_call 233 80
01-01 08:00:09.563 343 373 I keystore2: system/security/keystore2/src/shared_secret_negotiation.rs:47 - Shared secret negotiation concluded successfully.
01-01 08:00:09.667 273 273 I servicemanager: Found android.system.keystore2.IKeystoreService/default in framework VINTF manifest.
01-01 08:00:09.675 273 273 I BpBinder: onLastStrongRef automatically unlinking death recipients:
01-01 08:00:09.583 278 278 I hwservicemanager: getTransport: Cannot find entry android.hardware.keymaster@4.0::IKeymasterDevice/default in either framework or device VINTF manifest.
01-01 08:00:09.684 324 324 E realtek-i2c 9801ba00.i2c-4: rtk_i2c_handle_tx_abort: slave address not acknowledged (7bit mode)
01-01 08:00:09.584 278 278 I hwservicemanager: getTransport: Cannot find entry android.hardware.keymaster@3.0::IKeymasterDevice/default in either framework or device VINTF manifest.
01-01 08:00:09.584 343 373 I keystore2: system/security/keystore2/src/shared_secret_negotiation.rs:294 - No StrongBox Keymint available, so no RoT transfer
01-01 08:00:09.585 343 376 I SELinux: SELinux: Loaded keystore2 context from:
01-01 08:00:09.585 343 376 I SELinux: /system/etc/selinux/plat_keystore2_key_contexts
01-01 08:00:09.585 349 349 D OpteeKeyMint_ipc: OpteeKeyMintIPC_call 233 4
01-01 08:00:09.586 343 343 I keystore2: system/security/keystore2/src/keystore2_main.rs:152 - Successfully registered Keystore 2.0 service.
01-01 08:00:09.586 343 343 I keystore2: system/security/keystore2/src/keystore2_main.rs:154 - Joining thread pool now.
01-01 08:00:09.587 349 349 D OpteeKeyMint_ipc: OpteeKeyMintIPC_call 233 8
01-01 08:00:09.587 349 349 D OpteeKeyMint_ipc: OpteeKeyMintIPC_call 233 12
01-01 08:00:09.690 324 324 E realtek-i2c 9801ba00.i2c-4: rtk_i2c_handle_tx_abort: slave address not acknowledged (7bit mode)
01-01 08:00:09.612 301 301 D vold: Mounting metadata-encrypted filesystem:/data
01-01 08:00:09.694 324 324 E realtek-i2c 9801ba00.i2c-4: rtk_i2c_handle_tx_abort: slave address not acknowledged (7bit mode)
01-01 08:00:09.712 337 337 I : rpc_ion_alloc_handler alloc_size=0xc00000 ion_alloc_flags=0x3020
01-01 08:00:09.720 324 324 E realtek-i2c 9801ba00.i2c-4: rtk_i2c_handle_tx_abort: slave address not acknowledged (7bit mode)
01-01 08:00:09.722 337 337 I : rpc_ion_alloc_handler alloc_size=0x144400 ion_alloc_flags=0x1440
01-01 08:00:09.621 301 301 I vold: [libfs_mgr] Running /system/bin/fsck.f2fs -a -c 10000 --debug-cache /dev/block/dm-70
01-01 08:00:09.727 324 324 E realtek-i2c 9801ba00.i2c-4: rtk_i2c_handle_tx_abort: slave address not acknowledged (7bit mode)
01-01 08:00:09.747 371 371 E rtk-rpmsg 9801a000.syscon: hifi-rpmsg: hifi-rpmsg OK (SYNC_FLAG = 0x55665566)
01-01 08:00:09.761 324 324 E realtek-i2c 9801ba00.i2c-4: rtk_i2c_handle_tx_abort: slave address not acknowledged (7bit mode)
01-01 08:00:09.770 371 371 E rtk-rpmsg 9801a000.syscon: kr4-rpmsg: kr4-rpmsg OK (SYNC_FLAG = 0x04300430)
01-01 08:00:09.771 301 301 I fsck.f2fs: Info: Fix the reported corruption.
01-01 08:00:09.771 301 301 I fsck.f2fs: Info: not exist /proc/version!
01-01 08:00:09.776 301 301 I fsck.f2fs: Info: MKFS version
01-01 08:00:09.779 66 66 I : rpc_ion_alloc_handler alloc_size=0x1fa4010 ion_alloc_flags=0x3060
01-01 08:00:09.783 324 324 E realtek-i2c 9801ba00.i2c-4: rtk_i2c_handle_tx_abort: slave address not acknowledged (7bit mode)
01-01 08:00:09.786 266 266 D : Loaded kernel module rtk_rpc_mem.ko
01-01 08:00:09.786 301 301 I fsck.f2fs: "5.15.192-ab260616215220"
01-01 08:00:09.787 324 324 E realtek-i2c 9801ba00.i2c-4: rtk_i2c_handle_tx_abort: slave address not acknowledged (7bit mode)
01-01 08:00:09.791 266 266 D : Probing module rtk_krpc_agent.ko
01-01 08:00:09.806 324 324 E realtek-i2c 9801ba00.i2c-4: rtk_i2c_handle_tx_abort: slave address not acknowledged (7bit mode)
01-01 08:00:09.811 301 301 I fsck.f2fs: Info: FSCK version
01-01 08:00:09.818 47 47 I : rpc_ion_alloc_handler alloc_size=0x2fd010 ion_alloc_flags=0x2060
01-01 08:00:09.820 324 324 E realtek-i2c 9801ba00.i2c-4: rtk_i2c_handle_tx_abort: slave address not acknowledged (7bit mode)
01-01 08:00:09.823 301 301 I fsck.f2fs: from "5.15.192-ab260622211526"
01-01 08:00:09.824 324 324 E realtek-i2c 9801ba00.i2c-4: rtk_i2c_handle_tx_abort: slave address not acknowledged (7bit mode)
01-01 08:00:09.828 301 301 I fsck.f2fs: to "5.15.192-ab260622211526"
01-01 08:00:09.829 324 324 E realtek-i2c 9801ba00.i2c-4: rtk_i2c_handle_tx_abort: slave address not acknowledged (7bit mode)
01-01 08:00:09.830 301 301 I fsck.f2fs: Info: superblock features = 1499 : encrypt verity extra_attr project_quota quota_ino casefold
01-01 08:00:09.833 381 381 E rtk-krpc-agent 9801a000.syscon: vcpu-rpmsg:vcpu-kernel-channel:vcpu-kernel-agent: probe
01-01 08:00:09.835 381 381 E rtk-krpc-agent 9801a000.syscon: hifi-rpmsg:hifi-kernel-channel:hifi-kernel-agent: probe
01-01 08:00:09.837 381 381 E rtk-krpc-agent 9801a000.syscon: kr4-rpmsg:kr4-kernel-channel:kr4-kernel-agent: probe
01-01 08:00:09.839 35 35 I : rpc_ion_alloc_handler alloc_size=0x2fd010 ion_alloc_flags=0x2060
01-01 08:00:09.842 273 273 I servicemanager: Found android.hardware.automotive.evs.IEvsEnumerator/hw/1 in device VINTF manifest.
01-01 08:00:09.844 266 266 D : Loaded kernel module rtk_krpc_agent.ko
01-01 08:00:09.847 301 301 I fsck.f2fs: Info: superblock encrypt level = 0, salt = 00000000000000000000000000000000
01-01 08:00:09.857 266 266 D : Probing module rtk_urpc_service.ko
01-01 08:00:09.858 301 301 I fsck.f2fs: Info: Segments per section = 1
01-01 08:00:09.859 324 324 E realtek-i2c 9801ba00.i2c-4: rtk_i2c_handle_tx_abort: slave address not acknowledged (7bit mode)
01-01 08:00:09.862 301 301 I fsck.f2fs: Info: Sections per zone = 1
01-01 08:00:09.863 324 324 E realtek-i2c 9801ba00.i2c-4: rtk_i2c_handle_tx_abort: slave address not acknowledged (7bit mode)
01-01 08:00:09.864 301 301 I fsck.f2fs: Info: total FS sectors = 6908569 (26986 MB)
01-01 08:00:09.878 324 324 E realtek-i2c 9801ba00.i2c-4: rtk_i2c_handle_tx_abort: slave address not acknowledged (7bit mode)
01-01 08:00:09.879 66 66 I : rpc_ion_alloc_handler alloc_size=0x2fd010 ion_alloc_flags=0x2060
01-01 08:00:09.881 301 301 I fsck.f2fs: Info: CKPT version = 11561ba1
01-01 08:00:09.881 301 301 I fsck.f2fs: Info: version timestamp cur: 29923, prev: 29860
01-01 08:00:09.882 324 324 E realtek-i2c 9801ba00.i2c-4: rtk_i2c_handle_tx_abort: slave address not acknowledged (7bit mode)
01-01 08:00:09.901 324 324 E realtek-i2c 9801ba00.i2c-4: rtk_i2c_handle_tx_abort: slave address not acknowledged (7bit mode)
01-01 08:00:09.910 384 384 I rtk-urpc-service: cannot get acpu krpc ept info(-2), skipping
01-01 08:00:09.912 324 324 E realtek-i2c 9801ba00.i2c-4: rtk_i2c_handle_tx_abort: slave address not acknowledged (7bit mode)
01-01 08:00:09.913 384 384 I rtk-urpc-service: probe
01-01 08:00:09.916 324 324 E realtek-i2c 9801ba00.i2c-4: rtk_i2c_handle_tx_abort: slave address not acknowledged (7bit mode)
01-01 08:00:09.815 350 350 I ClusterRpc: loadSymbols:1445 took 490 ms to probe /dev/rtk_urpc
01-01 08:00:09.815 350 350 D RPCProxy: InitRPCProxy start pid:350 tid:350 name:RPC_Thread_KR4
01-01 08:00:09.919 324 324 E realtek-i2c 9801ba00.i2c-4: rtk_i2c_handle_tx_abort: slave address not acknowledged (7bit mode)
01-01 08:00:09.922 324 324 E realtek-i2c 9801ba00.i2c-4: rtk_i2c_handle_tx_abort: slave address not acknowledged (7bit mode)
01-01 08:00:09.925 324 324 E realtek-i2c 9801ba00.i2c-4: rtk_i2c_handle_tx_abort: slave address not acknowledged (7bit mode)
01-01 08:00:09.827 350 350 D RPCProxy: InitRPCProxy END
01-01 08:00:09.827 350 350 I ClusterRpc: rpcReady:1697 wait for vhal service ...
01-01 08:00:09.932 324 324 E realtek-i2c 9801ba00.i2c-4: rtk_i2c_handle_tx_abort: slave address not acknowledged (7bit mode)
01-01 08:00:09.933 273 273 I servicemanager: Found android.hardware.automotive.vehicle.IVehicle/default in device VINTF manifest.
01-01 08:00:09.938 324 324 E realtek-i2c 9801ba00.i2c-4: rtk_i2c_handle_tx_abort: slave address not acknowledged (7bit mode)
01-01 08:00:09.938 324 324 E realtek-i2c 9801ba00.i2c-4: rtk_i2c_handle_tx_abort: slave address not acknowledged (7bit mode)
01-01 08:00:09.942 266 266 D : Loaded kernel module rtk_urpc_service.ko
01-01 08:00:09.943 324 324 E realtek-i2c 9801ba00.i2c-4: rtk_i2c_handle_tx_abort: slave address not acknowledged (7bit mode)
01-01 08:00:09.842 350 350 W ProcessState: Extra binder thread started, but 0 threads requested. Do not use *startThreadPool when zero threads are requested.
01-01 08:00:09.842 350 350 W BpBinder: Linking to death on android.hardware.automotive.vehicle.IVehicle but there are no threads (yet?) listening to incoming transactions. See ProcessState::startThreadPool and ProcessState::setThreadPoolMaxThreadCount. Generally you should setup the binder threadpool before other initialization steps.
01-01 08:00:09.843 351 358 D VehicleRTKHal: In[subscribe][713]
01-01 08:00:09.843 351 358 D VehicleRTKHal: In[checkSubscribeOptions][653]
01-01 08:00:09.843 351 358 D VehicleRTKHal: In[subscribe][725] propId =557843458
01-01 08:00:09.843 351 358 D VehicleRTKHal: In[subscribe][764]
01-01 08:00:09.843 350 350 D ClusterVhalClientImpl: subscribeToVHal propertyId = 557843458
01-01 08:00:09.843 351 358 D VehicleRTKHal: In[subscribe][713]
01-01 08:00:09.843 351 358 D VehicleRTKHal: In[checkSubscribeOptions][653]
01-01 08:00:09.843 351 358 D VehicleRTKHal: In[subscribe][725] propId =289475073
01-01 08:00:09.843 351 358 D VehicleRTKHal: In[subscribe][764]
01-01 08:00:09.843 350 350 D ClusterVhalClientImpl: subscribeToVHal propertyId = 289475073
01-01 08:00:09.843 351 358 D VehicleRTKHal: In[subscribe][713]
01-01 08:00:09.843 351 358 D VehicleRTKHal: In[checkSubscribeOptions][653]
01-01 08:00:09.843 351 358 D VehicleRTKHal: In[subscribe][725] propId =289410871
01-01 08:00:09.844 351 358 D VehicleRTKHal: In[subscribe][764]
01-01 08:00:09.946 266 266 D : Probing module customize_area.ko
01-01 08:00:09.844 350 350 D ClusterVhalClientImpl: subscribeToVHal propertyId = 289410871
01-01 08:00:09.844 351 358 D VehicleRTKHal: In[subscribe][713]
01-01 08:00:09.844 351 358 D VehicleRTKHal: In[checkSubscribeOptions][653]
01-01 08:00:09.844 351 358 D VehicleRTKHal: In[subscribe][725] propId =557843459
01-01 08:00:09.844 351 358 D VehicleRTKHal: In[subscribe][764]
01-01 08:00:09.844 350 350 D ClusterVhalClientImpl: subscribeToVHal propertyId = 557843459
01-01 08:00:09.844 350 350 W Audio2AgentSvc: [vhal_RegisterVhalToSystemPrivateInfoCallback] register cbf
01-01 08:00:09.950 324 324 E realtek-i2c 9801ba00.i2c-4: rtk_i2c_handle_tx_abort: slave address not acknowledged (7bit mode)
01-01 08:00:09.854 350 393 I ClusterRpc: RPC_ENUM_PRIVATEINFO_POWER_SCPU_INIT:1789 send rpc cmd,waiting for response
01-01 08:00:09.953 324 324 E realtek-i2c 9801ba00.i2c-4: rtk_i2c_handle_tx_abort: slave address not acknowledged (7bit mode)
01-01 08:00:09.854 350 393 D RTK_HAL_UTILS: [DmabufAlloc:71] mDmabufFd = 0xc
01-01 08:00:09.960 324 324 E realtek-i2c 9801ba00.i2c-4: rtk_i2c_handle_tx_abort: slave address not acknowledged (7bit mode)
01-01 08:00:09.963 324 324 E realtek-i2c 9801ba00.i2c-4: rtk_i2c_handle_tx_abort: slave address not acknowledged (7bit mode)
01-01 08:00:09.867 350 393 D RTK_HAL_UTILS: DMA Alloc: heap name = vo_non-ve !
01-01 08:00:09.868 350 393 I ClusterRpc: RPC_ENUM_PRIVATEINFO_MCU_SERVICE_CLUSTER_VER:2025 send rpc cmd,waiting for response
01-01 08:00:09.868 350 393 I ClusterRpc: RPC_ENUM_PRIVATEINFO_MCU_SERVICE_CLUSTER_VER:2034 cluster version: 3.5.0-2026-04-27 07:53:13 +0000-
01-01 08:00:09.868 351 358 D VehicleRTKHal: In[setValues][512]
01-01 08:00:09.868 351 358 D VehicleRTKHardware: Set value for property ID: 554696961
01-01 08:00:09.869 351 359 D VehicleRTKHardware: In[setValue][799] prop =554696961 ,289408515
01-01 08:00:09.869 351 359 D VehicleRTKHal: In[onPropertyChangeEvent][238] prop= 554696961
01-01 08:00:09.869 351 359 D VehicleRTKHardware: In[setValue][825].. wirte success...
01-01 08:00:09.869 350 393 D ClusterRpc: RPC_ENUM_PRIVATEINFO_MCU_SERVICE_INIT:1741 send rpc cmd,waiting for response
01-01 08:00:09.870 350 385 W ClusterRpc: parseSrvCmdAllInfo:1125 CPMS: -1
01-01 08:00:09.870 351 358 D VehicleRTKHal: In[setValues][512]
01-01 08:00:09.870 351 358 D VehicleRTKHardware: Set value for property ID: 557843465
01-01 08:00:09.874 351 359 D VehicleRTKHardware: In[setValue][799] prop =557843465 ,289408515
01-01 08:00:09.874 351 359 D VehicleRTKHal: In[onPropertyChangeEvent][238] prop= 557843465
01-01 08:00:09.874 351 359 D VehicleRTKHardware: In[setValue][825].. wirte success...
01-01 08:00:09.875 351 358 D VehicleRTKHal: In[setValues][512]
01-01 08:00:09.875 351 358 D VehicleRTKHardware: Set value for property ID: 289475088
01-01 08:00:09.875 351 359 D VehicleRTKHardware: In[setValue][799] prop =289475088 ,289408515
01-01 08:00:09.875 351 359 D VehicleRTKHal: In[onPropertyChangeEvent][238] prop= 289475088
01-01 08:00:09.875 351 359 D VehicleRTKHardware: In[setValue][825].. wirte success...
01-01 08:00:09.971 273 273 I servicemanager: Since 'vendor.realtek.rtkdeviceservice.IRtkDeviceService/default' could not be found, trying to start it as a lazy AIDL service. (if it's not configured to be a lazy service, it may be stuck starting or still starting).
01-01 08:00:09.975 324 324 E realtek-i2c 9801ba00.i2c-4: rtk_i2c_handle_tx_abort: slave address not acknowledged (7bit mode)
01-01 08:00:09.881 350 385 I ClusterRpc: parseSrvCmdAllInfo:1134 get ENUM_PRIVATEINFO_TO_SYS_POWER_ACC: 1
01-01 08:00:09.882 350 387 I ClusterRpc: parseSrvCmdAllInfo:1030 get ENUM_PRIVATEINFO_TO_SYS_POWER_PANEL_ON
01-01 08:00:09.987 324 324 E realtek-i2c 9801ba00.i2c-4: rtk_i2c_handle_tx_abort: slave address not acknowledged (7bit mode)
01-01 08:00:09.992 324 324 E realtek-i2c 9801ba00.i2c-4: rtk_i2c_handle_tx_abort: slave address not acknowledged (7bit mode)
01-01 08:00:09.995 324 324 E realtek-i2c 9801ba00.i2c-4: rtk_i2c_handle_tx_abort: slave address not acknowledged (7bit mode)
01-01 08:00:09.996 390 390 W customize_area: loading out-of-tree module taints kernel.
01-01 08:00:09.999 324 324 E realtek-i2c 9801ba00.i2c-4: rtk_i2c_handle_tx_abort: slave address not acknowledged (7bit mode)
01-01 08:00:10.003 390 390 E BPF: [121969] Invalid name_offset:2197644
01-01 08:00:10.004 390 390 W : Kernel module BTF mismatch detected, BTF debug info may be unavailable for some modules
01-01 08:00:10.006 324 324 E realtek-i2c 9801ba00.i2c-4: rtk_i2c_handle_tx_abort: slave address not acknowledged (7bit mode)
01-01 08:00:10.009 390 390 I : customize area init
01-01 08:00:10.011 390 390 I : customize_area_init
01-01 08:00:10.011 324 324 E realtek-i2c 9801ba00.i2c-4: rtk_i2c_handle_tx_abort: slave address not acknowledged (7bit mode)
01-01 08:00:10.012 390 390 I : emmc partition_a addr = 0xa9a62000
01-01 08:00:10.016 390 390 I : emmc partition_b addr = 0xaa162000
01-01 08:00:09.914 351 358 D VehicleRTKHal: In[setValues][512]
01-01 08:00:09.914 351 358 D VehicleRTKHardware: Set value for property ID: 291504901
01-01 08:00:09.914 351 359 D VehicleRTKHardware: In[setValue][799] prop =291504901 ,289408515
01-01 08:00:09.914 351 359 D VehicleRTKHal: In[onPropertyChangeEvent][238] prop= 291504901
01-01 08:00:09.914 351 359 D VehicleRTKHardware: In[setValue][825].. wirte success...
01-01 08:00:09.914 351 358 D VehicleRTKHal: In[setValues][512]
01-01 08:00:09.914 351 358 D VehicleRTKHardware: Set value for property ID: 291504647
01-01 08:00:09.914 351 359 D VehicleRTKHardware: In[setValue][799] prop =291504647 ,289408515
01-01 08:00:09.914 351 359 D VehicleRTKHal: In[onPropertyChangeEvent][238] prop= 291504647
01-01 08:00:09.915 351 359 D VehicleRTKHardware: In[setValue][825].. wirte success...
01-01 08:00:09.915 351 358 D VehicleRTKHal: In[setValues][512]
01-01 08:00:09.915 351 358 D VehicleRTKHardware: Set value for property ID: 291504903
01-01 08:00:09.915 351 359 D VehicleRTKHardware: In[setValue][799] prop =291504903 ,289408515
01-01 08:00:09.915 351 359 D VehicleRTKHal: In[onPropertyChangeEvent][238] prop= 291504903
01-01 08:00:09.915 351 359 D VehicleRTKHardware: In[setValue][825].. wirte success...
01-01 08:00:09.915 351 358 D VehicleRTKHal: In[setValues][512]
01-01 08:00:09.915 351 358 D VehicleRTKHardware: Set value for property ID: 291504897
01-01 08:00:09.915 351 359 D VehicleRTKHardware: In[setValue][799] prop =291504897 ,289408515
01-01 08:00:09.915 351 359 D VehicleRTKHal: In[onPropertyChangeEvent][238] prop= 291504897
01-01 08:00:09.915 351 359 D VehicleRTKHardware: In[setValue][825].. wirte success...
01-01 08:00:09.915 351 358 D VehicleRTKHal: In[setValues][512]
01-01 08:00:09.915 351 358 D VehicleRTKHardware: Set value for property ID: 289408000
01-01 08:00:09.915 351 359 D VehicleRTKHardware: In[setValue][799] prop =289408000 ,289408515
01-01 08:00:09.915 351 359 D VehicleRTKHardware: In[setValue][825].. wirte success...
01-01 08:00:09.916 351 358 D VehicleRTKHal: In[setValues][512]
01-01 08:00:09.916 351 358 D VehicleRTKHardware: Set value for property ID: 287310855
01-01 08:00:09.916 351 359 D VehicleRTKHardware: In[setValue][799] prop =287310855 ,289408515
01-01 08:00:09.916 351 359 D VehicleRTKHardware: In[setValue][825].. wirte success...
01-01 08:00:09.916 351 358 D VehicleRTKHal: In[setValues][512]
01-01 08:00:09.916 351 358 D VehicleRTKHardware: Set value for property ID: 291504644
01-01 08:00:09.916 351 359 D VehicleRTKHardware: In[setValue][799] prop =291504644 ,289408515
01-01 08:00:09.916 351 359 D VehicleRTKHardware: In[setValue][825].. wirte success...
01-01 08:00:09.916 351 358 D VehicleRTKHal: In[setValues][512]
01-01 08:00:09.916 351 358 D VehicleRTKHardware: Set value for property ID: 291504904
01-01 08:00:09.916 351 359 D VehicleRTKHardware: In[setValue][799] prop =291504904 ,289408515
01-01 08:00:09.916 351 359 D VehicleRTKHal: In[onPropertyChangeEvent][238] prop= 291504904
01-01 08:00:09.916 351 359 D VehicleRTKHardware: In[setValue][825].. wirte success...
01-01 08:00:09.916 351 358 D VehicleRTKHal: In[setValues][512]
01-01 08:00:09.916 351 358 D VehicleRTKHardware: Set value for property ID: 291505923
01-01 08:00:09.917 351 359 D VehicleRTKHardware: In[setValue][799] prop =291505923 ,289408515
01-01 08:00:09.917 351 359 D VehicleRTKHal: In[onPropertyChangeEvent][238] prop= 291505923
01-01 08:00:09.917 351 359 D VehicleRTKHardware: In[setValue][825].. wirte success...
01-01 08:00:10.020 324 324 E realtek-i2c 9801ba00.i2c-4: rtk_i2c_handle_tx_abort: slave address not acknowledged (7bit mode)
01-01 08:00:10.025 324 324 E realtek-i2c 9801ba00.i2c-4: rtk_i2c_handle_tx_abort: slave address not acknowledged (7bit mode)
01-01 08:00:10.033 324 324 E realtek-i2c 9801ba00.i2c-4: rtk_i2c_handle_tx_abort: slave address not acknowledged (7bit mode)
01-01 08:00:10.036 324 324 E realtek-i2c 9801ba00.i2c-4: rtk_i2c_handle_tx_abort: slave address not acknowledged (7bit mode)
01-01 08:00:10.037 301 301 I fsck.f2fs: Info: checkpoint state = 46 : crc compacted_summary orphan_inodes sudden-power-off
01-01 08:00:10.042 301 301 I fsck.f2fs: Info: No error was reported
01-01 08:00:10.043 301 301 I fsck.f2fs:
01-01 08:00:10.044 301 301 I fsck.f2fs: c, u, RA, CH, CM, Repl=
01-01 08:00:10.045 324 324 E realtek-i2c 9801ba00.i2c-4: rtk_i2c_handle_tx_abort: slave address not acknowledged (7bit mode)
01-01 08:00:10.046 301 301 I fsck.f2fs: 10000 1790 14979 13189 1790 0
01-01 08:00:10.050 324 324 E realtek-i2c 9801ba00.i2c-4: rtk_i2c_handle_tx_abort: slave address not acknowledged (7bit mode)
01-01 08:00:10.050 266 266 D : Loaded kernel module customize_area.ko
01-01 08:00:10.053 324 324 E realtek-i2c 9801ba00.i2c-4: rtk_i2c_handle_tx_abort: slave address not acknowledged (7bit mode)
01-01 08:00:10.054 266 266 D : Probing module rtk_gpc.ko
01-01 08:00:10.060 301 301 I F2FS-fs (dm-70): Using encoding defined by superblock: utf8-12.1.0 with flags 0x0
01-01 08:00:10.071 324 324 E realtek-i2c 9801ba00.i2c-4: rtk_i2c_handle_tx_abort: slave address not acknowledged (7bit mode)
01-01 08:00:10.084 324 324 E realtek-i2c 9801ba00.i2c-4: rtk_i2c_handle_tx_abort: slave address not acknowledged (7bit mode)
01-01 08:00:10.092 399 399 I rtk-gpc 98129000.power-controller: delay: l2h=0xf, h2l=0xf, mm=0x0, std=0x32
01-01 08:00:10.094 324 324 E realtek-i2c 9801ba00.i2c-4: rtk_i2c_handle_tx_abort: slave address not acknowledged (7bit mode)
01-01 08:00:10.099 399 399 I rtk-gpc 98129090.power-controller: delay: l2h=0xf, h2l=0xf, mm=0x0, std=0x50
01-01 08:00:10.101 324 324 E realtek-i2c 9801ba00.i2c-4: rtk_i2c_handle_tx_abort: slave address not acknowledged (7bit mode)
01-01 08:00:10.103 324 324 E realtek-i2c 9801ba00.i2c-4: rtk_i2c_handle_tx_abort: slave address not acknowledged (7bit mode)
01-01 08:00:10.107 324 324 E realtek-i2c 9801ba00.i2c-4: rtk_i2c_handle_tx_abort: slave address not acknowledged (7bit mode)
01-01 08:00:10.110 324 324 E realtek-i2c 9801ba00.i2c-4: rtk_i2c_handle_tx_abort: slave address not acknowledged (7bit mode)
01-01 08:00:10.111 399 399 I rtk-gpc 98129200.power-controller: delay: l2h=0xf, h2l=0xf, mm=0x4000, std=0x50
01-01 08:00:10.113 324 324 E realtek-i2c 9801ba00.i2c-4: rtk_i2c_handle_tx_abort: slave address not acknowledged (7bit mode)
01-01 08:00:10.117 399 399 I rtk-gpc 98129260.power-controller: delay: l2h=0x0, h2l=0x0, mm=0x0, std=0x0
01-01 08:00:10.120 324 324 E realtek-i2c 9801ba00.i2c-4: rtk_i2c_handle_tx_abort: slave address not acknowledged (7bit mode)
01-01 08:00:10.126 266 266 D : Loaded kernel module rtk_gpc.ko
01-01 08:00:10.128 266 266 D : Probing module rtk-thermal.ko
01-01 08:00:10.128 324 324 E realtek-i2c 9801ba00.i2c-4: rtk_i2c_handle_tx_abort: slave address not acknowledged (7bit mode)
01-01 08:00:10.132 324 324 E realtek-i2c 9801ba00.i2c-4: rtk_i2c_handle_tx_abort: slave address not acknowledged (7bit mode)
01-01 08:00:10.137 324 324 E realtek-i2c 9801ba00.i2c-4: rtk_i2c_handle_tx_abort: slave address not acknowledged (7bit mode)
01-01 08:00:10.140 324 324 E realtek-i2c 9801ba00.i2c-4: rtk_i2c_handle_tx_abort: slave address not acknowledged (7bit mode)
01-01 08:00:10.142 324 324 E realtek-i2c 9801ba00.i2c-4: rtk_i2c_handle_tx_abort: slave address not acknowledged (7bit mode)
01-01 08:00:10.145 324 324 E realtek-i2c 9801ba00.i2c-4: rtk_i2c_handle_tx_abort: slave address not acknowledged (7bit mode)
01-01 08:00:10.149 324 324 E realtek-i2c 9801ba00.i2c-4: rtk_i2c_handle_tx_abort: slave address not acknowledged (7bit mode)
01-01 08:00:10.152 324 324 E realtek-i2c 9801ba00.i2c-4: rtk_i2c_handle_tx_abort: slave address not acknowledged (7bit mode)
01-01 08:00:10.155 324 324 E realtek-i2c 9801ba00.i2c-4: rtk_i2c_handle_tx_abort: slave address not acknowledged (7bit mode)
01-01 08:00:10.160 167 167 I snapuserd: system_b: Partition: system Block-device: /dev/block/dm-30 Size: 846741504 verification success. Duration : 6939 ms
01-01 08:00:10.165 405 405 I rtk-thermal-sensor 98000900.thermal-sensor: thermal_sensor_hw_init() returns 0
01-01 08:00:10.186 301 301 I F2FS-fs (dm-70): recover_inode: ino = 3265, name = , inline = 21
01-01 08:00:10.189 301 301 I F2FS-fs (dm-70): recover_dentry: ino = 3265, name = , dir = 10c7, err = 0
01-01 08:00:10.189 405 405 I rtk-thermal-sensor 98130b00.thermal-sensor: thermal_sensor_hw_init() returns 0
01-01 08:00:10.191 301 301 I F2FS-fs (dm-70): recover_data: ino = 3265 (i_size: recover) recovered = 5, err = 0
01-01 08:00:10.195 266 266 D : Loaded kernel module rtk-thermal.ko
01-01 08:00:10.196 301 301 I F2FS-fs (dm-70): recover_inode: ino = 3266, name = , inline = 21
01-01 08:00:10.197 266 266 D : Probing module mali_kbase.ko
01-01 08:00:10.199 301 301 I F2FS-fs (dm-70): recover_dentry: ino = 3266, name = , dir = 1108, err = 0
01-01 08:00:10.203 301 301 I F2FS-fs (dm-70): recover_data: ino = 3266 (i_size: recover) recovered = 255, err = 0
01-01 08:00:10.205 301 301 I F2FS-fs (dm-70): recover_inode: ino = 3267, name = , inline = 21
01-01 08:00:10.208 301 301 I F2FS-fs (dm-70): recover_dentry: ino = 3267, name = , dir = 1047, err = 0
01-01 08:00:10.210 301 301 I F2FS-fs (dm-70): recover_data: ino = 3267 (i_size: recover) recovered = 1, err = 0
01-01 08:00:10.213 301 301 I F2FS-fs (dm-70): recover_inode: ino = 3014, name = , inline = 21
01-01 08:00:10.215 301 301 I F2FS-fs (dm-70): recover_data: ino = 3014 (i_size: recover) recovered = 0, err = 0
01-01 08:00:10.217 301 301 I F2FS-fs (dm-70): recover_inode: ino = 3014, name = , inline = 21
01-01 08:00:10.219 301 301 I F2FS-fs (dm-70): recover_data: ino = 3014 (i_size: recover) recovered = 0, err = 0
01-01 08:00:10.222 301 301 I F2FS-fs (dm-70): recover_inode: ino = 3014, name = , inline = 21
01-01 08:00:10.119 351 358 D VehicleRTKHal: In[setValues][512]
01-01 08:00:10.119 351 358 D VehicleRTKHardware: Set value for property ID: 291504901
01-01 08:00:10.119 351 359 D VehicleRTKHardware: In[setValue][799] prop =291504901 ,289408515
01-01 08:00:10.119 351 359 D VehicleRTKHardware: In[setValue][825].. wirte success...
01-01 08:00:10.119 351 358 D VehicleRTKHal: In[setValues][512]
01-01 08:00:10.119 351 358 D VehicleRTKHardware: Set value for property ID: 291504647
01-01 08:00:10.119 351 359 D VehicleRTKHardware: In[setValue][799] prop =291504647 ,289408515
01-01 08:00:10.119 351 359 D VehicleRTKHardware: In[setValue][825].. wirte success...
01-01 08:00:10.119 351 358 D VehicleRTKHal: In[setValues][512]
01-01 08:00:10.119 351 358 D VehicleRTKHardware: Set value for property ID: 291504903
01-01 08:00:10.119 351 359 D VehicleRTKHardware: In[setValue][799] prop =291504903 ,289408515
01-01 08:00:10.120 351 359 D VehicleRTKHardware: In[setValue][825].. wirte success...
01-01 08:00:10.120 351 358 D VehicleRTKHal: In[setValues][512]
01-01 08:00:10.120 351 358 D VehicleRTKHardware: Set value for property ID: 291504897
01-01 08:00:10.120 351 359 D VehicleRTKHardware: In[setValue][799] prop =291504897 ,289408515
01-01 08:00:10.120 351 359 D VehicleRTKHardware: In[setValue][825].. wirte success...
01-01 08:00:10.120 351 358 D VehicleRTKHal: In[setValues][512]
01-01 08:00:10.120 351 358 D VehicleRTKHardware: Set value for property ID: 289408000
01-01 08:00:10.120 351 359 D VehicleRTKHardware: In[setValue][799] prop =289408000 ,289408515
01-01 08:00:10.120 351 359 D VehicleRTKHardware: In[setValue][825].. wirte success...
01-01 08:00:10.120 351 358 D VehicleRTKHal: In[setValues][512]
01-01 08:00:10.120 351 358 D VehicleRTKHardware: Set value for property ID: 287310855
01-01 08:00:10.120 351 359 D VehicleRTKHardware: In[setValue][799] prop =287310855 ,289408515
01-01 08:00:10.120 351 359 D VehicleRTKHardware: In[setValue][825].. wirte success...
01-01 08:00:10.120 351 358 D VehicleRTKHal: In[setValues][512]
01-01 08:00:10.120 351 358 D VehicleRTKHardware: Set value for property ID: 291504644
01-01 08:00:10.120 351 359 D VehicleRTKHardware: In[setValue][799] prop =291504644 ,289408515
01-01 08:00:10.120 351 359 D VehicleRTKHardware: In[setValue][825].. wirte success...
01-01 08:00:10.121 351 358 D VehicleRTKHal: In[setValues][512]
01-01 08:00:10.121 351 358 D VehicleRTKHardware: Set value for property ID: 291504904
01-01 08:00:10.121 351 359 D VehicleRTKHardware: In[setValue][799] prop =291504904 ,289408515
01-01 08:00:10.121 351 359 D VehicleRTKHardware: In[setValue][825].. wirte success...
01-01 08:00:10.224 301 301 I F2FS-fs (dm-70): recover_data: ino = 3014 (i_size: recover) recovered = 0, err = 0
01-01 08:00:10.226 301 301 I F2FS-fs (dm-70): recover_inode: ino = 3014, name = , inline = 21
01-01 08:00:10.121 351 358 D VehicleRTKHal: In[setValues][512]
01-01 08:00:10.121 351 358 D VehicleRTKHardware: Set value for property ID: 291505923
01-01 08:00:10.121 351 359 D VehicleRTKHardware: In[setValue][799] prop =291505923 ,289408515
01-01 08:00:10.121 351 359 D VehicleRTKHardware: In[setValue][825].. wirte success...
01-01 08:00:10.228 301 301 I F2FS-fs (dm-70): recover_data: ino = 3014 (i_size: recover) recovered = 0, err = 0
01-01 08:00:10.231 301 301 I F2FS-fs (dm-70): recover_inode: ino = 3014, name = , inline = 21
01-01 08:00:10.233 301 301 I F2FS-fs (dm-70): recover_data: ino = 3014 (i_size: recover) recovered = 0, err = 0
01-01 08:00:10.235 301 301 I F2FS-fs (dm-70): recover_inode: ino = 3014, name = , inline = 21
01-01 08:00:10.237 301 301 I F2FS-fs (dm-70): recover_data: ino = 3014 (i_size: recover) recovered = 0, err = 0
01-01 08:00:10.240 301 301 I F2FS-fs (dm-70): recover_inode: ino = 3014, name = , inline = 21
01-01 08:00:10.242 301 301 I F2FS-fs (dm-70): recover_data: ino = 3014 (i_size: recover) recovered = 0, err = 0
01-01 08:00:10.244 301 301 I F2FS-fs (dm-70): recover_inode: ino = 3014, name = , inline = 21
01-01 08:00:10.246 301 301 I F2FS-fs (dm-70): recover_data: ino = 3014 (i_size: recover) recovered = 0, err = 0
01-01 08:00:10.249 301 301 I F2FS-fs (dm-70): recover_inode: ino = 3014, name = , inline = 21
01-01 08:00:10.249 266 266 D : Loaded kernel module mali_kbase.ko
01-01 08:00:10.251 301 301 I F2FS-fs (dm-70): recover_data: ino = 3014 (i_size: recover) recovered = 0, err = 0
01-01 08:00:10.252 266 266 D : Probing module rtk-gpu_wrap.ko
01-01 08:00:10.254 301 301 I F2FS-fs (dm-70): recover_inode: ino = 3014, name = , inline = 21
01-01 08:00:10.254 301 301 I F2FS-fs (dm-70): recover_data: ino = 3014 (i_size: recover) recovered = 0, err = 0
01-01 08:00:10.254 301 301 I F2FS-fs (dm-70): recover_inode: ino = 3014, name = , inline = 21
01-01 08:00:10.262 301 301 I F2FS-fs (dm-70): recover_data: ino = 3014 (i_size: recover) recovered = 0, err = 0
01-01 08:00:10.265 301 301 I F2FS-fs (dm-70): recover_inode: ino = 3014, name = , inline = 21
01-01 08:00:10.267 301 301 I F2FS-fs (dm-70): recover_data: ino = 3014 (i_size: recover) recovered = 0, err = 0
01-01 08:00:10.269 324 324 E realtek-i2c 9801ba00.i2c-4: rtk_i2c_handle_tx_abort: slave address not acknowledged (7bit mode)
01-01 08:00:10.271 8 8 I mali 98200000.gpu: Kernel DDK version r47p0-01eac0
01-01 08:00:10.272 324 324 E realtek-i2c 9801ba00.i2c-4: rtk_i2c_handle_tx_abort: slave address not acknowledged (7bit mode)
01-01 08:00:10.274 8 8 I mali 98200000.gpu: GPU metrics tracepoint support enabled
01-01 08:00:10.276 324 324 E realtek-i2c 9801ba00.i2c-4: rtk_i2c_handle_tx_abort: slave address not acknowledged (7bit mode)
01-01 08:00:10.278 301 301 I F2FS-fs (dm-70): checkpoint: version = 11561ba2
01-01 08:00:10.279 8 8 I mali 98200000.gpu: Register LUT 000a0a00 initialized for GPU arch 0x000a0c07
01-01 08:00:10.279 8 8 I mali 98200000.gpu: r0p0 status 1 not found in HW issues table;
01-01 08:00:10.279 8 8 I mali 98200000.gpu: falling back to closest match: r0p0 status 0
01-01 08:00:10.279 8 8 I mali 98200000.gpu: Execution proceeding normally with fallback match
01-01 08:00:10.279 8 8 I mali 98200000.gpu: GPU identified as 0x4 arch 10.12.7 r0p0 status 0
01-01 08:00:10.279 8 8 I mali 98200000.gpu: No priority control manager is configured
01-01 08:00:10.279 8 8 I mali 98200000.gpu: Large page allocation set to false after hardware feature check
01-01 08:00:10.279 8 8 I mali 98200000.gpu: No memory group manager is configured
01-01 08:00:10.279 8 8 I mali 98200000.gpu: Protected memory allocator not available
01-01 08:00:10.280 8 8 I mali 98200000.gpu: Using configured power model mali-tvax-power-model, and fallback mali-simple-power-model
01-01 08:00:10.280 8 8 I mali 98200000.gpu: DF: polling_ms=100
01-01 08:00:10.280 8 8 I mali 98200000.gpu: DFSO: upthreshold=80, downdifferential=5
01-01 08:00:10.280 8 8 I mali 98200000.gpu: OPP 0 : opp_freq=405000000 core_mask=1
01-01 08:00:10.280 8 8 I mali 98200000.gpu: OPP 1 : opp_freq=540000000 core_mask=1
01-01 08:00:10.280 8 8 I mali 98200000.gpu: OPP 2 : opp_freq=729000000 core_mask=1
01-01 08:00:10.280 8 8 I mali 98200000.gpu: OPP 3 : opp_freq=810000000 core_mask=1
01-01 08:00:10.280 8 8 D mali 98200000.gpu: EM: OPP:729000 is inefficient
01-01 08:00:10.280 8 8 I mali 98200000.gpu: EM: created perf domain
01-01 08:00:10.280 8 8 I mali 98200000.gpu: Probed as mali0
01-01 08:00:10.177 301 301 I vold: [libfs_mgr] __mount(source=/dev/block/dm-70,target=/data,type=f2fs)=0: Success
01-01 08:00:10.177 301 301 D vold: Mounted /data
01-01 08:00:10.282 324 324 E realtek-i2c 9801ba00.i2c-4: rtk_i2c_handle_tx_abort: slave address not acknowledged (7bit mode)
01-01 08:00:10.282 301 301 I F2FS-fs (dm-70): Mounted with checkpoint version = 11561ba2
01-01 08:00:10.286 266 266 D : Loaded kernel module rtk-gpu_wrap.ko
01-01 08:00:10.288 324 324 E realtek-i2c 9801ba00.i2c-4: rtk_i2c_handle_tx_abort: slave address not acknowledged (7bit mode)
01-01 08:00:10.290 266 266 D : Probing module rtk-gpu_cache.ko
01-01 08:00:10.291 1 1 I init: Userdata mounted using /vendor/etc/fstab.kent result : 7
01-01 08:00:10.291 1 1 I init: Keyring created with id 196199003 in process 1
01-01 08:00:10.291 1 1 I init: Command 'mount_all /vendor/etc/fstab.${ro.hardware} --late' action=late-fs (/vendor/etc/init/init.kent.rc:93) took 917ms and succeeded
01-01 08:00:10.293 1 1 E init: Control message: Could not find 'aidl/android.system.keystore2.IKeystoreService/default' for ctl.interface_start from pid: 273 (/system/bin/servicemanager)
01-01 08:00:10.294 324 324 E realtek-i2c 9801ba00.i2c-4: rtk_i2c_handle_tx_abort: slave address not acknowledged (7bit mode)
01-01 08:00:10.296 372 372 I servicemanager: Tried to start aidl service android.system.keystore2.IKeystoreService/default as a lazy service, but was unable to. Usually this happens when a service is not installed, but if the service is intended to be used as a lazy service, then it may be configured incorrectly.
01-01 08:00:10.297 1 1 E init: Control message: Could not find 'aidl/vendor.realtek.rtkdeviceservice.IRtkDeviceService/default' for ctl.interface_start from pid: 273 (/system/bin/servicemanager)
01-01 08:00:10.297 398 398 I servicemanager: Tried to start aidl service vendor.realtek.rtkdeviceservice.IRtkDeviceService/default as a lazy service, but was unable to. Usually this happens when a service is not installed, but if the service is intended to be used as a lazy service, then it may be configured incorrectly.
01-01 08:00:10.191 273 372 W libc: Unable to set property "ctl.interface_start" to "aidl/android.system.keystore2.IKeystoreService/default": error code: 0x20
01-01 08:00:10.191 273 398 W libc: Unable to set property "ctl.interface_start" to "aidl/vendor.realtek.rtkdeviceservice.IRtkDeviceService/default": error code: 0x20
01-01 08:00:10.298 324 324 E realtek-i2c 9801ba00.i2c-4: rtk_i2c_handle_tx_abort: slave address not acknowledged (7bit mode)
01-01 08:00:10.311 266 266 D : Loaded kernel module rtk-gpu_cache.ko
01-01 08:00:10.315 324 324 E realtek-i2c 9801ba00.i2c-4: rtk_i2c_handle_tx_abort: slave address not acknowledged (7bit mode)
01-01 08:00:10.316 266 266 D : Probing module rtk_fwdbg.ko
01-01 08:00:10.317 324 324 E realtek-i2c 9801ba00.i2c-4: rtk_i2c_handle_tx_abort: slave address not acknowledged (7bit mode)
01-01 08:00:10.320 1 1 I init: processing action (post-fs-data) from (/system/etc/init/hw/init.rc:678)
01-01 08:00:10.322 324 324 E realtek-i2c 9801ba00.i2c-4: rtk_i2c_handle_tx_abort: slave address not acknowledged (7bit mode)
01-01 08:00:10.323 1 1 I init: starting service 'exec 4 (/system/bin/vdc checkpoint prepareCheckpoint)'...
01-01 08:00:10.326 324 324 E realtek-i2c 9801ba00.i2c-4: rtk_i2c_handle_tx_abort: slave address not acknowledged (7bit mode)
01-01 08:00:10.329 1 1 I init: ... started service 'exec 4 (/system/bin/vdc checkpoint prepareCheckpoint)' has pid 412
01-01 08:00:10.331 324 324 E realtek-i2c 9801ba00.i2c-4: rtk_i2c_handle_tx_abort: slave address not acknowledged (7bit mode)
01-01 08:00:10.233 301 301 I Checkpoint: cp_prepareCheckpoint called
01-01 08:00:10.334 1 1 I init: SVC_EXEC service 'exec 4 (/system/bin/vdc checkpoint prepareCheckpoint)' pid 412 (uid 1000 gid 1000+0 context default) started; waiting...
01-01 08:00:10.336 411 411 I : rtk-fwdbg rtk-fwdbg: probe
01-01 08:00:10.338 324 324 E realtek-i2c 9801ba00.i2c-4: rtk_i2c_handle_tx_abort: slave address not acknowledged (7bit mode)
01-01 08:00:10.339 266 266 D : Loaded kernel module rtk_fwdbg.ko
01-01 08:00:10.339 266 266 D : Probing module rtk_avcpulog.ko
01-01 08:00:10.341 1 1 I init: Service 'exec 4 (/system/bin/vdc checkpoint prepareCheckpoint)' (pid 412) exited with status 0 waiting took 0.012000 seconds
01-01 08:00:10.352 324 324 E realtek-i2c 9801ba00.i2c-4: rtk_i2c_handle_tx_abort: slave address not acknowledged (7bit mode)
01-01 08:00:10.352 413 413 I : rtk_avcpu_log_device_init, alog no config detect
01-01 08:00:10.352 413 413 I : rtk_avcpu_log_device_init, h1log no config detect
01-01 08:00:10.354 266 266 D : Loaded kernel module rtk_avcpulog.ko
01-01 08:00:10.354 266 266 D : Probing module rtk_refclk.ko
01-01 08:00:10.358 1 1 I init: Sending signal 9 to service 'exec 4 (/system/bin/vdc checkpoint prepareCheckpoint)' (pid 412) process group...
01-01 08:00:10.361 324 324 E realtek-i2c 9801ba00.i2c-4: rtk_i2c_handle_tx_abort: slave address not acknowledged (7bit mode)
01-01 08:00:10.362 1 1 I libprocessgroup: Successfully killed process cgroup uid 1000 pid 412 in 0ms
01-01 08:00:10.366 324 324 E realtek-i2c 9801ba00.i2c-4: rtk_i2c_handle_tx_abort: slave address not acknowledged (7bit mode)
01-01 08:00:10.369 266 266 D : Loaded kernel module rtk_refclk.ko
01-01 08:00:10.371 324 324 E realtek-i2c 9801ba00.i2c-4: rtk_i2c_handle_tx_abort: slave address not acknowledged (7bit mode)
01-01 08:00:10.374 273 273 I servicemanager: Found android.hardware.automotive.evs.IEvsEnumerator/hw/1 in device VINTF manifest.
01-01 08:00:10.374 1 1 I init: starting service 'exec 5 (/system/bin/vdc --wait cryptfs enablefilecrypto)'...
01-01 08:00:10.374 266 266 D : Probing module pr2000.ko
01-01 08:00:10.376 1 1 I init: ... started service 'exec 5 (/system/bin/vdc --wait cryptfs enablefilecrypto)' has pid 416
01-01 08:00:10.376 1 1 I init: SVC_EXEC service 'exec 5 (/system/bin/vdc --wait cryptfs enablefilecrypto)' pid 416 (uid 0 gid 0+0 context default) started; waiting...
01-01 08:00:10.378 324 324 E realtek-i2c 9801ba00.i2c-4: rtk_i2c_handle_tx_abort: slave address not acknowledged (7bit mode)
01-01 08:00:10.379 324 324 E realtek-i2c 9801ba00.i2c-4: rtk_i2c_handle_tx_abort: slave address not acknowledged (7bit mode)
01-01 08:00:10.383 273 273 I servicemanager: Found android.hardware.automotive.evs.IEvsEnumerator/default in framework VINTF manifest.
01-01 08:00:10.387 324 324 E realtek-i2c 9801ba00.i2c-4: rtk_i2c_handle_tx_abort: slave address not acknowledged (7bit mode)
01-01 08:00:10.277 295 304 I evsmanagerd: EVS managed service is starting as android.hardware.automotive.evs.IEvsEnumerator/default
01-01 08:00:10.284 295 304 I HidlServiceManagement: Registered android.hardware.automotive.evs@1.1::IEvsEnumerator/default
01-01 08:00:10.284 295 304 I evsmanagerd: Registration complete
01-01 08:00:10.387 324 324 E realtek-i2c 9801ba00.i2c-4: rtk_i2c_handle_tx_abort: slave address not acknowledged (7bit mode)
01-01 08:00:10.390 416 416 D vdc: Waited 0ms for vold
01-01 08:00:10.392 324 324 E realtek-i2c 9801ba00.i2c-4: rtk_i2c_handle_tx_abort: slave address not acknowledged (7bit mode)
01-01 08:00:10.394 415 415 I pr2k 3-005c: Camera format is undefined, ret=0
01-01 08:00:10.288 301 301 I vold: fscrypt_initialize_systemwide_keys
01-01 08:00:10.289 301 301 D vold: Key exists, using: /data/unencrypted/key
01-01 08:00:10.397 324 324 E realtek-i2c 9801ba00.i2c-4: rtk_i2c_handle_tx_abort: slave address not acknowledged (7bit mode)
01-01 08:00:10.400 415 415 I pr2k 3-005c: bt_mode=0
01-01 08:00:10.401 324 324 E realtek-i2c 9801ba00.i2c-4: rtk_i2c_handle_tx_abort: slave address not acknowledged (7bit mode)
01-01 08:00:10.299 349 349 D OpteeKeyMint_ipc: OpteeKeyMintIPC_call 233 4
01-01 08:00:10.403 415 415 I pr2k 3-005c: cascade_mode=0
01-01 08:00:10.404 324 324 E realtek-i2c 9801ba00.i2c-4: rtk_i2c_handle_tx_abort: slave address not acknowledged (7bit mode)
01-01 08:00:10.405 415 415 I pr2k 3-005c: detect-mode not specified, detection disabled
01-01 08:00:10.300 349 349 D OpteeKeyMint_ipc: OpteeKeyMintIPC_call 233 8
01-01 08:00:10.300 349 349 D OpteeKeyMint_ipc: OpteeKeyMintIPC_call 233 12
01-01 08:00:10.301 301 301 D vold: Installed fscrypt key with ref 118ed73019593c18a73a2b103cbc8448 to /data
01-01 08:00:10.301 301 301 D vold: Added fscrypt-provisioning key for 118ed73019593c18a73a2b103cbc8448 to session keyring
01-01 08:00:10.408 324 324 E realtek-i2c 9801ba00.i2c-4: rtk_i2c_handle_tx_abort: slave address not acknowledged (7bit mode)
01-01 08:00:10.411 415 415 I pr2k 3-005c: Signal detection is disabled
01-01 08:00:10.413 324 324 E realtek-i2c 9801ba00.i2c-4: rtk_i2c_handle_tx_abort: slave address not acknowledged (7bit mode)
01-01 08:00:10.416 415 415 I pr2k 3-005c: pr2k probe completed successfully
01-01 08:00:10.310 301 301 I vold: Wrote system DE key reference to:/data/unencrypted/ref
01-01 08:00:10.310 301 301 D vold: Generating standard storage key
01-01 08:00:10.310 301 301 D vold: Installed fscrypt key with ref e02526e8275e568f5abbbb1aca8f6f31 to /data
01-01 08:00:10.311 301 301 D vold: Added fscrypt-provisioning key for e02526e8275e568f5abbbb1aca8f6f31 to session keyring
01-01 08:00:10.417 324 324 E realtek-i2c 9801ba00.i2c-4: rtk_i2c_handle_tx_abort: slave address not acknowledged (7bit mode)
01-01 08:00:10.314 301 301 I vold: Wrote per boot key reference to:/data/unencrypted/per_boot_ref
01-01 08:00:10.421 1 1 I init: Service 'exec 5 (/system/bin/vdc --wait cryptfs enablefilecrypto)' (pid 416) exited with status 0 waiting took 0.046000 seconds
01-01 08:00:10.422 324 324 E realtek-i2c 9801ba00.i2c-4: rtk_i2c_handle_tx_abort: slave address not acknowledged (7bit mode)
