01-01 08:00:09.370 970 970 W PackageSettings: Missing permission state for package com.android.internal.systemui.navbar.gestural_extra_wide_back on user 0
01-01 08:00:09.370 970 970 W PackageSettings: Missing permission state for package com.realtek.wifi.resources.overlay on user 0
01-01 08:00:09.370 970 970 W PackageSettings: Missing permission state for package com.android.providers.settings.overlay.common on user 0
01-01 08:00:09.370 970 970 W PackageSettings: Missing permission state for package com.android.car.frameworkpackagestubs on user 0
01-01 08:00:09.370 970 970 W PackageSettings: Missing permission state for package com.android.dreams.basic on user 0
01-01 08:00:09.370 970 970 W PackageSettings: Missing permission state for package com.android.car.rotary.ime.rro on user 0
01-01 08:00:09.370 970 970 W PackageSettings: Missing permission state for package android.ext.shared on user 0
01-01 08:00:09.370 970 970 W PackageSettings: Missing permission state for package com.android.wifi.resources on user 0
01-01 08:00:09.370 970 970 W PackageSettings: Missing permission state for package com.android.cameraextensions on user 0
01-01 08:00:09.370 970 970 W PackageSettings: Missing permission state for package com.android.theme.font.notoserifsource on user 0
01-01 08:00:09.370 970 970 W PackageSettings: Missing permission state for package com.android.internal.display.cutout.emulation.waterfall on user 0
01-01 08:00:09.370 970 970 W PackageSettings: Missing permission state for package com.android.internal.systemui.navbar.transparent on user 0
01-01 08:00:09.371 970 970 W PackageSettings: Missing permission state for package com.android.role.notes.enabled on user 0
01-01 08:00:09.371 970 970 W PackageSettings: Missing permission state for package com.realtek.atv.axel.overlay on user 0
01-01 08:00:09.371 970 970 W PackageSettings: Missing permission state for package com.android.bookmarkprovider on user 0
01-01 08:00:09.371 970 970 W PackageSettings: Missing permission state for package com.android.car.updatable.rtkoverlay.common on user 0
01-01 08:00:09.371 970 970 W PackageSettings: Missing permission state for package com.android.aliyun.overlay.networkstack on user 0
01-01 08:00:09.371 970 970 W PackageSettings: Missing permission state for package com.android.rro.ntpserver on user 0
01-01 08:00:09.371 970 970 W PackageSettings: Missing permission state for package com.android.permissioncontroller.car.rro on user 0
01-01 08:00:09.371 970 970 W PackageSettings: Missing permission state for package com.android.internal.systemui.navbar.gestural on user 0
01-01 08:00:09.371 970 970 W PackageSettings: Missing permission state for package android.overlay.auto.common on user 0
01-01 08:00:09.371 970 970 W PackageSettings: Missing permission state for package com.android.car.updatable on user 0
01-01 08:00:09.371 970 970 W PackageSettings: Missing permission state for package com.android.providers.settings.overlay.auto on user 0
01-01 08:00:09.371 970 970 W PackageSettings: Missing permission state for package com.android.tv.overlay.framework.globalkeysoverlay on user 0
01-01 08:00:09.371 970 970 W PackageSettings: Missing permission state for package com.android.internal.systemui.navbar.gestural_narrow_back on user 0
01-01 08:00:09.372 970 970 W PackageSettings: Missing permission state for shared user: android.uid.log
01-01 08:00:09.372 970 970 W PackageSettings: Missing permission state for shared user: android.uid.nfc
01-01 08:00:09.372 970 970 W PackageSettings: Missing permission state for shared user: android.uid.uwb
01-01 08:00:21.124 324 324 E realtek-i2c 9801ba00.i2c-4: rtk_i2c_handle_tx_abort: slave address not acknowledged (7bit mode)
01-01 08:00:21.126 324 324 E realtek-i2c 9801ba00.i2c-4: rtk_i2c_handle_tx_abort: slave address not acknowledged (7bit mode)
01-01 08:00:09.384 970 970 W PackageSettings: Missing permission state for package com.android.uwb.resources on user 10
01-01 08:00:09.384 970 970 W PackageSettings: Missing permission state for package com.android.internal.display.cutout.emulation.corner on user 10
01-01 08:00:09.384 970 970 W PackageSettings: Missing permission state for package com.android.internal.display.cutout.emulation.double on user 10
01-01 08:00:09.384 970 970 W PackageSettings: Missing permission state for package android.autoinstalls.config.BRAND_NAME on user 10
01-01 08:00:09.384 970 970 W PackageSettings: Missing permission state for package com.android.car.resources.google_car on user 10
01-01 08:00:09.384 970 970 W PackageSettings: Missing permission state for package com.android.internal.systemui.navbar.gestural_wide_back on user 10
01-01 08:00:09.384 970 970 W PackageSettings: Missing permission state for package com.android.virtualmachine.res on user 10
01-01 08:00:09.384 970 970 W PackageSettings: Missing permission state for package com.realtek.gsi.tethering.overlay on user 10
01-01 08:00:09.385 970 970 W PackageSettings: Missing permission state for package com.android.safetycenter.resources on user 10
01-01 08:00:09.385 970 970 W PackageSettings: Missing permission state for package android.overlay.common on user 10
01-01 08:00:09.385 970 970 W PackageSettings: Missing permission state for package com.android.connectivity.resources on user 10
01-01 08:00:09.385 970 970 W PackageSettings: Missing permission state for package com.android.internal.display.cutout.emulation.hole on user 10
01-01 08:00:09.385 970 970 W PackageSettings: Missing permission state for package com.android.internal.display.cutout.emulation.tall on user 10
01-01 08:00:09.385 970 970 W PackageSettings: Missing permission state for package com.android.internal.systemui.navbar.threebutton on user 10
01-01 08:00:09.385 970 970 W PackageSettings: Missing permission state for package com.android.connectivity.resources.realtek.overlay on user 10
01-01 08:00:09.386 970 970 W PackageSettings: Missing permission state for package com.yrdata.dynamicwallpaper.rro on user 10
01-01 08:00:09.387 970 970 W PackageSettings: Missing permission state for package com.android.car.systemui.rro on user 10
01-01 08:00:09.387 970 970 W PackageSettings: Missing permission state for package com.android.internal.systemui.navbar.gestural_extra_wide_back on user 10
01-01 08:00:09.387 970 970 W PackageSettings: Missing permission state for package com.realtek.wifi.resources.overlay on user 10
01-01 08:00:09.387 970 970 W PackageSettings: Missing permission state for package com.android.providers.settings.overlay.common on user 10
01-01 08:00:09.387 970 970 W PackageSettings: Missing permission state for package com.android.car.frameworkpackagestubs on user 10
01-01 08:00:09.387 970 970 W PackageSettings: Missing permission state for package com.android.dreams.basic on user 10
01-01 08:00:09.387 970 970 W PackageSettings: Missing permission state for package com.android.car.rotary.ime.rro on user 10
01-01 08:00:09.387 970 970 W PackageSettings: Missing permission state for package android.ext.shared on user 10
01-01 08:00:09.387 970 970 W PackageSettings: Missing permission state for package com.android.wifi.resources on user 10
01-01 08:00:09.387 970 970 W PackageSettings: Missing permission state for package com.android.cameraextensions on user 10
01-01 08:00:09.387 970 970 W PackageSettings: Missing permission state for package com.android.theme.font.notoserifsource on user 10
01-01 08:00:09.387 970 970 W PackageSettings: Missing permission state for package com.android.internal.display.cutout.emulation.waterfall on user 10
01-01 08:00:09.388 970 970 W PackageSettings: Missing permission state for package com.android.internal.systemui.navbar.transparent on user 10
01-01 08:00:09.388 970 970 W PackageSettings: Missing permission state for package com.android.role.notes.enabled on user 10
01-01 08:00:09.388 970 970 W PackageSettings: Missing permission state for package com.realtek.atv.axel.overlay on user 10
01-01 08:00:09.388 970 970 W PackageSettings: Missing permission state for package com.android.bookmarkprovider on user 10
01-01 08:00:09.388 970 970 W PackageSettings: Missing permission state for package com.android.car.updatable.rtkoverlay.common on user 10
01-01 08:00:09.388 970 970 W PackageSettings: Missing permission state for package com.android.aliyun.overlay.networkstack on user 10
01-01 08:00:09.388 970 970 W PackageSettings: Missing permission state for package com.android.rro.ntpserver on user 10
01-01 08:00:09.388 970 970 W PackageSettings: Missing permission state for package com.android.permissioncontroller.car.rro on user 10
01-01 08:00:09.388 970 970 W PackageSettings: Missing permission state for package com.android.internal.systemui.navbar.gestural on user 10
01-01 08:00:09.389 970 970 W PackageSettings: Missing permission state for package android.overlay.auto.common on user 10
01-01 08:00:09.389 970 970 W PackageSettings: Missing permission state for package com.android.car.updatable on user 10
01-01 08:00:09.389 970 970 W PackageSettings: Missing permission state for package com.android.providers.settings.overlay.auto on user 10
01-01 08:00:09.389 970 970 W PackageSettings: Missing permission state for package com.android.tv.overlay.framework.globalkeysoverlay on user 10
01-01 08:00:09.389 970 970 W PackageSettings: Missing permission state for package com.android.internal.systemui.navbar.gestural_narrow_back on user 10
01-01 08:00:09.390 970 970 W PackageSettings: Missing permission state for shared user: android.uid.log
01-01 08:00:09.390 970 970 W PackageSettings: Missing permission state for shared user: android.uid.nfc
01-01 08:00:09.390 970 970 W PackageSettings: Missing permission state for shared user: android.uid.uwb
01-01 08:00:09.392 970 970 V PackageManagerTiming: read user settings took to complete: 220ms
01-01 08:00:09.428 351 358 D VehicleRTKHal: In[setValues][512]
01-01 08:00:09.428 351 358 D VehicleRTKHardware: Set value for property ID: 291504901
01-01 08:00:09.429 351 359 D VehicleRTKHardware: In[setValue][799] prop =291504901 ,289408515
01-01 08:00:09.429 351 359 D VehicleRTKHardware: In[setValue][825].. wirte success...
01-01 08:00:09.429 351 358 D VehicleRTKHal: In[setValues][512]
01-01 08:00:09.429 351 358 D VehicleRTKHardware: Set value for property ID: 291504647
01-01 08:00:09.429 351 359 D VehicleRTKHardware: In[setValue][799] prop =291504647 ,289408515
01-01 08:00:09.429 351 359 D VehicleRTKHardware: In[setValue][825].. wirte success...
01-01 08:00:09.429 351 358 D VehicleRTKHal: In[setValues][512]
01-01 08:00:09.429 351 358 D VehicleRTKHardware: Set value for property ID: 291504903
01-01 08:00:09.429 351 359 D VehicleRTKHardware: In[setValue][799] prop =291504903 ,289408515
01-01 08:00:09.429 351 359 D VehicleRTKHardware: In[setValue][825].. wirte success...
01-01 08:00:09.429 351 358 D VehicleRTKHal: In[setValues][512]
01-01 08:00:09.430 351 358 D VehicleRTKHardware: Set value for property ID: 291504897
01-01 08:00:09.430 351 359 D VehicleRTKHardware: In[setValue][799] prop =291504897 ,289408515
01-01 08:00:09.430 351 359 D VehicleRTKHardware: In[setValue][825].. wirte success...
01-01 08:00:09.430 351 358 D VehicleRTKHal: In[setValues][512]
01-01 08:00:09.430 351 358 D VehicleRTKHardware: Set value for property ID: 289408000
01-01 08:00:09.430 351 359 D VehicleRTKHardware: In[setValue][799] prop =289408000 ,289408515
01-01 08:00:09.430 351 359 D VehicleRTKHardware: In[setValue][825].. wirte success...
01-01 08:00:09.430 351 358 D VehicleRTKHal: In[setValues][512]
01-01 08:00:09.430 351 358 D VehicleRTKHardware: Set value for property ID: 287310855
01-01 08:00:09.430 351 359 D VehicleRTKHardware: In[setValue][799] prop =287310855 ,289408515
01-01 08:00:09.430 351 359 D VehicleRTKHardware: In[setValue][825].. wirte success...
01-01 08:00:09.430 351 358 D VehicleRTKHal: In[setValues][512]
01-01 08:00:09.431 351 358 D VehicleRTKHardware: Set value for property ID: 291504644
01-01 08:00:09.431 351 359 D VehicleRTKHardware: In[setValue][799] prop =291504644 ,289408515
01-01 08:00:09.431 351 359 D VehicleRTKHardware: In[setValue][825].. wirte success...
01-01 08:00:09.431 351 358 D VehicleRTKHal: In[setValues][512]
01-01 08:00:09.431 351 358 D VehicleRTKHardware: Set value for property ID: 291504904
01-01 08:00:09.431 351 359 D VehicleRTKHardware: In[setValue][799] prop =291504904 ,289408515
01-01 08:00:09.431 351 359 D VehicleRTKHardware: In[setValue][825].. wirte success...
01-01 08:00:09.431 351 358 D VehicleRTKHal: In[setValues][512]
01-01 08:00:09.431 351 358 D VehicleRTKHardware: Set value for property ID: 291505923
01-01 08:00:09.431 351 359 D VehicleRTKHardware: In[setValue][799] prop =291505923 ,289408515
01-01 08:00:09.431 351 359 D VehicleRTKHardware: In[setValue][825].. wirte success...
01-01 08:00:09.457 970 970 D PackageManager: Directories scanned as system partitions: [/system:0, /vendor:524288, /odm:4194304, /oem:262144, /product:1048576, /system_ext:2097152, /apex/com.android.media.swcodec:41943040, /apex/com.android.ondevicepersonalization:41943040, /apex/com.android.tethering:41943040, /apex/com.android.devicelock:41943040, /apex/com.android.neuralnetworks:41943040, /apex/com.android.wifi:41943040, /apex/com.android.runtime:41943040, /apex/com.android.vndk.v34:41943040, /apex/com.android.scheduling:41943040, /apex/com.android.conscrypt:41943040, /apex/com.android.extservices:41943040, /apex/com.android.apex.cts.shim:41943040, /apex/com.android.permission:41943040, /apex/com.android.art:41943040, /apex/com.android.sdkext:41943040, /apex/com.android.os.statsd:41943040, /apex/com.android.adbd:41943040, /apex/com.android.resolv:41943040, /apex/com.android.adservices:41943040, /apex/com.android.media:41943040, /apex/com.android.ipsec:41943040, /apex/com.android.configinfrastructure:41943040, /apex/com.android.appsearch:41943040, /apex/com.android.uwb:41943040, /apex/com.android.mediaprovider:41943040, /apex/com.android.virt:41943040, /apex/com.android.tzdata:41943040, /apex/com.android.rkpd:41943040, /apex/com.android.i18n:41943040, /apex/com.android.btservices:41943040, /apex/com.android.healthfitness:41943040]
01-01 08:00:09.457 970 970 D PackageManager: Keeping known cache be97b2e0bff422d10fb2a0f699db8bf86d934560
01-01 08:00:21.212 541 541 I apexd: getAllPackages received by ApexService
01-01 08:00:21.237 324 324 E realtek-i2c 9801ba00.i2c-4: rtk_i2c_handle_tx_abort: slave address not acknowledged (7bit mode)
01-01 08:00:21.241 324 324 E realtek-i2c 9801ba00.i2c-4: rtk_i2c_handle_tx_abort: slave address not acknowledged (7bit mode)
01-01 08:00:21.244 324 324 E realtek-i2c 9801ba00.i2c-4: rtk_i2c_handle_tx_abort: slave address not acknowledged (7bit mode)
01-01 08:00:09.500 970 970 I PackageManager: /system/apex/com.android.apex.cts.shim.apex changed; collecting certs
01-01 08:00:21.247 324 324 E realtek-i2c 9801ba00.i2c-4: rtk_i2c_handle_tx_abort: slave address not acknowledged (7bit mode)
01-01 08:00:21.250 324 324 E realtek-i2c 9801ba00.i2c-4: rtk_i2c_handle_tx_abort: slave address not acknowledged (7bit mode)
01-01 08:00:21.253 324 324 E realtek-i2c 9801ba00.i2c-4: rtk_i2c_handle_tx_abort: slave address not acknowledged (7bit mode)
01-01 08:00:21.255 324 324 E realtek-i2c 9801ba00.i2c-4: rtk_i2c_handle_tx_abort: slave address not acknowledged (7bit mode)
01-01 08:00:09.506 970 970 I PackageBackwardCompatibility: Loaded android.content.pm.AndroidTestBaseUpdater
01-01 08:00:09.507 970 970 D CompatibilityChangeReporter: Compat change id reported: 143539591; UID -1; state: DISABLED
01-01 08:00:09.507 970 970 D CompatibilityChangeReporter: Compat change id reported: 168782947; UID -1; state: DISABLED
01-01 08:00:09.507 970 970 W PackageManager: Odd, /system/apex/com.android.apex.cts.shim.apex doesn't look like an APK
01-01 08:00:09.509 970 970 I PackageManager: /data/apex/decompressed/com.android.adservices@340090000.decompressed.apex changed; collecting certs
01-01 08:00:21.258 324 324 E realtek-i2c 9801ba00.i2c-4: rtk_i2c_handle_tx_abort: slave address not acknowledged (7bit mode)
01-01 08:00:21.261 324 324 E realtek-i2c 9801ba00.i2c-4: rtk_i2c_handle_tx_abort: slave address not acknowledged (7bit mode)
01-01 08:00:09.512 970 970 D CompatibilityChangeReporter: Compat change id reported: 168782947; UID -1; state: ENABLED
01-01 08:00:09.513 970 970 W PackageManager: Odd, /data/apex/decompressed/com.android.adservices@340090000.decompressed.apex doesn't look like an APK
01-01 08:00:09.513 970 970 W PackageManager: Unrecognized code path /data/apex/decompressed/com.android.adservices@340090000.decompressed.apex - using /data
01-01 08:00:21.264 324 324 E realtek-i2c 9801ba00.i2c-4: rtk_i2c_handle_tx_abort: slave address not acknowledged (7bit mode)
01-01 08:00:09.514 970 970 I PackageManager: /system/apex/com.android.btservices.apex changed; collecting certs
01-01 08:00:21.267 324 324 E realtek-i2c 9801ba00.i2c-4: rtk_i2c_handle_tx_abort: slave address not acknowledged (7bit mode)
01-01 08:00:09.517 970 970 W PackageManager: Odd, /system/apex/com.android.btservices.apex doesn't look like an APK
01-01 08:00:09.519 970 970 I PackageManager: /data/apex/decompressed/com.android.art@340090000.decompressed.apex changed; collecting certs
01-01 08:00:21.270 324 324 E realtek-i2c 9801ba00.i2c-4: rtk_i2c_handle_tx_abort: slave address not acknowledged (7bit mode)
01-01 08:00:21.273 324 324 E realtek-i2c 9801ba00.i2c-4: rtk_i2c_handle_tx_abort: slave address not acknowledged (7bit mode)
01-01 08:00:09.522 970 970 W PackageManager: Odd, /data/apex/decompressed/com.android.art@340090000.decompressed.apex doesn't look like an APK
01-01 08:00:21.275 324 324 E realtek-i2c 9801ba00.i2c-4: rtk_i2c_handle_tx_abort: slave address not acknowledged (7bit mode)
01-01 08:00:09.523 970 970 W PackageManager: Unrecognized code path /data/apex/decompressed/com.android.art@340090000.decompressed.apex - using /data
01-01 08:00:09.524 970 970 I PackageManager: /data/apex/decompressed/com.android.conscrypt@340090000.decompressed.apex changed; collecting certs
01-01 08:00:09.527 970 970 W PackageManager: Odd, /data/apex/decompressed/com.android.conscrypt@340090000.decompressed.apex doesn't look like an APK
01-01 08:00:09.527 970 970 W PackageManager: Unrecognized code path /data/apex/decompressed/com.android.conscrypt@340090000.decompressed.apex - using /data
01-01 08:00:21.278 324 324 E realtek-i2c 9801ba00.i2c-4: rtk_i2c_handle_tx_abort: slave address not acknowledged (7bit mode)
01-01 08:00:09.528 970 970 I PackageManager: /data/apex/decompressed/com.android.configinfrastructure@340090000.decompressed.apex changed; collecting certs
01-01 08:00:09.531 970 970 W PackageManager: Odd, /data/apex/decompressed/com.android.configinfrastructure@340090000.decompressed.apex doesn't look like an APK
01-01 08:00:09.531 970 970 W PackageManager: Unrecognized code path /data/apex/decompressed/com.android.configinfrastructure@340090000.decompressed.apex - using /data
01-01 08:00:09.532 970 970 I PackageManager: /system/apex/com.android.devicelock.apex changed; collecting certs
01-01 08:00:21.281 324 324 E realtek-i2c 9801ba00.i2c-4: rtk_i2c_handle_tx_abort: slave address not acknowledged (7bit mode)
01-01 08:00:21.284 324 324 E realtek-i2c 9801ba00.i2c-4: rtk_i2c_handle_tx_abort: slave address not acknowledged (7bit mode)
01-01 08:00:09.535 970 970 W PackageManager: Odd, /system/apex/com.android.devicelock.apex doesn't look like an APK
01-01 08:00:09.537 970 970 I PackageManager: /data/apex/decompressed/com.android.appsearch@340090000.decompressed.apex changed; collecting certs
01-01 08:00:21.287 324 324 E realtek-i2c 9801ba00.i2c-4: rtk_i2c_handle_tx_abort: slave address not acknowledged (7bit mode)
01-01 08:00:21.290 324 324 E realtek-i2c 9801ba00.i2c-4: rtk_i2c_handle_tx_abort: slave address not acknowledged (7bit mode)
01-01 08:00:21.293 324 324 E realtek-i2c 9801ba00.i2c-4: rtk_i2c_handle_tx_abort: slave address not acknowledged (7bit mode)
01-01 08:00:09.547 970 970 W PackageManager: Odd, /data/apex/decompressed/com.android.appsearch@340090000.decompressed.apex doesn't look like an APK
01-01 08:00:09.547 970 970 W PackageManager: Unrecognized code path /data/apex/decompressed/com.android.appsearch@340090000.decompressed.apex - using /data
01-01 08:00:09.549 970 970 I PackageManager: /data/apex/decompressed/com.android.adbd@340090000.decompressed.apex changed; collecting certs
01-01 08:00:21.295 324 324 E realtek-i2c 9801ba00.i2c-4: rtk_i2c_handle_tx_abort: slave address not acknowledged (7bit mode)
01-01 08:00:21.298 324 324 E realtek-i2c 9801ba00.i2c-4: rtk_i2c_handle_tx_abort: slave address not acknowledged (7bit mode)
01-01 08:00:21.301 324 324 E realtek-i2c 9801ba00.i2c-4: rtk_i2c_handle_tx_abort: slave address not acknowledged (7bit mode)
01-01 08:00:21.304 324 324 E realtek-i2c 9801ba00.i2c-4: rtk_i2c_handle_tx_abort: slave address not acknowledged (7bit mode)
01-01 08:00:09.552 970 970 W PackageManager: Odd, /data/apex/decompressed/com.android.adbd@340090000.decompressed.apex doesn't look like an APK
01-01 08:00:09.552 970 970 W PackageManager: Unrecognized code path /data/apex/decompressed/com.android.adbd@340090000.decompressed.apex - using /data
01-01 08:00:09.553 970 970 I PackageManager: /data/apex/decompressed/com.android.extservices@340090000.decompressed.apex changed; collecting certs
01-01 08:00:21.307 324 324 E realtek-i2c 9801ba00.i2c-4: rtk_i2c_handle_tx_abort: slave address not acknowledged (7bit mode)
01-01 08:00:09.558 970 970 W PackageManager: Odd, /data/apex/decompressed/com.android.extservices@340090000.decompressed.apex doesn't look like an APK
01-01 08:00:09.558 970 970 W PackageManager: Unrecognized code path /data/apex/decompressed/com.android.extservices@340090000.decompressed.apex - using /data
01-01 08:00:09.559 970 970 I PackageManager: /system/apex/com.android.i18n.apex changed; collecting certs
01-01 08:00:21.309 324 324 E realtek-i2c 9801ba00.i2c-4: rtk_i2c_handle_tx_abort: slave address not acknowledged (7bit mode)
01-01 08:00:09.562 970 970 W PackageManager: Odd, /system/apex/com.android.i18n.apex doesn't look like an APK
01-01 08:00:21.312 324 324 E realtek-i2c 9801ba00.i2c-4: rtk_i2c_handle_tx_abort: slave address not acknowledged (7bit mode)
01-01 08:00:21.315 324 324 E realtek-i2c 9801ba00.i2c-4: rtk_i2c_handle_tx_abort: slave address not acknowledged (7bit mode)
01-01 08:00:09.563 970 970 I PackageManager: /system/apex/com.android.healthfitness.apex changed; collecting certs
01-01 08:00:09.566 970 970 W PackageManager: Odd, /system/apex/com.android.healthfitness.apex doesn't look like an APK
01-01 08:00:09.567 970 970 I PackageManager: /data/apex/decompressed/com.android.ipsec@340090000.decompressed.apex changed; collecting certs
01-01 08:00:09.570 970 970 W PackageManager: Odd, /data/apex/decompressed/com.android.ipsec@340090000.decompressed.apex doesn't look like an APK
01-01 08:00:09.570 970 970 W PackageManager: Unrecognized code path /data/apex/decompressed/com.android.ipsec@340090000.decompressed.apex - using /data
01-01 08:00:21.318 324 324 E realtek-i2c 9801ba00.i2c-4: rtk_i2c_handle_tx_abort: slave address not acknowledged (7bit mode)
01-01 08:00:21.320 324 324 E realtek-i2c 9801ba00.i2c-4: rtk_i2c_handle_tx_abort: slave address not acknowledged (7bit mode)
01-01 08:00:09.571 970 970 I PackageManager: /data/apex/decompressed/com.android.media@340090000.decompressed.apex changed; collecting certs
01-01 08:00:09.574 970 970 W PackageManager: Odd, /data/apex/decompressed/com.android.media@340090000.decompressed.apex doesn't look like an APK
01-01 08:00:09.574 970 970 W PackageManager: Unrecognized code path /data/apex/decompressed/com.android.media@340090000.decompressed.apex - using /data
01-01 08:00:09.575 970 970 I PackageManager: /data/apex/decompressed/com.android.media.swcodec@340090000.decompressed.apex changed; collecting certs
01-01 08:00:21.323 324 324 E realtek-i2c 9801ba00.i2c-4: rtk_i2c_handle_tx_abort: slave address not acknowledged (7bit mode)
01-01 08:00:21.326 324 324 E realtek-i2c 9801ba00.i2c-4: rtk_i2c_handle_tx_abort: slave address not acknowledged (7bit mode)
01-01 08:00:21.329 324 324 E realtek-i2c 9801ba00.i2c-4: rtk_i2c_handle_tx_abort: slave address not acknowledged (7bit mode)
01-01 08:00:09.578 970 970 W PackageManager: Odd, /data/apex/decompressed/com.android.media.swcodec@340090000.decompressed.apex doesn't look like an APK
01-01 08:00:09.578 970 970 W PackageManager: Unrecognized code path /data/apex/decompressed/com.android.media.swcodec@340090000.decompressed.apex - using /data
01-01 08:00:09.580 970 970 I PackageManager: /data/apex/decompressed/com.android.mediaprovider@340090000.decompressed.apex changed; collecting certs
01-01 08:00:21.332 324 324 E realtek-i2c 9801ba00.i2c-4: rtk_i2c_handle_tx_abort: slave address not acknowledged (7bit mode)
01-01 08:00:21.335 324 324 E realtek-i2c 9801ba00.i2c-4: rtk_i2c_handle_tx_abort: slave address not acknowledged (7bit mode)
01-01 08:00:09.583 970 970 W PackageManager: Odd, /data/apex/decompressed/com.android.mediaprovider@340090000.decompressed.apex doesn't look like an APK
01-01 08:00:09.583 970 970 W PackageManager: Unrecognized code path /data/apex/decompressed/com.android.mediaprovider@340090000.decompressed.apex - using /data
01-01 08:00:09.584 970 970 I PackageManager: /data/apex/decompressed/com.android.neuralnetworks@340090000.decompressed.apex changed; collecting certs
01-01 08:00:09.588 970 970 W PackageManager: Odd, /data/apex/decompressed/com.android.neuralnetworks@340090000.decompressed.apex doesn't look like an APK
01-01 08:00:09.589 970 970 W PackageManager: Unrecognized code path /data/apex/decompressed/com.android.neuralnetworks@340090000.decompressed.apex - using /data
01-01 08:00:21.337 324 324 E realtek-i2c 9801ba00.i2c-4: rtk_i2c_handle_tx_abort: slave address not acknowledged (7bit mode)
01-01 08:00:21.340 324 324 E realtek-i2c 9801ba00.i2c-4: rtk_i2c_handle_tx_abort: slave address not acknowledged (7bit mode)
01-01 08:00:09.590 970 970 I PackageManager: /system/apex/com.android.os.statsd.apex changed; collecting certs
01-01 08:00:09.592 970 970 W PackageManager: Odd, /system/apex/com.android.os.statsd.apex doesn't look like an APK
01-01 08:00:09.594 970 970 I PackageManager: /data/apex/decompressed/com.android.resolv@340090000.decompressed.apex changed; collecting certs
01-01 08:00:09.596 970 970 W PackageManager: Odd, /data/apex/decompressed/com.android.resolv@340090000.decompressed.apex doesn't look like an APK
01-01 08:00:09.596 970 970 W PackageManager: Unrecognized code path /data/apex/decompressed/com.android.resolv@340090000.decompressed.apex - using /data
01-01 08:00:09.598 970 970 I PackageManager: /data/apex/decompressed/com.android.permission@340090000.decompressed.apex changed; collecting certs
01-01 08:00:21.343 324 324 E realtek-i2c 9801ba00.i2c-4: rtk_i2c_handle_tx_abort: slave address not acknowledged (7bit mode)
01-01 08:00:21.346 324 324 E realtek-i2c 9801ba00.i2c-4: rtk_i2c_handle_tx_abort: slave address not acknowledged (7bit mode)
01-01 08:00:21.349 324 324 E realtek-i2c 9801ba00.i2c-4: rtk_i2c_handle_tx_abort: slave address not acknowledged (7bit mode)
01-01 08:00:21.351 324 324 E realtek-i2c 9801ba00.i2c-4: rtk_i2c_handle_tx_abort: slave address not acknowledged (7bit mode)
01-01 08:00:09.600 970 970 W PackageManager: Odd, /data/apex/decompressed/com.android.permission@340090000.decompressed.apex doesn't look like an APK
01-01 08:00:09.600 970 970 W PackageManager: Unrecognized code path /data/apex/decompressed/com.android.permission@340090000.decompressed.apex - using /data
01-01 08:00:09.602 970 970 I PackageManager: /system/apex/com.android.rkpd.apex changed; collecting certs
01-01 08:00:09.605 970 970 W PackageManager: Odd, /system/apex/com.android.rkpd.apex doesn't look like an APK
01-01 08:00:09.606 970 970 I PackageManager: /system/apex/com.android.runtime.apex changed; collecting certs
01-01 08:00:21.354 324 324 E realtek-i2c 9801ba00.i2c-4: rtk_i2c_handle_tx_abort: slave address not acknowledged (7bit mode)
01-01 08:00:21.357 324 324 E realtek-i2c 9801ba00.i2c-4: rtk_i2c_handle_tx_abort: slave address not acknowledged (7bit mode)
01-01 08:00:21.360 324 324 E realtek-i2c 9801ba00.i2c-4: rtk_i2c_handle_tx_abort: slave address not acknowledged (7bit mode)
01-01 08:00:09.609 970 970 W PackageManager: Odd, /system/apex/com.android.runtime.apex doesn't look like an APK
01-01 08:00:09.610 970 970 I PackageManager: /data/apex/decompressed/com.android.scheduling@340090000.decompressed.apex changed; collecting certs
01-01 08:00:21.362 324 324 E realtek-i2c 9801ba00.i2c-4: rtk_i2c_handle_tx_abort: slave address not acknowledged (7bit mode)
01-01 08:00:21.365 324 324 E realtek-i2c 9801ba00.i2c-4: rtk_i2c_handle_tx_abort: slave address not acknowledged (7bit mode)
01-01 08:00:09.613 970 970 W PackageManager: Odd, /data/apex/decompressed/com.android.scheduling@340090000.decompressed.apex doesn't look like an APK
01-01 08:00:09.613 970 970 W PackageManager: Unrecognized code path /data/apex/decompressed/com.android.scheduling@340090000.decompressed.apex - using /data
01-01 08:00:09.614 970 970 I PackageManager: /data/apex/decompressed/com.android.ondevicepersonalization@340090000.decompressed.apex changed; collecting certs
01-01 08:00:09.617 970 970 W PackageManager: Odd, /data/apex/decompressed/com.android.ondevicepersonalization@340090000.decompressed.apex doesn't look like an APK
01-01 08:00:09.617 970 970 W PackageManager: Unrecognized code path /data/apex/decompressed/com.android.ondevicepersonalization@340090000.decompressed.apex - using /data
01-01 08:00:21.368 324 324 E realtek-i2c 9801ba00.i2c-4: rtk_i2c_handle_tx_abort: slave address not acknowledged (7bit mode)
01-01 08:00:21.371 324 324 E realtek-i2c 9801ba00.i2c-4: rtk_i2c_handle_tx_abort: slave address not acknowledged (7bit mode)
01-01 08:00:09.618 970 970 I PackageManager: /system/apex/com.android.sdkext.apex changed; collecting certs
01-01 08:00:09.621 970 970 W PackageManager: Odd, /system/apex/com.android.sdkext.apex doesn't look like an APK
01-01 08:00:09.623 970 970 I PackageManager: /system/apex/com.android.tzdata.apex changed; collecting certs
01-01 08:00:21.374 324 324 E realtek-i2c 9801ba00.i2c-4: rtk_i2c_handle_tx_abort: slave address not acknowledged (7bit mode)
01-01 08:00:21.377 324 324 E realtek-i2c 9801ba00.i2c-4: rtk_i2c_handle_tx_abort: slave address not acknowledged (7bit mode)
01-01 08:00:09.626 970 970 W PackageManager: Odd, /system/apex/com.android.tzdata.apex doesn't look like an APK
01-01 08:00:09.627 970 970 I PackageManager: /data/apex/decompressed/com.android.tethering@340090000.decompressed.apex changed; collecting certs
01-01 08:00:09.630 970 970 W PackageManager: Odd, /data/apex/decompressed/com.android.tethering@340090000.decompressed.apex doesn't look like an APK
01-01 08:00:09.630 970 970 W PackageManager: Unrecognized code path /data/apex/decompressed/com.android.tethering@340090000.decompressed.apex - using /data
01-01 08:00:21.381 324 324 E realtek-i2c 9801ba00.i2c-4: rtk_i2c_handle_tx_abort: slave address not acknowledged (7bit mode)
01-01 08:00:21.384 324 324 E realtek-i2c 9801ba00.i2c-4: rtk_i2c_handle_tx_abort: slave address not acknowledged (7bit mode)
01-01 08:00:09.631 970 970 I PackageManager: /system/apex/com.android.virt.apex changed; collecting certs
01-01 08:00:09.634 970 970 W PackageManager: Odd, /system/apex/com.android.virt.apex doesn't look like an APK
01-01 08:00:09.634 351 358 D VehicleRTKHal: In[setValues][512]
01-01 08:00:09.634 351 358 D VehicleRTKHardware: Set value for property ID: 291504901
01-01 08:00:09.634 351 359 D VehicleRTKHardware: In[setValue][799] prop =291504901 ,289408515
01-01 08:00:09.634 351 359 D VehicleRTKHardware: In[setValue][825].. wirte success...
01-01 08:00:09.635 970 970 I PackageManager: /system/apex/com.android.vndk.current.apex changed; collecting certs
01-01 08:00:21.386 324 324 E realtek-i2c 9801ba00.i2c-4: rtk_i2c_handle_tx_abort: slave address not acknowledged (7bit mode)
01-01 08:00:09.636 351 358 D VehicleRTKHal: In[setValues][512]
01-01 08:00:09.636 351 358 D VehicleRTKHardware: Set value for property ID: 291504647
01-01 08:00:09.637 351 359 D VehicleRTKHardware: In[setValue][799] prop =291504647 ,289408515
01-01 08:00:09.637 351 359 D VehicleRTKHardware: In[setValue][825].. wirte success...
01-01 08:00:09.638 970 970 W PackageManager: Odd, /system/apex/com.android.vndk.current.apex doesn't look like an APK
01-01 08:00:09.639 970 970 I PackageManager: /data/apex/decompressed/com.android.uwb@340090000.decompressed.apex changed; collecting certs
01-01 08:00:09.639 351 358 D VehicleRTKHal: In[setValues][512]
01-01 08:00:09.639 351 358 D VehicleRTKHardware: Set value for property ID: 291504903
01-01 08:00:09.639 351 359 D VehicleRTKHardware: In[setValue][799] prop =291504903 ,289408515
01-01 08:00:09.639 351 359 D VehicleRTKHardware: In[setValue][825].. wirte success...
01-01 08:00:21.389 324 324 E realtek-i2c 9801ba00.i2c-4: rtk_i2c_handle_tx_abort: slave address not acknowledged (7bit mode)
01-01 08:00:21.392 324 324 E realtek-i2c 9801ba00.i2c-4: rtk_i2c_handle_tx_abort: slave address not acknowledged (7bit mode)
01-01 08:00:09.642 351 358 D VehicleRTKHal: In[setValues][512]
01-01 08:00:09.642 351 358 D VehicleRTKHardware: Set value for property ID: 291504897
01-01 08:00:09.642 351 359 D VehicleRTKHardware: In[setValue][799] prop =291504897 ,289408515
01-01 08:00:09.642 351 359 D VehicleRTKHardware: In[setValue][825].. wirte success...
01-01 08:00:09.645 351 358 D VehicleRTKHal: In[setValues][512]
01-01 08:00:09.645 351 358 D VehicleRTKHardware: Set value for property ID: 289408000
01-01 08:00:09.645 351 359 D VehicleRTKHardware: In[setValue][799] prop =289408000 ,289408515
01-01 08:00:09.645 351 359 D VehicleRTKHardware: In[setValue][825].. wirte success...
01-01 08:00:09.646 351 358 D VehicleRTKHal: In[setValues][512]
01-01 08:00:09.646 351 358 D VehicleRTKHardware: Set value for property ID: 287310855
01-01 08:00:09.646 351 359 D VehicleRTKHardware: In[setValue][799] prop =287310855 ,289408515
01-01 08:00:09.646 351 359 D VehicleRTKHardware: In[setValue][825].. wirte success...
01-01 08:00:09.646 351 358 D VehicleRTKHal: In[setValues][512]
01-01 08:00:09.646 351 358 D VehicleRTKHardware: Set value for property ID: 291504644
01-01 08:00:09.646 351 359 D VehicleRTKHardware: In[setValue][799] prop =291504644 ,289408515
01-01 08:00:09.646 351 359 D VehicleRTKHardware: In[setValue][825].. wirte success...
01-01 08:00:09.646 351 358 D VehicleRTKHal: In[setValues][512]
01-01 08:00:09.646 351 358 D VehicleRTKHardware: Set value for property ID: 291504904
01-01 08:00:09.646 351 359 D VehicleRTKHardware: In[setValue][799] prop =291504904 ,289408515
01-01 08:00:09.646 351 359 D VehicleRTKHardware: In[setValue][825].. wirte success...
01-01 08:00:09.646 351 358 D VehicleRTKHal: In[setValues][512]
01-01 08:00:09.646 351 358 D VehicleRTKHardware: Set value for property ID: 291505923
01-01 08:00:09.646 351 359 D VehicleRTKHardware: In[setValue][799] prop =291505923 ,289408515
01-01 08:00:09.646 351 359 D VehicleRTKHardware: In[setValue][825].. wirte success...
01-01 08:00:21.395 324 324 E realtek-i2c 9801ba00.i2c-4: rtk_i2c_handle_tx_abort: slave address not acknowledged (7bit mode)
01-01 08:00:21.398 324 324 E realtek-i2c 9801ba00.i2c-4: rtk_i2c_handle_tx_abort: slave address not acknowledged (7bit mode)
01-01 08:00:09.649 970 970 W PackageManager: Odd, /data/apex/decompressed/com.android.uwb@340090000.decompressed.apex doesn't look like an APK
01-01 08:00:09.649 970 970 W PackageManager: Unrecognized code path /data/apex/decompressed/com.android.uwb@340090000.decompressed.apex - using /data
01-01 08:00:09.651 970 970 I PackageManager: /data/apex/decompressed/com.android.wifi@340090000.decompressed.apex changed; collecting certs
01-01 08:00:21.401 324 324 E realtek-i2c 9801ba00.i2c-4: rtk_i2c_handle_tx_abort: slave address not acknowledged (7bit mode)
01-01 08:00:21.404 324 324 E realtek-i2c 9801ba00.i2c-4: rtk_i2c_handle_tx_abort: slave address not acknowledged (7bit mode)
01-01 08:00:09.654 970 970 W PackageManager: Odd, /data/apex/decompressed/com.android.wifi@340090000.decompressed.apex doesn't look like an APK
01-01 08:00:09.654 970 970 W PackageManager: Unrecognized code path /data/apex/decompressed/com.android.wifi@340090000.decompressed.apex - using /data
01-01 08:00:09.656 970 970 D PackageManager: No files in app dir /system_ext/overlay
01-01 08:00:21.408 324 324 E realtek-i2c 9801ba00.i2c-4: rtk_i2c_handle_tx_abort: slave address not acknowledged (7bit mode)
01-01 08:00:21.411 324 324 E realtek-i2c 9801ba00.i2c-4: rtk_i2c_handle_tx_abort: slave address not acknowledged (7bit mode)
01-01 08:00:21.414 324 324 E realtek-i2c 9801ba00.i2c-4: rtk_i2c_handle_tx_abort: slave address not acknowledged (7bit mode)
01-01 08:00:21.416 324 324 E realtek-i2c 9801ba00.i2c-4: rtk_i2c_handle_tx_abort: slave address not acknowledged (7bit mode)
01-01 08:00:21.419 324 324 E realtek-i2c 9801ba00.i2c-4: rtk_i2c_handle_tx_abort: slave address not acknowledged (7bit mode)
01-01 08:00:21.422 324 324 E realtek-i2c 9801ba00.i2c-4: rtk_i2c_handle_tx_abort: slave address not acknowledged (7bit mode)
01-01 08:00:21.425 324 324 E realtek-i2c 9801ba00.i2c-4: rtk_i2c_handle_tx_abort: slave address not acknowledged (7bit mode)
01-01 08:00:21.428 324 324 E realtek-i2c 9801ba00.i2c-4: rtk_i2c_handle_tx_abort: slave address not acknowledged (7bit mode)
01-01 08:00:21.430 324 324 E realtek-i2c 9801ba00.i2c-4: rtk_i2c_handle_tx_abort: slave address not acknowledged (7bit mode)
01-01 08:00:09.677 970 970 D PackageManager: No files in app dir /oem/overlay
01-01 08:00:09.677 970 970 D PackageManager: No files in app dir /odm/overlay
01-01 08:00:21.433 324 324 E realtek-i2c 9801ba00.i2c-4: rtk_i2c_handle_tx_abort: slave address not acknowledged (7bit mode)
01-01 08:00:09.691 970 970 W PackageManager: Failed to parse /system/framework/arm: Missing base APK in /system/framework/arm
01-01 08:00:09.691 970 970 W PackageManager: Failed to parse /system/framework/arm64: Missing base APK in /system/framework/arm64
01-01 08:00:09.691 970 970 W PackageManager: Failed to parse /system/framework/oat: Missing base APK in /system/framework/oat
01-01 08:00:09.725 970 970 I PackageManager: Replacing default ResolverActivity with custom activity: ComponentInfo{com.android.car.activityresolver/com.android.car.activityresolver.CarResolverActivity}
01-01 08:00:09.772 970 970 I PackageManager: /system/priv-app/NetworkStackNext changed; collecting certs
01-01 08:00:09.777 970 970 I PackageManager: Update system package com.android.networkstack code path from /system/priv-app/NetworkStack to /system/priv-app/NetworkStackNext; Retain data and using new
01-01 08:00:09.784 970 970 I PackageManager: /system/priv-app/NetworkStack changed; collecting certs
01-01 08:00:09.790 970 970 W PackageManager: Failed to scan /system/priv-app/NetworkStack: Application package com.android.networkstack already installed. Skipping duplicate.
01-01 08:00:21.541 324 324 E realtek-i2c 9801ba00.i2c-4: rtk_i2c_handle_tx_abort: slave address not acknowledged (7bit mode)
01-01 08:00:21.544 324 324 E realtek-i2c 9801ba00.i2c-4: rtk_i2c_handle_tx_abort: slave address not acknowledged (7bit mode)
01-01 08:00:21.547 324 324 E realtek-i2c 9801ba00.i2c-4: rtk_i2c_handle_tx_abort: slave address not acknowledged (7bit mode)
01-01 08:00:21.550 324 324 E realtek-i2c 9801ba00.i2c-4: rtk_i2c_handle_tx_abort: slave address not acknowledged (7bit mode)
01-01 08:00:21.552 324 324 E realtek-i2c 9801ba00.i2c-4: rtk_i2c_handle_tx_abort: slave address not acknowledged (7bit mode)
01-01 08:00:21.555 324 324 E realtek-i2c 9801ba00.i2c-4: rtk_i2c_handle_tx_abort: slave address not acknowledged (7bit mode)
01-01 08:00:21.558 324 324 E realtek-i2c 9801ba00.i2c-4: rtk_i2c_handle_tx_abort: slave address not acknowledged (7bit mode)
01-01 08:00:21.561 324 324 E realtek-i2c 9801ba00.i2c-4: rtk_i2c_handle_tx_abort: slave address not acknowledged (7bit mode)
01-01 08:00:21.564 324 324 E realtek-i2c 9801ba00.i2c-4: rtk_i2c_handle_tx_abort: slave address not acknowledged (7bit mode)
01-01 08:00:21.567 324 324 E realtek-i2c 9801ba00.i2c-4: rtk_i2c_handle_tx_abort: slave address not acknowledged (7bit mode)
01-01 08:00:21.570 324 324 E realtek-i2c 9801ba00.i2c-4: rtk_i2c_handle_tx_abort: slave address not acknowledged (7bit mode)
01-01 08:00:21.574 324 324 E realtek-i2c 9801ba00.i2c-4: rtk_i2c_handle_tx_abort: slave address not acknowledged (7bit mode)
01-01 08:00:21.576 324 324 E realtek-i2c 9801ba00.i2c-4: rtk_i2c_handle_tx_abort: slave address not acknowledged (7bit mode)
01-01 08:00:09.827 970 970 I PackageManager: /system/app/CarcameraDemo changed; collecting certs
01-01 08:00:21.579 324 324 E realtek-i2c 9801ba00.i2c-4: rtk_i2c_handle_tx_abort: slave address not acknowledged (7bit mode)
01-01 08:00:21.582 324 324 E realtek-i2c 9801ba00.i2c-4: rtk_i2c_handle_tx_abort: slave address not acknowledged (7bit mode)
01-01 08:00:09.830 970 970 W PackageManager: Failed to scan /system/app/CarcameraDemo: Application package com.realtek.carcamera already installed. Skipping duplicate.
01-01 08:00:21.585 324 324 E realtek-i2c 9801ba00.i2c-4: rtk_i2c_handle_tx_abort: slave address not acknowledged (7bit mode)
01-01 08:00:21.588 324 324 E realtek-i2c 9801ba00.i2c-4: rtk_i2c_handle_tx_abort: slave address not acknowledged (7bit mode)
01-01 08:00:21.590 324 324 E realtek-i2c 9801ba00.i2c-4: rtk_i2c_handle_tx_abort: slave address not acknowledged (7bit mode)
01-01 08:00:21.593 324 324 E realtek-i2c 9801ba00.i2c-4: rtk_i2c_handle_tx_abort: slave address not acknowledged (7bit mode)
01-01 08:00:21.596 324 324 E realtek-i2c 9801ba00.i2c-4: rtk_i2c_handle_tx_abort: slave address not acknowledged (7bit mode)
01-01 08:00:21.599 324 324 E realtek-i2c 9801ba00.i2c-4: rtk_i2c_handle_tx_abort: slave address not acknowledged (7bit mode)
01-01 08:00:09.849 351 358 D VehicleRTKHal: In[setValues][512]
01-01 08:00:09.849 351 358 D VehicleRTKHardware: Set value for property ID: 291504901
01-01 08:00:09.849 351 359 D VehicleRTKHardware: In[setValue][799] prop =291504901 ,289408515
01-01 08:00:09.849 351 359 D VehicleRTKHardware: In[setValue][825].. wirte success...
01-01 08:00:09.850 970 970 D PackageManager: No files in app dir /vendor/priv-app
01-01 08:00:09.850 970 970 D PackageManager: No files in app dir /vendor/app
01-01 08:00:09.851 970 970 D PackageManager: No files in app dir /odm/priv-app
01-01 08:00:09.851 970 970 D PackageManager: No files in app dir /odm/app
01-01 08:00:09.851 970 970 D PackageManager: No files in app dir /oem/app
01-01 08:00:09.852 351 358 D VehicleRTKHal: In[setValues][512]
01-01 08:00:09.852 351 358 D VehicleRTKHardware: Set value for property ID: 291504647
01-01 08:00:09.852 351 359 D VehicleRTKHardware: In[setValue][799] prop =291504647 ,289408515
01-01 08:00:09.852 351 359 D VehicleRTKHardware: In[setValue][825].. wirte success...
01-01 08:00:21.602 324 324 E realtek-i2c 9801ba00.i2c-4: rtk_i2c_handle_tx_abort: slave address not acknowledged (7bit mode)
01-01 08:00:09.853 351 358 D VehicleRTKHal: In[setValues][512]
01-01 08:00:09.853 351 358 D VehicleRTKHardware: Set value for property ID: 291504903
01-01 08:00:09.853 351 359 D VehicleRTKHardware: In[setValue][799] prop =291504903 ,289408515
01-01 08:00:09.853 351 359 D VehicleRTKHardware: In[setValue][825].. wirte success...
01-01 08:00:09.854 351 358 D VehicleRTKHal: In[setValues][512]
01-01 08:00:09.854 351 358 D VehicleRTKHardware: Set value for property ID: 291504897
01-01 08:00:09.854 351 359 D VehicleRTKHardware: In[setValue][799] prop =291504897 ,289408515
01-01 08:00:09.854 351 359 D VehicleRTKHardware: In[setValue][825].. wirte success...
01-01 08:00:09.854 351 358 D VehicleRTKHal: In[setValues][512]
01-01 08:00:09.854 351 358 D VehicleRTKHardware: Set value for property ID: 289408000
01-01 08:00:09.854 351 359 D VehicleRTKHardware: In[setValue][799] prop =289408000 ,289408515
01-01 08:00:09.854 351 359 D VehicleRTKHardware: In[setValue][825].. wirte success...
01-01 08:00:09.854 351 358 D VehicleRTKHal: In[setValues][512]
01-01 08:00:09.854 351 358 D VehicleRTKHardware: Set value for property ID: 287310855
01-01 08:00:09.854 351 359 D VehicleRTKHardware: In[setValue][799] prop =287310855 ,289408515
01-01 08:00:09.854 351 359 D VehicleRTKHardware: In[setValue][825].. wirte success...
01-01 08:00:09.855 351 358 D VehicleRTKHal: In[setValues][512]
01-01 08:00:09.855 351 358 D VehicleRTKHardware: Set value for property ID: 291504644
01-01 08:00:09.855 351 359 D VehicleRTKHardware: In[setValue][799] prop =291504644 ,289408515
01-01 08:00:09.855 351 359 D VehicleRTKHardware: In[setValue][825].. wirte success...
01-01 08:00:09.855 351 358 D VehicleRTKHal: In[setValues][512]
01-01 08:00:09.855 351 358 D VehicleRTKHardware: Set value for property ID: 291504904
01-01 08:00:09.855 351 359 D VehicleRTKHardware: In[setValue][799] prop =291504904 ,289408515
01-01 08:00:09.855 351 359 D VehicleRTKHardware: In[setValue][825].. wirte success...
01-01 08:00:09.855 351 358 D VehicleRTKHal: In[setValues][512]
01-01 08:00:09.855 351 358 D VehicleRTKHardware: Set value for property ID: 291505923
01-01 08:00:09.855 351 359 D VehicleRTKHardware: In[setValue][799] prop =291505923 ,289408515
01-01 08:00:09.855 351 359 D VehicleRTKHardware: In[setValue][825].. wirte success...
01-01 08:00:21.605 324 324 E realtek-i2c 9801ba00.i2c-4: rtk_i2c_handle_tx_abort: slave address not acknowledged (7bit mode)
01-01 08:00:09.863 970 970 W PackageManager: Failed to scan /product/priv-app/BluetoothPhone: Package com.publicos.bluetoothphone at /product/priv-app/BluetoothPhone ignored: updated version 20260622 better than this 20260618
01-01 08:00:21.610 324 324 E realtek-i2c 9801ba00.i2c-4: rtk_i2c_handle_tx_abort: slave address not acknowledged (7bit mode)
01-01 08:00:21.613 324 324 E realtek-i2c 9801ba00.i2c-4: rtk_i2c_handle_tx_abort: slave address not acknowledged (7bit mode)
01-01 08:00:21.616 324 324 E realtek-i2c 9801ba00.i2c-4: rtk_i2c_handle_tx_abort: slave address not acknowledged (7bit mode)
01-01 08:00:21.619 324 324 E realtek-i2c 9801ba00.i2c-4: rtk_i2c_handle_tx_abort: slave address not acknowledged (7bit mode)
01-01 08:00:21.622 324 324 E realtek-i2c 9801ba00.i2c-4: rtk_i2c_handle_tx_abort: slave address not acknowledged (7bit mode)
01-01 08:00:21.624 324 324 E realtek-i2c 9801ba00.i2c-4: rtk_i2c_handle_tx_abort: slave address not acknowledged (7bit mode)
01-01 08:00:21.627 324 324 E realtek-i2c 9801ba00.i2c-4: rtk_i2c_handle_tx_abort: slave address not acknowledged (7bit mode)
01-01 08:00:09.878 970 970 W PackageManager: Skipping provider name com.android.gallery3d.provider (in package com.android.gallery3d): name already used by com.android.gallery3d
01-01 08:00:21.630 324 324 E realtek-i2c 9801ba00.i2c-4: rtk_i2c_handle_tx_abort: slave address not acknowledged (7bit mode)
01-01 08:00:21.633 324 324 E realtek-i2c 9801ba00.i2c-4: rtk_i2c_handle_tx_abort: slave address not acknowledged (7bit mode)
01-01 08:00:21.636 324 324 E realtek-i2c 9801ba00.i2c-4: rtk_i2c_handle_tx_abort: slave address not acknowledged (7bit mode)
01-01 08:00:21.639 324 324 E realtek-i2c 9801ba00.i2c-4: rtk_i2c_handle_tx_abort: slave address not acknowledged (7bit mode)
01-01 08:00:21.646 324 324 E realtek-i2c 9801ba00.i2c-4: rtk_i2c_handle_tx_abort: slave address not acknowledged (7bit mode)
01-01 08:00:21.648 324 324 E realtek-i2c 9801ba00.i2c-4: rtk_i2c_handle_tx_abort: slave address not acknowledged (7bit mode)
01-01 08:00:21.651 324 324 E realtek-i2c 9801ba00.i2c-4: rtk_i2c_handle_tx_abort: slave address not acknowledged (7bit mode)
01-01 08:00:21.654 324 324 E realtek-i2c 9801ba00.i2c-4: rtk_i2c_handle_tx_abort: slave address not acknowledged (7bit mode)
01-01 08:00:21.657 324 324 E realtek-i2c 9801ba00.i2c-4: rtk_i2c_handle_tx_abort: slave address not acknowledged (7bit mode)
01-01 08:00:09.906 970 970 D PackageManager: No files in app dir /apex/com.android.media.swcodec/priv-app
01-01 08:00:09.906 970 970 D PackageManager: No files in app dir /apex/com.android.media.swcodec/app
01-01 08:00:09.907 970 970 D PackageManager: No files in app dir /apex/com.android.ondevicepersonalization/priv-app
01-01 08:00:21.660 324 324 E realtek-i2c 9801ba00.i2c-4: rtk_i2c_handle_tx_abort: slave address not acknowledged (7bit mode)
01-01 08:00:09.913 970 970 I ApexManager: Registering com.android.federatedcompute.services as apk-in-apex of com.android.ondevicepersonalization
01-01 08:00:09.915 970 970 I ApexManager: Registering com.android.ondevicepersonalization.services as apk-in-apex of com.android.ondevicepersonalization
01-01 08:00:21.663 324 324 E realtek-i2c 9801ba00.i2c-4: rtk_i2c_handle_tx_abort: slave address not acknowledged (7bit mode)
01-01 08:00:21.665 324 324 E realtek-i2c 9801ba00.i2c-4: rtk_i2c_handle_tx_abort: slave address not acknowledged (7bit mode)
01-01 08:00:21.668 324 324 E realtek-i2c 9801ba00.i2c-4: rtk_i2c_handle_tx_abort: slave address not acknowledged (7bit mode)
01-01 08:00:21.671 324 324 E realtek-i2c 9801ba00.i2c-4: rtk_i2c_handle_tx_abort: slave address not acknowledged (7bit mode)
01-01 08:00:09.924 970 970 I ApexManager: Registering com.android.connectivity.resources as apk-in-apex of com.android.tethering
01-01 08:00:21.675 324 324 E realtek-i2c 9801ba00.i2c-4: rtk_i2c_handle_tx_abort: slave address not acknowledged (7bit mode)
01-01 08:00:21.677 324 324 E realtek-i2c 9801ba00.i2c-4: rtk_i2c_handle_tx_abort: slave address not acknowledged (7bit mode)
01-01 08:00:09.925 970 970 I ApexManager: Registering com.android.networkstack.tethering as apk-in-apex of com.android.tethering
01-01 08:00:09.929 970 970 I ApexManager: Registering com.android.nearby.halfsheet as apk-in-apex of com.android.tethering
01-01 08:00:21.680 324 324 E realtek-i2c 9801ba00.i2c-4: rtk_i2c_handle_tx_abort: slave address not acknowledged (7bit mode)
