01-01 08:00:06.666 644 945 I rtk_audio_hw_patch: checkPatchExists: bRet:0
01-01 08:00:06.666 644 945 I rtk_audio_hw_patch: after addNewPatch: handle=6, numSources=1,numSinks=1
01-01 08:00:06.666 644 945 D rtk_audio_hw_patch: dump ----------------patchManager!----------------totalcount:6
01-01 08:00:06.666 644 945 I rtk_audio_hw_patch: patch .....0..... ,handle:1
01-01 08:00:06.666 644 945 I rtk_audio_hw_patch: source type:AUDIO_PORT_TYPE_MIX: source[0] handle:0xd,usecase:-1
01-01 08:00:06.666 644 945 I rtk_audio_hw_patch: sink type:AUDIO_PORT_TYPE_DEVICE: sink[0] device:0x1000000,address:bus0_media_out
01-01 08:00:06.666 644 945 I rtk_audio_hw_patch: patch .....1..... ,handle:2
01-01 08:00:06.666 644 945 I rtk_audio_hw_patch: source type:AUDIO_PORT_TYPE_MIX: source[0] handle:0x1d,usecase:-1
01-01 08:00:06.666 644 945 I rtk_audio_hw_patch: sink type:AUDIO_PORT_TYPE_DEVICE: sink[0] device:0x1000000,address:bus1_navigation_out
01-01 08:00:06.666 644 945 I rtk_audio_hw_patch: patch .....2..... ,handle:3
01-01 08:00:06.666 644 945 I rtk_audio_hw_patch: source type:AUDIO_PORT_TYPE_MIX: source[0] handle:0x25,usecase:-1
01-01 08:00:06.666 644 945 I rtk_audio_hw_patch: sink type:AUDIO_PORT_TYPE_DEVICE: sink[0] device:0x1000000,address:bus2_voice_out
01-01 08:00:06.666 644 945 I rtk_audio_hw_patch: patch .....3..... ,handle:4
01-01 08:00:06.666 644 945 I rtk_audio_hw_patch: source type:AUDIO_PORT_TYPE_MIX: source[0] handle:0x2d,usecase:-1
01-01 08:00:06.666 644 945 I rtk_audio_hw_patch: sink type:AUDIO_PORT_TYPE_DEVICE: sink[0] device:0x1000000,address:bus3_phone_out
01-01 08:00:06.666 644 945 I rtk_audio_hw_patch: patch .....4..... ,handle:5
01-01 08:00:06.666 644 945 I rtk_audio_hw_patch: source type:AUDIO_PORT_TYPE_MIX: source[0] handle:0x35,usecase:-1
01-01 08:00:06.666 644 945 I rtk_audio_hw_patch: sink type:AUDIO_PORT_TYPE_DEVICE: sink[0] device:0x1000000,address:bus4_notification_out
01-01 08:00:06.666 644 945 I rtk_audio_hw_patch: patch .....5..... ,handle:6
01-01 08:00:06.666 644 945 I rtk_audio_hw_patch: source type:AUDIO_PORT_TYPE_MIX: source[0] handle:0x3d,usecase:-1
01-01 08:00:06.666 644 945 I rtk_audio_hw_patch: sink type:AUDIO_PORT_TYPE_DEVICE: sink[0] device:0x1000000,address:bus5_alarm_out
01-01 08:00:06.666 644 945 D rtk_audio_hw_patch: enddump ----------------patchManager!----------------
01-01 08:00:06.666 644 945 I rtk_audio_hw_patch: setDevicesMuteState beg: cnt_dev: 0x2, SPEAKER: mRef: 0, mIsMuted: 0, HEADPHONE: mRef: 0, mIsMuted: 1, HDMI: mRef: 0, mIsMuted: 1
01-01 08:00:06.666 644 945 I rtk_audio_hw_patch: setDevicesMuteState end: cnt_dev: 0x2, SPEAKER: mRef: 0, mIsMuted: 0, HEADPHONE: mRef: 0, mIsMuted: 1, HDMI: mRef: 0, mIsMuted: 1
01-01 08:00:06.666 644 945 D audio_hw_primary_v5.12.20: create_audio_patch done 6
01-01 08:00:06.666 713 952 D AudioFlinger: updateHalSupportedLatencyModes_l: thread(61) status -38 supported latency modes: { }
01-01 08:00:06.666 644 945 D audio_hw_primary_v5.12.20: info AudioFlinger out_get_latency delay 101 usecase 0 device 0x1000000 mA2dpOpenCnt 0
01-01 08:00:06.667 713 713 V APM_AudioPolicyManager: setOutputDevices() AF::createAudioPatch returned 0 patchHandle 52 num_sources 1 num_sinks 1
01-01 08:00:06.668 713 713 V APM_AudioPolicyManager: checkAndSetVolume cannot set volume group 7 volume when is not requested for comm
01-01 08:00:06.668 713 713 I AudioFlinger: openOutput() this 0xb40000705e2df010, module 10 Device AUDIO_DEVICE_OUT_BUS, @:bus6_other_sound_out, SamplingRate 48000, Format 0x000001, Channels 0x3, flags 0
01-01 08:00:06.669 644 945 D audio_hw_primary_v5.12.20: adev_open_output_stream flags = 0x0 devices 0x1000000 config format 0x1 mask 0x0003 rate 48000 handle 69
01-01 08:00:06.669 644 945 D audio_hw_primary_v5.12.20: adev_open_output_stream content_id = 0, sync_id = 0
01-01 08:00:06.669 644 945 D audio_hw_primary_v5.12.20: adev_open_output_stream() address = bus6_other_sound_out
01-01 08:00:06.669 644 945 D audio_hw_primary_v5.12.20: adev_open_output_stream() out->bus_address = bus6_other_sound_out,out->device_index is 6
01-01 08:00:06.669 644 945 D AutoAudioUtil: AutoGetAudioPolicy 118 minValueMB is -3200 maxValueMBis 600
01-01 08:00:06.669 644 945 D audio_hw_primary_v5.12.20: 5975 enable nonTunnel negative value
01-01 08:00:06.669 644 945 D audio_hw_primary_v5.12.20: low latency pcm device period_size 384
01-01 08:00:06.669 644 945 D audio_hw_primary_v5.12.20: NORMAL out->config.channels 2 rate 48000
01-01 08:00:06.669 644 945 D audio_hw_primary_v5.12.20: config format 0x1 out : 0x1
01-01 08:00:06.669 644 945 D audio_hw_primary_v5.12.20: config channel 0x3 out : 0x3
01-01 08:00:06.669 644 945 D audio_hw_primary_v5.12.20: config rate 48000 out : 48000
01-01 08:00:06.669 644 945 D audio_hw_primary_v5.12.20: nonTunnel delay pcm_ms 30 lpcm51_ms 30 eac3_ms 70 ac4_ms 70
01-01 08:00:06.673 644 945 D audio_hw_primary_v5.12.20: out_get_buffer_size pcm buffer 1024 out->device 0x1000000
01-01 08:00:06.673 713 713 I AudioFlinger: HAL output buffer size 256 frames, normal sink buffer size 768 frames
01-01 08:00:06.673 644 945 D audio_hw_primary_v5.12.20: info AudioFlinger out_get_latency delay 101 usecase 0 device 0x1000000 mA2dpOpenCnt 0
01-01 08:00:06.673 644 945 D audio_hw_primary_v5.12.20: out_get_buffer_size pcm buffer 1024 out->device 0x1000000
01-01 08:00:06.674 713 713 D AudioFlinger: Failed to add event callback
01-01 08:00:06.674 644 945 D audio_hw_primary_v5.12.20: info AudioFlinger out_get_latency delay 101 usecase 0 device 0x1000000 mA2dpOpenCnt 0
01-01 08:00:06.674 644 945 D audio_hw_primary_v5.12.20: info AudioFlinger out_get_latency delay 101 usecase 0 device 0x1000000 mA2dpOpenCnt 0
01-01 08:00:06.674 713 956 I AudioFlinger: AudioFlinger's thread 0xb4000072c5182940 tid=956 ready to run
01-01 08:00:06.674 713 956 W AudioFlinger: no wake lock to update, system not ready yet
01-01 08:00:06.674 713 956 D AudioFlinger: ro.audio.silent is ignored since no output device is set
01-01 08:00:06.674 644 945 D audio_hw_primary_v5.12.20: do_out_standby out->usecase 0 out->format 0x1
01-01 08:00:06.674 644 945 D audio_hw_primary_v5.12.20: adev_get_parameters bus6_other_sound_out;routing=16777216;supEncapsulationMetadataTypes;supEncapsulationModes
01-01 08:00:06.674 644 945 D audio_hw_primary_v5.12.20: adev_get_parameters: exit: returns -
01-01 08:00:06.674 638 638 W Zygote: Class not found for preloading: android.hardware.fingerprint.IUdfpsOverlay
01-01 08:00:06.675 713 956 W AudioFlinger: no wake lock to update, system not ready yet
01-01 08:00:06.675 713 956 D AudioFlinger: ro.audio.silent is ignored since no output device is set
01-01 08:00:06.676 638 638 E ActivityRecognitionHardware: activity_recognition HAL is deprecated. class_init is effectively a no-op
01-01 08:00:06.677 713 713 V APM_AudioPolicyManager: checkAndSetVolume cannot set volume group 7 volume when is not requested for comm
01-01 08:00:18.433 324 324 E realtek-i2c 9801ba00.i2c-4: rtk_i2c_handle_tx_abort: slave address not acknowledged (7bit mode)
01-01 08:00:18.436 1 1 I init: Service 'vendor.carplay_sh' (pid 937) exited with status 0 oneshot service took 0.265000 seconds in background
01-01 08:00:18.444 324 324 E realtek-i2c 9801ba00.i2c-4: rtk_i2c_handle_tx_abort: slave address not acknowledged (7bit mode)
01-01 08:00:18.446 1 1 I init: Sending signal 9 to service 'vendor.carplay_sh' (pid 937) process group...
01-01 08:00:06.697 713 713 I APM::AudioPolicyEngine: getDevicesForStrategyInt no device found for strategy 0
01-01 08:00:06.697 713 713 V APM_AudioPolicyManager: selectOutputForMusicEffects selected output 13
01-01 08:00:06.697 713 713 V APM_AudioPolicyManager: setOutputDevices device {AUDIO_DEVICE_OUT_BUS, @:bus6_other_sound_out} delayMs 0
01-01 08:00:06.697 713 713 V APM_AudioPolicyManager: setOutputDevices() prevDevice {AUDIO_DEVICE_OUT_BUS, @:bus6_other_sound_out}
01-01 08:00:06.697 713 713 I APM::AudioPolicyEngine: getDevicesForStrategyInt no device found for strategy 1
01-01 08:00:06.697 713 713 I APM::AudioPolicyEngine: getDevicesForStrategyInt no device found for strategy 2
01-01 08:00:06.697 713 713 I APM::AudioPolicyEngine: getDevicesForStrategyInt no device found for strategy 5
01-01 08:00:06.698 713 713 I APM::AudioPolicyEngine: getDevicesForStrategyInt no device found for strategy 7
01-01 08:00:06.698 713 713 I APM::AudioPolicyEngine: getDevicesForStrategyInt no device found for strategy 3
01-01 08:00:06.698 713 713 I APM::AudioPolicyEngine: getDevicesForStrategyInt no device found for strategy 0
01-01 08:00:06.698 713 713 I APM::AudioPolicyEngine: getDevicesForStrategyInt no device found for strategy 4
01-01 08:00:06.698 713 713 I APM::AudioPolicyEngine: getDevicesForStrategyInt no device found for strategy 6
01-01 08:00:06.699 713 713 I APM::AudioPolicyEngine: getDevicesForStrategyInt no device found for strategy 8
01-01 08:00:06.699 713 713 I APM::AudioPolicyEngine: getDevicesForStrategyInt no device found for strategy 8
01-01 08:00:06.699 713 713 V APM_AudioPolicyManager: setOutputDevices changing device to {AUDIO_DEVICE_OUT_BUS, @:bus6_other_sound_out}
01-01 08:00:18.452 324 324 E realtek-i2c 9801ba00.i2c-4: rtk_i2c_handle_tx_abort: slave address not acknowledged (7bit mode)
01-01 08:00:18.453 1 1 I libprocessgroup: Successfully killed process cgroup uid 0 pid 937 in 0ms
01-01 08:00:18.456 324 324 E realtek-i2c 9801ba00.i2c-4: rtk_i2c_handle_tx_abort: slave address not acknowledged (7bit mode)
01-01 08:00:18.463 1 1 I init: processing action (khungtask.enable=true) from (/system/etc/init/llkd.rc:25)
01-01 08:00:18.467 324 324 E realtek-i2c 9801ba00.i2c-4: rtk_i2c_handle_tx_abort: slave address not acknowledged (7bit mode)
01-01 08:00:18.470 1 1 I init: processing action (khungtask.enable=false) from (/system/etc/init/llkd.rc:31)
01-01 08:00:18.472 324 324 E realtek-i2c 9801ba00.i2c-4: rtk_i2c_handle_tx_abort: slave address not acknowledged (7bit mode)
01-01 08:00:06.724 351 358 D VehicleRTKHal: In[setValues][512]
01-01 08:00:06.724 351 358 D VehicleRTKHardware: Set value for property ID: 291504901
01-01 08:00:06.724 351 359 D VehicleRTKHardware: In[setValue][799] prop =291504901 ,289408515
01-01 08:00:06.724 351 359 D VehicleRTKHardware: In[setValue][825].. wirte success...
01-01 08:00:06.725 351 358 D VehicleRTKHal: In[setValues][512]
01-01 08:00:06.725 351 358 D VehicleRTKHardware: Set value for property ID: 291504647
01-01 08:00:06.725 351 359 D VehicleRTKHardware: In[setValue][799] prop =291504647 ,289408515
01-01 08:00:06.725 351 359 D VehicleRTKHardware: In[setValue][825].. wirte success...
01-01 08:00:06.725 351 358 D VehicleRTKHal: In[setValues][512]
01-01 08:00:06.725 351 358 D VehicleRTKHardware: Set value for property ID: 291504903
01-01 08:00:06.725 351 359 D VehicleRTKHardware: In[setValue][799] prop =291504903 ,289408515
01-01 08:00:06.725 351 359 D VehicleRTKHardware: In[setValue][825].. wirte success...
01-01 08:00:06.725 351 358 D VehicleRTKHal: In[setValues][512]
01-01 08:00:06.725 351 358 D VehicleRTKHardware: Set value for property ID: 291504897
01-01 08:00:06.725 351 359 D VehicleRTKHardware: In[setValue][799] prop =291504897 ,289408515
01-01 08:00:06.725 351 359 D VehicleRTKHardware: In[setValue][825].. wirte success...
01-01 08:00:06.725 351 358 D VehicleRTKHal: In[setValues][512]
01-01 08:00:06.725 351 358 D VehicleRTKHardware: Set value for property ID: 289408000
01-01 08:00:06.725 351 359 D VehicleRTKHardware: In[setValue][799] prop =289408000 ,289408515
01-01 08:00:06.725 351 359 D VehicleRTKHardware: In[setValue][825].. wirte success...
01-01 08:00:06.726 351 358 D VehicleRTKHal: In[setValues][512]
01-01 08:00:06.726 351 358 D VehicleRTKHardware: Set value for property ID: 287310855
01-01 08:00:06.726 351 359 D VehicleRTKHardware: In[setValue][799] prop =287310855 ,289408515
01-01 08:00:06.726 351 359 D VehicleRTKHardware: In[setValue][825].. wirte success...
01-01 08:00:06.726 351 358 D VehicleRTKHal: In[setValues][512]
01-01 08:00:06.726 351 358 D VehicleRTKHardware: Set value for property ID: 291504644
01-01 08:00:06.726 351 359 D VehicleRTKHardware: In[setValue][799] prop =291504644 ,289408515
01-01 08:00:06.726 351 359 D VehicleRTKHardware: In[setValue][825].. wirte success...
01-01 08:00:06.726 351 358 D VehicleRTKHal: In[setValues][512]
01-01 08:00:06.726 351 358 D VehicleRTKHardware: Set value for property ID: 291504904
01-01 08:00:06.726 351 359 D VehicleRTKHardware: In[setValue][799] prop =291504904 ,289408515
01-01 08:00:06.726 351 359 D VehicleRTKHardware: In[setValue][825].. wirte success...
01-01 08:00:06.726 351 358 D VehicleRTKHal: In[setValues][512]
01-01 08:00:06.726 351 358 D VehicleRTKHardware: Set value for property ID: 291505923
01-01 08:00:06.726 351 359 D VehicleRTKHardware: In[setValue][799] prop =291505923 ,289408515
01-01 08:00:06.726 351 359 D VehicleRTKHardware: In[setValue][825].. wirte success...
01-01 08:00:06.770 644 945 D audio_hw_primary_v5.12.20: adev_create_audio_patch: handle:0
01-01 08:00:06.770 644 945 I rtk_audio_hw_patch: before addNewPatch: handle=0, numSources=1,numSinks=1
01-01 08:00:06.770 644 945 D rtk_audio_hw_patch: dump ----------------patchManager!----------------totalcount:6
01-01 08:00:06.770 644 945 I rtk_audio_hw_patch: patch .....0..... ,handle:1
01-01 08:00:06.770 644 945 I rtk_audio_hw_patch: source type:AUDIO_PORT_TYPE_MIX: source[0] handle:0xd,usecase:-1
01-01 08:00:06.770 644 945 I rtk_audio_hw_patch: sink type:AUDIO_PORT_TYPE_DEVICE: sink[0] device:0x1000000,address:bus0_media_out
01-01 08:00:06.770 644 945 I rtk_audio_hw_patch: patch .....1..... ,handle:2
01-01 08:00:06.770 644 945 I rtk_audio_hw_patch: source type:AUDIO_PORT_TYPE_MIX: source[0] handle:0x1d,usecase:-1
01-01 08:00:06.770 644 945 I rtk_audio_hw_patch: sink type:AUDIO_PORT_TYPE_DEVICE: sink[0] device:0x1000000,address:bus1_navigation_out
01-01 08:00:06.770 644 945 I rtk_audio_hw_patch: patch .....2..... ,handle:3
01-01 08:00:06.770 644 945 I rtk_audio_hw_patch: source type:AUDIO_PORT_TYPE_MIX: source[0] handle:0x25,usecase:-1
01-01 08:00:06.770 644 945 I rtk_audio_hw_patch: sink type:AUDIO_PORT_TYPE_DEVICE: sink[0] device:0x1000000,address:bus2_voice_out
01-01 08:00:06.770 644 945 I rtk_audio_hw_patch: patch .....3..... ,handle:4
01-01 08:00:06.770 644 945 I rtk_audio_hw_patch: source type:AUDIO_PORT_TYPE_MIX: source[0] handle:0x2d,usecase:-1
01-01 08:00:06.770 644 945 I rtk_audio_hw_patch: sink type:AUDIO_PORT_TYPE_DEVICE: sink[0] device:0x1000000,address:bus3_phone_out
01-01 08:00:06.770 644 945 I rtk_audio_hw_patch: patch .....4..... ,handle:5
01-01 08:00:06.770 644 945 I rtk_audio_hw_patch: source type:AUDIO_PORT_TYPE_MIX: source[0] handle:0x35,usecase:-1
01-01 08:00:06.770 644 945 I rtk_audio_hw_patch: sink type:AUDIO_PORT_TYPE_DEVICE: sink[0] device:0x1000000,address:bus4_notification_out
01-01 08:00:06.770 644 945 I rtk_audio_hw_patch: patch .....5..... ,handle:6
01-01 08:00:06.770 644 945 I rtk_audio_hw_patch: source type:AUDIO_PORT_TYPE_MIX: source[0] handle:0x3d,usecase:-1
01-01 08:00:06.770 644 945 I rtk_audio_hw_patch: sink type:AUDIO_PORT_TYPE_DEVICE: sink[0] device:0x1000000,address:bus5_alarm_out
01-01 08:00:06.770 644 945 D rtk_audio_hw_patch: enddump ----------------patchManager!----------------
01-01 08:00:06.770 644 945 I rtk_audio_hw_patch: port: id:21, role:1, type:2, config_mask:7, sample_rate:48000, channel_mask:0x3, format:0x1, gain.index:0
01-01 08:00:06.770 644 945 I rtk_audio_hw_patch: source[0]: port type:AUDIO_PORT_TYPE_MIX: hw_module:0, handle:0x45,usecase:-1
01-01 08:00:06.770 644 945 I rtk_audio_hw_patch: port: id:22, role:2, type:1, config_mask:0, sample_rate:0, channel_mask:0x0, format:0x0, gain.index:0
01-01 08:00:06.770 644 945 I rtk_audio_hw_patch: sink[0]: port type:AUDIO_PORT_TYPE_DEVICE: device:0x1000000,address:bus6_other_sound_out
01-01 08:00:06.770 644 945 I rtk_audio_hw_patch: checkPatchExists: bRet:0
01-01 08:00:06.770 644 945 I rtk_audio_hw_patch: after addNewPatch: handle=7, numSources=1,numSinks=1
01-01 08:00:06.770 644 945 D rtk_audio_hw_patch: dump ----------------patchManager!----------------totalcount:7
01-01 08:00:06.770 644 945 I rtk_audio_hw_patch: patch .....0..... ,handle:1
01-01 08:00:06.770 644 945 I rtk_audio_hw_patch: source type:AUDIO_PORT_TYPE_MIX: source[0] handle:0xd,usecase:-1
01-01 08:00:06.770 644 945 I rtk_audio_hw_patch: sink type:AUDIO_PORT_TYPE_DEVICE: sink[0] device:0x1000000,address:bus0_media_out
01-01 08:00:06.770 644 945 I rtk_audio_hw_patch: patch .....1..... ,handle:2
01-01 08:00:06.770 644 945 I rtk_audio_hw_patch: source type:AUDIO_PORT_TYPE_MIX: source[0] handle:0x1d,usecase:-1
01-01 08:00:06.770 644 945 I rtk_audio_hw_patch: sink type:AUDIO_PORT_TYPE_DEVICE: sink[0] device:0x1000000,address:bus1_navigation_out
01-01 08:00:06.770 644 945 I rtk_audio_hw_patch: patch .....2..... ,handle:3
01-01 08:00:06.770 644 945 I rtk_audio_hw_patch: source type:AUDIO_PORT_TYPE_MIX: source[0] handle:0x25,usecase:-1
01-01 08:00:06.770 644 945 I rtk_audio_hw_patch: sink type:AUDIO_PORT_TYPE_DEVICE: sink[0] device:0x1000000,address:bus2_voice_out
01-01 08:00:06.770 644 945 I rtk_audio_hw_patch: patch .....3..... ,handle:4
01-01 08:00:06.770 644 945 I rtk_audio_hw_patch: source type:AUDIO_PORT_TYPE_MIX: source[0] handle:0x2d,usecase:-1
01-01 08:00:06.770 644 945 I rtk_audio_hw_patch: sink type:AUDIO_PORT_TYPE_DEVICE: sink[0] device:0x1000000,address:bus3_phone_out
01-01 08:00:06.770 644 945 I rtk_audio_hw_patch: patch .....4..... ,handle:5
01-01 08:00:06.770 644 945 I rtk_audio_hw_patch: source type:AUDIO_PORT_TYPE_MIX: source[0] handle:0x35,usecase:-1
01-01 08:00:06.770 644 945 I rtk_audio_hw_patch: sink type:AUDIO_PORT_TYPE_DEVICE: sink[0] device:0x1000000,address:bus4_notification_out
01-01 08:00:06.770 644 945 I rtk_audio_hw_patch: patch .....5..... ,handle:6
01-01 08:00:06.770 644 945 I rtk_audio_hw_patch: source type:AUDIO_PORT_TYPE_MIX: source[0] handle:0x3d,usecase:-1
01-01 08:00:06.770 644 945 I rtk_audio_hw_patch: sink type:AUDIO_PORT_TYPE_DEVICE: sink[0] device:0x1000000,address:bus5_alarm_out
01-01 08:00:06.770 644 945 I rtk_audio_hw_patch: patch .....6..... ,handle:7
01-01 08:00:06.770 644 945 I rtk_audio_hw_patch: source type:AUDIO_PORT_TYPE_MIX: source[0] handle:0x45,usecase:-1
01-01 08:00:06.770 644 945 I rtk_audio_hw_patch: sink type:AUDIO_PORT_TYPE_DEVICE: sink[0] device:0x1000000,address:bus6_other_sound_out
01-01 08:00:06.770 644 945 D rtk_audio_hw_patch: enddump ----------------patchManager!----------------
01-01 08:00:06.770 644 945 I rtk_audio_hw_patch: setDevicesMuteState beg: cnt_dev: 0x2, SPEAKER: mRef: 0, mIsMuted: 0, HEADPHONE: mRef: 0, mIsMuted: 1, HDMI: mRef: 0, mIsMuted: 1
01-01 08:00:06.770 644 945 I rtk_audio_hw_patch: setDevicesMuteState end: cnt_dev: 0x2, SPEAKER: mRef: 0, mIsMuted: 0, HEADPHONE: mRef: 0, mIsMuted: 1, HDMI: mRef: 0, mIsMuted: 1
01-01 08:00:06.770 644 945 D audio_hw_primary_v5.12.20: create_audio_patch done 7
01-01 08:00:06.771 713 956 D AudioFlinger: updateHalSupportedLatencyModes_l: thread(69) status -38 supported latency modes: { }
01-01 08:00:06.771 644 945 D audio_hw_primary_v5.12.20: info AudioFlinger out_get_latency delay 101 usecase 0 device 0x1000000 mA2dpOpenCnt 0
01-01 08:00:06.773 713 713 V APM_AudioPolicyManager: setOutputDevices() AF::createAudioPatch returned 0 patchHandle 60 num_sources 1 num_sinks 1
01-01 08:00:06.774 713 713 V APM_AudioPolicyManager: checkAndSetVolume cannot set volume group 7 volume when is not requested for comm
01-01 08:00:06.775 644 945 D audio_hw_primary_v5.12.20: adev_open_input_stream()[+] device 0x80000004 source 1 flags 0x0
01-01 08:00:06.775 644 945 D audio_hw_primary_v5.12.20: adev_open_input_stream() AUDIO_SOURCE_MIC 1
01-01 08:00:06.775 644 945 D audio_hw_primary_v5.12.20: [adev_open_input_stream:8217] requested channel 2 audio format 3 sample_rate 48000
01-01 08:00:06.775 644 945 D AudioUtil: [vendor/realtek/common-stb/libs/hardware/AudioUtil_alsa/AudioUtil.cpp:2463] GetAudioInMode(), mode=13
01-01 08:00:06.775 644 945 D audio_hw_primary_v5.12.20: adev_open_input_stream() sndnode /dev/snd/pcmC0D13c
01-01 08:00:06.775 644 945 D audio_hw_primary_v5.12.20: [init_audio_device_from_property:9299] device 13
01-01 08:00:06.778 644 945 D AudioUtil: [vendor/realtek/common-stb/libs/hardware/AudioUtil_alsa/AudioUtil.cpp:2511] GetAudioAnalogIn1IndexValue(), Analog In1 Index=0
01-01 08:00:06.778 644 945 D AudioUtil: [vendor/realtek/common-stb/libs/hardware/AudioUtil_alsa/AudioUtil.cpp:2556] GetAudioAnalogIn1AECValue(), Analog In1 AEC=1
01-01 08:00:06.778 644 945 D AudioUtil: [vendor/realtek/common-stb/libs/hardware/AudioUtil_alsa/AudioUtil.cpp:2583] GetAudioAnalogIn1AnalogGainValue(), Analog In1 Analog Gain=1
01-01 08:00:06.778 644 945 D AudioMixerControll: set_audio_analog_input_1_index_value 748: card (0), audio_input_1_index (0)
01-01 08:00:06.778 644 945 D AudioMixerControll: set_analog_input_1_aec_control 1493: card (0), analog_input_1_aec_enable (1)
01-01 08:00:06.779 644 945 D AudioMixerControll: set_audio_analog_input_1_analog_gain 1689: card (0), channel_number(2)
01-01 08:00:06.779 644 945 D AudioMixerControll: gain_db_value:
01-01 08:00:06.779 644 945 D AudioMixerControll: 1
01-01 08:00:06.779 644 945 D AudioMixerControll: 1
01-01 08:00:06.779 644 945 D AudioMixerControll:
01-01 08:00:06.779 644 945 D AudioUtil: [vendor/realtek/common-stb/libs/hardware/AudioUtil_alsa/AudioUtil.cpp:2601] GetAudioAnalogIn1DigitalGainValue(), Analog In1 Digital Gain=67
01-01 08:00:06.779 644 945 D AudioMixerControll: set_audio_analog_input_1_digital_gain 879: card (0), command_number(3)
01-01 08:00:06.779 644 945 D AudioMixerControll: gain_db_value:
01-01 08:00:06.779 644 945 D AudioMixerControll: 1
01-01 08:00:06.779 644 945 D AudioMixerControll: 67
01-01 08:00:06.779 644 945 D AudioMixerControll: 67
01-01 08:00:06.779 644 945 D AudioMixerControll:
01-01 08:00:06.779 644 945 D AudioUtil: [vendor/realtek/common-stb/libs/hardware/AudioUtil_alsa/AudioUtil.cpp:2547] GetAudioBTPcmPassthroughInputIndexValue(), BTPcmPassthroughInput Index=3
01-01 08:00:06.779 644 945 D AudioMixerControll: set_btpcm_passthrough_input_path 1017: card (0), btpcm_passthrough_input_path (3)
01-01 08:00:06.779 644 945 D AudioUtil: [vendor/realtek/common-stb/libs/hardware/AudioUtil_alsa/AudioUtil.cpp:2620] GetAudioBTPcmPassthroughAECValue(), BTPcmPassthrough AEC=1
01-01 08:00:06.779 644 945 D AudioMixerControll: set_btpcm_passthrough_input_aec_control 1083: card (0), btpcm_passthrough_input_aec_enable (1)
01-01 08:00:06.779 644 945 D AudioUtil: [vendor/realtek/common-stb/libs/hardware/AudioUtil_alsa/AudioUtil.cpp:2629] GetAudioBTPcmPassthroughMicInSpecifiedChannelIndex(), BTPcmPassthrough Mic-in Specified ChannelIndex=0
01-01 08:00:06.779 644 945 D AudioMixerControll: set_btpcm_mic_in_specified_channel 1149: card (0), btpcm_mic_specified_channel (0)
01-01 08:00:06.779 644 945 D AudioUtil: [vendor/realtek/common-stb/libs/hardware/AudioUtil_alsa/AudioUtil.cpp:2647] GetAudioBTPcmPassthroughModeSocSlaveValue(), BTPcmPassthrough mode soc slave=1
01-01 08:00:06.779 644 945 D AudioMixerControll: set_btpcm_mode 1360: card (0), soc_btpcm_mode (1)
01-01 08:00:06.779 644 945 D AudioUtil: [vendor/realtek/common-stb/libs/hardware/AudioUtil_alsa/AudioUtil.cpp:2656] GetAudioBTPcmPassthroughQueueBufferMsValue(), BTPcmPassthrough queue buffer ms=128
01-01 08:00:06.779 644 945 D AudioMixerControll: set_btpcm_queue_buffer 1426: card (0), soc_btpcm_queue_buffer_ms (128)
01-01 08:00:06.779 644 945 D audio_hw_primary_v5.12.20: open audioIn device node: /dev/snd/pcmC0D13c setting vendor.audio.in = 13
01-01 08:00:06.779 644 945 D audio_hw_primary_v5.12.20: [adev_open_input_stream:8319] selects channels 2 rate 48000 pcm format 1 sorce 1
01-01 08:00:06.782 644 945 D audio_hw_primary_v5.12.20: in_get_buffer_size() 8192 source 1
01-01 08:00:06.783 644 945 D audio_hw_primary_v5.12.20: in_get_buffer_size() 8192 source 1
01-01 08:00:06.784 713 957 I AudioFlinger: AudioFlinger's thread 0xb4000072c503abd0 tid=957 ready to run
01-01 08:00:06.785 713 957 W AudioFlinger: no wake lock to update, system not ready yet
01-01 08:00:06.785 713 957 W AudioFlinger: no wake lock to update, system not ready yet
01-01 08:00:06.786 644 945 D audio_hw_primary_v5.12.20: adev_open_input_stream()[+] device 0x80008000 source 1 flags 0x0
01-01 08:00:06.786 644 945 D audio_hw_primary_v5.12.20: adev_open_input_stream() AUDIO_SOURCE_MIC 1
01-01 08:00:06.786 644 945 D audio_hw_primary_v5.12.20: [adev_open_input_stream:8217] requested channel 2 audio format 3 sample_rate 48000
01-01 08:00:06.786 644 945 D AudioUtil: [vendor/realtek/common-stb/libs/hardware/AudioUtil_alsa/AudioUtil.cpp:2483] GetAudioAuxInMode(), mode=14
01-01 08:00:06.786 644 945 D audio_hw_primary_v5.12.20: adev_open_input_stream() sndnode /dev/snd/pcmC0D14c
01-01 08:00:06.786 644 945 D audio_hw_primary_v5.12.20: [init_audio_device_from_property:9299] device 14
01-01 08:00:06.789 644 945 D AudioUtil: [vendor/realtek/common-stb/libs/hardware/AudioUtil_alsa/AudioUtil.cpp:2520] GetAudioAnalogIn2IndexValue(), Analog In2 Index=0
01-01 08:00:06.789 644 945 D AudioUtil: [vendor/realtek/common-stb/libs/hardware/AudioUtil_alsa/AudioUtil.cpp:2565] GetAudioAnalogIn2AECValue(), Analog In2 AEC=0
01-01 08:00:06.789 644 945 D AudioMixerControll: set_audio_analog_input_2_index_value 814: card (0), audio_input_2_index (0)
01-01 08:00:06.789 644 945 D AudioMixerControll: set_analog_input_2_aec_control 1559: card (0), analog_input_2_aec_enable (0)
01-01 08:00:06.789 644 945 D AudioUtil: [vendor/realtek/common-stb/libs/hardware/AudioUtil_alsa/AudioUtil.cpp:2547] GetAudioBTPcmPassthroughInputIndexValue(), BTPcmPassthroughInput Index=3
01-01 08:00:06.789 644 945 D AudioMixerControll: set_btpcm_passthrough_input_path 1017: card (0), btpcm_passthrough_input_path (3)
01-01 08:00:06.789 644 945 D AudioUtil: [vendor/realtek/common-stb/libs/hardware/AudioUtil_alsa/AudioUtil.cpp:2620] GetAudioBTPcmPassthroughAECValue(), BTPcmPassthrough AEC=1
01-01 08:00:06.789 644 945 D AudioMixerControll: set_btpcm_passthrough_input_aec_control 1083: card (0), btpcm_passthrough_input_aec_enable (1)
01-01 08:00:06.789 644 945 D AudioUtil: [vendor/realtek/common-stb/libs/hardware/AudioUtil_alsa/AudioUtil.cpp:2629] GetAudioBTPcmPassthroughMicInSpecifiedChannelIndex(), BTPcmPassthrough Mic-in Specified ChannelIndex=0
01-01 08:00:06.789 644 945 D AudioMixerControll: set_btpcm_mic_in_specified_channel 1149: card (0), btpcm_mic_specified_channel (0)
01-01 08:00:06.789 644 945 D AudioUtil: [vendor/realtek/common-stb/libs/hardware/AudioUtil_alsa/AudioUtil.cpp:2647] GetAudioBTPcmPassthroughModeSocSlaveValue(), BTPcmPassthrough mode soc slave=1
01-01 08:00:06.789 644 945 D AudioMixerControll: set_btpcm_mode 1360: card (0), soc_btpcm_mode (1)
01-01 08:00:06.790 644 945 D AudioUtil: [vendor/realtek/common-stb/libs/hardware/AudioUtil_alsa/AudioUtil.cpp:2656] GetAudioBTPcmPassthroughQueueBufferMsValue(), BTPcmPassthrough queue buffer ms=128
01-01 08:00:06.790 644 945 D AudioMixerControll: set_btpcm_queue_buffer 1426: card (0), soc_btpcm_queue_buffer_ms (128)
01-01 08:00:06.790 644 945 D audio_hw_primary_v5.12.20: open audioIn device node: /dev/snd/pcmC0D14c setting vendor.audio.in = 14
01-01 08:00:06.790 644 945 D audio_hw_primary_v5.12.20: [adev_open_input_stream:8319] selects channels 2 rate 48000 pcm format 1 sorce 1
01-01 08:00:06.790 644 945 D audio_hw_primary_v5.12.20: in_get_buffer_size() 8192 source 1
01-01 08:00:06.791 644 945 D audio_hw_primary_v5.12.20: in_get_buffer_size() 8192 source 1
01-01 08:00:06.792 713 959 I AudioFlinger: AudioFlinger's thread 0xb4000072c503abd0 tid=959 ready to run
01-01 08:00:06.793 644 945 D audio_hw_primary_v5.12.20: adev_open_input_stream()[+] device 0x90000000 source 1 flags 0x0
01-01 08:00:06.793 644 945 D audio_hw_primary_v5.12.20: adev_open_input_stream() AUDIO_SOURCE_MIC 1
01-01 08:00:06.793 644 945 D audio_hw_primary_v5.12.20: [adev_open_input_stream:8217] requested channel 2 audio format 3 sample_rate 48000
01-01 08:00:06.793 644 945 D audio_hw_primary_v5.12.20: [adev_open_input_stream:8319] selects channels 2 rate 48000 pcm format 1 sorce 1
01-01 08:00:06.794 644 945 D audio_hw_primary_v5.12.20: in_get_buffer_size() 8192 source 1
01-01 08:00:06.794 644 945 D audio_hw_primary_v5.12.20: in_get_buffer_size() 8192 source 1
01-01 08:00:06.796 713 961 I AudioFlinger: AudioFlinger's thread 0xb4000072c503abd0 tid=961 ready to run
01-01 08:00:06.797 644 945 D audio_hw_primary_v5.12.20: adev_open_input_stream()[+] device 0x80002000 source 1 flags 0x0
01-01 08:00:06.797 644 945 D audio_hw_primary_v5.12.20: adev_open_input_stream() AUDIO_SOURCE_MIC 1
01-01 08:00:06.797 644 945 D audio_hw_primary_v5.12.20: adev_open_input_stream() AUDIO_DEVICE_IN_FM_TUNER 0x80002000
01-01 08:00:06.797 644 945 D audio_hw_primary_v5.12.20: [adev_open_input_stream:8217] requested channel 2 audio format 1 sample_rate 48000
01-01 08:00:06.797 644 945 D AudioUtil: [vendor/realtek/common-stb/libs/hardware/AudioUtil_alsa/AudioUtil.cpp:2502] GetAudioFMInMode(), mode=1
01-01 08:00:06.797 644 945 D audio_hw_primary_v5.12.20: adev_open_input_stream() sndnode /dev/snd/pcmC0D1c
01-01 08:00:06.797 644 945 D audio_hw_primary_v5.12.20: [init_audio_device_from_property:9299] device 1
01-01 08:00:06.810 644 945 D AudioUtil: [vendor/realtek/common-stb/libs/hardware/AudioUtil_alsa/AudioUtil.cpp:2547] GetAudioBTPcmPassthroughInputIndexValue(), BTPcmPassthroughInput Index=3
01-01 08:00:06.810 644 945 D AudioMixerControll: set_btpcm_passthrough_input_path 1017: card (0), btpcm_passthrough_input_path (3)
01-01 08:00:06.810 644 945 D AudioUtil: [vendor/realtek/common-stb/libs/hardware/AudioUtil_alsa/AudioUtil.cpp:2620] GetAudioBTPcmPassthroughAECValue(), BTPcmPassthrough AEC=1
01-01 08:00:06.810 644 945 D AudioMixerControll: set_btpcm_passthrough_input_aec_control 1083: card (0), btpcm_passthrough_input_aec_enable (1)
01-01 08:00:06.810 644 945 D AudioUtil: [vendor/realtek/common-stb/libs/hardware/AudioUtil_alsa/AudioUtil.cpp:2629] GetAudioBTPcmPassthroughMicInSpecifiedChannelIndex(), BTPcmPassthrough Mic-in Specified ChannelIndex=0
01-01 08:00:06.810 644 945 D AudioMixerControll: set_btpcm_mic_in_specified_channel 1149: card (0), btpcm_mic_specified_channel (0)
01-01 08:00:06.810 644 945 D AudioUtil: [vendor/realtek/common-stb/libs/hardware/AudioUtil_alsa/AudioUtil.cpp:2647] GetAudioBTPcmPassthroughModeSocSlaveValue(), BTPcmPassthrough mode soc slave=1
01-01 08:00:06.810 644 945 D AudioMixerControll: set_btpcm_mode 1360: card (0), soc_btpcm_mode (1)
01-01 08:00:06.810 644 945 D AudioUtil: [vendor/realtek/common-stb/libs/hardware/AudioUtil_alsa/AudioUtil.cpp:2656] GetAudioBTPcmPassthroughQueueBufferMsValue(), BTPcmPassthrough queue buffer ms=128
01-01 08:00:06.810 644 945 D AudioMixerControll: set_btpcm_queue_buffer 1426: card (0), soc_btpcm_queue_buffer_ms (128)
01-01 08:00:06.811 644 945 D audio_hw_primary_v5.12.20: open audioIn device node: /dev/snd/pcmC0D1c setting vendor.audio.in = 1
01-01 08:00:06.811 644 945 D audio_hw_primary_v5.12.20: [adev_open_input_stream:8319] selects channels 2 rate 48000 pcm format 0 sorce 1998
01-01 08:00:06.811 644 945 D audio_hw_primary_v5.12.20: in_get_buffer_size() 4096 source 1998
01-01 08:00:06.812 644 945 D audio_hw_primary_v5.12.20: in_get_buffer_size() 4096 source 1998
01-01 08:00:06.812 713 963 I AudioFlinger: AudioFlinger's thread 0xb4000072c503abd0 tid=963 ready to run
01-01 08:00:06.817 713 963 W AudioFlinger: no wake lock to update, system not ready yet
01-01 08:00:06.823 713 713 W AudioFlinger::MelReporter: activateHalSoundDoseComputation: HAL cannot provide sound dose interface for module usb
01-01 08:00:06.823 713 713 W AudioFlinger: loadHwModule() sound dose reporting is not available
01-01 08:00:06.824 713 713 I AudioFlinger: loadHwModule() Loaded usb audio interface, handle 18
01-01 08:00:06.824 713 713 V APM_AudioPolicyManager: onNewAudioModulesAvailableInt: Input device list is empty! for profile usb_device input
01-01 08:00:06.824 644 945 E DevicesFactoryHAL: loadAudioInterface couldn't load audio hw module audio.a2dp (No such file or directory)
01-01 08:00:06.824 713 713 W DevicesFactoryHalHidl: The specified device name is not recognized: "a2dp"
01-01 08:00:06.824 713 713 E AudioFlinger: loadHwModule() error -22 loading module a2dp
01-01 08:00:06.824 713 713 W APM_AudioPolicyManager: could not load HW module a2dp
01-01 08:00:06.826 644 945 I r_submix: adev_open(name=audio_hw_if)
01-01 08:00:06.827 713 713 W AudioFlinger::MelReporter: activateHalSoundDoseComputation: HAL cannot provide sound dose interface for module r_submix
01-01 08:00:06.827 713 713 W AudioFlinger: loadHwModule() sound dose reporting is not available
01-01 08:00:06.827 644 945 I r_submix: adev_init_check()
01-01 08:00:06.827 713 713 I AudioFlinger: loadHwModule() Loaded r_submix audio interface, handle 26
01-01 08:00:06.827 644 945 D r_submix: adev_open_input_stream(addr=0)
01-01 08:00:06.827 644 945 I r_submix: adev_open_input_stream(): about to create pipe at index 9, rate 48000, pipe size 4096
01-01 08:00:06.827 644 945 D r_submix: submix_audio_device_create_pipe_l(addr=0, idx=9)
01-01 08:00:06.827 644 945 D r_submix: now using address 0 for route 9
01-01 08:00:06.829 713 965 I AudioFlinger: AudioFlinger's thread 0xb4000072c503abd0 tid=965 ready to run
01-01 08:00:06.829 644 950 I r_submix: in_standby()
01-01 08:00:06.830 713 965 W AudioFlinger: no wake lock to update, system not ready yet
01-01 08:00:06.830 644 950 I r_submix: in_standby()
01-01 08:00:06.830 713 965 W AudioFlinger: no wake lock to update, system not ready yet
01-01 08:00:06.830 644 950 D r_submix: adev_close_input_stream()
01-01 08:00:06.830 644 950 D r_submix: submix_audio_device_release_pipe_l(idx=9) addr=0
01-01 08:00:06.830 644 950 D r_submix: submix_audio_device_destroy_pipe_l(): pipe destroyed
01-01 08:00:06.836 713 713 I APM::AudioPolicyEngine: getDevicesForStrategyInt no device found for strategy 1
01-01 08:00:06.836 713 713 I APM::AudioPolicyEngine: getDevicesForStrategyInt no device found for strategy 2
01-01 08:00:06.836 713 713 I APM::AudioPolicyEngine: getDevicesForStrategyInt no device found for strategy 5
01-01 08:00:06.836 713 713 I APM::AudioPolicyEngine: getDevicesForStrategyInt no device found for strategy 7
01-01 08:00:06.836 713 713 I APM::AudioPolicyEngine: getDevicesForStrategyInt no device found for strategy 3
01-01 08:00:06.836 713 713 I APM::AudioPolicyEngine: getDevicesForStrategyInt no device found for strategy 0
01-01 08:00:06.837 713 713 I APM::AudioPolicyEngine: getDevicesForStrategyInt no device found for strategy 4
01-01 08:00:06.837 713 713 I APM::AudioPolicyEngine: getDevicesForStrategyInt no device found for strategy 6
01-01 08:00:06.837 713 713 I APM::AudioPolicyEngine: getDevicesForStrategyInt no device found for strategy 8
01-01 08:00:06.837 713 713 I APM::AudioPolicyEngine: getDevicesForStrategyInt no device found for strategy 8
01-01 08:00:06.837 278 278 I hwservicemanager: getTransport: Cannot find entry android.hardware.audio.effect@7.1::IEffectsFactory/default in either framework or device VINTF manifest.
01-01 08:00:06.838 278 278 I hwservicemanager: getTransport: Cannot find entry android.hardware.audio@7.1::IDevicesFactory/default in either framework or device VINTF manifest.
01-01 08:00:06.840 713 713 I audioserver: Waiting for activity service
01-01 08:00:06.927 351 358 D VehicleRTKHal: In[setValues][512]
01-01 08:00:06.927 351 358 D VehicleRTKHardware: Set value for property ID: 291504901
01-01 08:00:06.927 351 359 D VehicleRTKHardware: In[setValue][799] prop =291504901 ,289408515
01-01 08:00:06.927 351 359 D VehicleRTKHardware: In[setValue][825].. wirte success...
01-01 08:00:06.927 351 358 D VehicleRTKHal: In[setValues][512]
01-01 08:00:06.927 351 358 D VehicleRTKHardware: Set value for property ID: 291504647
01-01 08:00:06.928 351 359 D VehicleRTKHardware: In[setValue][799] prop =291504647 ,289408515
01-01 08:00:06.928 351 359 D VehicleRTKHardware: In[setValue][825].. wirte success...
01-01 08:00:06.928 351 358 D VehicleRTKHal: In[setValues][512]
01-01 08:00:06.928 351 358 D VehicleRTKHardware: Set value for property ID: 291504903
01-01 08:00:06.928 351 359 D VehicleRTKHardware: In[setValue][799] prop =291504903 ,289408515
01-01 08:00:06.928 351 359 D VehicleRTKHardware: In[setValue][825].. wirte success...
01-01 08:00:06.928 351 358 D VehicleRTKHal: In[setValues][512]
01-01 08:00:06.928 351 358 D VehicleRTKHardware: Set value for property ID: 291504897
01-01 08:00:06.928 351 359 D VehicleRTKHardware: In[setValue][799] prop =291504897 ,289408515
01-01 08:00:06.928 351 359 D VehicleRTKHardware: In[setValue][825].. wirte success...
01-01 08:00:06.928 351 358 D VehicleRTKHal: In[setValues][512]
01-01 08:00:06.928 351 358 D VehicleRTKHardware: Set value for property ID: 289408000
01-01 08:00:06.928 351 359 D VehicleRTKHardware: In[setValue][799] prop =289408000 ,289408515
01-01 08:00:06.928 351 359 D VehicleRTKHardware: In[setValue][825].. wirte success...
01-01 08:00:06.929 351 358 D VehicleRTKHal: In[setValues][512]
01-01 08:00:06.929 351 358 D VehicleRTKHardware: Set value for property ID: 287310855
01-01 08:00:06.929 351 359 D VehicleRTKHardware: In[setValue][799] prop =287310855 ,289408515
01-01 08:00:06.929 351 359 D VehicleRTKHardware: In[setValue][825].. wirte success...
01-01 08:00:06.929 351 358 D VehicleRTKHal: In[setValues][512]
01-01 08:00:06.929 351 358 D VehicleRTKHardware: Set value for property ID: 291504644
01-01 08:00:06.929 351 359 D VehicleRTKHardware: In[setValue][799] prop =291504644 ,289408515
01-01 08:00:06.929 351 359 D VehicleRTKHardware: In[setValue][825].. wirte success...
01-01 08:00:06.929 351 358 D VehicleRTKHal: In[setValues][512]
01-01 08:00:06.929 351 358 D VehicleRTKHardware: Set value for property ID: 291504904
01-01 08:00:06.929 351 359 D VehicleRTKHardware: In[setValue][799] prop =291504904 ,289408515
01-01 08:00:06.929 351 359 D VehicleRTKHardware: In[setValue][825].. wirte success...
01-01 08:00:06.929 351 358 D VehicleRTKHal: In[setValues][512]
01-01 08:00:06.929 351 358 D VehicleRTKHardware: Set value for property ID: 291505923
01-01 08:00:06.929 351 359 D VehicleRTKHardware: In[setValue][799] prop =291505923 ,289408515
01-01 08:00:06.929 351 359 D VehicleRTKHardware: In[setValue][825].. wirte success...
01-01 08:00:18.701 324 324 E realtek-i2c 9801ba00.i2c-4: rtk_i2c_handle_tx_abort: slave address not acknowledged (7bit mode)
01-01 08:00:18.703 324 324 E realtek-i2c 9801ba00.i2c-4: rtk_i2c_handle_tx_abort: slave address not acknowledged (7bit mode)
01-01 08:00:18.706 324 324 E realtek-i2c 9801ba00.i2c-4: rtk_i2c_handle_tx_abort: slave address not acknowledged (7bit mode)
01-01 08:00:18.709 324 324 E realtek-i2c 9801ba00.i2c-4: rtk_i2c_handle_tx_abort: slave address not acknowledged (7bit mode)
01-01 08:00:18.712 324 324 E realtek-i2c 9801ba00.i2c-4: rtk_i2c_handle_tx_abort: slave address not acknowledged (7bit mode)
01-01 08:00:18.715 324 324 E realtek-i2c 9801ba00.i2c-4: rtk_i2c_handle_tx_abort: slave address not acknowledged (7bit mode)
01-01 08:00:06.969 638 638 D MtpDeviceJNI: register_android_mtp_MtpDevice
01-01 08:00:18.717 324 324 E realtek-i2c 9801ba00.i2c-4: rtk_i2c_handle_tx_abort: slave address not acknowledged (7bit mode)
01-01 08:00:18.720 324 324 E realtek-i2c 9801ba00.i2c-4: rtk_i2c_handle_tx_abort: slave address not acknowledged (7bit mode)
01-01 08:00:18.723 324 324 E realtek-i2c 9801ba00.i2c-4: rtk_i2c_handle_tx_abort: slave address not acknowledged (7bit mode)
01-01 08:00:18.726 324 324 E realtek-i2c 9801ba00.i2c-4: rtk_i2c_handle_tx_abort: slave address not acknowledged (7bit mode)
01-01 08:00:18.728 324 324 E realtek-i2c 9801ba00.i2c-4: rtk_i2c_handle_tx_abort: slave address not acknowledged (7bit mode)
01-01 08:00:18.731 324 324 E realtek-i2c 9801ba00.i2c-4: rtk_i2c_handle_tx_abort: slave address not acknowledged (7bit mode)
01-01 08:00:06.983 638 638 W System: No Compatibility callbacks set! Querying change 263076149
01-01 08:00:06.983 638 638 W System: No Compatibility callbacks set! Querying change 263076149
01-01 08:00:06.983 638 638 W System: No Compatibility callbacks set! Querying change 263076149
01-01 08:00:06.983 638 638 W System: No Compatibility callbacks set! Querying change 263076149
01-01 08:00:06.983 638 638 W System: No Compatibility callbacks set! Querying change 263076149
01-01 08:00:06.983 638 638 W System: No Compatibility callbacks set! Querying change 263076149
01-01 08:00:06.983 638 638 W System: No Compatibility callbacks set! Querying change 263076149
01-01 08:00:06.983 638 638 W System: No Compatibility callbacks set! Querying change 263076149
01-01 08:00:06.983 638 638 W System: No Compatibility callbacks set! Querying change 263076149
01-01 08:00:06.983 638 638 W System: No Compatibility callbacks set! Querying change 263076149
01-01 08:00:06.983 638 638 W System: No Compatibility callbacks set! Querying change 263076149
01-01 08:00:06.983 638 638 W System: No Compatibility callbacks set! Querying change 263076149
01-01 08:00:18.734 324 324 E realtek-i2c 9801ba00.i2c-4: rtk_i2c_handle_tx_abort: slave address not acknowledged (7bit mode)
01-01 08:00:18.737 324 324 E realtek-i2c 9801ba00.i2c-4: rtk_i2c_handle_tx_abort: slave address not acknowledged (7bit mode)
01-01 08:00:18.739 324 324 E realtek-i2c 9801ba00.i2c-4: rtk_i2c_handle_tx_abort: slave address not acknowledged (7bit mode)
01-01 08:00:18.742 324 324 E realtek-i2c 9801ba00.i2c-4: rtk_i2c_handle_tx_abort: slave address not acknowledged (7bit mode)
01-01 08:00:18.745 324 324 E realtek-i2c 9801ba00.i2c-4: rtk_i2c_handle_tx_abort: slave address not acknowledged (7bit mode)
01-01 08:00:18.748 324 324 E realtek-i2c 9801ba00.i2c-4: rtk_i2c_handle_tx_abort: slave address not acknowledged (7bit mode)
01-01 08:00:06.996 638 638 I zygote64: Thread[1,tid=638,Native,Thread*=0xb400007d53e1dbe0,peer=0x132c0168,"main"] recursive attempt to load library "librtp_jni.so"
01-01 08:00:18.750 324 324 E realtek-i2c 9801ba00.i2c-4: rtk_i2c_handle_tx_abort: slave address not acknowledged (7bit mode)
01-01 08:00:07.002 651 743 D Camera-Pvdr-car: [getAudioUtil] start
01-01 08:00:07.003 651 743 D Camera-Pvdr-car: [getAudioUtil] done
01-01 08:00:07.003 651 743 I Camera-Pvdr-car: sysClassDeviceName /sys/class/video4linux/v4l-subdev0/name exists
01-01 08:00:07.003 651 743 I Camera-Pvdr-car: [enumSubDevice] sysClassName /sys/class/video4linux/v4l-subdev0/name
01-01 08:00:07.003 651 743 I CarCamRSMGR: addSubVideoDevice: name /dev/v4l-subdev0 driver pr2k bus 196700 subIdex 0
01-01 08:00:07.003 651 743 I Camera-Pvdr-car: driver pr2k i2cId 3 addr 5c ret 3005c added:1
01-01 08:00:07.003 651 743 I Camera-Pvdr-car: sysClassDeviceName /sys/class/video4linux/v4l-subdev1/name exists
01-01 08:00:07.003 651 743 I Camera-Pvdr-car: [enumSubDevice] sysClassName /sys/class/video4linux/v4l-subdev1/name
01-01 08:00:07.003 651 743 I CarCamRSMGR: addSubVideoDevice: name /dev/v4l-subdev1 driver tp2815 bus 393284 subIdex 1
01-01 08:00:07.003 651 743 I Camera-Pvdr-car: driver tp2815 i2cId 6 addr 44 ret 60044 added:1
01-01 08:00:07.003 651 743 I Camera-Pvdr-car: sysClassDeviceName /sys/class/video4linux/v4l-subdev2/name exists
01-01 08:00:07.003 651 743 I Camera-Pvdr-car: [enumSubDevice] sysClassName /sys/class/video4linux/v4l-subdev2/name
01-01 08:00:07.003 651 743 I CarCamRSMGR: addSubVideoDevice: name /dev/v4l-subdev2 driver tp2815 bus 393285 subIdex 2
01-01 08:00:07.003 651 743 I Camera-Pvdr-car: driver tp2815 i2cId 6 addr 45 ret 60045 added:1
01-01 08:00:07.003 651 743 I Camera-Pvdr-car: VI i2cIdAddr 3005c subIdx 0 iface VInput
01-01 08:00:07.003 651 743 V CarCamRSMGR: subIdx 0 iface VInput card 0 vid[20-23]
01-01 08:00:07.003 651 743 I Camera-Pvdr-car: CSI i2cIdAddrId 60044 subIdx 1 iface CSI0
01-01 08:00:07.003 651 743 V CarCamRSMGR: subIdx 1 iface CSI0 card 1 vid[30-33]
01-01 08:00:07.003 651 743 I Camera-Pvdr-car: CSI i2cIdAddrId 60045 subIdx 2 iface CSI1
01-01 08:00:07.003 651 743 V CarCamRSMGR: subIdx 2 iface CSI1 card 2 vid[34-35]
01-01 08:00:07.004 651 743 I Camera-Pvdr-car: [subDeviceAdded] devName: /dev/v4l-subdev2 sysClassName /sys/class/video4linux/v4l-subdev2/name
01-01 08:00:07.004 651 743 I Camera-Pvdr-car: getSubDevFmt /dev/v4l-subdev2
01-01 08:00:07.004 651 743 E Camera-Pvdr-car: getV4lSubDeviceFormat v4l2 VIDIOC_SUBDEV_G_FMT /dev/v4l-subdev2 failed
01-01 08:00:07.004 651 743 I Camera-Pvdr-car: [subDeviceAdded] devName: /dev/v4l-subdev0 sysClassName /sys/class/video4linux/v4l-subdev0/name
01-01 08:00:07.004 651 743 I Camera-Pvdr-car: getSubDevFmt /dev/v4l-subdev0
01-01 08:00:07.004 651 743 E Camera-Pvdr-car: getV4lSubDeviceFormat v4l2 VIDIOC_SUBDEV_G_FMT /dev/v4l-subdev0 failed
01-01 08:00:07.004 651 743 I Camera-Pvdr-car: [subDeviceAdded] devName: /dev/v4l-subdev1 sysClassName /sys/class/video4linux/v4l-subdev1/name
01-01 08:00:07.004 651 743 I Camera-Pvdr-car: getSubDevFmt /dev/v4l-subdev1
01-01 08:00:07.004 651 743 E Camera-Pvdr-car: getV4lSubDeviceFormat v4l2 VIDIOC_SUBDEV_G_FMT /dev/v4l-subdev1 failed
01-01 08:00:07.004 651 743 I Camera-Pvdr-car: [deviceAdded] devName: /dev/video1
01-01 08:00:18.753 324 324 E realtek-i2c 9801ba00.i2c-4: rtk_i2c_handle_tx_abort: slave address not acknowledged (7bit mode)
01-01 08:00:18.756 324 324 E realtek-i2c 9801ba00.i2c-4: rtk_i2c_handle_tx_abort: slave address not acknowledged (7bit mode)
01-01 08:00:18.759 324 324 E realtek-i2c 9801ba00.i2c-4: rtk_i2c_handle_tx_abort: slave address not acknowledged (7bit mode)
01-01 08:00:07.011 638 638 W System: No Compatibility callbacks set! Querying change 263076149
01-01 08:00:07.011 638 638 W System: No Compatibility callbacks set! Querying change 263076149
01-01 08:00:07.011 638 638 W System: No Compatibility callbacks set! Querying change 263076149
01-01 08:00:18.761 324 324 E realtek-i2c 9801ba00.i2c-4: rtk_i2c_handle_tx_abort: slave address not acknowledged (7bit mode)
01-01 08:00:18.764 324 324 E realtek-i2c 9801ba00.i2c-4: rtk_i2c_handle_tx_abort: slave address not acknowledged (7bit mode)
01-01 08:00:18.767 324 324 E realtek-i2c 9801ba00.i2c-4: rtk_i2c_handle_tx_abort: slave address not acknowledged (7bit mode)
01-01 08:00:18.770 324 324 E realtek-i2c 9801ba00.i2c-4: rtk_i2c_handle_tx_abort: slave address not acknowledged (7bit mode)
01-01 08:00:18.772 743 743 I realtek-npp 98084000.npu-pp: npp_s_ctrl, single_rgb_plane = 0
01-01 08:00:18.772 324 324 E realtek-i2c 9801ba00.i2c-4: rtk_i2c_handle_tx_abort: slave address not acknowledged (7bit mode)
01-01 08:00:18.774 743 743 I realtek-npp 98084000.npu-pp: npp_s_ctrl, svp = 0
01-01 08:00:18.779 324 324 E realtek-i2c 9801ba00.i2c-4: rtk_i2c_handle_tx_abort: slave address not acknowledged (7bit mode)
01-01 08:00:18.779 743 743 I realtek-npp 98084000.npu-pp: npp_s_ctrl, mipi_csi_input = 0, in_queue_metadata = 0
01-01 08:00:18.781 324 324 E realtek-i2c 9801ba00.i2c-4: rtk_i2c_handle_tx_abort: slave address not acknowledged (7bit mode)
01-01 08:00:18.784 743 743 I realtek-npp 98084000.npu-pp: npp_s_ctrl, data_pitch = 0, header_pitch = 0
01-01 08:00:07.034 638 638 W Zygote: Class not found for preloading: android.security.GenerateRkpKey$1
01-01 08:00:07.034 638 638 W Zygote: Class not found for preloading: android.security.GenerateRkpKey
01-01 08:00:18.786 324 324 E realtek-i2c 9801ba00.i2c-4: rtk_i2c_handle_tx_abort: slave address not acknowledged (7bit mode)
01-01 08:00:18.788 743 743 I realtek-npp 98084000.npu-pp: npp_s_ctrl, rgb_output = 0
01-01 08:00:07.041 638 638 W Zygote: Class not found for preloading: android.security.keystore2.AndroidKeyStoreKeyPairGeneratorSpi$GenerateKeyPairHelperResult
01-01 08:00:18.793 324 324 E realtek-i2c 9801ba00.i2c-4: rtk_i2c_handle_tx_abort: slave address not acknowledged (7bit mode)
01-01 08:00:18.793 324 324 E realtek-i2c 9801ba00.i2c-4: rtk_i2c_handle_tx_abort: slave address not acknowledged (7bit mode)
01-01 08:00:07.044 638 638 W Zygote: Class not found for preloading: android.service.notification.ZenModeConfig$Diff
01-01 08:00:18.798 324 324 E realtek-i2c 9801ba00.i2c-4: rtk_i2c_handle_tx_abort: slave address not acknowledged (7bit mode)
01-01 08:00:18.801 324 324 E realtek-i2c 9801ba00.i2c-4: rtk_i2c_handle_tx_abort: slave address not acknowledged (7bit mode)
01-01 08:00:18.803 324 324 E realtek-i2c 9801ba00.i2c-4: rtk_i2c_handle_tx_abort: slave address not acknowledged (7bit mode)
01-01 08:00:07.055 651 743 I Camera-Pvdr-car: [deviceAdded] device /dev/video1 device_caps:04201000 capabilities:84201000 driver:npp-capture card:npp-capture
01-01 08:00:07.056 651 743 W Camera-Pvdr-car: deviceAdded device /dev/video1 does not support VIDEO_CAPTURE
01-01 08:00:18.804 743 743 I realtek-npp 98084000.npu-pp: drv_npp_open_capture Open capture device success
01-01 08:00:18.808 743 743 I realtek-npp 98084000.npu-pp: drv_npp_release_capture npp_activate =0
01-01 08:00:18.808 324 324 E realtek-i2c 9801ba00.i2c-4: rtk_i2c_handle_tx_abort: slave address not acknowledged (7bit mode)
01-01 08:00:18.811 743 743 I realtek-npp 98084000.npu-pp: drv_npp_release_capture done
01-01 08:00:07.062 651 743 I Camera-Pvdr-car: [deviceAdded] devName: /dev/video0
01-01 08:00:18.813 324 324 E realtek-i2c 9801ba00.i2c-4: rtk_i2c_handle_tx_abort: slave address not acknowledged (7bit mode)
01-01 08:00:18.818 324 324 E realtek-i2c 9801ba00.i2c-4: rtk_i2c_handle_tx_abort: slave address not acknowledged (7bit mode)
01-01 08:00:18.820 324 324 E realtek-i2c 9801ba00.i2c-4: rtk_i2c_handle_tx_abort: slave address not acknowledged (7bit mode)
01-01 08:00:18.823 324 324 E realtek-i2c 9801ba00.i2c-4: rtk_i2c_handle_tx_abort: slave address not acknowledged (7bit mode)
01-01 08:00:18.826 324 324 E realtek-i2c 9801ba00.i2c-4: rtk_i2c_handle_tx_abort: slave address not acknowledged (7bit mode)
01-01 08:00:18.829 324 324 E realtek-i2c 9801ba00.i2c-4: rtk_i2c_handle_tx_abort: slave address not acknowledged (7bit mode)
01-01 08:00:18.830 743 743 I realtek-npp 98084000.npu-pp: npp_s_ctrl, single_rgb_plane = 0
