06-08 13:54:02.058 639 639 W System: No Compatibility callbacks set! Querying change 247079863
06-08 13:54:02.058 639 639 W System: No Compatibility callbacks set! Querying change 247079863
06-08 13:54:02.058 639 639 W System: No Compatibility callbacks set! Querying change 247079863
06-08 13:54:02.059 639 639 W System: No Compatibility callbacks set! Querying change 247079863
06-08 13:54:02.059 639 639 W System: No Compatibility callbacks set! Querying change 247079863
06-08 13:54:02.059 639 639 W System: No Compatibility callbacks set! Querying change 247079863
06-08 13:54:02.059 639 639 W System: No Compatibility callbacks set! Querying change 247079863
06-08 13:54:02.059 639 639 W System: No Compatibility callbacks set! Querying change 247079863
06-08 13:54:02.060 639 639 W System: No Compatibility callbacks set! Querying change 247079863
06-08 13:54:02.060 639 639 W System: No Compatibility callbacks set! Querying change 247079863
06-08 13:54:02.060 639 639 W System: No Compatibility callbacks set! Querying change 247079863
06-08 13:54:02.060 639 639 W System: No Compatibility callbacks set! Querying change 247079863
06-08 13:54:02.060 639 639 W System: No Compatibility callbacks set! Querying change 247079863
06-08 13:54:02.060 639 639 W System: No Compatibility callbacks set! Querying change 247079863
06-08 13:54:02.060 639 639 W System: No Compatibility callbacks set! Querying change 247079863
06-08 13:54:02.060 639 639 W System: No Compatibility callbacks set! Querying change 247079863
06-08 13:54:02.060 639 639 W System: No Compatibility callbacks set! Querying change 247079863
06-08 13:54:02.060 639 639 W System: No Compatibility callbacks set! Querying change 247079863
06-08 13:54:02.061 639 639 W System: No Compatibility callbacks set! Querying change 247079863
06-08 13:54:02.061 639 639 W System: No Compatibility callbacks set! Querying change 247079863
06-08 13:54:02.061 639 639 W System: No Compatibility callbacks set! Querying change 247079863
06-08 13:54:02.061 639 639 W System: No Compatibility callbacks set! Querying change 247079863
06-08 13:54:02.061 639 639 W System: No Compatibility callbacks set! Querying change 247079863
06-08 13:54:02.061 639 639 W System: No Compatibility callbacks set! Querying change 247079863
06-08 13:54:02.061 639 639 W System: No Compatibility callbacks set! Querying change 247079863
06-08 13:54:02.061 970 970 E DeviceStateManagerService: Cannot notify device state info change before the initial state has been committed.
06-08 13:54:02.061 639 639 W System: No Compatibility callbacks set! Querying change 247079863
06-08 13:54:02.061 639 639 W System: No Compatibility callbacks set! Querying change 247079863
06-08 13:54:02.061 970 970 I DeviceStateManagerService: Cannot notify device state info change when pending state is present.
06-08 13:54:02.062 639 639 W System: No Compatibility callbacks set! Querying change 247079863
06-08 13:54:02.062 639 639 W System: No Compatibility callbacks set! Querying change 247079863
06-08 13:54:02.062 639 639 W System: No Compatibility callbacks set! Querying change 247079863
06-08 13:54:02.062 639 639 W System: No Compatibility callbacks set! Querying change 247079863
06-08 13:54:02.062 639 639 W System: No Compatibility callbacks set! Querying change 247079863
06-08 13:54:02.062 639 639 W System: No Compatibility callbacks set! Querying change 247079863
06-08 13:54:02.062 639 639 W System: No Compatibility callbacks set! Querying change 247079863
06-08 13:54:02.062 639 639 W System: No Compatibility callbacks set! Querying change 247079863
06-08 13:54:02.062 639 639 W System: No Compatibility callbacks set! Querying change 247079863
06-08 13:54:02.062 639 639 W System: No Compatibility callbacks set! Querying change 247079863
01-01 08:00:22.662 324 324 E realtek-i2c 9801ba00.i2c-4: rtk_i2c_handle_tx_abort: slave address not acknowledged (7bit mode)
06-08 13:54:02.062 639 639 W System: No Compatibility callbacks set! Querying change 247079863
06-08 13:54:02.000 678 678 W binder:678_2: type=1400 audit(0.0:127): avc: denied { getattr } for path="/sys/devices/platform/soc@0/98000000.rbus/98007088.rtk-usb-manager/98007220.type-c/extcon/extcon1/state" dev="sysfs" ino=55415 scontext=u:r:hal_graphics_composer_default:s0 tcontext=u:object_r:sysfs:s0 tclass=file permissive=0
06-08 13:54:02.062 639 639 W System: No Compatibility callbacks set! Querying change 247079863
06-08 13:54:02.063 639 639 W System: No Compatibility callbacks set! Querying change 247079863
06-08 13:54:02.063 639 639 W System: No Compatibility callbacks set! Querying change 247079863
06-08 13:54:02.063 639 639 W System: No Compatibility callbacks set! Querying change 247079863
06-08 13:54:02.063 639 639 W System: No Compatibility callbacks set! Querying change 247079863
06-08 13:54:02.063 639 639 W System: No Compatibility callbacks set! Querying change 247079863
06-08 13:54:02.063 639 639 W System: No Compatibility callbacks set! Querying change 247079863
06-08 13:54:02.063 639 639 W System: No Compatibility callbacks set! Querying change 247079863
06-08 13:54:02.063 639 639 W System: No Compatibility callbacks set! Querying change 247079863
06-08 13:54:02.063 639 639 W System: No Compatibility callbacks set! Querying change 247079863
06-08 13:54:02.063 639 639 W System: No Compatibility callbacks set! Querying change 247079863
06-08 13:54:02.063 639 639 W System: No Compatibility callbacks set! Querying change 247079863
06-08 13:54:02.063 639 639 W System: No Compatibility callbacks set! Querying change 247079863
06-08 13:54:02.063 639 639 W System: No Compatibility callbacks set! Querying change 247079863
06-08 13:54:02.064 639 639 W System: No Compatibility callbacks set! Querying change 247079863
06-08 13:54:02.064 639 639 W System: No Compatibility callbacks set! Querying change 247079863
06-08 13:54:02.064 639 639 W System: No Compatibility callbacks set! Querying change 247079863
06-08 13:54:02.064 639 639 W System: No Compatibility callbacks set! Querying change 247079863
06-08 13:54:02.064 639 639 W System: No Compatibility callbacks set! Querying change 247079863
06-08 13:54:02.064 639 639 W System: No Compatibility callbacks set! Querying change 247079863
06-08 13:54:02.064 639 639 W System: No Compatibility callbacks set! Querying change 247079863
06-08 13:54:02.064 639 639 W System: No Compatibility callbacks set! Querying change 247079863
06-08 13:54:02.064 639 639 W System: No Compatibility callbacks set! Querying change 247079863
06-08 13:54:02.065 639 639 W System: No Compatibility callbacks set! Querying change 247079863
06-08 13:54:02.065 639 639 W System: No Compatibility callbacks set! Querying change 247079863
06-08 13:54:02.065 639 639 W System: No Compatibility callbacks set! Querying change 247079863
06-08 13:54:02.065 639 639 W System: No Compatibility callbacks set! Querying change 247079863
06-08 13:54:02.065 970 970 V SystemServerTiming: DeviceStateManagerService took to complete: 29ms
06-08 13:54:02.065 970 970 D SystemServerTiming: StartCameraServiceProxy
06-08 13:54:02.065 639 639 W System: No Compatibility callbacks set! Querying change 247079863
06-08 13:54:02.065 639 639 W System: No Compatibility callbacks set! Querying change 247079863
06-08 13:54:02.065 639 639 W System: No Compatibility callbacks set! Querying change 247079863
06-08 13:54:02.065 639 639 W System: No Compatibility callbacks set! Querying change 247079863
06-08 13:54:02.065 639 639 W System: No Compatibility callbacks set! Querying change 247079863
06-08 13:54:02.065 639 639 W System: No Compatibility callbacks set! Querying change 247079863
06-08 13:54:02.066 639 639 W System: No Compatibility callbacks set! Querying change 247079863
06-08 13:54:02.066 639 639 W System: No Compatibility callbacks set! Querying change 247079863
06-08 13:54:02.066 639 639 W System: No Compatibility callbacks set! Querying change 247079863
06-08 13:54:02.066 639 639 W System: No Compatibility callbacks set! Querying change 247079863
06-08 13:54:02.066 639 639 W System: No Compatibility callbacks set! Querying change 247079863
06-08 13:54:02.066 639 639 W System: No Compatibility callbacks set! Querying change 247079863
06-08 13:54:02.066 639 639 W System: No Compatibility callbacks set! Querying change 247079863
06-08 13:54:02.066 970 970 I SystemServiceManager: Starting com.android.server.camera.CameraServiceProxy
06-08 13:54:02.066 639 639 W System: No Compatibility callbacks set! Querying change 247079863
06-08 13:54:02.066 639 639 W System: No Compatibility callbacks set! Querying change 247079863
06-08 13:54:02.066 639 639 W System: No Compatibility callbacks set! Querying change 247079863
06-08 13:54:02.067 639 639 W System: No Compatibility callbacks set! Querying change 247079863
06-08 13:54:02.067 639 639 W System: No Compatibility callbacks set! Querying change 247079863
06-08 13:54:02.067 639 639 W System: No Compatibility callbacks set! Querying change 247079863
06-08 13:54:02.067 639 639 W System: No Compatibility callbacks set! Querying change 247079863
06-08 13:54:02.067 639 639 W System: No Compatibility callbacks set! Querying change 247079863
06-08 13:54:02.067 639 639 W System: No Compatibility callbacks set! Querying change 247079863
06-08 13:54:02.068 639 639 W System: No Compatibility callbacks set! Querying change 247079863
06-08 13:54:02.068 639 639 W System: No Compatibility callbacks set! Querying change 247079863
06-08 13:54:02.068 639 639 W System: No Compatibility callbacks set! Querying change 247079863
06-08 13:54:02.068 970 970 V SystemServerTiming: StartCameraServiceProxy took to complete: 4ms
06-08 13:54:02.068 970 970 D SystemServerTiming: StartWindowManagerService
06-08 13:54:02.068 970 970 I SystemServiceManager: Starting phase 200
06-08 13:54:02.068 970 970 D SystemServerTiming: OnBootPhase_200
06-08 13:54:02.068 970 970 D SystemServerTiming: OnBootPhase_200_com.android.server.security.FileIntegrityService
06-08 13:54:02.068 970 970 V SystemServerTiming: OnBootPhase_200_com.android.server.security.FileIntegrityService took to complete: 0ms
06-08 13:54:02.068 970 970 D SystemServerTiming: OnBootPhase_200_com.android.server.pm.Installer
06-08 13:54:02.068 970 970 V SystemServerTiming: OnBootPhase_200_com.android.server.pm.Installer took to complete: 0ms
06-08 13:54:02.068 970 970 D SystemServerTiming: OnBootPhase_200_com.android.server.os.DeviceIdentifiersPolicyService
06-08 13:54:02.068 970 970 V SystemServerTiming: OnBootPhase_200_com.android.server.os.DeviceIdentifiersPolicyService took to complete: 0ms
06-08 13:54:02.068 970 970 D SystemServerTiming: OnBootPhase_200_com.android.server.flags.FeatureFlagsService
06-08 13:54:02.068 970 970 V SystemServerTiming: OnBootPhase_200_com.android.server.flags.FeatureFlagsService took to complete: 0ms
06-08 13:54:02.068 970 970 D SystemServerTiming: OnBootPhase_200_com.android.server.uri.UriGrantsManagerService$Lifecycle
06-08 13:54:02.068 970 970 V SystemServerTiming: OnBootPhase_200_com.android.server.uri.UriGrantsManagerService$Lifecycle took to complete: 0ms
06-08 13:54:02.068 970 970 D SystemServerTiming: OnBootPhase_200_com.android.server.powerstats.PowerStatsService
06-08 13:54:02.068 970 970 V SystemServerTiming: OnBootPhase_200_com.android.server.powerstats.PowerStatsService took to complete: 0ms
06-08 13:54:02.068 970 970 D SystemServerTiming: OnBootPhase_200_com.android.server.permission.access.AccessCheckingService
06-08 13:54:02.068 970 970 V SystemServerTiming: OnBootPhase_200_com.android.server.permission.access.AccessCheckingService took to complete: 0ms
06-08 13:54:02.068 970 970 D SystemServerTiming: OnBootPhase_200_com.android.server.wm.ActivityTaskManagerService$Lifecycle
06-08 13:54:02.068 970 970 V SystemServerTiming: OnBootPhase_200_com.android.server.wm.ActivityTaskManagerService$Lifecycle took to complete: 0ms
06-08 13:54:02.068 970 970 D SystemServerTiming: OnBootPhase_200_com.android.server.am.ActivityManagerService$Lifecycle
06-08 13:54:02.068 970 970 V SystemServerTiming: OnBootPhase_200_com.android.server.am.ActivityManagerService$Lifecycle took to complete: 0ms
06-08 13:54:02.068 970 970 D SystemServerTiming: OnBootPhase_200_com.android.server.pm.DataLoaderManagerService
06-08 13:54:02.068 970 970 V SystemServerTiming: OnBootPhase_200_com.android.server.pm.DataLoaderManagerService took to complete: 0ms
06-08 13:54:02.068 970 970 D SystemServerTiming: OnBootPhase_200_com.android.server.power.PowerManagerService
06-08 13:54:02.068 970 970 V SystemServerTiming: OnBootPhase_200_com.android.server.power.PowerManagerService took to complete: 0ms
06-08 13:54:02.068 970 970 D SystemServerTiming: OnBootPhase_200_com.android.server.power.ThermalManagerService
06-08 13:54:02.068 970 970 V SystemServerTiming: OnBootPhase_200_com.android.server.power.ThermalManagerService took to complete: 0ms
06-08 13:54:02.068 970 970 D SystemServerTiming: OnBootPhase_200_com.android.server.power.hint.HintManagerService
06-08 13:54:02.068 970 970 V SystemServerTiming: OnBootPhase_200_com.android.server.power.hint.HintManagerService took to complete: 0ms
06-08 13:54:02.068 970 970 D SystemServerTiming: OnBootPhase_200_com.android.server.recoverysystem.RecoverySystemService$Lifecycle
06-08 13:54:02.068 970 970 V SystemServerTiming: OnBootPhase_200_com.android.server.recoverysystem.RecoverySystemService$Lifecycle took to complete: 0ms
06-08 13:54:02.069 970 970 D SystemServerTiming: OnBootPhase_200_com.android.server.lights.LightsService
06-08 13:54:02.069 970 970 V SystemServerTiming: OnBootPhase_200_com.android.server.lights.LightsService took to complete: 0ms
06-08 13:54:02.069 970 970 D SystemServerTiming: OnBootPhase_200_com.android.server.display.DisplayManagerService
06-08 13:54:02.069 970 970 V SystemServerTiming: OnBootPhase_200_com.android.server.display.DisplayManagerService took to complete: 0ms
06-08 13:54:02.069 970 970 D SystemServerTiming: OnBootPhase_200_com.android.server.pm.verify.domain.DomainVerificationService
06-08 13:54:02.069 970 970 V SystemServerTiming: OnBootPhase_200_com.android.server.pm.verify.domain.DomainVerificationService took to complete: 0ms
06-08 13:54:02.069 970 970 D SystemServerTiming: OnBootPhase_200_com.android.server.pm.PackageInstallerService$Lifecycle
06-08 13:54:02.069 970 970 V SystemServerTiming: OnBootPhase_200_com.android.server.pm.PackageInstallerService$Lifecycle took to complete: 0ms
06-08 13:54:02.069 970 970 D SystemServerTiming: OnBootPhase_200_com.android.server.pm.UserManagerService$LifeCycle
06-08 13:54:02.069 970 970 V SystemServerTiming: OnBootPhase_200_com.android.server.pm.UserManagerService$LifeCycle took to complete: 0ms
06-08 13:54:02.069 970 970 D SystemServerTiming: OnBootPhase_200_com.android.server.om.OverlayManagerService
06-08 13:54:02.069 970 970 V SystemServerTiming: OnBootPhase_200_com.android.server.om.OverlayManagerService took to complete: 0ms
06-08 13:54:02.069 970 970 D SystemServerTiming: OnBootPhase_200_com.android.server.resources.ResourcesManagerService
06-08 13:54:02.069 970 970 V SystemServerTiming: OnBootPhase_200_com.android.server.resources.ResourcesManagerService took to complete: 0ms
06-08 13:54:02.069 970 970 D SystemServerTiming: OnBootPhase_200_com.android.server.sensorprivacy.SensorPrivacyService
06-08 13:54:02.069 970 970 V SystemServerTiming: OnBootPhase_200_com.android.server.sensorprivacy.SensorPrivacyService took to complete: 0ms
06-08 13:54:02.069 970 970 D SystemServerTiming: OnBootPhase_200_com.android.server.sensors.SensorService
06-08 13:54:02.069 970 970 V SystemServerTiming: OnBootPhase_200_com.android.server.sensors.SensorService took to complete: 0ms
06-08 13:54:02.069 970 970 D SystemServerTiming: OnBootPhase_200_com.android.server.SystemConfigService
06-08 13:54:02.069 970 970 V SystemServerTiming: OnBootPhase_200_com.android.server.SystemConfigService took to complete: 0ms
06-08 13:54:02.069 970 970 D SystemServerTiming: OnBootPhase_200_com.android.server.BatteryService
06-08 13:54:02.069 970 970 V SystemServerTiming: OnBootPhase_200_com.android.server.BatteryService took to complete: 0ms
06-08 13:54:02.069 970 970 D SystemServerTiming: OnBootPhase_200_com.android.server.usage.UsageStatsService
06-08 13:54:02.069 970 970 V SystemServerTiming: OnBootPhase_200_com.android.server.usage.UsageStatsService took to complete: 0ms
06-08 13:54:02.069 970 970 D SystemServerTiming: OnBootPhase_200_com.android.server.webkit.WebViewUpdateService
06-08 13:54:02.069 970 970 V SystemServerTiming: OnBootPhase_200_com.android.server.webkit.WebViewUpdateService took to complete: 0ms
06-08 13:54:02.069 970 970 D SystemServerTiming: OnBootPhase_200_com.android.server.CachedDeviceStateService
06-08 13:54:02.069 970 970 V SystemServerTiming: OnBootPhase_200_com.android.server.CachedDeviceStateService took to complete: 0ms
06-08 13:54:02.069 970 970 D SystemServerTiming: OnBootPhase_200_com.android.server.BinderCallsStatsService$LifeCycle
06-08 13:54:02.069 970 970 V SystemServerTiming: OnBootPhase_200_com.android.server.BinderCallsStatsService$LifeCycle took to complete: 0ms
06-08 13:54:02.069 970 970 D SystemServerTiming: OnBootPhase_200_com.android.server.LooperStatsService$Lifecycle
06-08 13:54:02.069 970 970 V SystemServerTiming: OnBootPhase_200_com.android.server.LooperStatsService$Lifecycle took to complete: 0ms
06-08 13:54:02.069 970 970 D SystemServerTiming: OnBootPhase_200_com.android.server.rollback.RollbackManagerService
06-08 13:54:02.069 970 970 V SystemServerTiming: OnBootPhase_200_com.android.server.rollback.RollbackManagerService took to complete: 0ms
06-08 13:54:02.069 970 970 D SystemServerTiming: OnBootPhase_200_com.android.server.os.NativeTombstoneManagerService
06-08 13:54:02.069 970 970 V SystemServerTiming: OnBootPhase_200_com.android.server.os.NativeTombstoneManagerService took to complete: 0ms
06-08 13:54:02.069 970 970 D SystemServerTiming: OnBootPhase_200_com.android.server.os.BugreportManagerService
06-08 13:54:02.069 970 970 V SystemServerTiming: OnBootPhase_200_com.android.server.os.BugreportManagerService took to complete: 0ms
06-08 13:54:02.069 970 970 D SystemServerTiming: OnBootPhase_200_com.android.server.gpu.GpuService
06-08 13:54:02.069 970 970 V SystemServerTiming: OnBootPhase_200_com.android.server.gpu.GpuService took to complete: 0ms
06-08 13:54:02.069 970 970 D SystemServerTiming: OnBootPhase_200_com.android.server.security.rkp.RemoteProvisioningService
06-08 13:54:02.069 970 970 V SystemServerTiming: OnBootPhase_200_com.android.server.security.rkp.RemoteProvisioningService took to complete: 0ms
06-08 13:54:02.069 970 970 D SystemServerTiming: OnBootPhase_200_com.android.server.cpu.CpuMonitorService
06-08 13:54:02.069 970 970 V SystemServerTiming: OnBootPhase_200_com.android.server.cpu.CpuMonitorService took to complete: 0ms
06-08 13:54:02.069 970 970 D SystemServerTiming: OnBootPhase_200_com.android.server.security.KeyChainSystemService
06-08 13:54:02.069 970 970 V SystemServerTiming: OnBootPhase_200_com.android.server.security.KeyChainSystemService took to complete: 0ms
06-08 13:54:02.069 970 970 D SystemServerTiming: OnBootPhase_200_com.android.server.BinaryTransparencyService
06-08 13:54:02.069 970 970 V SystemServerTiming: OnBootPhase_200_com.android.server.BinaryTransparencyService took to complete: 0ms
06-08 13:54:02.069 970 970 D SystemServerTiming: OnBootPhase_200_com.android.server.telecom.TelecomLoaderService
06-08 13:54:02.069 970 970 V SystemServerTiming: OnBootPhase_200_com.android.server.telecom.TelecomLoaderService took to complete: 0ms
06-08 13:54:02.069 970 970 D SystemServerTiming: OnBootPhase_200_com.android.server.accounts.AccountManagerService$Lifecycle
06-08 13:54:02.069 970 970 V SystemServerTiming: OnBootPhase_200_com.android.server.accounts.AccountManagerService$Lifecycle took to complete: 0ms
06-08 13:54:02.069 970 970 D SystemServerTiming: OnBootPhase_200_com.android.server.content.ContentService$Lifecycle
06-08 13:54:02.069 970 970 V SystemServerTiming: OnBootPhase_200_com.android.server.content.ContentService$Lifecycle took to complete: 0ms
06-08 13:54:02.069 970 970 D SystemServerTiming: OnBootPhase_200_com.android.server.deviceconfig.DeviceConfigInit$Lifecycle
06-08 13:54:02.069 970 970 V SystemServerTiming: OnBootPhase_200_com.android.server.deviceconfig.DeviceConfigInit$Lifecycle took to complete: 0ms
06-08 13:54:02.069 970 970 D SystemServerTiming: OnBootPhase_200_com.android.server.DropBoxManagerService
06-08 13:54:02.069 970 970 V SystemServerTiming: OnBootPhase_200_com.android.server.DropBoxManagerService took to complete: 0ms
06-08 13:54:02.069 970 970 D SystemServerTiming: OnBootPhase_200_com.android.role.RoleService
06-08 13:54:02.069 970 970 V SystemServerTiming: OnBootPhase_200_com.android.role.RoleService took to complete: 0ms
06-08 13:54:02.069 970 970 D SystemServerTiming: OnBootPhase_200_com.android.server.vibrator.VibratorManagerService$Lifecycle
06-08 13:54:02.069 970 970 V SystemServerTiming: OnBootPhase_200_com.android.server.vibrator.VibratorManagerService$Lifecycle took to complete: 0ms
06-08 13:54:02.069 970 970 D SystemServerTiming: OnBootPhase_200_com.android.server.tare.InternalResourceService
06-08 13:54:02.069 970 970 V SystemServerTiming: OnBootPhase_200_com.android.server.tare.InternalResourceService took to complete: 0ms
06-08 13:54:02.069 970 970 D SystemServerTiming: OnBootPhase_200_com.android.server.alarm.AlarmManagerService
06-08 13:54:02.069 970 970 V SystemServerTiming: OnBootPhase_200_com.android.server.alarm.AlarmManagerService took to complete: 0ms
06-08 13:54:02.069 970 970 D SystemServerTiming: OnBootPhase_200_com.android.server.devicestate.DeviceStateManagerService
06-08 13:54:02.069 970 970 V SystemServerTiming: OnBootPhase_200_com.android.server.devicestate.DeviceStateManagerService took to complete: 0ms
06-08 13:54:02.069 970 970 D SystemServerTiming: OnBootPhase_200_com.android.server.camera.CameraServiceProxy
06-08 13:54:02.069 970 970 V SystemServerTiming: OnBootPhase_200_com.android.server.camera.CameraServiceProxy took to complete: 0ms
06-08 13:54:02.069 970 970 V SystemServerTiming: OnBootPhase_200 took to complete: 1ms
06-08 13:54:02.071 639 865 I zygote: Background concurrent copying GC freed 6023(301KB) AllocSpace objects, 0(0B) LOS objects, 53% free, 1361KB/2897KB, paused 13.904ms,14us total 49.482ms
06-08 13:54:02.071 639 639 W System: No Compatibility callbacks set! Querying change 247079863
06-08 13:54:02.072 639 639 W System: No Compatibility callbacks set! Querying change 247079863
06-08 13:54:02.072 639 639 W System: No Compatibility callbacks set! Querying change 247079863
01-01 08:00:22.673 324 324 E realtek-i2c 9801ba00.i2c-4: rtk_i2c_handle_tx_abort: slave address not acknowledged (7bit mode)
06-08 13:54:02.000 678 678 W binder:678_2: type=1400 audit(0.0:128): avc: denied { getattr } for path="/sys/devices/platform/soc@0/98000000.rbus/98007088.rtk-usb-manager/9800773c.usb-phy/extcon/extcon0/state" dev="sysfs" ino=53074 scontext=u:r:hal_graphics_composer_default:s0 tcontext=u:object_r:sysfs:s0 tclass=file permissive=0
06-08 13:54:02.072 639 639 W System: No Compatibility callbacks set! Querying change 247079863
06-08 13:54:02.072 639 639 W System: No Compatibility callbacks set! Querying change 247079863
06-08 13:54:02.072 639 639 W System: No Compatibility callbacks set! Querying change 247079863
06-08 13:54:02.072 639 639 W System: No Compatibility callbacks set! Querying change 247079863
06-08 13:54:02.072 639 639 W System: No Compatibility callbacks set! Querying change 247079863
06-08 13:54:02.072 639 639 W System: No Compatibility callbacks set! Querying change 247079863
06-08 13:54:02.072 639 639 W System: No Compatibility callbacks set! Querying change 247079863
06-08 13:54:02.072 639 639 W System: No Compatibility callbacks set! Querying change 247079863
06-08 13:54:02.073 639 639 W System: No Compatibility callbacks set! Querying change 247079863
06-08 13:54:02.073 639 639 W System: No Compatibility callbacks set! Querying change 247079863
06-08 13:54:02.073 639 639 W System: No Compatibility callbacks set! Querying change 247079863
06-08 13:54:02.073 639 639 W System: No Compatibility callbacks set! Querying change 247079863
06-08 13:54:02.073 639 639 W System: No Compatibility callbacks set! Querying change 247079863
06-08 13:54:02.073 639 639 W System: No Compatibility callbacks set! Querying change 247079863
06-08 13:54:02.073 639 639 W System: No Compatibility callbacks set! Querying change 247079863
06-08 13:54:02.073 639 639 W System: No Compatibility callbacks set! Querying change 247079863
06-08 13:54:02.073 639 639 W System: No Compatibility callbacks set! Querying change 247079863
06-08 13:54:02.073 639 639 W System: No Compatibility callbacks set! Querying change 247079863
06-08 13:54:02.073 639 639 W System: No Compatibility callbacks set! Querying change 247079863
06-08 13:54:02.073 639 639 W System: No Compatibility callbacks set! Querying change 247079863
06-08 13:54:02.074 639 639 W System: No Compatibility callbacks set! Querying change 247079863
06-08 13:54:02.074 639 639 W System: No Compatibility callbacks set! Querying change 247079863
06-08 13:54:02.074 970 970 I WindowManager: No existing display settings, starting empty
06-08 13:54:02.074 639 639 W System: No Compatibility callbacks set! Querying change 247079863
06-08 13:54:02.074 639 639 W System: No Compatibility callbacks set! Querying change 247079863
06-08 13:54:02.074 639 639 W System: No Compatibility callbacks set! Querying change 247079863
06-08 13:54:02.074 639 639 W System: No Compatibility callbacks set! Querying change 247079863
06-08 13:54:02.074 639 639 W System: No Compatibility callbacks set! Querying change 247079863
06-08 13:54:02.074 639 639 W System: No Compatibility callbacks set! Querying change 247079863
06-08 13:54:02.074 639 639 W System: No Compatibility callbacks set! Querying change 247079863
06-08 13:54:02.074 639 639 W System: No Compatibility callbacks set! Querying change 247079863
06-08 13:54:02.074 639 639 W System: No Compatibility callbacks set! Querying change 247079863
06-08 13:54:02.074 639 639 W System: No Compatibility callbacks set! Querying change 247079863
06-08 13:54:02.074 639 639 W System: No Compatibility callbacks set! Querying change 247079863
06-08 13:54:02.074 639 639 W System: No Compatibility callbacks set! Querying change 247079863
06-08 13:54:02.074 639 639 W System: No Compatibility callbacks set! Querying change 247079863
06-08 13:54:02.074 639 639 W System: No Compatibility callbacks set! Querying change 247079863
06-08 13:54:02.074 639 639 W System: No Compatibility callbacks set! Querying change 247079863
06-08 13:54:02.075 639 639 W System: No Compatibility callbacks set! Querying change 247079863
06-08 13:54:02.075 639 639 W System: No Compatibility callbacks set! Querying change 247079863
06-08 13:54:02.075 639 639 W System: No Compatibility callbacks set! Querying change 247079863
06-08 13:54:02.075 639 639 W System: No Compatibility callbacks set! Querying change 247079863
06-08 13:54:02.075 639 639 W System: No Compatibility callbacks set! Querying change 247079863
06-08 13:54:02.075 639 639 W System: No Compatibility callbacks set! Querying change 247079863
06-08 13:54:02.075 639 639 W System: No Compatibility callbacks set! Querying change 247079863
06-08 13:54:02.075 639 639 W System: No Compatibility callbacks set! Querying change 247079863
06-08 13:54:02.075 639 639 W System: No Compatibility callbacks set! Querying change 247079863
06-08 13:54:02.075 639 639 W System: No Compatibility callbacks set! Querying change 247079863
06-08 13:54:02.075 639 639 W System: No Compatibility callbacks set! Querying change 247079863
06-08 13:54:02.075 639 639 W System: No Compatibility callbacks set! Querying change 247079863
06-08 13:54:02.075 639 639 W System: No Compatibility callbacks set! Querying change 247079863
06-08 13:54:02.075 639 639 W System: No Compatibility callbacks set! Querying change 247079863
06-08 13:54:02.075 639 639 W System: No Compatibility callbacks set! Querying change 247079863
06-08 13:54:02.075 639 639 W System: No Compatibility callbacks set! Querying change 247079863
06-08 13:54:02.076 639 639 W System: No Compatibility callbacks set! Querying change 247079863
06-08 13:54:02.076 639 639 W System: No Compatibility callbacks set! Querying change 247079863
06-08 13:54:02.076 639 639 W System: No Compatibility callbacks set! Querying change 247079863
06-08 13:54:02.076 639 639 W System: No Compatibility callbacks set! Querying change 247079863
06-08 13:54:02.076 639 639 W System: No Compatibility callbacks set! Querying change 247079863
06-08 13:54:02.076 639 639 W System: No Compatibility callbacks set! Querying change 247079863
06-08 13:54:02.076 639 639 W System: No Compatibility callbacks set! Querying change 247079863
06-08 13:54:02.076 639 639 W System: No Compatibility callbacks set! Querying change 247079863
06-08 13:54:02.076 639 639 W System: No Compatibility callbacks set! Querying change 247079863
06-08 13:54:02.076 639 639 W System: No Compatibility callbacks set! Querying change 247079863
06-08 13:54:02.076 639 639 W System: No Compatibility callbacks set! Querying change 247079863
06-08 13:54:02.076 639 639 W System: No Compatibility callbacks set! Querying change 247079863
06-08 13:54:02.076 639 639 W System: No Compatibility callbacks set! Querying change 247079863
06-08 13:54:02.076 639 639 W System: No Compatibility callbacks set! Querying change 247079863
06-08 13:54:02.076 639 639 W System: No Compatibility callbacks set! Querying change 247079863
06-08 13:54:02.076 639 639 W System: No Compatibility callbacks set! Querying change 247079863
06-08 13:54:02.076 639 639 W System: No Compatibility callbacks set! Querying change 247079863
06-08 13:54:02.076 639 639 W System: No Compatibility callbacks set! Querying change 247079863
06-08 13:54:02.076 639 639 W System: No Compatibility callbacks set! Querying change 247079863
06-08 13:54:02.077 639 639 W System: No Compatibility callbacks set! Querying change 247079863
06-08 13:54:02.077 639 639 W System: No Compatibility callbacks set! Querying change 247079863
06-08 13:54:02.077 639 639 W System: No Compatibility callbacks set! Querying change 247079863
06-08 13:54:02.077 639 639 W System: No Compatibility callbacks set! Querying change 247079863
06-08 13:54:02.077 639 639 W System: No Compatibility callbacks set! Querying change 247079863
06-08 13:54:02.077 639 639 W System: No Compatibility callbacks set! Querying change 247079863
06-08 13:54:02.077 639 639 W System: No Compatibility callbacks set! Querying change 247079863
06-08 13:54:02.077 639 639 W System: No Compatibility callbacks set! Querying change 247079863
06-08 13:54:02.077 639 639 W System: No Compatibility callbacks set! Querying change 247079863
06-08 13:54:02.077 639 639 W System: No Compatibility callbacks set! Querying change 247079863
06-08 13:54:02.077 639 639 W System: No Compatibility callbacks set! Querying change 247079863
06-08 13:54:02.077 639 639 W System: No Compatibility callbacks set! Querying change 247079863
06-08 13:54:02.077 639 639 W System: No Compatibility callbacks set! Querying change 247079863
06-08 13:54:02.077 639 639 W System: No Compatibility callbacks set! Querying change 247079863
06-08 13:54:02.077 639 639 W System: No Compatibility callbacks set! Querying change 247079863
06-08 13:54:02.077 639 639 W System: No Compatibility callbacks set! Querying change 247079863
06-08 13:54:02.078 639 639 W System: No Compatibility callbacks set! Querying change 247079863
06-08 13:54:02.078 639 639 W System: No Compatibility callbacks set! Querying change 247079863
06-08 13:54:02.078 639 639 W System: No Compatibility callbacks set! Querying change 247079863
06-08 13:54:02.078 639 639 W System: No Compatibility callbacks set! Querying change 247079863
06-08 13:54:02.078 639 639 W System: No Compatibility callbacks set! Querying change 247079863
06-08 13:54:02.078 639 639 W System: No Compatibility callbacks set! Querying change 247079863
06-08 13:54:02.078 639 639 W System: No Compatibility callbacks set! Querying change 247079863
06-08 13:54:02.078 639 639 W System: No Compatibility callbacks set! Querying change 247079863
06-08 13:54:02.078 639 639 W System: No Compatibility callbacks set! Querying change 247079863
06-08 13:54:02.078 639 639 W System: No Compatibility callbacks set! Querying change 247079863
06-08 13:54:02.078 639 639 W System: No Compatibility callbacks set! Querying change 247079863
06-08 13:54:02.078 639 639 W System: No Compatibility callbacks set! Querying change 247079863
06-08 13:54:02.078 639 639 W System: No Compatibility callbacks set! Querying change 247079863
06-08 13:54:02.078 639 639 W System: No Compatibility callbacks set! Querying change 247079863
06-08 13:54:02.079 639 639 W System: No Compatibility callbacks set! Querying change 247079863
06-08 13:54:02.079 639 639 W System: No Compatibility callbacks set! Querying change 247079863
06-08 13:54:02.079 639 639 W System: No Compatibility callbacks set! Querying change 247079863
06-08 13:54:02.079 639 639 W System: No Compatibility callbacks set! Querying change 247079863
06-08 13:54:02.079 639 639 W System: No Compatibility callbacks set! Querying change 247079863
06-08 13:54:02.080 639 639 W System: No Compatibility callbacks set! Querying change 247079863
06-08 13:54:02.080 639 639 W System: No Compatibility callbacks set! Querying change 247079863
06-08 13:54:02.080 639 639 W System: No Compatibility callbacks set! Querying change 247079863
06-08 13:54:02.080 639 639 W System: No Compatibility callbacks set! Querying change 247079863
06-08 13:54:02.081 639 639 W System: No Compatibility callbacks set! Querying change 247079863
06-08 13:54:02.081 639 639 W System: No Compatibility callbacks set! Querying change 247079863
06-08 13:54:02.081 639 639 W System: No Compatibility callbacks set! Querying change 247079863
06-08 13:54:02.081 639 639 W System: No Compatibility callbacks set! Querying change 247079863
06-08 13:54:02.081 639 639 W System: No Compatibility callbacks set! Querying change 247079863
06-08 13:54:02.081 639 639 W System: No Compatibility callbacks set! Querying change 247079863
06-08 13:54:02.081 639 639 W System: No Compatibility callbacks set! Querying change 247079863
06-08 13:54:02.081 639 639 W System: No Compatibility callbacks set! Querying change 247079863
06-08 13:54:02.081 639 639 W System: No Compatibility callbacks set! Querying change 247079863
06-08 13:54:02.082 639 639 W System: No Compatibility callbacks set! Querying change 247079863
06-08 13:54:02.082 639 639 W System: No Compatibility callbacks set! Querying change 247079863
01-01 08:00:22.684 324 324 E realtek-i2c 9801ba00.i2c-4: rtk_i2c_handle_tx_abort: slave address not acknowledged (7bit mode)
06-08 13:54:02.082 639 639 W System: No Compatibility callbacks set! Querying change 247079863
06-08 13:54:02.000 678 678 W binder:678_2: type=1400 audit(0.0:129): avc: denied { getattr } for path="/sys/devices/platform/soc@0/98000000.rbus/98007088.rtk-usb-manager/98007220.type-c/extcon/extcon1/state" dev="sysfs" ino=55415 scontext=u:r:hal_graphics_composer_default:s0 tcontext=u:object_r:sysfs:s0 tclass=file permissive=0
06-08 13:54:02.083 639 639 W System: No Compatibility callbacks set! Querying change 247079863
06-08 13:54:02.083 639 639 W System: No Compatibility callbacks set! Querying change 247079863
06-08 13:54:02.083 970 992 I WindowTracing: Setting window tracing log level to 1
06-08 13:54:02.083 970 992 I WindowTracing: Setting window tracing buffer capacity to 10485760bytes
06-08 13:54:02.083 639 639 W System: No Compatibility callbacks set! Querying change 247079863
06-08 13:54:02.083 639 639 W System: No Compatibility callbacks set! Querying change 247079863
06-08 13:54:02.083 639 639 W System: No Compatibility callbacks set! Querying change 247079863
06-08 13:54:02.083 639 639 W System: No Compatibility callbacks set! Querying change 247079863
06-08 13:54:02.083 639 639 W System: No Compatibility callbacks set! Querying change 247079863
06-08 13:54:02.084 639 639 W System: No Compatibility callbacks set! Querying change 247079863
06-08 13:54:02.084 639 639 W System: No Compatibility callbacks set! Querying change 247079863
06-08 13:54:02.084 639 639 W System: No Compatibility callbacks set! Querying change 247079863
06-08 13:54:02.084 639 639 W System: No Compatibility callbacks set! Querying change 247079863
06-08 13:54:02.084 639 639 W System: No Compatibility callbacks set! Querying change 247079863
06-08 13:54:02.084 639 639 W System: No Compatibility callbacks set! Querying change 247079863
06-08 13:54:02.084 639 639 W System: No Compatibility callbacks set! Querying change 247079863
06-08 13:54:02.085 639 639 W System: No Compatibility callbacks set! Querying change 247079863
06-08 13:54:02.085 639 639 W System: No Compatibility callbacks set! Querying change 247079863
06-08 13:54:02.085 639 639 W System: No Compatibility callbacks set! Querying change 247079863
06-08 13:54:02.085 639 639 W System: No Compatibility callbacks set! Querying change 247079863
06-08 13:54:02.085 639 639 W System: No Compatibility callbacks set! Querying change 247079863
06-08 13:54:02.085 639 639 W System: No Compatibility callbacks set! Querying change 247079863
06-08 13:54:02.085 639 639 W System: No Compatibility callbacks set! Querying change 247079863
06-08 13:54:02.085 639 639 W System: No Compatibility callbacks set! Querying change 247079863
06-08 13:54:02.086 639 639 W System: No Compatibility callbacks set! Querying change 247079863
06-08 13:54:02.086 639 639 W System: No Compatibility callbacks set! Querying change 247079863
06-08 13:54:02.086 639 639 W System: No Compatibility callbacks set! Querying change 247079863
06-08 13:54:02.086 639 639 W System: No Compatibility callbacks set! Querying change 247079863
06-08 13:54:02.086 639 639 W System: No Compatibility callbacks set! Querying change 247079863
06-08 13:54:02.086 639 639 W System: No Compatibility callbacks set! Querying change 247079863
06-08 13:54:02.086 639 639 W System: No Compatibility callbacks set! Querying change 247079863
06-08 13:54:02.086 639 639 W System: No Compatibility callbacks set! Querying change 247079863
06-08 13:54:02.086 639 639 W System: No Compatibility callbacks set! Querying change 247079863
06-08 13:54:02.087 639 639 W System: No Compatibility callbacks set! Querying change 247079863
06-08 13:54:02.087 639 639 W System: No Compatibility callbacks set! Querying change 247079863
06-08 13:54:02.087 639 639 W System: No Compatibility callbacks set! Querying change 247079863
06-08 13:54:02.088 639 639 W System: No Compatibility callbacks set! Querying change 247079863
06-08 13:54:02.088 639 639 W System: No Compatibility callbacks set! Querying change 247079863
06-08 13:54:02.088 639 639 W System: No Compatibility callbacks set! Querying change 247079863
06-08 13:54:02.088 639 639 W System: No Compatibility callbacks set! Querying change 247079863
06-08 13:54:02.088 639 639 W System: No Compatibility callbacks set! Querying change 247079863
06-08 13:54:02.088 639 639 W System: No Compatibility callbacks set! Querying change 247079863
06-08 13:54:02.088 639 639 W System: No Compatibility callbacks set! Querying change 247079863
06-08 13:54:02.088 639 639 W System: No Compatibility callbacks set! Querying change 247079863
06-08 13:54:02.089 639 639 W System: No Compatibility callbacks set! Querying change 247079863
06-08 13:54:02.089 639 639 W System: No Compatibility callbacks set! Querying change 247079863
06-08 13:54:02.089 639 639 W System: No Compatibility callbacks set! Querying change 247079863
06-08 13:54:02.089 639 639 W System: No Compatibility callbacks set! Querying change 247079863
06-08 13:54:02.089 639 639 W System: No Compatibility callbacks set! Querying change 247079863
06-08 13:54:02.089 639 639 W System: No Compatibility callbacks set! Querying change 247079863
06-08 13:54:02.089 639 639 W System: No Compatibility callbacks set! Querying change 247079863
06-08 13:54:02.090 639 639 W System: No Compatibility callbacks set! Querying change 247079863
06-08 13:54:02.090 639 639 W System: No Compatibility callbacks set! Querying change 247079863
06-08 13:54:02.090 639 639 W System: No Compatibility callbacks set! Querying change 247079863
06-08 13:54:02.090 639 639 W System: No Compatibility callbacks set! Querying change 247079863
06-08 13:54:02.090 639 639 W System: No Compatibility callbacks set! Querying change 247079863
06-08 13:54:02.090 639 639 W System: No Compatibility callbacks set! Querying change 247079863
06-08 13:54:02.090 639 639 W System: No Compatibility callbacks set! Querying change 247079863
06-08 13:54:02.090 639 639 W System: No Compatibility callbacks set! Querying change 247079863
06-08 13:54:02.090 639 639 W System: No Compatibility callbacks set! Querying change 247079863
06-08 13:54:02.091 639 639 W System: No Compatibility callbacks set! Querying change 247079863
06-08 13:54:02.091 639 639 W System: No Compatibility callbacks set! Querying change 247079863
06-08 13:54:02.091 639 639 W System: No Compatibility callbacks set! Querying change 247079863
06-08 13:54:02.091 639 639 W System: No Compatibility callbacks set! Querying change 247079863
06-08 13:54:02.091 639 639 W System: No Compatibility callbacks set! Querying change 247079863
06-08 13:54:02.091 639 639 W System: No Compatibility callbacks set! Querying change 247079863
06-08 13:54:02.091 639 639 W System: No Compatibility callbacks set! Querying change 247079863
06-08 13:54:02.091 639 639 W System: No Compatibility callbacks set! Querying change 247079863
06-08 13:54:02.092 639 639 W System: No Compatibility callbacks set! Querying change 247079863
06-08 13:54:02.092 639 639 W System: No Compatibility callbacks set! Querying change 247079863
06-08 13:54:02.092 639 639 W System: No Compatibility callbacks set! Querying change 247079863
06-08 13:54:02.092 639 639 W System: No Compatibility callbacks set! Querying change 247079863
06-08 13:54:02.092 639 639 W System: No Compatibility callbacks set! Querying change 247079863
06-08 13:54:02.092 639 639 W System: No Compatibility callbacks set! Querying change 247079863
06-08 13:54:02.092 639 639 W System: No Compatibility callbacks set! Querying change 247079863
06-08 13:54:02.092 639 639 W System: No Compatibility callbacks set! Querying change 247079863
06-08 13:54:02.092 639 639 W System: No Compatibility callbacks set! Querying change 247079863
06-08 13:54:02.092 639 639 W System: No Compatibility callbacks set! Querying change 247079863
01-01 08:00:22.693 324 324 E realtek-i2c 9801ba00.i2c-4: rtk_i2c_handle_tx_abort: slave address not acknowledged (7bit mode)
06-08 13:54:02.092 639 639 W System: No Compatibility callbacks set! Querying change 247079863
06-08 13:54:02.092 639 639 W System: No Compatibility callbacks set! Querying change 247079863
06-08 13:54:02.000 678 678 W binder:678_2: type=1400 audit(0.0:130): avc: denied { getattr } for path="/sys/devices/platform/soc@0/98000000.rbus/98007088.rtk-usb-manager/9800773c.usb-phy/extcon/extcon0/state" dev="sysfs" ino=53074 scontext=u:r:hal_graphics_composer_default:s0 tcontext=u:object_r:sysfs:s0 tclass=file permissive=0
06-08 13:54:02.093 639 639 W System: No Compatibility callbacks set! Querying change 247079863
06-08 13:54:02.093 639 639 W System: No Compatibility callbacks set! Querying change 247079863
06-08 13:54:02.093 639 639 W System: No Compatibility callbacks set! Querying change 247079863
06-08 13:54:02.093 639 639 W System: No Compatibility callbacks set! Querying change 247079863
06-08 13:54:02.093 639 639 W System: No Compatibility callbacks set! Querying change 247079863
06-08 13:54:02.093 639 639 W System: No Compatibility callbacks set! Querying change 247079863
06-08 13:54:02.093 639 639 W System: No Compatibility callbacks set! Querying change 247079863
06-08 13:54:02.093 639 639 W System: No Compatibility callbacks set! Querying change 247079863
06-08 13:54:02.093 639 639 W System: No Compatibility callbacks set! Querying change 247079863
06-08 13:54:02.093 639 639 W System: No Compatibility callbacks set! Querying change 247079863
06-08 13:54:02.093 639 639 W System: No Compatibility callbacks set! Querying change 247079863
06-08 13:54:02.093 639 639 W System: No Compatibility callbacks set! Querying change 247079863
06-08 13:54:02.093 639 639 W System: No Compatibility callbacks set! Querying change 247079863
06-08 13:54:02.094 639 639 W System: No Compatibility callbacks set! Querying change 247079863
06-08 13:54:02.094 639 639 W System: No Compatibility callbacks set! Querying change 247079863
06-08 13:54:02.094 639 639 W System: No Compatibility callbacks set! Querying change 247079863
06-08 13:54:02.094 639 639 W System: No Compatibility callbacks set! Querying change 247079863
06-08 13:54:02.094 639 639 W System: No Compatibility callbacks set! Querying change 247079863
06-08 13:54:02.094 639 639 W System: No Compatibility callbacks set! Querying change 247079863
06-08 13:54:02.094 639 639 W System: No Compatibility callbacks set! Querying change 247079863
06-08 13:54:02.094 639 639 W System: No Compatibility callbacks set! Querying change 247079863
06-08 13:54:02.094 639 639 W System: No Compatibility callbacks set! Querying change 247079863
06-08 13:54:02.094 639 639 W System: No Compatibility callbacks set! Querying change 247079863
06-08 13:54:02.094 639 639 W System: No Compatibility callbacks set! Querying change 247079863
06-08 13:54:02.094 639 639 W System: No Compatibility callbacks set! Querying change 247079863
06-08 13:54:02.094 639 639 W System: No Compatibility callbacks set! Querying change 247079863
06-08 13:54:02.094 639 639 W System: No Compatibility callbacks set! Querying change 247079863
06-08 13:54:02.094 639 639 W System: No Compatibility callbacks set! Querying change 247079863
06-08 13:54:02.095 639 639 W System: No Compatibility callbacks set! Querying change 247079863
06-08 13:54:02.095 639 639 W System: No Compatibility callbacks set! Querying change 247079863
06-08 13:54:02.095 639 639 W System: No Compatibility callbacks set! Querying change 247079863
06-08 13:54:02.095 639 639 W System: No Compatibility callbacks set! Querying change 247079863
06-08 13:54:02.095 639 639 W System: No Compatibility callbacks set! Querying change 247079863
06-08 13:54:02.095 639 639 W System: No Compatibility callbacks set! Querying change 247079863
06-08 13:54:02.095 639 639 W System: No Compatibility callbacks set! Querying change 247079863
06-08 13:54:02.095 639 639 W System: No Compatibility callbacks set! Querying change 247079863
06-08 13:54:02.095 639 639 W System: No Compatibility callbacks set! Querying change 247079863
06-08 13:54:02.095 639 639 W System: No Compatibility callbacks set! Querying change 247079863
06-08 13:54:02.095 639 639 W System: No Compatibility callbacks set! Querying change 247079863
06-08 13:54:02.095 639 639 W System: No Compatibility callbacks set! Querying change 247079863
06-08 13:54:02.095 639 639 W System: No Compatibility callbacks set! Querying change 247079863
06-08 13:54:02.095 639 639 W System: No Compatibility callbacks set! Querying change 247079863
06-08 13:54:02.095 639 639 W System: No Compatibility callbacks set! Querying change 247079863
06-08 13:54:02.095 639 639 W System: No Compatibility callbacks set! Querying change 247079863
06-08 13:54:02.095 639 639 W System: No Compatibility callbacks set! Querying change 247079863
06-08 13:54:02.096 639 639 W System: No Compatibility callbacks set! Querying change 247079863
06-08 13:54:02.096 639 639 W System: No Compatibility callbacks set! Querying change 247079863
06-08 13:54:02.096 639 639 W System: No Compatibility callbacks set! Querying change 247079863
06-08 13:54:02.096 639 639 W System: No Compatibility callbacks set! Querying change 247079863
06-08 13:54:02.096 639 639 W System: No Compatibility callbacks set! Querying change 247079863
06-08 13:54:02.096 639 639 W System: No Compatibility callbacks set! Querying change 247079863
06-08 13:54:02.096 639 639 W System: No Compatibility callbacks set! Querying change 247079863
06-08 13:54:02.096 639 639 W System: No Compatibility callbacks set! Querying change 247079863
06-08 13:54:02.096 639 639 W System: No Compatibility callbacks set! Querying change 247079863
06-08 13:54:02.096 639 639 W System: No Compatibility callbacks set! Querying change 247079863
06-08 13:54:02.096 639 639 W System: No Compatibility callbacks set! Querying change 247079863
06-08 13:54:02.096 639 639 W System: No Compatibility callbacks set! Querying change 247079863
06-08 13:54:02.096 639 639 W System: No Compatibility callbacks set! Querying change 247079863
06-08 13:54:02.096 639 639 W System: No Compatibility callbacks set! Querying change 247079863
06-08 13:54:02.096 639 639 W System: No Compatibility callbacks set! Querying change 247079863
06-08 13:54:02.096 639 639 W System: No Compatibility callbacks set! Querying change 247079863
06-08 13:54:02.097 639 639 W System: No Compatibility callbacks set! Querying change 247079863
06-08 13:54:02.097 639 639 W System: No Compatibility callbacks set! Querying change 247079863
06-08 13:54:02.097 639 639 W System: No Compatibility callbacks set! Querying change 247079863
06-08 13:54:02.097 639 639 W System: No Compatibility callbacks set! Querying change 247079863
06-08 13:54:02.097 639 639 W System: No Compatibility callbacks set! Querying change 247079863
06-08 13:54:02.097 639 639 W System: No Compatibility callbacks set! Querying change 247079863
06-08 13:54:02.097 639 639 W System: No Compatibility callbacks set! Querying change 247079863
01-01 08:00:22.703 324 324 E realtek-i2c 9801ba00.i2c-4: rtk_i2c_handle_tx_abort: slave address not acknowledged (7bit mode)
