01-01 08:00:07.799 8 8 I device-selector runtime-devices: populate childs in /runtime-devices/devices@0
01-01 08:00:07.800 8 8 W raa271003-regulator regulator: DMA mask not set
01-01 08:00:07.803 279 279 I realtek-i2c 98007c00.i2c-1: use hwlock8
01-01 08:00:07.811 1 1 I init: ... started service 'boringssl_self_test32' has pid 281
01-01 08:00:07.813 279 279 I realtek-i2c 98007c00.i2c-1: i2c sda hold time = 0x76
01-01 08:00:07.814 1 1 I init: SVC_EXEC service 'boringssl_self_test32' pid 281 (uid 9999 gid 0+0 context default) started; waiting...
01-01 08:00:07.815 270 270 I logd.auditd: start
01-01 08:00:07.829 279 279 I realtek-i2c 9801b800.i2c-6: can't find nvmem cell node
01-01 08:00:07.836 8 8 I : Adding alias for supply cpu,cpu0 -> cpu-p0p1,cpudvs-supply-alias
01-01 08:00:07.842 8 8 I : Adding alias for supply cpu,cpu1 -> cpu-p0p1,cpudvs-supply-alias
01-01 08:00:07.845 8 8 I : Adding alias for supply cpu,cpu2 -> cpu-p0p1,cpudvs-supply-alias
01-01 08:00:07.849 8 8 I : Adding alias for supply cpu,cpu3 -> cpu-p0p1,cpudvs-supply-alias
01-01 08:00:07.852 279 279 I realtek-i2c 9801b800.i2c-6: use hwlock12
01-01 08:00:07.860 8 8 I cpu0: EM: created perf domain
01-01 08:00:07.871 160 160 I snapuserd: product_b: Partition: product Block-device: /dev/block/dm-33 Size: 393625600 verification success. Duration : 5311 ms
01-01 08:00:07.875 279 279 E realtek-i2c 9801b800.i2c-6: can't get pin state, bus recovery not support
01-01 08:00:07.880 270 270 I logd: Loaded bug_map file: /vendor/etc/selinux/selinux_denial_metadata
01-01 08:00:07.882 279 279 I realtek-i2c 9801b800.i2c-6: i2c sda hold time = 0x33
01-01 08:00:07.885 279 279 I realtek-i2c 9801b900.i2c-3: can't find nvmem cell node
01-01 08:00:07.886 280 280 I vndservicemanager: Starting sm instance on /dev/vndbinder
01-01 08:00:07.890 279 279 I realtek-i2c 9801b900.i2c-3: use hwlock9
01-01 08:00:07.893 270 270 I logd: Loaded bug_map file: /system/etc/selinux/bug_map
01-01 08:00:07.905 279 279 E realtek-i2c 9801b900.i2c-3: can't get pin state, bus recovery not support
01-01 08:00:07.910 280 280 I SELinux: SELinux: Loaded vndservice context from:
01-01 08:00:07.912 280 280 I SELinux: /vendor/etc/selinux/vndservice_contexts
01-01 08:00:07.822 278 278 I hwservicemanager: getFrameworkHalManifest: Reading VINTF information.
01-01 08:00:07.928 279 279 I realtek-i2c 9801b900.i2c-3: i2c sda hold time = 0x33
01-01 08:00:07.952 279 279 I realtek-i2c 9801ba00.i2c-4: can't find nvmem cell node
01-01 08:00:07.960 279 279 I realtek-i2c 9801ba00.i2c-4: use hwlock10
01-01 08:00:07.967 1 1 I init: Service 'boringssl_self_test32' (pid 281) exited with status 0 waiting took 0.164000 seconds
01-01 08:00:07.970 279 279 E realtek-i2c 9801ba00.i2c-4: can't get pin state, bus recovery not support
01-01 08:00:07.970 279 279 I realtek-i2c 9801ba00.i2c-4: i2c sda hold time = 0x33
01-01 08:00:07.973 279 279 E nfc_si522a 4-0028: NFC Driver enter
01-01 08:00:07.984 1 1 I init: Sending signal 9 to service 'boringssl_self_test32' (pid 281) process group...
01-01 08:00:07.987 1 1 I libprocessgroup: Successfully killed process cgroup uid 9999 pid 281 in 0ms
01-01 08:00:07.992 1 1 I init: processing action (ro.product.cpu.abilist64=* && init) from (/system/etc/init/hw/init.rc:486)
01-01 08:00:07.996 1 1 I init: starting service 'boringssl_self_test64'...
01-01 08:00:08.000 1 1 I init: ... started service 'boringssl_self_test64' has pid 290
01-01 08:00:08.003 1 1 I init: SVC_EXEC service 'boringssl_self_test64' pid 290 (uid 9999 gid 0+0 context default) started; waiting...
01-01 08:00:07.905 278 278 I hwservicemanager: getDeviceHalManifest: Reading VINTF information.
01-01 08:00:07.910 278 278 I hwservicemanager: getDeviceHalManifest: Successfully processed VINTF information
01-01 08:00:07.910 278 278 I hwservicemanager: getFrameworkHalManifest: Successfully processed VINTF information
01-01 08:00:07.911 278 278 I hwservicemanager: hwservicemanager is ready now.
01-01 08:00:08.034 1 1 I init: Service 'boringssl_self_test64' (pid 290) exited with status 0 waiting took 0.035000 seconds
01-01 08:00:08.037 1 1 I init: Sending signal 9 to service 'boringssl_self_test64' (pid 290) process group...
01-01 08:00:08.040 1 1 I libprocessgroup: Successfully killed process cgroup uid 9999 pid 290 in 0ms
01-01 08:00:08.046 1 1 I init: processing action (ro.debuggable=1 && init) from (/system/etc/init/hw/init.rc:1315)
01-01 08:00:08.052 1 1 I init: starting service 'console'...
01-01 08:00:08.059 1 1 I init: ... started service 'console' has pid 291
01-01 08:00:08.060 1 1 I init: processing action (init) from (/system/etc/init/hw/init.usb.rc:27)
01-01 08:00:08.061 1 1 I init: processing action (init) from (/system/etc/init/audioserver.rc:58)
01-01 08:00:08.061 1 1 I init: processing action (init) from (/system/etc/init/cardisplayproxyd.rc:7)
01-01 08:00:08.069 1 1 I init: starting service 'cardisplayproxyd'...
01-01 08:00:08.078 1 1 I init: ... started service 'cardisplayproxyd' has pid 292
01-01 08:00:08.082 1 1 I init: processing action (init) from (/system/etc/init/carwatchdogd.rc:55)
01-01 08:00:08.086 1 1 I init: starting service 'carwatchdogd'...
01-01 08:00:08.090 1 1 I init: ... started service 'carwatchdogd' has pid 293
01-01 08:00:08.093 1 1 I init: processing action (init) from (/system/etc/init/evs_app.rc:12)
01-01 08:00:08.108 1 1 I init: starting service 'evs_app'...
01-01 08:00:08.116 1 1 I init: ... started service 'evs_app' has pid 294
01-01 08:00:08.118 1 1 I init: processing action (init) from (/system/etc/init/init.evs.rc:1)
01-01 08:00:08.121 1 1 I init: starting service 'evsmanagerd'...
01-01 08:00:08.146 1 1 I init: ... started service 'evsmanagerd' has pid 295
01-01 08:00:08.148 1 1 I init: processing action (init) from (/vendor/etc/init/android.hardware.automotive.evs-default.rc:10)
01-01 08:00:08.152 1 1 I init: starting service 'vendor.gralloc-v1'...
01-01 08:00:08.166 1 1 I init: ... started service 'vendor.gralloc-v1' has pid 296
01-01 08:00:08.173 1 1 I init: starting service 'android.hardware.automotive.evs-default'...
01-01 08:00:08.077 293 293 E cutils-trace: Error opening trace file: Permission denied (13)
01-01 08:00:08.178 1 1 I init: ... started service 'android.hardware.automotive.evs-default' has pid 299
01-01 08:00:08.183 273 273 E cutils-trace: Error opening trace file: Permission denied (13)
01-01 08:00:08.183 273 273 I servicemanager: getDeviceHalManifest: Reading VINTF information.
01-01 08:00:08.187 1 1 I init: processing action (init) from (/vendor/etc/init/init.kent.poweralloc.rc:8)
01-01 08:00:08.190 273 273 I servicemanager: getDeviceHalManifest: Successfully processed VINTF information
01-01 08:00:08.190 1 1 I init: processing action (init) from (/vendor/etc/init/init.kent.rc:31)
01-01 08:00:08.194 273 273 I servicemanager: getFrameworkHalManifest: Reading VINTF information.
01-01 08:00:08.196 273 273 I servicemanager: getFrameworkHalManifest: Successfully processed VINTF information
01-01 08:00:08.198 1 1 I init: Command 'start watchdogd' action=init (/vendor/etc/init/init.kent.rc:39) took 0ms and failed: service watchdogd not found
01-01 08:00:08.198 273 273 I servicemanager: Found android.hardware.automotive.vehicle.IVehicle/default in device VINTF manifest.
01-01 08:00:08.204 1 1 I init: service 'console' requested start, but it is already running (flags: 2196)
01-01 08:00:08.104 293 293 I ServiceManagerCppClient: Waiting for service 'android.hardware.automotive.vehicle.IVehicle/default' on '/dev/binder'...
01-01 08:00:08.215 1 1 I init: processing action (init) from (/vendor/etc/init/init.kent.tunning.rc:1)
01-01 08:00:08.218 1 1 I init: processing action (init) from (/vendor/etc/init/vendor.realtek.tinyosd-default.rc:6)
01-01 08:00:08.221 1 1 I init: starting service 'rtktinyosd'...
01-01 08:00:08.228 1 1 I init: ... started service 'rtktinyosd' has pid 300
01-01 08:00:08.230 1 1 I init: processing action (late-init) from (/system/etc/init/hw/init.rc:532)
01-01 08:00:08.234 1 1 I init: processing action (late-init) from (/system/etc/init/atrace.rc:3)
01-01 08:00:08.263 1 1 I init: processing action (queue_property_triggers) from (:0)
01-01 08:00:08.266 1 1 I init: processing action (early-fs) from (/system/etc/init/hw/init.rc:565)
01-01 08:00:08.280 1 1 I init: starting service 'vold'...
01-01 08:00:08.290 1 1 I init: ... started service 'vold' has pid 301
01-01 08:00:08.294 1 1 I init: processing action (early-fs) from (/vendor/etc/init/syslog_service.rc:1)
01-01 08:00:08.298 1 1 I init: processing action (fs) from (/system/etc/init/logd.rc:29)
01-01 08:00:08.300 1 1 I init: processing action (fs) from (/system/etc/init/wifi.rc:25)
01-01 08:00:08.305 1 1 I init: processing action (fs) from (/vendor/etc/init/init.common.usb.rc:6)
01-01 08:00:08.313 1 1 I init: Command 'mount configfs none /config' action=fs (/vendor/etc/init/init.common.usb.rc:10) took 0ms and failed: mount() failed: Device or resource busy
01-01 08:00:08.320 214 214 I : file system registered
01-01 08:00:08.324 1 1 I init: processing action (fs) from (/vendor/etc/init/init.kent.rc:67)
01-01 08:00:08.329 1 1 I init: [libfs_mgr] superblock s_max_mnt_count:65535,/dev/block/by-name/store_a
01-01 08:00:08.333 1 1 I init: [libfs_mgr] Filesystem on /dev/block/by-name/store_a was not cleanly shutdown; state flags: 0x1, incompat feature flags: 0x2c6
01-01 08:00:08.340 1 1 W EXT4-fs (mmcblk0p45): Ignoring removed nomblk_io_submit option
01-01 08:00:08.255 295 295 I evsmanagerd: EVS manager starting
01-01 08:00:08.255 295 295 I evsmanagerd: Main thread entering thread pool
01-01 08:00:08.255 295 304 I evsmanagerd: EVS managed service connecting to hardware service at hw/1
01-01 08:00:08.256 295 304 E cutils-trace: Error opening trace file: Permission denied (13)
01-01 08:00:08.362 273 273 I servicemanager: Found android.hardware.automotive.evs.IEvsEnumerator/hw/1 in device VINTF manifest.
01-01 08:00:08.260 295 304 I evsmanagerd: Failed to connect to AIDL EVS HAL implementation. Trying to connect to HIDL EVS HAL implementation instead.
01-01 08:00:08.261 278 278 E cutils-trace: Error opening trace file: Permission denied (13)
01-01 08:00:08.261 278 278 I hwservicemanager: getTransport: Cannot find entry android.hardware.automotive.evs@1.1::IEvsEnumerator/hw/1 in either framework or device VINTF manifest.
01-01 08:00:08.262 295 304 I evsmanagerd: No EVS HAL implementation is available. Retrying after 1000 ms
01-01 08:00:08.365 1 1 I EXT4-fs (mmcblk0p45): recovery complete
01-01 08:00:08.369 1 1 I EXT4-fs (mmcblk0p45): mounted filesystem with ordered data mode. Opts: errors=remount-ro,nomblk_io_submit. Quota mode: none.
01-01 08:00:08.376 1 1 I init: [libfs_mgr] check_fs(): mount(/dev/block/by-name/store_a,/mnt/vendor_logs/LastLogs,ext4)=0: Success
01-01 08:00:08.393 1 1 I init: [libfs_mgr] umount_retry(): unmount(/mnt/vendor_logs/LastLogs) succeeded
01-01 08:00:08.399 1 1 I init: [libfs_mgr] Running /system/bin/e2fsck on /dev/block/mmcblk0p45
01-01 08:00:08.346 296 296 E cutils-trace: Error opening trace file: Permission denied (13)
01-01 08:00:08.452 273 273 I servicemanager: Found android.hardware.graphics.allocator.IAllocator/default in device VINTF manifest.
01-01 08:00:08.478 273 273 I servicemanager: Found android.frameworks.automotive.display.ICarDisplayProxy/default in framework VINTF manifest.
01-01 08:00:08.483 273 273 I servicemanager: Found vendor.realtek.tinyosd.ITinyOsd/default in device VINTF manifest.
01-01 08:00:08.495 1 1 I e2fsck: e2fsck 1.46.6 (1-Feb-2023)
01-01 08:00:08.499 1 1 I e2fsck: Pass 1: Checking inodes, blocks, and sizes
01-01 08:00:08.502 1 1 I e2fsck: Pass 2: Checking directory structure
01-01 08:00:08.504 1 1 I e2fsck: Pass 3: Checking directory connectivity
01-01 08:00:08.507 273 273 I servicemanager: Found android.frameworks.automotive.display.ICarDisplayProxy/default in framework VINTF manifest.
01-01 08:00:08.508 1 1 I e2fsck: Pass 4: Checking reference counts
01-01 08:00:08.512 1 1 I e2fsck: Pass 5: Checking group summary information
01-01 08:00:08.514 1 1 I e2fsck: /dev/block/by-name/store_a: 17/2048 files (17.6% non-contiguous), 2543/4096 blocks
01-01 08:00:08.532 1 1 I EXT4-fs (mmcblk0p45): mounted filesystem with ordered data mode. Opts: . Quota mode: none.
01-01 08:00:08.536 1 1 I init: [libfs_mgr] __mount(source=/dev/block/by-name/store_a,target=/mnt/vendor_logs/LastLogs,type=ext4)=0: Success
01-01 08:00:08.548 1 1 I init: [libfs_mgr] superblock s_max_mnt_count:65535,/dev/block/by-name/store_b
01-01 08:00:08.558 1 1 I init: [libfs_mgr] Filesystem on /dev/block/by-name/store_b was not cleanly shutdown; state flags: 0x1, incompat feature flags: 0x2c6
01-01 08:00:08.456 301 301 I vold: Vold 3.0 (the awakening) firing up
01-01 08:00:08.457 301 301 D vold: Detected support for: ext4 f2fs vfat
01-01 08:00:08.463 301 301 D vold: VoldNativeService::start() completed OK
01-01 08:00:08.567 1 1 W EXT4-fs (mmcblk0p46): Ignoring removed nomblk_io_submit option
01-01 08:00:08.588 279 279 E realtek-i2c 9801ba00.i2c-4: rtk_i2c_handle_tx_abort: slave address not acknowledged (7bit mode)
01-01 08:00:08.591 279 279 E realtek-i2c 9801ba00.i2c-4: rtk_i2c_handle_tx_abort: slave address not acknowledged (7bit mode)
01-01 08:00:08.594 279 279 E realtek-i2c 9801ba00.i2c-4: rtk_i2c_handle_tx_abort: slave address not acknowledged (7bit mode)
01-01 08:00:08.610 1 1 I EXT4-fs (mmcblk0p46): recovery complete
01-01 08:00:08.612 1 1 I EXT4-fs (mmcblk0p46): mounted filesystem with ordered data mode. Opts: errors=remount-ro,nomblk_io_submit. Quota mode: none.
01-01 08:00:08.614 279 279 E realtek-i2c 9801ba00.i2c-4: rtk_i2c_handle_tx_abort: slave address not acknowledged (7bit mode)
01-01 08:00:08.615 1 1 I init: [libfs_mgr] check_fs(): mount(/dev/block/by-name/store_b,/mnt/vendor_logs/PreviousLogs,ext4)=0: Success
01-01 08:00:08.632 279 279 E realtek-i2c 9801ba00.i2c-4: rtk_i2c_handle_tx_abort: slave address not acknowledged (7bit mode)
01-01 08:00:08.635 279 279 E realtek-i2c 9801ba00.i2c-4: rtk_i2c_handle_tx_abort: slave address not acknowledged (7bit mode)
01-01 08:00:08.640 1 1 I init: [libfs_mgr] umount_retry(): unmount(/mnt/vendor_logs/PreviousLogs) succeeded
01-01 08:00:08.640 279 279 E realtek-i2c 9801ba00.i2c-4: rtk_i2c_handle_tx_abort: slave address not acknowledged (7bit mode)
01-01 08:00:08.643 1 1 I init: [libfs_mgr] Running /system/bin/e2fsck on /dev/block/mmcblk0p46
01-01 08:00:08.648 279 279 E realtek-i2c 9801ba00.i2c-4: rtk_i2c_handle_tx_abort: slave address not acknowledged (7bit mode)
01-01 08:00:08.651 279 279 E realtek-i2c 9801ba00.i2c-4: rtk_i2c_handle_tx_abort: slave address not acknowledged (7bit mode)
01-01 08:00:08.656 279 279 E realtek-i2c 9801ba00.i2c-4: rtk_i2c_handle_tx_abort: slave address not acknowledged (7bit mode)
01-01 08:00:08.659 279 279 E realtek-i2c 9801ba00.i2c-4: rtk_i2c_handle_tx_abort: slave address not acknowledged (7bit mode)
01-01 08:00:08.662 279 279 E realtek-i2c 9801ba00.i2c-4: rtk_i2c_handle_tx_abort: slave address not acknowledged (7bit mode)
01-01 08:00:08.667 279 279 E realtek-i2c 9801ba00.i2c-4: rtk_i2c_handle_tx_abort: slave address not acknowledged (7bit mode)
01-01 08:00:08.670 279 279 E realtek-i2c 9801ba00.i2c-4: rtk_i2c_handle_tx_abort: slave address not acknowledged (7bit mode)
01-01 08:00:08.670 1 1 I e2fsck: e2fsck 1.46.6 (1-Feb-2023)
01-01 08:00:08.680 1 1 I e2fsck: Pass 1: Checking inodes, blocks, and sizes
01-01 08:00:08.682 1 1 I e2fsck: Pass 2: Checking directory structure
01-01 08:00:08.686 1 1 I e2fsck: Pass 3: Checking directory connectivity
01-01 08:00:08.689 1 1 I e2fsck: Pass 4: Checking reference counts
01-01 08:00:08.691 1 1 I e2fsck: Pass 5: Checking group summary information
01-01 08:00:08.693 279 279 E realtek-i2c 9801ba00.i2c-4: rtk_i2c_handle_tx_abort: slave address not acknowledged (7bit mode)
01-01 08:00:08.696 1 1 I e2fsck: /dev/block/by-name/store_b: 39/2048 files (12.8% non-contiguous), 3424/4096 blocks
01-01 08:00:08.700 279 279 W : >>>nfc ver=0xff
01-01 08:00:08.702 279 279 E nfc_si522a 4-0028: NFC Driver Loaded
01-01 08:00:08.704 279 279 I realtek-i2c 9801bb00.i2c-5: can't find nvmem cell node
01-01 08:00:08.707 324 324 E realtek-i2c 9801ba00.i2c-4: rtk_i2c_handle_tx_abort: slave address not acknowledged (7bit mode)
01-01 08:00:08.711 279 279 I realtek-i2c 9801bb00.i2c-5: use hwlock11
01-01 08:00:08.711 324 324 E realtek-i2c 9801ba00.i2c-4: rtk_i2c_handle_tx_abort: slave address not acknowledged (7bit mode)
01-01 08:00:08.713 279 279 E realtek-i2c 9801bb00.i2c-5: can't get pin state, bus recovery not support
01-01 08:00:08.718 1 1 I EXT4-fs (mmcblk0p46): mounted filesystem with ordered data mode. Opts: . Quota mode: none.
01-01 08:00:08.733 324 324 E realtek-i2c 9801ba00.i2c-4: rtk_i2c_handle_tx_abort: slave address not acknowledged (7bit mode)
01-01 08:00:08.736 279 279 I realtek-i2c 9801bb00.i2c-5: i2c sda hold time = 0x33
01-01 08:00:08.738 279 279 I realtek-i2c 98140d00.i2c-7: can't find nvmem cell node
01-01 08:00:08.740 1 1 I init: [libfs_mgr] __mount(source=/dev/block/by-name/store_b,target=/mnt/vendor_logs/PreviousLogs,type=ext4)=0: Success
01-01 08:00:08.740 324 324 E realtek-i2c 9801ba00.i2c-4: rtk_i2c_handle_tx_abort: slave address not acknowledged (7bit mode)
01-01 08:00:08.747 279 279 I realtek-i2c 98140d00.i2c-7: use hwlock13
01-01 08:00:08.751 1 1 I init: Command 'mount_all /vendor/etc/fstab.${ro.hardware} --early' action=fs (/vendor/etc/init/init.kent.rc:72) took 423ms and succeeded
01-01 08:00:08.754 279 279 E realtek-i2c 98140d00.i2c-7: can't get pin state, bus recovery not support
01-01 08:00:08.755 324 324 E realtek-i2c 9801ba00.i2c-4: rtk_i2c_handle_tx_abort: slave address not acknowledged (7bit mode)
01-01 08:00:08.757 324 324 E realtek-i2c 9801ba00.i2c-4: rtk_i2c_handle_tx_abort: slave address not acknowledged (7bit mode)
01-01 08:00:08.757 324 324 E realtek-i2c 9801ba00.i2c-4: rtk_i2c_handle_tx_abort: slave address not acknowledged (7bit mode)
01-01 08:00:08.770 279 279 I realtek-i2c 98140d00.i2c-7: i2c sda hold time = 0x0
01-01 08:00:08.772 324 324 E realtek-i2c 9801ba00.i2c-4: rtk_i2c_handle_tx_abort: slave address not acknowledged (7bit mode)
01-01 08:00:08.777 266 266 D : Loaded kernel module i2c-rtk.ko
01-01 08:00:08.778 324 324 E realtek-i2c 9801ba00.i2c-4: rtk_i2c_handle_tx_abort: slave address not acknowledged (7bit mode)
01-01 08:00:08.779 266 266 D : Probing module i2c-smbus.ko
01-01 08:00:08.784 324 324 E realtek-i2c 9801ba00.i2c-4: rtk_i2c_handle_tx_abort: slave address not acknowledged (7bit mode)
01-01 08:00:08.787 1 1 I init: processing action (fs) from (/vendor/etc/init/init.kent.usb.rc:7)
01-01 08:00:08.790 324 324 E realtek-i2c 9801ba00.i2c-4: rtk_i2c_handle_tx_abort: slave address not acknowledged (7bit mode)
01-01 08:00:08.803 266 266 D : Loaded kernel module i2c-smbus.ko
01-01 08:00:08.804 266 266 D : Probing module rtk_uart_wrapper.ko
01-01 08:00:08.809 324 324 E realtek-i2c 9801ba00.i2c-4: rtk_i2c_handle_tx_abort: slave address not acknowledged (7bit mode)
01-01 08:00:08.813 1 1 I init: processing action (fs) from (/vendor/etc/init/init.common.usb.rc:6)
01-01 08:00:08.819 324 324 E realtek-i2c 9801ba00.i2c-4: rtk_i2c_handle_tx_abort: slave address not acknowledged (7bit mode)
01-01 08:00:08.835 1 1 I init: Command 'mount configfs none /config' action=fs (/vendor/etc/init/init.common.usb.rc:10) took 3ms and failed: mount() failed: Device or resource busy
01-01 08:00:08.836 324 324 E realtek-i2c 9801ba00.i2c-4: rtk_i2c_handle_tx_abort: slave address not acknowledged (7bit mode)
01-01 08:00:08.843 1 1 I init: Command 'mount functionfs adb /dev/usb-ffs/adb uid=2000,gid=2000' action=fs (/vendor/etc/init/init.common.usb.rc:18) took 0ms and failed: mount() failed: Permission denied
01-01 08:00:08.845 324 324 E realtek-i2c 9801ba00.i2c-4: rtk_i2c_handle_tx_abort: slave address not acknowledged (7bit mode)
01-01 08:00:08.850 1 1 I init: Command 'symlink /config/usb_gadget/g1/configs/b.1 /config/usb_gadget/g1/os_desc/b.1' action=fs (/vendor/etc/init/init.common.usb.rc:19) took 0ms and failed: symlink() failed: File exists
01-01 08:00:08.851 266 266 D : Loaded kernel module rtk_uart_wrapper.ko
01-01 08:00:08.851 266 266 D : Probing module rtk_spd.ko
01-01 08:00:08.735 1 1 W init: type=1400 audit(0.0:17): avc: denied { mounton } for path="/dev/usb-ffs/adb" dev="functionfs" ino=16741 scontext=u:r:init:s0 tcontext=u:object_r:functionfs:s0 tclass=dir permissive=0
01-01 08:00:08.863 324 324 E realtek-i2c 9801ba00.i2c-4: rtk_i2c_handle_tx_abort: slave address not acknowledged (7bit mode)
01-01 08:00:08.880 8 8 E dw-apb-uart 98142100.serial: dw8250_quirks
01-01 08:00:08.881 8 8 E dw-apb-uart 98142100.serial: dw8250_quirks id=1
01-01 08:00:08.883 8 8 I 98142100.serial: ttyS1 at MMIO 0x98142100 (irq = 58, base_baud = 27000000) is a 16550A
01-01 08:00:08.888 8 8 E dw-apb-uart 98142900.serial: dw8250_quirks
01-01 08:00:08.891 8 8 E dw-apb-uart 98142900.serial: dw8250_quirks id=5
01-01 08:00:08.894 266 266 D : Loaded kernel module rtk_spd.ko
01-01 08:00:08.895 266 266 D : Probing module rtk_cma_accelerator.ko
01-01 08:00:08.898 8 8 I 98142900.serial: ttyS5 at MMIO 0x98142900 (irq = 62, base_baud = 27000000) is a 16550A
01-01 08:00:08.915 324 324 E realtek-i2c 9801ba00.i2c-4: rtk_i2c_handle_tx_abort: slave address not acknowledged (7bit mode)
01-01 08:00:08.915 266 266 D : Loaded kernel module rtk_cma_accelerator.ko
01-01 08:00:08.918 324 324 E realtek-i2c 9801ba00.i2c-4: rtk_i2c_handle_tx_abort: slave address not acknowledged (7bit mode)
01-01 08:00:08.919 1 1 I init: processing action (fs) from (/vendor/etc/init/tee-supplicant.rc:1)
01-01 08:00:08.920 1 1 I init: starting service 'tee'...
01-01 08:00:08.922 266 266 D : Probing module rtk_isc.ko
01-01 08:00:08.922 1 1 I init: ... started service 'tee' has pid 333
01-01 08:00:08.923 1 1 I init: processing action (post-fs) from (/system/etc/init/hw/init.rc:569)
01-01 08:00:08.923 1 1 I init: starting service 'exec 1 (/system/bin/vdc checkpoint markBootAttempt)'...
01-01 08:00:08.925 1 1 I init: ... started service 'exec 1 (/system/bin/vdc checkpoint markBootAttempt)' has pid 334
01-01 08:00:08.927 324 324 E realtek-i2c 9801ba00.i2c-4: rtk_i2c_handle_tx_abort: slave address not acknowledged (7bit mode)
01-01 08:00:08.928 1 1 I init: SVC_EXEC service 'exec 1 (/system/bin/vdc checkpoint markBootAttempt)' pid 334 (uid 1000 gid 1000+0 context default) started; waiting...
01-01 08:00:08.942 324 324 E realtek-i2c 9801ba00.i2c-4: rtk_i2c_handle_tx_abort: slave address not acknowledged (7bit mode)
01-01 08:00:08.966 8 8 E dw-apb-uart 98142d00.serial: dw8250_quirks
01-01 08:00:08.970 8 8 E dw-apb-uart 98142d00.serial: dw8250_quirks id=7
01-01 08:00:08.972 8 8 I 98142d00.serial: ttyS7 at MMIO 0x98142d00 (irq = 64, base_baud = 27000000) is a 16550A
01-01 08:00:08.982 324 324 E realtek-i2c 9801ba00.i2c-4: rtk_i2c_handle_tx_abort: slave address not acknowledged (7bit mode)
01-01 08:00:08.984 335 335 I rtk_isc: Realtek Intelligent System Control start
01-01 08:00:08.994 324 324 E realtek-i2c 9801ba00.i2c-4: rtk_i2c_handle_tx_abort: slave address not acknowledged (7bit mode)
01-01 08:00:08.996 266 266 D : Loaded kernel module rtk_isc.ko
01-01 08:00:08.998 266 266 D : Probing module rtk_smcc.ko
01-01 08:00:08.999 1 1 I init: Service 'exec 1 (/system/bin/vdc checkpoint markBootAttempt)' (pid 334) exited with status 0 waiting took 0.074000 seconds
01-01 08:00:09.001 324 324 E realtek-i2c 9801ba00.i2c-4: rtk_i2c_handle_tx_abort: slave address not acknowledged (7bit mode)
01-01 08:00:09.002 324 324 E realtek-i2c 9801ba00.i2c-4: rtk_i2c_handle_tx_abort: slave address not acknowledged (7bit mode)
01-01 08:00:09.004 324 324 E realtek-i2c 9801ba00.i2c-4: rtk_i2c_handle_tx_abort: slave address not acknowledged (7bit mode)
01-01 08:00:09.005 1 1 I init: Sending signal 9 to service 'exec 1 (/system/bin/vdc checkpoint markBootAttempt)' (pid 334) process group...
01-01 08:00:09.012 324 324 E realtek-i2c 9801ba00.i2c-4: rtk_i2c_handle_tx_abort: slave address not acknowledged (7bit mode)
01-01 08:00:09.015 1 1 I libprocessgroup: Successfully killed process cgroup uid 1000 pid 334 in 0ms
01-01 08:00:09.027 324 324 E realtek-i2c 9801ba00.i2c-4: rtk_i2c_handle_tx_abort: slave address not acknowledged (7bit mode)
01-01 08:00:09.029 1 1 I init: Command 'chown system cache /cache' action=post-fs (/system/etc/init/hw/init.rc:585) took 0ms and failed: lchown() failed: Read-only file system
01-01 08:00:09.030 324 324 E realtek-i2c 9801ba00.i2c-4: rtk_i2c_handle_tx_abort: slave address not acknowledged (7bit mode)
01-01 08:00:09.034 1 1 I init: Command 'chmod 0770 /cache' action=post-fs (/system/etc/init/hw/init.rc:586) took 0ms and failed: fchmodat() failed: Read-only file system
01-01 08:00:09.036 324 324 E realtek-i2c 9801ba00.i2c-4: rtk_i2c_handle_tx_abort: slave address not acknowledged (7bit mode)
01-01 08:00:09.044 1 1 I selinux: SELinux: Skipping restorecon on directory(/metadata)
01-01 08:00:09.046 324 324 E realtek-i2c 9801ba00.i2c-4: rtk_i2c_handle_tx_abort: slave address not acknowledged (7bit mode)
01-01 08:00:09.048 266 266 D : Loaded kernel module rtk_smcc.ko
01-01 08:00:09.057 266 266 D : Probing module rtk_fw_remoteproc.ko
01-01 08:00:09.070 324 324 E realtek-i2c 9801ba00.i2c-4: rtk_i2c_handle_tx_abort: slave address not acknowledged (7bit mode)
01-01 08:00:09.076 1 1 I selinux: SELinux: Skipping restorecon on directory(/metadata/apex)
01-01 08:00:09.077 324 324 E realtek-i2c 9801ba00.i2c-4: rtk_i2c_handle_tx_abort: slave address not acknowledged (7bit mode)
01-01 08:00:09.083 1 1 I init: processing action (post-fs) from (/system/etc/init/atrace_userdebug.rc:7)
01-01 08:00:09.086 324 324 E realtek-i2c 9801ba00.i2c-4: rtk_i2c_handle_tx_abort: slave address not acknowledged (7bit mode)
01-01 08:00:09.086 1 1 I init: processing action (ro.boot.bootreason=* && post-fs) from (/system/etc/init/bootstat.rc:6)
01-01 08:00:09.092 339 339 I rtk-rproc dlsr-rproc: Find FW Name: DLSR_Param.bin
01-01 08:00:09.094 324 324 E realtek-i2c 9801ba00.i2c-4: rtk_i2c_handle_tx_abort: slave address not acknowledged (7bit mode)
01-01 08:00:09.094 1 1 I init: processing action (post-fs) from (/system/etc/init/gsid.rc:8)
01-01 08:00:09.095 324 324 E realtek-i2c 9801ba00.i2c-4: rtk_i2c_handle_tx_abort: slave address not acknowledged (7bit mode)
01-01 08:00:09.095 339 339 I rtk-rproc dlsr-rproc: size 0x5f000
01-01 08:00:09.095 324 324 E realtek-i2c 9801ba00.i2c-4: rtk_i2c_handle_tx_abort: slave address not acknowledged (7bit mode)
01-01 08:00:09.099 1 1 I init: processing action (post-fs) from (/system/etc/init/recovery-refresh.rc:1)
01-01 08:00:09.116 1 1 I init: starting service 'exec 2 (/system/bin/recovery-refresh)'...
01-01 08:00:09.120 324 324 E realtek-i2c 9801ba00.i2c-4: rtk_i2c_handle_tx_abort: slave address not acknowledged (7bit mode)
01-01 08:00:09.122 1 1 I init: ... started service 'exec 2 (/system/bin/recovery-refresh)' has pid 340
01-01 08:00:09.122 339 339 E rtk-rproc vcpu-rproc: Property 'lvl' not found; default log level set to 0
01-01 08:00:09.124 339 339 I remoteproc1: vcpu-rproc is available
01-01 08:00:09.127 1 1 I init: processing action (late-fs) from (/system/etc/init/hw/init.rc:643)
01-01 08:00:09.128 324 324 E realtek-i2c 9801ba00.i2c-4: rtk_i2c_handle_tx_abort: slave address not acknowledged (7bit mode)
01-01 08:00:09.131 339 339 I remoteproc1: attaching to vcpu-rproc
01-01 08:00:09.131 324 324 E realtek-i2c 9801ba00.i2c-4: rtk_i2c_handle_tx_abort: slave address not acknowledged (7bit mode)
01-01 08:00:09.131 324 324 E realtek-i2c 9801ba00.i2c-4: rtk_i2c_handle_tx_abort: slave address not acknowledged (7bit mode)
01-01 08:00:09.132 1 1 I init: starting service 'system_suspend'...
01-01 08:00:09.134 339 339 I remoteproc1: remote processor vcpu-rproc is now attached
01-01 08:00:09.135 324 324 E realtek-i2c 9801ba00.i2c-4: rtk_i2c_handle_tx_abort: slave address not acknowledged (7bit mode)
01-01 08:00:09.136 324 324 E realtek-i2c 9801ba00.i2c-4: rtk_i2c_handle_tx_abort: slave address not acknowledged (7bit mode)
01-01 08:00:09.140 1 1 I init: ... started service 'system_suspend' has pid 341
01-01 08:00:09.140 1 1 I init: starting service 'carpowerpolicyd'...
01-01 08:00:09.144 339 339 I remoteproc2: hifi-rproc is available
01-01 08:00:09.145 324 324 E realtek-i2c 9801ba00.i2c-4: rtk_i2c_handle_tx_abort: slave address not acknowledged (7bit mode)
01-01 08:00:09.145 324 324 E realtek-i2c 9801ba00.i2c-4: rtk_i2c_handle_tx_abort: slave address not acknowledged (7bit mode)
01-01 08:00:09.146 324 324 E realtek-i2c 9801ba00.i2c-4: rtk_i2c_handle_tx_abort: slave address not acknowledged (7bit mode)
01-01 08:00:09.148 339 339 I remoteproc2: attaching to hifi-rproc
01-01 08:00:09.152 1 1 I init: ... started service 'carpowerpolicyd' has pid 342
01-01 08:00:09.160 324 324 E realtek-i2c 9801ba00.i2c-4: rtk_i2c_handle_tx_abort: slave address not acknowledged (7bit mode)
01-01 08:00:09.163 1 1 I init: service 'evsmanagerd' requested start, but it is already running (flags: 132)
01-01 08:00:09.165 324 324 E realtek-i2c 9801ba00.i2c-4: rtk_i2c_handle_tx_abort: slave address not acknowledged (7bit mode)
01-01 08:00:09.168 1 1 I init: starting service 'keystore2'...
01-01 08:00:09.170 324 324 E realtek-i2c 9801ba00.i2c-4: rtk_i2c_handle_tx_abort: slave address not acknowledged (7bit mode)
01-01 08:00:09.180 1 1 I init: ... started service 'keystore2' has pid 343
01-01 08:00:09.180 339 339 I rtk-rproc hifi-rproc: Find FW Name: HIFI.bin
01-01 08:00:09.185 1 1 I init: service 'android.hardware.automotive.evs-default' requested start, but it is already running (flags: 132)
01-01 08:00:09.186 324 324 E realtek-i2c 9801ba00.i2c-4: rtk_i2c_handle_tx_abort: slave address not acknowledged (7bit mode)
01-01 08:00:09.188 339 339 I rtk-rproc hifi-rproc: size 0x441360
01-01 08:00:09.086 278 278 I hwservicemanager: getTransport: Cannot find entry android.system.suspend@1.0::ISystemSuspend/default in either framework or device VINTF manifest.
01-01 08:00:09.086 341 341 E HidlServiceManagement: Service android.system.suspend@1.0::ISystemSuspend/default must be in VINTF manifest in order to register/get.
01-01 08:00:09.086 341 341 I android.system.suspend-service: system-suspend HIDL hal not supported, use the AIDL suspend hal for requesting wakelocks
01-01 08:00:09.189 1 1 I init: starting service 'vendor.boot-default'...
01-01 08:00:09.189 324 324 E realtek-i2c 9801ba00.i2c-4: rtk_i2c_handle_tx_abort: slave address not acknowledged (7bit mode)
01-01 08:00:09.189 324 324 E realtek-i2c 9801ba00.i2c-4: rtk_i2c_handle_tx_abort: slave address not acknowledged (7bit mode)
01-01 08:00:09.191 273 273 I servicemanager: Found android.system.suspend.ISystemSuspend/default in framework VINTF manifest.
01-01 08:00:09.193 324 324 E realtek-i2c 9801ba00.i2c-4: rtk_i2c_handle_tx_abort: slave address not acknowledged (7bit mode)
01-01 08:00:09.199 1 1 I init: ... started service 'vendor.boot-default' has pid 346
01-01 08:00:09.105 342 342 W carpowerpolicyd: Proceed without registered policies: Failed to read and/or parse /vendor/etc/automotive/power_policy.xml
01-01 08:00:09.105 342 342 W carpowerpolicyd: Failed to start monitoring Silent Mode HW state: /sys/power/pm_silentmode_hw_state doesn't exist
01-01 08:00:09.207 324 324 E realtek-i2c 9801ba00.i2c-4: rtk_i2c_handle_tx_abort: slave address not acknowledged (7bit mode)
01-01 08:00:09.210 1 1 I init: starting service 'vendor.keymint-rtk'...
01-01 08:00:09.211 273 273 I servicemanager: Found android.frameworks.automotive.powerpolicy.ICarPowerPolicyServer/default in framework VINTF manifest.
01-01 08:00:09.214 1 1 I init: ... started service 'vendor.keymint-rtk' has pid 349
01-01 08:00:09.215 1 1 I init: starting service 'vendor.realtek.clustervhalclient@V1-service'...
01-01 08:00:09.220 1 1 I init: ... started service 'vendor.realtek.clustervhalclient@V1-service' has pid 350
01-01 08:00:09.222 273 273 I servicemanager: Found android.frameworks.automotive.powerpolicy.internal.ICarPowerPolicySystemNotification/default in framework VINTF manifest.
01-01 08:00:09.232 1 1 I init: starting service 'vendor.vehicle-rtk.hal'...
01-01 08:00:09.239 273 273 I servicemanager: Found android.hardware.automotive.vehicle.IVehicle/default in device VINTF manifest.
01-01 08:00:09.144 342 342 I ServiceManagerCppClient: Waiting for service 'android.hardware.automotive.vehicle.IVehicle/default' on '/dev/binder'...
01-01 08:00:09.246 1 1 I init: ... started service 'vendor.vehicle-rtk.hal' has pid 351
01-01 08:00:09.255 1 1 I init: Command 'class_start early_hal' action=late-fs (/system/etc/init/hw/init.rc:650) took 123ms and succeeded
01-01 08:00:09.258 1 1 I init: Service 'exec 2 (/system/bin/recovery-refresh)' (pid 340) exited with status 254 oneshot service took 0.137000 seconds in background
01-01 08:00:09.265 1 1 I init: Sending signal 9 to service 'exec 2 (/system/bin/recovery-refresh)' (pid 340) process group...
01-01 08:00:09.268 1 1 I libprocessgroup: Successfully killed process cgroup uid 1000 pid 340 in 0ms
01-01 08:00:09.271 1 1 I init: starting service 'exec 3 (/system/bin/fsverity_init --load-verified-keys)'...
01-01 08:00:09.276 324 324 E realtek-i2c 9801ba00.i2c-4: rtk_i2c_handle_tx_abort: slave address not acknowledged (7bit mode)
01-01 08:00:09.277 339 339 I remoteproc2: remote processor hifi-rproc is now attached
01-01 08:00:09.278 1 1 I init: ... started service 'exec 3 (/system/bin/fsverity_init --load-verified-keys)' has pid 352
01-01 08:00:09.278 1 1 I init: SVC_EXEC service 'exec 3 (/system/bin/fsverity_init --load-verified-keys)' pid 352 (uid 0 gid 0+0 context default) started; waiting...
01-01 08:00:09.179 349 349 I OpteeKeyMint_cpp: Initialize 43
01-01 08:00:09.179 349 349 D OpteeKeyMint_ipc: OpteeKeyMintIPC_initialize 50
01-01 08:00:09.179 349 349 I OpteeKeyMint_ipc: OpteeKeyMintIPC_connect 66
01-01 08:00:09.283 324 324 E realtek-i2c 9801ba00.i2c-4: rtk_i2c_handle_tx_abort: slave address not acknowledged (7bit mode)
01-01 08:00:09.289 339 339 I remoteproc3: kr4-rproc is available
01-01 08:00:09.204 350 350 D aidl.vendor.realtek.vhalclient-service: Realtek ClusterVhalClientImpl AIDL Service is started
01-01 08:00:09.205 350 350 D RTK_HAL_UTILS: [DmabufAlloc:71] mDmabufFd = 0x7
01-01 08:00:09.302 324 324 E realtek-i2c 9801ba00.i2c-4: rtk_i2c_handle_tx_abort: slave address not acknowledged (7bit mode)
01-01 08:00:09.306 339 339 I remoteproc3: attaching to kr4-rproc
01-01 08:00:09.309 273 273 I servicemanager: Found vendor.realtek.clustervhalclient.IClusterVhalClient/default in device VINTF manifest.
01-01 08:00:09.311 273 273 I servicemanager: Found android.hardware.boot.IBootControl/default in device VINTF manifest.
01-01 08:00:09.311 346 346 I android.hardware.boot-service.default: IBootControl AIDL service running...
01-01 08:00:09.208 351 351 D VehicleRTKService: Starting thread pool...
01-01 08:00:09.210 351 351 D VehicleRTKHardware: In[loadConfigDeclarations][252]
01-01 08:00:09.210 351 351 D VehicleRTKHardware: In[loadPropConfigsFromDir][1814] loading properties from dir = /vendor/etc
01-01 08:00:09.210 351 351 D VehicleRTKHardware: loading properties from /vendor/etc/AutoPropertiesVHAL.json
01-01 08:00:09.211 351 351 D VehicleRTKHardware: In[loadPropConfigsFromDir][1831] add config propId =289476405
01-01 08:00:09.211 351 351 D VehicleRTKHardware: In[loadPropConfigsFromDir][1831] add config propId =292556600
01-01 08:00:09.211 351 351 D VehicleRTKHardware: In[loadPropConfigsFromDir][1831] add config propId =289475120
01-01 08:00:09.211 351 351 D VehicleRTKHardware: In[loadPropConfigsFromDir][1831] add config propId =289408009
01-01 08:00:09.211 351 351 D VehicleRTKHardware: In[loadPropConfigsFromDir][1831] add config propId =291504905
01-01 08:00:09.211 351 351 D VehicleRTKHardware: In[loadPropConfigsFromDir][1831] add config propId =287310855
01-01 08:00:09.211 351 351 D VehicleRTKHardware: In[loadPropConfigsFromDir][1831] add config propId =289410064
01-01 08:00:09.211 351 351 D VehicleRTKHardware: In[loadPropConfigsFromDir][1831] add config propId =356516106
01-01 08:00:09.211 351 351 D VehicleRTKHardware: In[loadPropConfigsFromDir][1831] add config propId =289407235
01-01 08:00:09.211 351 351 D VehicleRTKHardware: In[loadPropConfigsFromDir][1831] add config propId =289475088
01-01 08:00:09.211 351 351 D VehicleRTKHardware: In[loadPropConfigsFromDir][1831] add config propId =286261505
01-01 08:00:09.211 351 351 D VehicleRTKHardware: In[loadPropConfigsFromDir][1831] add config propId =367004178
01-01 08:00:09.211 351 351 D VehicleRTKHardware: In[loadPropConfigsFromDir][1831] add config propId =289475104
01-01 08:00:09.211 351 351 D VehicleRTKHardware: In[loadPropConfigsFromDir][1831] add config propId =287310850
01-01 08:00:09.211 351 351 D VehicleRTKHardware: In[loadPropConfigsFromDir][1831] add config propId =367004177
01-01 08:00:09.211 351 351 D VehicleRTKHardware: In[loadPropConfigsFromDir][1831] add config propId =289408001
01-01 08:00:09.211 351 351 D VehicleRTKHardware: In[loadPropConfigsFromDir][1831] add config propId =287310858
01-01 08:00:09.211 351 351 D VehicleRTKHardware: In[loadPropConfigsFromDir][1831] add config propId =286261506
01-01 08:00:09.211 351 351 D VehicleRTKHardware: loading properties from /vendor/etc/CarPlayPropertiesVHAL.json
01-01 08:00:09.212 351 351 D VehicleRTKHardware: In[loadPropConfigsFromDir][1831] add config propId =289410579
01-01 08:00:09.212 351 351 D VehicleRTKHardware: In[loadPropConfigsFromDir][1831] add config propId =287310853
01-01 08:00:09.212 351 351 D VehicleRTKHardware: In[loadPropConfigsFromDir][1831] add config propId =291505923
01-01 08:00:09.212 351 351 D VehicleRTKHardware: In[loadPropConfigsFromDir][1831] add config propId =289408001
01-01 08:00:09.212 351 351 D VehicleRTKHardware: In[loadPropConfigsFromDir][1831] add config propId =289408515
01-01 08:00:09.212 351 351 D VehicleRTKHardware: In[loadPropConfigsFromDir][1831] add config propId =289408000
01-01 08:00:09.212 351 351 D VehicleRTKHardware: loading properties from /vendor/etc/DefaultPropertiesVHAL.json
01-01 08:00:09.213 351 351 D VehicleRTKHardware: In[loadPropConfigsFromDir][1831] add config propId =289475072
01-01 08:00:09.213 351 351 D VehicleRTKHardware: In[loadPropConfigsFromDir][1831] add config propId =292556600
01-01 08:00:09.213 351 351 D VehicleRTKHardware: In[loadPropConfigsFromDir][1831] add config propId =289475073
01-01 08:00:09.213 351 351 D VehicleRTKHardware: In[loadPropConfigsFromDir][1831] add config propId =289410871
01-01 08:00:09.213 351 351 D VehicleRTKHardware: In[loadPropConfigsFromDir][1831] add config propId =299896630
01-01 08:00:09.213 351 351 D VehicleRTKHardware: In[loadPropConfigsFromDir][1831] add config propId =289476405
01-01 08:00:09.213 351 351 D VehicleRTKHardware: In[loadPropConfigsFromDir][1831] add config propId =291504656
01-01 08:00:09.213 351 351 D VehicleRTKHardware: In[loadPropConfigsFromDir][1831] add config propId =557843472
01-01 08:00:09.213 351 351 D VehicleRTKHardware: In[loadPropConfigsFromDir][1831] add config propId =289408001
01-01 08:00:09.213 351 351 D VehicleRTKHardware: In[loadPropConfigsFromDir][1831] add config propId =289410868
01-01 08:00:09.213 351 351 D VehicleRTKHardware: In[loadPropConfigsFromDir][1831] add config propId =291504903
01-01 08:00:09.213 351 351 D VehicleRTKHardware: In[loadPropConfigsFromDir][1831] add config propId =289408000
01-01 08:00:09.213 351 351 D VehicleRTKHardware: In[loadPropConfigsFromDir][1831] add config propId =291504388
01-01 08:00:09.213 351 351 D VehicleRTKHardware: In[loadPropConfigsFromDir][1831] add config propId =291505923
01-01 08:00:09.213 351 351 D VehicleRTKHardware: In[loadPropConfigsFromDir][1831] add config propId =291504644
01-01 08:00:09.213 351 351 D VehicleRTKHardware: In[loadPropConfigsFromDir][1831] add config propId =291504897
01-01 08:00:09.213 351 351 D VehicleRTKHardware: In[loadPropConfigsFromDir][1831] add config propId =554696961
01-01 08:00:09.213 351 351 D VehicleRTKHardware: In[loadPropConfigsFromDir][1831] add config propId =291504904
01-01 08:00:09.213 351 351 D VehicleRTKHardware: In[loadPropConfigsFromDir][1831] add config propId =289472779
01-01 08:00:09.213 351 351 D VehicleRTKHardware: In[loadPropConfigsFromDir][1831] add config propId =557843465
01-01 08:00:09.213 351 351 D VehicleRTKHardware: In[loadPropConfigsFromDir][1831] add config propId =557843459
01-01 08:00:09.213 351 351 D VehicleRTKHardware: In[loadPropConfigsFromDir][1831] add config propId =291504900
01-01 08:00:09.213 351 351 D VehicleRTKHardware: In[loadPropConfigsFromDir][1831] add config propId =291504647
01-01 08:00:09.213 351 351 D VehicleRTKHardware: In[loadPropConfigsFromDir][1831] add config propId =291504649
01-01 08:00:09.213 351 351 D VehicleRTKHardware: In[loadPropConfigsFromDir][1831] add config propId =557843458
01-01 08:00:09.213 351 351 D VehicleRTKHardware: In[loadPropConfigsFromDir][1831] add config propId =291504901
01-01 08:00:09.213 351 351 D VehicleRTKHardware: In[loadPropConfigsFromDir][1831] add config propId =291504648
01-01 08:00:09.213 351 351 D VehicleRTKHardware: In[loadPropConfigsFromDir][1831] add config propId =287313922
01-01 08:00:09.213 351 351 D VehicleRTKHardware: In[loadPropConfigsFromDir][1831] add config propId =557843464
01-01 08:00:09.214 351 351 D VehicleRTKHardware: init:267 SA5-3756-vehicle.diff
01-01 08:00:09.214 351 351 D VehicleRTKHal: In[VehicleRTKHal][124]
01-01 08:00:09.214 351 351 D VehicleRTKHal: In[getAllPropConfigsFromHardware][354] get config...
01-01 08:00:09.214 351 351 D VehicleRTKHal: In[getAllPropConfigsFromHardware][354] get config...
01-01 08:00:09.214 351 351 D VehicleRTKHal: In[getAllPropConfigsFromHardware][354] get config...
01-01 08:00:09.214 351 351 D VehicleRTKHal: In[getAllPropConfigsFromHardware][354] get config...
01-01 08:00:09.214 351 351 D VehicleRTKHal: In[getAllPropConfigsFromHardware][354] get config...
01-01 08:00:09.214 351 351 D VehicleRTKHal: In[getAllPropConfigsFromHardware][354] get config...
01-01 08:00:09.214 351 351 D VehicleRTKHal: In[getAllPropConfigsFromHardware][354] get config...
01-01 08:00:09.214 351 351 D VehicleRTKHal: In[getAllPropConfigsFromHardware][354] get config...
01-01 08:00:09.214 351 351 D VehicleRTKHal: In[getAllPropConfigsFromHardware][354] get config...
01-01 08:00:09.214 351 351 D VehicleRTKHal: In[getAllPropConfigsFromHardware][354] get config...
01-01 08:00:09.215 351 351 D VehicleRTKHal: In[getAllPropConfigsFromHardware][354] get config...
01-01 08:00:09.215 351 351 D VehicleRTKHal: In[getAllPropConfigsFromHardware][354] get config...
01-01 08:00:09.215 351 351 D VehicleRTKHal: In[getAllPropConfigsFromHardware][354] get config...
01-01 08:00:09.215 351 351 D VehicleRTKHal: In[getAllPropConfigsFromHardware][354] get config...
01-01 08:00:09.215 351 351 D VehicleRTKHal: In[getAllPropConfigsFromHardware][354] get config...
01-01 08:00:09.215 351 351 D VehicleRTKHal: In[getAllPropConfigsFromHardware][354] get config...
01-01 08:00:09.215 351 351 D VehicleRTKHal: In[getAllPropConfigsFromHardware][354] get config...
01-01 08:00:09.215 351 351 D VehicleRTKHal: In[getAllPropConfigsFromHardware][354] get config...
01-01 08:00:09.215 351 351 D VehicleRTKHal: In[getAllPropConfigsFromHardware][354] get config...
01-01 08:00:09.215 351 351 D VehicleRTKHal: In[getAllPropConfigsFromHardware][354] get config...
01-01 08:00:09.215 351 351 D VehicleRTKHal: In[getAllPropConfigsFromHardware][354] get config...
01-01 08:00:09.215 351 351 D VehicleRTKHal: In[getAllPropConfigsFromHardware][354] get config...
01-01 08:00:09.215 351 351 D VehicleRTKHal: In[getAllPropConfigsFromHardware][354] get config...
01-01 08:00:09.215 351 351 D VehicleRTKHal: In[getAllPropConfigsFromHardware][354] get config...
01-01 08:00:09.215 351 351 D VehicleRTKHal: In[getAllPropConfigsFromHardware][354] get config...
01-01 08:00:09.215 351 351 D VehicleRTKHal: In[getAllPropConfigsFromHardware][354] get config...
01-01 08:00:09.215 351 351 D VehicleRTKHal: In[getAllPropConfigsFromHardware][354] get config...
01-01 08:00:09.215 351 351 D VehicleRTKHal: In[getAllPropConfigsFromHardware][354] get config...
01-01 08:00:09.215 351 351 D VehicleRTKHal: In[getAllPropConfigsFromHardware][354] get config...
01-01 08:00:09.215 351 351 D VehicleRTKHal: In[getAllPropConfigsFromHardware][354] get config...
01-01 08:00:09.215 351 351 D VehicleRTKHal: In[getAllPropConfigsFromHardware][354] get config...
01-01 08:00:09.215 351 351 D VehicleRTKHal: In[getAllPropConfigsFromHardware][354] get config...
01-01 08:00:09.215 351 351 D VehicleRTKHal: In[getAllPropConfigsFromHardware][354] get config...
01-01 08:00:09.215 351 351 D VehicleRTKHal: In[getAllPropConfigsFromHardware][354] get config...
01-01 08:00:09.215 351 351 D VehicleRTKHal: In[getAllPropConfigsFromHardware][354] get config...
01-01 08:00:09.215 351 351 D VehicleRTKHal: In[getAllPropConfigsFromHardware][354] get config...
01-01 08:00:09.215 351 351 D VehicleRTKHal: In[getAllPropConfigsFromHardware][354] get config...
01-01 08:00:09.215 351 351 D VehicleRTKHal: In[getAllPropConfigsFromHardware][354] get config...
01-01 08:00:09.215 351 351 D VehicleRTKHal: In[getAllPropConfigsFromHardware][354] get config...
01-01 08:00:09.215 351 351 D VehicleRTKHal: In[getAllPropConfigsFromHardware][354] get config...
01-01 08:00:09.215 351 351 D VehicleRTKHal: In[getAllPropConfigsFromHardware][354] get config...
01-01 08:00:09.215 351 351 D VehicleRTKHal: In[getAllPropConfigsFromHardware][354] get config...
01-01 08:00:09.215 351 351 D VehicleRTKHal: In[getAllPropConfigsFromHardware][354] get config...
01-01 08:00:09.215 351 351 D VehicleRTKHal: In[getAllPropConfigsFromHardware][354] get config...
01-01 08:00:09.215 351 351 D VehicleRTKHal: In[getAllPropConfigsFromHardware][354] get config...
01-01 08:00:09.215 351 351 D VehicleRTKHal: In[getAllPropConfigsFromHardware][354] get config...
01-01 08:00:09.215 351 351 D VehicleRTKHal: In[getAllPropConfigsFromHardware][354] get config...
01-01 08:00:09.216 351 351 D VehicleRTKHardware: In[registerOnPropertyChangeEvent][1745]
01-01 08:00:09.216 351 361 D VehicleRTKHal: In[onPropertyChangeEvent][238] prop= 290459443
01-01 08:00:09.216 351 351 D VehicleRTKService: Registering as service...
01-01 08:00:09.217 351 351 D VehicleRTKService: Vehicle Service Ready
01-01 08:00:09.322 273 273 I servicemanager: Found android.hardware.automotive.vehicle.IVehicle/default in device VINTF manifest.
01-01 08:00:09.336 324 324 E realtek-i2c 9801ba00.i2c-4: rtk_i2c_handle_tx_abort: slave address not acknowledged (7bit mode)
01-01 08:00:09.235 293 293 I ServiceManagerCppClient: Waiting for service 'android.hardware.automotive.vehicle.IVehicle/default' on '/dev/binder' successful after waiting 1132ms
01-01 08:00:09.235 350 350 D RTK_HAL_UTILS: DMA Alloc: heap name = vo_non-ve !
01-01 08:00:09.236 293 293 W carwatchdogd: VHAL doesn't support VHAL_HEARTBEAT. Checking VHAL health is disabled.
01-01 08:00:09.236 293 293 I carwatchdogd: Successfully connected to VHAL.
01-01 08:00:09.236 293 293 W carwatchdogd: VHAL doesn't support property(id: 290459441)
01-01 08:00:09.236 293 293 W carwatchdogd: Failed to update WATCHDOG_ALIVE VHAL property. Will try again in 3s, error: VHAL doesn't support property(id: 290459441)
01-01 08:00:09.236 352 352 I fsverity_init: LoadKeyFromFile path=/system/etc/security/fsverity/fsverity-release.x509.der keyname=fsv_system_0
01-01 08:00:09.342 339 339 I remoteproc3: remote processor kr4-rproc is now attached
01-01 08:00:09.342 273 273 I servicemanager: Found android.automotive.watchdog.ICarWatchdog/default in framework VINTF manifest.
01-01 08:00:09.239 293 365 I carwatchdogd: Starting BOOT_TIME_COLLECTION performance data collection
01-01 08:00:09.347 1 1 I init: Service 'exec 3 (/system/bin/fsverity_init --load-verified-keys)' (pid 352) exited with status 0 waiting took 0.069000 seconds
01-01 08:00:09.349 324 324 E realtek-i2c 9801ba00.i2c-4: rtk_i2c_handle_tx_abort: slave address not acknowledged (7bit mode)
01-01 08:00:09.350 324 324 E realtek-i2c 9801ba00.i2c-4: rtk_i2c_handle_tx_abort: slave address not acknowledged (7bit mode)
01-01 08:00:09.352 1 1 I init: Sending signal 9 to service 'exec 3 (/system/bin/fsverity_init --load-verified-keys)' (pid 352) process group...
01-01 08:00:09.251 342 342 I ServiceManagerCppClient: Waiting for service 'android.hardware.automotive.vehicle.IVehicle/default' on '/dev/binder' successful after waiting 107ms
01-01 08:00:09.357 324 324 E realtek-i2c 9801ba00.i2c-4: rtk_i2c_handle_tx_abort: slave address not acknowledged (7bit mode)
01-01 08:00:09.251 342 342 W carpowerpolicyd: Failed to tell VHAL the new power policy(system_power_policy_initial_on): Vehicle property(286265123) is not supported by VHAL.
01-01 08:00:09.251 342 342 I carpowerpolicyd: The current power policy is system_power_policy_initial_on
01-01 08:00:09.251 342 342 D carpowerpolicyd: Policy(system_power_policy_initial_on) is applied as the initial one
01-01 08:00:09.252 342 342 W carpowerpolicyd: Vehicle property(286265121) is not supported by VHAL.
01-01 08:00:09.252 342 342 W carpowerpolicyd: Vehicle property(286265122) is not supported by VHAL.
01-01 08:00:09.252 342 342 I carpowerpolicyd: Connected to VHAL
01-01 08:00:09.362 266 266 D : Loaded kernel module rtk_fw_remoteproc.ko
01-01 08:00:09.366 1 1 I libprocessgroup: Successfully killed process cgroup uid 0 pid 352 in 0ms
01-01 08:00:09.267 295 304 I evsmanagerd: Failed to connect to AIDL EVS HAL implementation. Trying to connect to HIDL EVS HAL implementation instead.
01-01 08:00:09.370 324 324 E realtek-i2c 9801ba00.i2c-4: rtk_i2c_handle_tx_abort: slave address not acknowledged (7bit mode)
01-01 08:00:09.268 278 278 I hwservicemanager: getTransport: Cannot find entry android.hardware.automotive.evs@1.1::IEvsEnumerator/hw/1 in either framework or device VINTF manifest.
01-01 08:00:09.268 295 304 I evsmanagerd: No EVS HAL implementation is available. Retrying after 1000 ms
