06-08 13:54:03.496 970 970 D SystemServerTiming: OnBootPhase_480_com.android.server.people.PeopleService
06-08 13:54:03.496 970 970 V SystemServerTiming: OnBootPhase_480_com.android.server.people.PeopleService took to complete: 0ms
06-08 13:54:03.496 970 970 D SystemServerTiming: OnBootPhase_480_com.android.server.media.metrics.MediaMetricsManagerService
06-08 13:54:03.496 970 970 V SystemServerTiming: OnBootPhase_480_com.android.server.media.metrics.MediaMetricsManagerService took to complete: 0ms
06-08 13:54:03.496 970 970 D SystemServerTiming: OnBootPhase_480_com.android.server.pm.BackgroundInstallControlService
06-08 13:54:03.496 970 970 V SystemServerTiming: OnBootPhase_480_com.android.server.pm.BackgroundInstallControlService took to complete: 0ms
06-08 13:54:03.496 970 970 D SystemServerTiming: OnBootPhase_480_com.android.server.media.projection.MediaProjectionManagerService
06-08 13:54:03.496 970 970 V SystemServerTiming: OnBootPhase_480_com.android.server.media.projection.MediaProjectionManagerService took to complete: 0ms
06-08 13:54:03.496 970 970 D SystemServerTiming: OnBootPhase_480_com.android.server.slice.SliceManagerService$Lifecycle
06-08 13:54:03.496 970 970 V SystemServerTiming: OnBootPhase_480_com.android.server.slice.SliceManagerService$Lifecycle took to complete: 0ms
06-08 13:54:03.496 970 970 D SystemServerTiming: OnBootPhase_480_com.android.server.stats.StatsCompanion$Lifecycle
06-08 13:54:03.496 970 970 V SystemServerTiming: OnBootPhase_480_com.android.server.stats.StatsCompanion$Lifecycle took to complete: 0ms
06-08 13:54:03.496 970 970 D SystemServerTiming: OnBootPhase_480_com.android.server.scheduling.RebootReadinessManagerService$Lifecycle
06-08 13:54:03.496 970 970 V SystemServerTiming: OnBootPhase_480_com.android.server.scheduling.RebootReadinessManagerService$Lifecycle took to complete: 0ms
06-08 13:54:03.496 970 970 D SystemServerTiming: OnBootPhase_480_com.android.server.stats.pull.StatsPullAtomService
06-08 13:54:03.496 970 970 V SystemServerTiming: OnBootPhase_480_com.android.server.stats.pull.StatsPullAtomService took to complete: 0ms
06-08 13:54:03.496 970 970 D SystemServerTiming: OnBootPhase_480_com.android.server.stats.bootstrap.StatsBootstrapAtomService$Lifecycle
06-08 13:54:03.496 970 970 V SystemServerTiming: OnBootPhase_480_com.android.server.stats.bootstrap.StatsBootstrapAtomService$Lifecycle took to complete: 0ms
06-08 13:54:03.496 970 970 D SystemServerTiming: OnBootPhase_480_com.android.server.incident.IncidentCompanionService
06-08 13:54:03.496 970 970 V SystemServerTiming: OnBootPhase_480_com.android.server.incident.IncidentCompanionService took to complete: 0ms
06-08 13:54:03.496 970 970 D SystemServerTiming: OnBootPhase_480_com.android.server.sdksandbox.SdkSandboxManagerService$Lifecycle
06-08 13:54:03.496 970 970 V SystemServerTiming: OnBootPhase_480_com.android.server.sdksandbox.SdkSandboxManagerService$Lifecycle took to complete: 0ms
06-08 13:54:03.496 970 970 D SystemServerTiming: OnBootPhase_480_com.android.server.adservices.AdServicesManagerService$Lifecycle
06-08 13:54:03.496 970 970 V SystemServerTiming: OnBootPhase_480_com.android.server.adservices.AdServicesManagerService$Lifecycle took to complete: 0ms
06-08 13:54:03.496 970 970 D SystemServerTiming: OnBootPhase_480_com.android.server.ondevicepersonalization.OnDevicePersonalizationSystemService$Lifecycle
06-08 13:54:03.496 970 970 V SystemServerTiming: OnBootPhase_480_com.android.server.ondevicepersonalization.OnDevicePersonalizationSystemService$Lifecycle took to complete: 0ms
06-08 13:54:03.496 970 970 D SystemServerTiming: OnBootPhase_480_com.android.server.MmsServiceBroker
06-08 13:54:03.496 970 970 V SystemServerTiming: OnBootPhase_480_com.android.server.MmsServiceBroker took to complete: 0ms
06-08 13:54:03.496 970 970 D SystemServerTiming: OnBootPhase_480_com.android.server.autofill.AutofillManagerService
06-08 13:54:03.496 970 970 V SystemServerTiming: OnBootPhase_480_com.android.server.autofill.AutofillManagerService took to complete: 0ms
06-08 13:54:03.496 970 970 D SystemServerTiming: OnBootPhase_480_com.android.server.clipboard.ClipboardService
06-08 13:54:03.496 970 970 V SystemServerTiming: OnBootPhase_480_com.android.server.clipboard.ClipboardService took to complete: 0ms
06-08 13:54:03.497 970 970 D SystemServerTiming: OnBootPhase_480_com.android.server.appbinding.AppBindingService$Lifecycle
06-08 13:54:03.497 970 970 V SystemServerTiming: OnBootPhase_480_com.android.server.appbinding.AppBindingService$Lifecycle took to complete: 0ms
06-08 13:54:03.497 970 970 D SystemServerTiming: OnBootPhase_480_com.android.server.tracing.TracingServiceProxy
06-08 13:54:03.497 970 970 V SystemServerTiming: OnBootPhase_480_com.android.server.tracing.TracingServiceProxy took to complete: 0ms
06-08 13:54:03.497 970 970 V SystemServerTiming: OnBootPhase_480 took to complete: 18ms
06-08 13:54:03.497 970 970 V SystemServerTiming: StartBootPhaseLockSettingsReady took to complete: 18ms
06-08 13:54:03.497 970 970 D SystemServerTiming: HsumBootUserInitializer.init
06-08 13:54:03.497 970 970 I HsumBootUserInitializer: init())
06-08 13:54:03.497 970 970 V SystemServerTiming: HsumBootUserInitializer.init took to complete: 0ms
06-08 13:54:03.497 970 970 D SystemServerTiming: StartBootPhaseSystemServicesReady
06-08 13:54:03.497 970 970 I SystemServiceManager: Starting phase 500
06-08 13:54:03.497 970 970 D SystemServerTiming: OnBootPhase_500
06-08 13:54:03.497 970 970 D SystemServerTiming: OnBootPhase_500_com.android.server.security.FileIntegrityService
06-08 13:54:03.497 970 970 V SystemServerTiming: OnBootPhase_500_com.android.server.security.FileIntegrityService took to complete: 0ms
06-08 13:54:03.497 970 970 D SystemServerTiming: OnBootPhase_500_com.android.server.pm.Installer
06-08 13:54:03.497 970 970 V SystemServerTiming: OnBootPhase_500_com.android.server.pm.Installer took to complete: 0ms
06-08 13:54:03.497 970 970 D SystemServerTiming: OnBootPhase_500_com.android.server.os.DeviceIdentifiersPolicyService
06-08 13:54:03.497 970 970 V SystemServerTiming: OnBootPhase_500_com.android.server.os.DeviceIdentifiersPolicyService took to complete: 0ms
06-08 13:54:03.497 970 970 D SystemServerTiming: OnBootPhase_500_com.android.server.flags.FeatureFlagsService
06-08 13:54:03.497 970 970 V SystemServerTiming: OnBootPhase_500_com.android.server.flags.FeatureFlagsService took to complete: 0ms
06-08 13:54:03.497 970 970 D SystemServerTiming: OnBootPhase_500_com.android.server.uri.UriGrantsManagerService$Lifecycle
06-08 13:54:03.497 970 970 V SystemServerTiming: OnBootPhase_500_com.android.server.uri.UriGrantsManagerService$Lifecycle took to complete: 0ms
06-08 13:54:03.497 970 970 D SystemServerTiming: OnBootPhase_500_com.android.server.powerstats.PowerStatsService
06-08 13:54:03.498 351 361 D VehicleRTKHal: In[onPropertyChangeEvent][238] prop= 290459443
06-08 13:54:03.499 970 970 E StatsPullAtomCallbackImpl: Failed to start PowerStatsService statsd pullers
06-08 13:54:03.499 970 970 V SystemServerTiming: OnBootPhase_500_com.android.server.powerstats.PowerStatsService took to complete: 2ms
06-08 13:54:03.499 970 970 D SystemServerTiming: OnBootPhase_500_com.android.server.permission.access.AccessCheckingService
06-08 13:54:03.499 970 970 V SystemServerTiming: OnBootPhase_500_com.android.server.permission.access.AccessCheckingService took to complete: 0ms
06-08 13:54:03.499 970 970 D SystemServerTiming: OnBootPhase_500_com.android.server.wm.ActivityTaskManagerService$Lifecycle
06-08 13:54:03.499 970 970 V SystemServerTiming: OnBootPhase_500_com.android.server.wm.ActivityTaskManagerService$Lifecycle took to complete: 0ms
06-08 13:54:03.499 970 970 D SystemServerTiming: OnBootPhase_500_com.android.server.am.ActivityManagerService$Lifecycle
06-08 13:54:03.500 970 970 W BatteryStatsImpl: Unexpected per uid modem model name ()
01-01 08:00:24.104 324 324 E realtek-i2c 9801ba00.i2c-4: rtk_i2c_handle_tx_abort: slave address not acknowledged (7bit mode)
01-01 08:00:24.107 324 324 E realtek-i2c 9801ba00.i2c-4: rtk_i2c_handle_tx_abort: slave address not acknowledged (7bit mode)
06-08 13:54:03.503 970 970 D ConnectivityService: requestNetwork for uid/pid:1000/970 activeRequest: null callbackRequest: 6 [NetworkRequest [ REQUEST id=7, [ Capabilities: INTERNET&NOT_RESTRICTED&TRUSTED&NOT_VCN_MANAGED Uid: 1000 RequestorUid: 1000 RequestorPkg: android UnderlyingNetworks: Null] ]] callback flags: 0 order: 2147483647
06-08 13:54:03.503 970 970 E BatteryStatsService: Could not register PowerStatsInternal
06-08 13:54:03.503 970 1113 D ConnectivityService: NetReassign [no changes] [c 0] [a 0] [i 0]
06-08 13:54:03.505 913 913 I update_engine: [INFO:cleanup_previous_update_action.cc(112)] Executing task 4
06-08 13:54:03.506 970 970 V SystemServerTiming: OnBootPhase_500_com.android.server.am.ActivityManagerService$Lifecycle took to complete: 7ms
06-08 13:54:03.506 970 970 D SystemServerTiming: OnBootPhase_500_com.android.server.pm.DataLoaderManagerService
06-08 13:54:03.506 970 970 V SystemServerTiming: OnBootPhase_500_com.android.server.pm.DataLoaderManagerService took to complete: 0ms
06-08 13:54:03.506 970 970 D SystemServerTiming: OnBootPhase_500_com.android.server.power.PowerManagerService
06-08 13:54:03.507 913 913 I update_engine: [INFO:cleanup_previous_update_action.cc(124)] CleanupPreviousUpdateAction scheduled task ID 5 for WaitBootCompleted
01-01 08:00:24.110 324 324 E realtek-i2c 9801ba00.i2c-4: rtk_i2c_handle_tx_abort: slave address not acknowledged (7bit mode)
01-01 08:00:24.112 324 324 E realtek-i2c 9801ba00.i2c-4: rtk_i2c_handle_tx_abort: slave address not acknowledged (7bit mode)
01-01 08:00:24.115 324 324 E realtek-i2c 9801ba00.i2c-4: rtk_i2c_handle_tx_abort: slave address not acknowledged (7bit mode)
06-08 13:54:03.508 970 970 I AttentionDetector: readValuesFromDeviceConfig(): mMaximumExtensionMillis=900000 mPreDimCheckDurationMillis=2000 mRequestedPostDimTimeoutMillis=0
06-08 13:54:03.514 970 970 W BrightnessThrottler: DeviceConfig ThermalBrightnessThrottlingData is null
01-01 08:00:24.118 324 324 E realtek-i2c 9801ba00.i2c-4: rtk_i2c_handle_tx_abort: slave address not acknowledged (7bit mode)
01-01 08:00:24.121 324 324 E realtek-i2c 9801ba00.i2c-4: rtk_i2c_handle_tx_abort: slave address not acknowledged (7bit mode)
06-08 13:54:03.516 970 970 E DisplayPowerController2[0]: failed to set up display white-balance: java.lang.IllegalStateException: cannot find sensor com.google.sensor.color
06-08 13:54:03.516 970 970 W DisplayPowerController2[0]: Screen brightness nits configuration is unavailable; falling back
06-08 13:54:03.518 664 664 I android.hardware.power-service.rtk: Power boost INTERACTION isBoostSupported: 0
01-01 08:00:24.125 324 324 E realtek-i2c 9801ba00.i2c-4: rtk_i2c_handle_tx_abort: slave address not acknowledged (7bit mode)
01-01 08:00:24.127 324 324 E realtek-i2c 9801ba00.i2c-4: rtk_i2c_handle_tx_abort: slave address not acknowledged (7bit mode)
06-08 13:54:03.522 970 970 I FaceDownDetector: readValuesFromDeviceConfig(): mAccelerationThreshold=0.2 mZAccelerationThreshold=-9.5 mTimeThreshold=PT1S mIsEnabled=true
06-08 13:54:03.522 970 1017 W KeyguardServiceDelegate: onScreenTurningOn(): no keyguard service!
06-08 13:54:03.522 970 1017 I DisplayBrightnessStrategySelector: Changing the DisplayBrightnessStrategy from InvalidBrightnessStrategy toOverrideBrightnessStrategy for display 0
06-08 13:54:03.524 970 1017 V DisplayPowerController2[0]: Brightness [0.39763778] reason changing to: 'override', previous reason: '0'.
06-08 13:54:03.524 970 1017 I DisplayPowerController2[0]: BrightnessEvent: disp=0, physDisp=local:0, brt=0.39763778, initBrt=NaN, rcmdBrt=NaN, preBrt=NaN, lux=0.0, preLux=0.0, hbmMax=1.0, hbmMode=off, rbcStrength=0, thrmMax=1.0, powerFactor=1.0, wasShortTermModelActive=false, flags=, reason=override, autoBrightness=false, strategy=OverrideBrightnessStrategy
06-08 13:54:03.524 970 970 I ScreenUndimDetector: readValuesFromDeviceConfig(): mKeepScreenOnForMillis=600000 mKeepScreenOnNotificationEnabled=true mUndimsRequired=2
06-08 13:54:03.524 664 664 I android.hardware.power-service.rtk: Power mode DISPLAY_INACTIVE isModeSupported: 1
06-08 13:54:03.525 664 664 D android.hardware.power-service.rtk: [DRMQUIESCENT] DISPLAY_INACTIVE: 0 quiescent:0
06-08 13:54:03.525 735 735 D SurfaceFlinger: Setting power mode 2 on display 0
06-08 13:54:03.525 678 678 D drm.hwc.hdmiutil-aidl: [DRMQUIESCENT] writeDisplayMiscCtrl screen state : 1
06-08 13:54:03.525 970 992 I DisplayDeviceRepository: Display device changed state: "Built-in Screen", ON
01-01 08:00:24.130 324 324 E realtek-i2c 9801ba00.i2c-4: rtk_i2c_handle_tx_abort: slave address not acknowledged (7bit mode)
01-01 08:00:24.133 324 324 E realtek-i2c 9801ba00.i2c-4: rtk_i2c_handle_tx_abort: slave address not acknowledged (7bit mode)
06-08 13:54:03.527 970 992 I InputManager-JNI: Viewport [0] to add: local:0, isActive: true
06-08 13:54:03.527 970 970 V SystemServerTiming: OnBootPhase_500_com.android.server.power.PowerManagerService took to complete: 21ms
06-08 13:54:03.527 970 970 D SystemServerTiming: OnBootPhase_500_com.android.server.power.ThermalManagerService
06-08 13:54:03.527 970 992 I DisplayDeviceRepository: Display device changed state: "Built-in Screen", ON
06-08 13:54:03.528 970 970 V SystemServerTiming: OnBootPhase_500_com.android.server.power.ThermalManagerService took to complete: 0ms
06-08 13:54:03.528 970 970 D SystemServerTiming: OnBootPhase_500_com.android.server.power.hint.HintManagerService
06-08 13:54:03.528 970 970 V HintManagerService: Initializing HintManager service...
06-08 13:54:03.528 970 970 V HistoricalRegistry: Interaction before persistence initialized
06-08 13:54:03.528 970 970 V SystemServerTiming: OnBootPhase_500_com.android.server.power.hint.HintManagerService took to complete: 0ms
06-08 13:54:03.528 970 970 D SystemServerTiming: OnBootPhase_500_com.android.server.recoverysystem.RecoverySystemService$Lifecycle
06-08 13:54:03.528 970 970 V SystemServerTiming: OnBootPhase_500_com.android.server.recoverysystem.RecoverySystemService$Lifecycle took to complete: 1ms
06-08 13:54:03.528 970 970 D SystemServerTiming: OnBootPhase_500_com.android.server.lights.LightsService
06-08 13:54:03.528 970 970 V SystemServerTiming: OnBootPhase_500_com.android.server.lights.LightsService took to complete: 0ms
06-08 13:54:03.528 970 970 D SystemServerTiming: OnBootPhase_500_com.android.server.display.DisplayManagerService
06-08 13:54:03.528 970 970 V SystemServerTiming: OnBootPhase_500_com.android.server.display.DisplayManagerService took to complete: 0ms
06-08 13:54:03.528 970 970 D SystemServerTiming: OnBootPhase_500_com.android.server.pm.verify.domain.DomainVerificationService
06-08 13:54:03.528 970 1064 I InputReader: Reconfiguring input devices, changes=DISPLAY_INFO
06-08 13:54:03.528 970 970 V SystemServerTiming: OnBootPhase_500_com.android.server.pm.verify.domain.DomainVerificationService took to complete: 0ms
06-08 13:54:03.528 970 970 D SystemServerTiming: OnBootPhase_500_com.android.server.pm.PackageInstallerService$Lifecycle
06-08 13:54:03.528 970 970 V SystemServerTiming: OnBootPhase_500_com.android.server.pm.PackageInstallerService$Lifecycle took to complete: 0ms
06-08 13:54:03.528 970 970 D SystemServerTiming: OnBootPhase_500_com.android.server.pm.UserManagerService$LifeCycle
06-08 13:54:03.528 970 970 V SystemServerTiming: OnBootPhase_500_com.android.server.pm.UserManagerService$LifeCycle took to complete: 0ms
06-08 13:54:03.528 970 970 D SystemServerTiming: OnBootPhase_500_com.android.server.om.OverlayManagerService
06-08 13:54:03.528 970 970 V SystemServerTiming: OnBootPhase_500_com.android.server.om.OverlayManagerService took to complete: 0ms
06-08 13:54:03.528 970 970 D SystemServerTiming: OnBootPhase_500_com.android.server.resources.ResourcesManagerService
06-08 13:54:03.528 970 970 V SystemServerTiming: OnBootPhase_500_com.android.server.resources.ResourcesManagerService took to complete: 0ms
06-08 13:54:03.528 970 970 D SystemServerTiming: OnBootPhase_500_com.android.server.sensorprivacy.SensorPrivacyService
06-08 13:54:03.528 970 1064 I InputReader: Device reconfigured: id=5, name='goodix-ts', size 1280x1600, orientation 0, mode 1, display id 0
06-08 13:54:03.530 970 990 D SystemGestures: onConfigurationChanged wUi = 77 hUI =98
06-08 13:54:03.530 970 970 V SystemServerTiming: OnBootPhase_500_com.android.server.sensorprivacy.SensorPrivacyService took to complete: 2ms
06-08 13:54:03.530 970 970 D SystemServerTiming: OnBootPhase_500_com.android.server.sensors.SensorService
06-08 13:54:03.530 970 970 V SystemServerTiming: OnBootPhase_500_com.android.server.sensors.SensorService took to complete: 0ms
06-08 13:54:03.530 970 970 D SystemServerTiming: OnBootPhase_500_com.android.server.SystemConfigService
06-08 13:54:03.530 970 970 V SystemServerTiming: OnBootPhase_500_com.android.server.SystemConfigService took to complete: 0ms
06-08 13:54:03.530 970 970 D SystemServerTiming: OnBootPhase_500_com.android.server.BatteryService
06-08 13:54:03.530 970 970 V SystemServerTiming: OnBootPhase_500_com.android.server.BatteryService took to complete: 0ms
06-08 13:54:03.530 970 970 D SystemServerTiming: OnBootPhase_500_com.android.server.usage.UsageStatsService
01-01 08:00:24.136 324 324 E realtek-i2c 9801ba00.i2c-4: rtk_i2c_handle_tx_abort: slave address not acknowledged (7bit mode)
06-08 13:54:03.531 970 990 D SystemGestures: onConfigurationChanged wUi = 77 hUI =98
06-08 13:54:03.531 678 678 D DRM2-LVDS-DSPIMPL: Backlight Supported is 1
06-08 13:54:03.531 678 678 D DRM2-LVDS-DSPIMPL: [setBacklight] power:1
06-08 13:54:03.532 678 678 D DRM2-LVDS-DSPIMPL: [setBrightness] brightness:0.40 brightnessNits:-1.00
06-08 13:54:03.532 678 678 D DRM2-Backlight: setBacklightBrightness: brightness=0.397638 level=8
06-08 13:54:03.532 970 970 D AppStandbyController: Setting app idle enabled state
06-08 13:54:03.532 651 743 I Camera-Pvdr-car: handleUevent: data:0xb400007a5183a650 msg:change@/devices/platform/backlight-lvds/backlight/backlight-lvds len:1023
06-08 13:54:03.532 651 743 I Camera-Pvdr-car: handleSwitchEvent
01-01 08:00:24.139 324 324 E realtek-i2c 9801ba00.i2c-4: rtk_i2c_handle_tx_abort: slave address not acknowledged (7bit mode)
01-01 08:00:24.142 324 324 E realtek-i2c 9801ba00.i2c-4: rtk_i2c_handle_tx_abort: slave address not acknowledged (7bit mode)
06-08 13:54:03.541 970 999 E AppWidgetManager: Nofity service of inheritance info java.lang.IllegalStateException: User 0 must be unlocked for widgets to be available
at com.android.server.appwidget.AppWidgetServiceImpl.ensureGroupStateLoadedLocked(AppWidgetServiceImpl.java:651)
at com.android.server.appwidget.AppWidgetServiceImpl.ensureGroupStateLoadedLocked(AppWidgetServiceImpl.java:645)
at com.android.server.appwidget.AppWidgetServiceImpl.getInstalledProvidersForProfile(AppWidgetServiceImpl.java:1730)
at android.appwidget.AppWidgetManager.getInstalledProvidersForProfile(AppWidgetManager.java:1016)
at android.appwidget.AppWidgetManager.getInstalledProvidersForPackage(AppWidgetManager.java:950)
at android.appwidget.AppWidgetManager.lambda$new$3(AppWidgetManager.java:548)
at android.appwidget.AppWidgetManager.$r8$lambda$MnZCUjy90wcD58stsygv3SVPbu4(Unknown Source:0)
at android.appwidget.AppWidgetManager$$ExternalSyntheticLambda10.run(Unknown Source:2)
at android.os.Handler.handleCallback(Handler.java:958)
at android.os.Handler.dispatchMessage(Handler.java:99)
at android.os.Looper.loopOnce(Looper.java:205)
at android.os.Looper.loop(Looper.java:294)
at android.os.HandlerThread.run(HandlerThread.java:67)
06-08 13:54:03.527 678 678 W binder:678_2: type=1400 audit(0.0:167): avc: denied { getattr } for path="/sys/devices/platform/backlight-lvds/backlight/backlight-lvds/bl_power" dev="sysfs" ino=55277 scontext=u:r:hal_graphics_composer_default:s0 tcontext=u:object_r:sysfs:s0 tclass=file permissive=0
06-08 13:54:03.545 970 970 V HistoricalRegistry: Interaction before persistence initialized
06-08 13:54:03.546 970 970 V SystemServerTiming: OnBootPhase_500_com.android.server.usage.UsageStatsService took to complete: 16ms
06-08 13:54:03.546 970 970 D SystemServerTiming: OnBootPhase_500_com.android.server.webkit.WebViewUpdateService
06-08 13:54:03.546 970 970 V SystemServerTiming: OnBootPhase_500_com.android.server.webkit.WebViewUpdateService took to complete: 0ms
06-08 13:54:03.547 970 970 D SystemServerTiming: OnBootPhase_500_com.android.server.CachedDeviceStateService
06-08 13:54:03.547 970 970 V SystemServerTiming: OnBootPhase_500_com.android.server.CachedDeviceStateService took to complete: 1ms
06-08 13:54:03.547 970 970 D SystemServerTiming: OnBootPhase_500_com.android.server.BinderCallsStatsService$LifeCycle
01-01 08:00:24.158 324 324 E realtek-i2c 9801ba00.i2c-4: rtk_i2c_handle_tx_abort: slave address not acknowledged (7bit mode)
06-08 13:54:03.527 678 678 W binder:678_2: type=1400 audit(0.0:168): avc: denied { getattr } for path="/sys/devices/platform/backlight-lvds/backlight/backlight-lvds/max_brightness" dev="sysfs" ino=55280 scontext=u:r:hal_graphics_composer_default:s0 tcontext=u:object_r:sysfs:s0 tclass=file permissive=0
06-08 13:54:03.551 970 970 V SystemServerTiming: OnBootPhase_500_com.android.server.BinderCallsStatsService$LifeCycle took to complete: 4ms
06-08 13:54:03.551 970 970 D SystemServerTiming: OnBootPhase_500_com.android.server.LooperStatsService$Lifecycle
06-08 13:54:03.552 970 970 V SystemServerTiming: OnBootPhase_500_com.android.server.LooperStatsService$Lifecycle took to complete: 0ms
06-08 13:54:03.552 970 970 D SystemServerTiming: OnBootPhase_500_com.android.server.rollback.RollbackManagerService
06-08 13:54:03.552 970 970 V SystemServerTiming: OnBootPhase_500_com.android.server.rollback.RollbackManagerService took to complete: 0ms
06-08 13:54:03.552 970 970 D SystemServerTiming: OnBootPhase_500_com.android.server.os.NativeTombstoneManagerService
06-08 13:54:03.552 970 970 V SystemServerTiming: OnBootPhase_500_com.android.server.os.NativeTombstoneManagerService took to complete: 0ms
06-08 13:54:03.552 970 970 D SystemServerTiming: OnBootPhase_500_com.android.server.os.BugreportManagerService
06-08 13:54:03.552 970 970 V SystemServerTiming: OnBootPhase_500_com.android.server.os.BugreportManagerService took to complete: 0ms
06-08 13:54:03.552 970 970 D SystemServerTiming: OnBootPhase_500_com.android.server.gpu.GpuService
06-08 13:54:03.552 970 970 V SystemServerTiming: OnBootPhase_500_com.android.server.gpu.GpuService took to complete: 0ms
06-08 13:54:03.552 970 970 D SystemServerTiming: OnBootPhase_500_com.android.server.security.rkp.RemoteProvisioningService
06-08 13:54:03.552 970 970 V SystemServerTiming: OnBootPhase_500_com.android.server.security.rkp.RemoteProvisioningService took to complete: 0ms
06-08 13:54:03.552 970 970 D SystemServerTiming: OnBootPhase_500_com.android.server.cpu.CpuMonitorService
06-08 13:54:03.552 970 970 V SystemServerTiming: OnBootPhase_500_com.android.server.cpu.CpuMonitorService took to complete: 0ms
06-08 13:54:03.552 970 970 D SystemServerTiming: OnBootPhase_500_com.android.server.security.KeyChainSystemService
06-08 13:54:03.552 970 970 V SystemServerTiming: OnBootPhase_500_com.android.server.security.KeyChainSystemService took to complete: 0ms
06-08 13:54:03.552 970 970 D SystemServerTiming: OnBootPhase_500_com.android.server.BinaryTransparencyService
06-08 13:54:03.552 970 970 V SystemServerTiming: OnBootPhase_500_com.android.server.BinaryTransparencyService took to complete: 0ms
06-08 13:54:03.552 970 970 D SystemServerTiming: OnBootPhase_500_com.android.server.telecom.TelecomLoaderService
06-08 13:54:03.552 970 970 V SystemServerTiming: OnBootPhase_500_com.android.server.telecom.TelecomLoaderService took to complete: 0ms
06-08 13:54:03.552 970 970 D SystemServerTiming: OnBootPhase_500_com.android.server.accounts.AccountManagerService$Lifecycle
06-08 13:54:03.553 970 970 V SystemServerTiming: OnBootPhase_500_com.android.server.accounts.AccountManagerService$Lifecycle took to complete: 0ms
06-08 13:54:03.553 970 970 D SystemServerTiming: OnBootPhase_500_com.android.server.content.ContentService$Lifecycle
06-08 13:54:03.553 970 970 V SystemServerTiming: OnBootPhase_500_com.android.server.content.ContentService$Lifecycle took to complete: 0ms
06-08 13:54:03.553 970 970 D SystemServerTiming: OnBootPhase_500_com.android.server.deviceconfig.DeviceConfigInit$Lifecycle
06-08 13:54:03.553 970 970 V SystemServerTiming: OnBootPhase_500_com.android.server.deviceconfig.DeviceConfigInit$Lifecycle took to complete: 0ms
06-08 13:54:03.553 970 970 D SystemServerTiming: OnBootPhase_500_com.android.server.DropBoxManagerService
06-08 13:54:03.553 970 970 V SystemServerTiming: OnBootPhase_500_com.android.server.DropBoxManagerService took to complete: 0ms
06-08 13:54:03.553 970 970 D SystemServerTiming: OnBootPhase_500_com.android.role.RoleService
06-08 13:54:03.554 970 970 V SystemServerTiming: OnBootPhase_500_com.android.role.RoleService took to complete: 0ms
06-08 13:54:03.554 970 970 D SystemServerTiming: OnBootPhase_500_com.android.server.vibrator.VibratorManagerService$Lifecycle
06-08 13:54:03.554 970 970 V VibratorManagerService: Initializing VibratorManager service...
06-08 13:54:03.554 970 970 V HistoricalRegistry: Interaction before persistence initialized
06-08 13:54:03.555 970 970 V VibratorManagerService: VibratorManager service initialized
06-08 13:54:03.556 970 970 V SystemServerTiming: OnBootPhase_500_com.android.server.vibrator.VibratorManagerService$Lifecycle took to complete: 2ms
06-08 13:54:03.556 970 970 D SystemServerTiming: OnBootPhase_500_com.android.server.tare.InternalResourceService
06-08 13:54:03.557 970 970 V SystemServerTiming: OnBootPhase_500_com.android.server.tare.InternalResourceService took to complete: 1ms
06-08 13:54:03.557 970 970 D SystemServerTiming: OnBootPhase_500_com.android.server.alarm.AlarmManagerService
06-08 13:54:03.558 970 970 E LazyAlarmStore: Removed TIME_TICK alarm
06-08 13:54:03.560 970 970 V SystemServerTiming: OnBootPhase_500_com.android.server.alarm.AlarmManagerService took to complete: 2ms
06-08 13:54:03.560 970 970 D SystemServerTiming: OnBootPhase_500_com.android.server.devicestate.DeviceStateManagerService
01-01 08:00:24.161 324 324 E realtek-i2c 9801ba00.i2c-4: rtk_i2c_handle_tx_abort: slave address not acknowledged (7bit mode)
06-08 13:54:03.560 970 970 V SystemServerTiming: OnBootPhase_500_com.android.server.devicestate.DeviceStateManagerService took to complete: 0ms
06-08 13:54:03.527 678 678 W binder:678_2: type=1400 audit(0.0:169): avc: denied { getattr } for path="/sys/devices/platform/backlight-lvds/backlight/backlight-lvds/brightness" dev="sysfs" ino=55278 scontext=u:r:hal_graphics_composer_default:s0 tcontext=u:object_r:sysfs:s0 tclass=file permissive=0
06-08 13:54:03.560 970 970 D SystemServerTiming: OnBootPhase_500_com.android.server.camera.CameraServiceProxy
06-08 13:54:03.560 970 970 V SystemServerTiming: OnBootPhase_500_com.android.server.camera.CameraServiceProxy took to complete: 0ms
06-08 13:54:03.560 970 970 D SystemServerTiming: OnBootPhase_500_com.android.server.bluetooth.BluetoothService
06-08 13:54:03.560 970 970 V SystemServerTiming: OnBootPhase_500_com.android.server.bluetooth.BluetoothService took to complete: 0ms
06-08 13:54:03.560 970 970 D SystemServerTiming: OnBootPhase_500_com.android.server.connectivity.IpConnectivityMetrics
06-08 13:54:03.562 970 1113 D ConnectivityService: NetReassign [no changes] [c 0] [a 0] [i 0]
06-08 13:54:03.563 970 970 V SystemServerTiming: OnBootPhase_500_com.android.server.connectivity.IpConnectivityMetrics took to complete: 2ms
06-08 13:54:03.563 970 970 D SystemServerTiming: OnBootPhase_500_com.android.server.net.watchlist.NetworkWatchlistService$Lifecycle
06-08 13:54:03.563 970 970 V SystemServerTiming: OnBootPhase_500_com.android.server.net.watchlist.NetworkWatchlistService$Lifecycle took to complete: 0ms
06-08 13:54:03.563 970 970 D SystemServerTiming: OnBootPhase_500_com.android.server.PinnerService
06-08 13:54:03.563 970 970 V SystemServerTiming: OnBootPhase_500_com.android.server.PinnerService took to complete: 0ms
06-08 13:54:03.563 970 970 D SystemServerTiming: OnBootPhase_500_com.android.server.integrity.AppIntegrityManagerService
06-08 13:54:03.563 970 970 V SystemServerTiming: OnBootPhase_500_com.android.server.integrity.AppIntegrityManagerService took to complete: 0ms
06-08 13:54:03.563 970 970 D SystemServerTiming: OnBootPhase_500_com.android.server.logcat.LogcatManagerService
06-08 13:54:03.563 970 970 V SystemServerTiming: OnBootPhase_500_com.android.server.logcat.LogcatManagerService took to complete: 0ms
06-08 13:54:03.563 970 970 D SystemServerTiming: OnBootPhase_500_com.android.server.inputmethod.InputMethodManagerService$Lifecycle
06-08 13:54:03.564 970 970 V SystemServerTiming: OnBootPhase_500_com.android.server.inputmethod.InputMethodManagerService$Lifecycle took to complete: 0ms
06-08 13:54:03.564 970 970 D SystemServerTiming: OnBootPhase_500_com.android.server.accessibility.AccessibilityManagerService$Lifecycle
06-08 13:54:03.564 970 970 V SystemServerTiming: OnBootPhase_500_com.android.server.accessibility.AccessibilityManagerService$Lifecycle took to complete: 0ms
06-08 13:54:03.564 970 970 D SystemServerTiming: OnBootPhase_500_com.android.server.StorageManagerService$Lifecycle
06-08 13:54:03.564 970 970 V SystemServerTiming: OnBootPhase_500_com.android.server.StorageManagerService$Lifecycle took to complete: 1ms
06-08 13:54:03.564 970 970 D SystemServerTiming: OnBootPhase_500_com.android.server.usage.StorageStatsService$Lifecycle
06-08 13:54:03.564 970 970 V SystemServerTiming: OnBootPhase_500_com.android.server.usage.StorageStatsService$Lifecycle took to complete: 0ms
06-08 13:54:03.564 970 970 D SystemServerTiming: OnBootPhase_500_com.android.server.UiModeManagerService
06-08 13:54:03.566 970 970 I ActivityTaskManager: Config changes=200 {1.0 ?mcc0mnc [en_US] ldltr sw1256dp w1256dp h1571dp 163dpi xlrg port car -touch -keyb/h/h dpad/v winConfig={ mBounds=Rect(0, 0 - 1280, 1600) mAppBounds=Rect(0, 0 - 1280, 1600) mMaxBounds=Rect(0, 0 - 1280, 1600) mDisplayRotation=ROTATION_0 mWindowingMode=fullscreen mDisplayWindowingMode=fullscreen mActivityType=undefined mAlwaysOnTop=undefined mRotation=ROTATION_0} s.4 ?fontWeightAdjustment}
06-08 13:54:03.568 970 970 I WindowManager: Override config changes=200 {1.0 ?mcc0mnc [en_US] ldltr sw1256dp w1256dp h1571dp 163dpi xlrg port car -touch -keyb/h/h dpad/v winConfig={ mBounds=Rect(0, 0 - 1280, 1600) mAppBounds=Rect(0, 0 - 1280, 1600) mMaxBounds=Rect(0, 0 - 1280, 1600) mDisplayRotation=ROTATION_0 mWindowingMode=fullscreen mDisplayWindowingMode=fullscreen mActivityType=undefined mAlwaysOnTop=undefined mRotation=ROTATION_0} s.4 ?fontWeightAdjustment} for displayId=0
01-01 08:00:24.170 324 324 E realtek-i2c 9801ba00.i2c-4: rtk_i2c_handle_tx_abort: slave address not acknowledged (7bit mode)
06-08 13:54:03.531 678 678 W binder:678_2: type=1400 audit(0.0:170): avc: denied { getattr } for path="/sys/devices/platform/soc@0/98000000.rbus/98007088.rtk-usb-manager/9800773c.usb-phy/extcon/extcon0/state" dev="sysfs" ino=53074 scontext=u:r:hal_graphics_composer_default:s0 tcontext=u:object_r:sysfs:s0 tclass=file permissive=0
01-01 08:00:24.180 324 324 E realtek-i2c 9801ba00.i2c-4: rtk_i2c_handle_tx_abort: slave address not acknowledged (7bit mode)
06-08 13:54:03.531 678 678 W binder:678_2: type=1400 audit(0.0:171): avc: denied { getattr } for path="/sys/devices/platform/soc@0/98000000.rbus/98007088.rtk-usb-manager/98007220.type-c/extcon/extcon1/state" dev="sysfs" ino=55415 scontext=u:r:hal_graphics_composer_default:s0 tcontext=u:object_r:sysfs:s0 tclass=file permissive=0
06-08 13:54:03.583 970 970 V SystemServerTiming: OnBootPhase_500_com.android.server.UiModeManagerService took to complete: 18ms
06-08 13:54:03.583 970 970 D SystemServerTiming: OnBootPhase_500_com.android.server.locales.LocaleManagerService
06-08 13:54:03.583 970 970 V SystemServerTiming: OnBootPhase_500_com.android.server.locales.LocaleManagerService took to complete: 0ms
06-08 13:54:03.583 970 970 D SystemServerTiming: OnBootPhase_500_com.android.server.grammaticalinflection.GrammaticalInflectionService
06-08 13:54:03.583 970 970 V SystemServerTiming: OnBootPhase_500_com.android.server.grammaticalinflection.GrammaticalInflectionService took to complete: 0ms
06-08 13:54:03.583 970 970 D SystemServerTiming: OnBootPhase_500_com.android.server.apphibernation.AppHibernationService
06-08 13:54:03.584 970 970 V SystemServerTiming: OnBootPhase_500_com.android.server.apphibernation.AppHibernationService took to complete: 1ms
06-08 13:54:03.584 970 970 D SystemServerTiming: OnBootPhase_500_com.android.server.locksettings.LockSettingsService$Lifecycle
06-08 13:54:03.584 970 970 V SystemServerTiming: OnBootPhase_500_com.android.server.locksettings.LockSettingsService$Lifecycle took to complete: 0ms
06-08 13:54:03.584 970 970 D SystemServerTiming: OnBootPhase_500_com.android.server.PersistentDataBlockService
06-08 13:54:03.584 970 970 V SystemServerTiming: OnBootPhase_500_com.android.server.PersistentDataBlockService took to complete: 0ms
06-08 13:54:03.584 970 970 D SystemServerTiming: OnBootPhase_500_com.android.server.testharness.TestHarnessModeService
06-08 13:54:03.584 970 970 D TestHarnessModeService: Setting up test harness mode
06-08 13:54:03.584 970 970 D TestHarnessModeService: Getting PersistentDataBlockManagerInternal from LocalServices
01-01 08:00:24.190 324 324 E realtek-i2c 9801ba00.i2c-4: rtk_i2c_handle_tx_abort: slave address not acknowledged (7bit mode)
01-01 08:00:24.193 324 324 E realtek-i2c 9801ba00.i2c-4: rtk_i2c_handle_tx_abort: slave address not acknowledged (7bit mode)
01-01 08:00:24.196 324 324 E realtek-i2c 9801ba00.i2c-4: rtk_i2c_handle_tx_abort: slave address not acknowledged (7bit mode)
01-01 08:00:24.199 324 324 E realtek-i2c 9801ba00.i2c-4: rtk_i2c_handle_tx_abort: slave address not acknowledged (7bit mode)
01-01 08:00:24.202 324 324 E realtek-i2c 9801ba00.i2c-4: rtk_i2c_handle_tx_abort: slave address not acknowledged (7bit mode)
01-01 08:00:24.205 324 324 E realtek-i2c 9801ba00.i2c-4: rtk_i2c_handle_tx_abort: slave address not acknowledged (7bit mode)
01-01 08:00:24.208 324 324 E realtek-i2c 9801ba00.i2c-4: rtk_i2c_handle_tx_abort: slave address not acknowledged (7bit mode)
01-01 08:00:24.211 324 324 E realtek-i2c 9801ba00.i2c-4: rtk_i2c_handle_tx_abort: slave address not acknowledged (7bit mode)
01-01 08:00:24.213 324 324 E realtek-i2c 9801ba00.i2c-4: rtk_i2c_handle_tx_abort: slave address not acknowledged (7bit mode)
01-01 08:00:24.216 324 324 E realtek-i2c 9801ba00.i2c-4: rtk_i2c_handle_tx_abort: slave address not acknowledged (7bit mode)
06-08 13:54:03.612 970 970 V SystemServerTiming: OnBootPhase_500_com.android.server.testharness.TestHarnessModeService took to complete: 27ms
06-08 13:54:03.612 970 970 D SystemServerTiming: OnBootPhase_500_com.android.server.oemlock.OemLockService
06-08 13:54:03.612 970 970 V SystemServerTiming: OnBootPhase_500_com.android.server.oemlock.OemLockService took to complete: 0ms
06-08 13:54:03.612 970 970 D SystemServerTiming: OnBootPhase_500_com.android.server.DeviceIdleController
06-08 13:54:03.615 970 970 V HistoricalRegistry: Interaction before persistence initialized
06-08 13:54:03.617 970 970 V SystemServerTiming: OnBootPhase_500_com.android.server.DeviceIdleController took to complete: 6ms
06-08 13:54:03.617 970 970 D SystemServerTiming: OnBootPhase_500_com.android.server.devicepolicy.DevicePolicyManagerService$Lifecycle
06-08 13:54:03.618 970 970 V SystemServerTiming: OnBootPhase_500_com.android.server.devicepolicy.DevicePolicyManagerService$Lifecycle took to complete: 0ms
06-08 13:54:03.618 970 970 D SystemServerTiming: OnBootPhase_500_com.android.server.texttospeech.TextToSpeechManagerService
06-08 13:54:03.618 970 970 V SystemServerTiming: OnBootPhase_500_com.android.server.texttospeech.TextToSpeechManagerService took to complete: 0ms
06-08 13:54:03.618 970 970 D SystemServerTiming: OnBootPhase_500_com.android.server.ambientcontext.AmbientContextManagerService
06-08 13:54:03.618 970 970 V SystemServerTiming: OnBootPhase_500_com.android.server.ambientcontext.AmbientContextManagerService took to complete: 1ms
06-08 13:54:03.619 970 970 D SystemServerTiming: OnBootPhase_500_com.android.server.wearable.WearableSensingManagerService
06-08 13:54:03.619 970 970 V SystemServerTiming: OnBootPhase_500_com.android.server.wearable.WearableSensingManagerService took to complete: 0ms
06-08 13:54:03.619 970 970 D SystemServerTiming: OnBootPhase_500_com.android.server.speech.SpeechRecognitionManagerService
06-08 13:54:03.619 970 970 V SystemServerTiming: OnBootPhase_500_com.android.server.speech.SpeechRecognitionManagerService took to complete: 0ms
06-08 13:54:03.619 970 970 D SystemServerTiming: OnBootPhase_500_com.android.server.searchui.SearchUiManagerService
06-08 13:54:03.619 970 970 V SystemServerTiming: OnBootPhase_500_com.android.server.searchui.SearchUiManagerService took to complete: 0ms
06-08 13:54:03.619 970 970 D SystemServerTiming: OnBootPhase_500_com.android.server.smartspace.SmartspaceManagerService
06-08 13:54:03.619 970 970 V SystemServerTiming: OnBootPhase_500_com.android.server.smartspace.SmartspaceManagerService took to complete: 0ms
06-08 13:54:03.619 970 970 D SystemServerTiming: OnBootPhase_500_com.android.server.graphics.fonts.FontManagerService$Lifecycle
06-08 13:54:03.619 970 970 V SystemServerTiming: OnBootPhase_500_com.android.server.graphics.fonts.FontManagerService$Lifecycle took to complete: 0ms
06-08 13:54:03.619 970 970 D SystemServerTiming: OnBootPhase_500_com.android.server.textservices.TextServicesManagerService$Lifecycle
06-08 13:54:03.619 970 970 V SystemServerTiming: OnBootPhase_500_com.android.server.textservices.TextServicesManagerService$Lifecycle took to complete: 0ms
06-08 13:54:03.619 970 970 D SystemServerTiming: OnBootPhase_500_com.android.server.NetworkScoreService$Lifecycle
06-08 13:54:03.619 970 970 V SystemServerTiming: OnBootPhase_500_com.android.server.NetworkScoreService$Lifecycle took to complete: 1ms
01-01 08:00:24.219 324 324 E realtek-i2c 9801ba00.i2c-4: rtk_i2c_handle_tx_abort: slave address not acknowledged (7bit mode)
06-08 13:54:03.619 970 970 D SystemServerTiming: OnBootPhase_500_com.android.server.NetworkStatsServiceInitializer
01-01 08:00:24.222 324 324 E realtek-i2c 9801ba00.i2c-4: rtk_i2c_handle_tx_abort: slave address not acknowledged (7bit mode)
06-08 13:54:03.619 970 970 V SystemServerTiming: OnBootPhase_500_com.android.server.NetworkStatsServiceInitializer took to complete: 0ms
06-08 13:54:03.619 970 970 D SystemServerTiming: OnBootPhase_500_com.android.server.wifi.WifiService
01-01 08:00:24.225 324 324 E realtek-i2c 9801ba00.i2c-4: rtk_i2c_handle_tx_abort: slave address not acknowledged (7bit mode)
01-01 08:00:24.227 324 324 E realtek-i2c 9801ba00.i2c-4: rtk_i2c_handle_tx_abort: slave address not acknowledged (7bit mode)
06-08 13:54:03.620 970 970 V SystemServerTiming: OnBootPhase_500_com.android.server.wifi.WifiService took to complete: 0ms
06-08 13:54:03.620 970 970 D SystemServerTiming: OnBootPhase_500_com.android.server.wifi.scanner.WifiScanningService
06-08 13:54:03.620 970 970 I WifiScanningService: Starting wifiscanner
06-08 13:54:03.620 970 970 V SystemServerTiming: OnBootPhase_500_com.android.server.wifi.scanner.WifiScanningService took to complete: 0ms
06-08 13:54:03.620 970 970 D SystemServerTiming: OnBootPhase_500_com.android.server.wifi.p2p.WifiP2pService
06-08 13:54:03.621 617 662 I netd: registerUnsolicitedEventListener(interface:0xb4000073b6c18400) <0.03ms>
06-08 13:54:03.621 970 970 V SystemServerTiming: OnBootPhase_500_com.android.server.wifi.p2p.WifiP2pService took to complete: 1ms
06-08 13:54:03.621 970 970 D SystemServerTiming: OnBootPhase_500_com.android.server.ConnectivityServiceInitializer
06-08 13:54:03.622 970 1109 I WifiContext: Got resolveInfos for com.android.server.wifi.intent.action.SERVICE_WIFI_RESOURCES_APK: [ResolveInfo{4e29ff7 com.android.wifi.resources/android.app.Activity m=0x108000 userHandle=UserHandle{0}}]
06-08 13:54:03.622 970 1109 I WifiContext: Found Wifi Resources APK at: com.android.wifi.resources
06-08 13:54:03.623 970 970 I EthernetServiceImpl: Starting Ethernet service
06-08 13:54:03.623 970 1113 D ConnectivityService: Got NetworkProvider Messenger for EthernetNetworkFactory
06-08 13:54:03.624 970 970 V SystemServerTiming: OnBootPhase_500_com.android.server.ConnectivityServiceInitializer took to complete: 3ms
06-08 13:54:03.625 617 662 I netd: interfaceGetList() -> {[sit0, ip6gre0, ifb1, tunl0, gretap0, wlan0, ap0, ip6_vti0, erspan0, dummy0, eth0, gre0, p2p0, lo, ip6tnl0, ip_vti0, ifb0]} <0.08ms>
06-08 13:54:03.625 970 970 D SystemServerTiming: OnBootPhase_500_com.android.server.notification.NotificationManagerService
06-08 13:54:03.625 970 1112 I EthernetTracker: maybeTrackInterface: eth0
06-08 13:54:03.626 970 1105 W WifiXmlUtil: Ignoring unknown value name found: CaptivePortalNeverDetected
06-08 13:54:03.626 617 662 I netd: interfaceGetCfg(eth0) -> {InterfaceConfigurationParcel{ifName: eth0, hwAddr: 00:10:20:30:04:93, ipv4Addr: 0.0.0.0, prefixLength: 0, flags: [down, broadcast, multicast]}} <0.26ms>
06-08 13:54:03.626 617 662 I netd: interfaceGetCfg(eth0) -> {InterfaceConfigurationParcel{ifName: eth0, hwAddr: 00:10:20:30:04:93, ipv4Addr: 0.0.0.0, prefixLength: 0, flags: [down, broadcast, multicast]}} <0.14ms>
06-08 13:54:03.627 970 1107 I WifiContext: Got resolveInfos for com.android.server.wifi.intent.action.SERVICE_WIFI_RESOURCES_APK: [ResolveInfo{2102401 com.android.wifi.resources/android.app.Activity m=0x108000 userHandle=UserHandle{0}}]
06-08 13:54:03.627 970 1107 I WifiContext: Found Wifi Resources APK at: com.android.wifi.resources
01-01 08:00:24.230 324 324 E realtek-i2c 9801ba00.i2c-4: rtk_i2c_handle_tx_abort: slave address not acknowledged (7bit mode)
01-01 08:00:24.233 324 324 E realtek-i2c 9801ba00.i2c-4: rtk_i2c_handle_tx_abort: slave address not acknowledged (7bit mode)
01-01 08:00:24.237 324 324 E realtek-i2c 9801ba00.i2c-4: rtk_i2c_handle_tx_abort: slave address not acknowledged (7bit mode)
06-08 13:54:03.632 970 1105 D CompatibilityChangeReporter: Compat change id reported: 213289672; UID 1000; state: ENABLED
06-08 13:54:03.632 970 970 V SystemServerTiming: OnBootPhase_500_com.android.server.notification.NotificationManagerService took to complete: 8ms
06-08 13:54:03.632 970 970 D SystemServerTiming: OnBootPhase_500_com.android.server.storage.DeviceStorageMonitorService
06-08 13:54:03.632 970 970 V SystemServerTiming: OnBootPhase_500_com.android.server.storage.DeviceStorageMonitorService took to complete: 0ms
06-08 13:54:03.632 970 970 D SystemServerTiming: OnBootPhase_500_com.android.server.timedetector.TimeDetectorService$Lifecycle
06-08 13:54:03.632 970 970 V SystemServerTiming: OnBootPhase_500_com.android.server.timedetector.TimeDetectorService$Lifecycle took to complete: 0ms
06-08 13:54:03.632 970 970 D SystemServerTiming: OnBootPhase_500_com.android.server.location.LocationManagerService$Lifecycle
06-08 13:54:03.634 970 1105 D CompatibilityChangeReporter: Compat change id reported: 215656264; UID 1000; state: ENABLED
06-08 13:54:03.634 970 1105 D WifiConfigStore: Reading from all stores completed in 14 ms.
06-08 13:54:03.634 970 970 V HistoricalRegistry: Interaction before persistence initialized
06-08 13:54:03.635 970 1105 E WifiConfigManager: Cannot find network with networkId -1 or configKey "NNG-SH-Pro_5G"WPA_PSK or upgradable security type check
06-08 13:54:03.635 970 1105 W BroadcastLoopers: Found previously unknown looper Thread[WifiHandlerThread,5,main]
01-01 08:00:24.241 324 324 E realtek-i2c 9801ba00.i2c-4: rtk_i2c_handle_tx_abort: slave address not acknowledged (7bit mode)
01-01 08:00:24.243 324 324 E realtek-i2c 9801ba00.i2c-4: rtk_i2c_handle_tx_abort: slave address not acknowledged (7bit mode)
06-08 13:54:03.636 970 970 V SystemServerTiming: OnBootPhase_500_com.android.server.location.LocationManagerService$Lifecycle took to complete: 3ms
06-08 13:54:03.636 970 970 D SystemServerTiming: OnBootPhase_500_com.android.server.timezonedetector.TimeZoneDetectorService$Lifecycle
06-08 13:54:03.636 970 970 V SystemServerTiming: OnBootPhase_500_com.android.server.timezonedetector.TimeZoneDetectorService$Lifecycle took to complete: 0ms
06-08 13:54:03.636 970 970 D SystemServerTiming: OnBootPhase_500_com.android.server.location.altitude.AltitudeService$Lifecycle
06-08 13:54:03.636 970 970 V SystemServerTiming: OnBootPhase_500_com.android.server.location.altitude.AltitudeService$Lifecycle took to complete: 0ms
06-08 13:54:03.636 970 970 D SystemServerTiming: OnBootPhase_500_com.android.server.timezonedetector.location.LocationTimeZoneManagerService$Lifecycle
06-08 13:54:03.636 970 970 V SystemServerTiming: OnBootPhase_500_com.android.server.timezonedetector.location.LocationTimeZoneManagerService$Lifecycle took to complete: 0ms
06-08 13:54:03.636 970 970 D SystemServerTiming: OnBootPhase_500_com.android.server.timedetector.GnssTimeUpdateService$Lifecycle
06-08 13:54:03.636 970 970 V SystemServerTiming: OnBootPhase_500_com.android.server.timedetector.GnssTimeUpdateService$Lifecycle took to complete: 0ms
06-08 13:54:03.636 970 970 D SystemServerTiming: OnBootPhase_500_com.android.server.search.SearchManagerService$Lifecycle
06-08 13:54:03.636 970 970 V SystemServerTiming: OnBootPhase_500_com.android.server.search.SearchManagerService$Lifecycle took to complete: 0ms
06-08 13:54:03.636 970 970 D SystemServerTiming: OnBootPhase_500_com.android.server.wallpaper.WallpaperManagerService$Lifecycle
06-08 13:54:03.637 970 970 V SystemServerTiming: OnBootPhase_500_com.android.server.wallpaper.WallpaperManagerService$Lifecycle took to complete: 0ms
06-08 13:54:03.637 970 970 D SystemServerTiming: OnBootPhase_500_com.android.server.wallpapereffectsgeneration.WallpaperEffectsGenerationManagerService
06-08 13:54:03.637 970 970 V SystemServerTiming: OnBootPhase_500_com.android.server.wallpapereffectsgeneration.WallpaperEffectsGenerationManagerService took to complete: 0ms
06-08 13:54:03.637 970 970 D SystemServerTiming: OnBootPhase_500_com.android.server.audio.AudioService$Lifecycle
06-08 13:54:03.637 970 970 V SystemServerTiming: OnBootPhase_500_com.android.server.audio.AudioService$Lifecycle took to complete: 0ms
06-08 13:54:03.637 970 970 D SystemServerTiming: OnBootPhase_500_com.android.server.soundtrigger_middleware.SoundTriggerMiddlewareService$Lifecycle
06-08 13:54:03.637 970 970 V SystemServerTiming: OnBootPhase_500_com.android.server.soundtrigger_middleware.SoundTriggerMiddlewareService$Lifecycle took to complete: 0ms
06-08 13:54:03.637 970 970 D SystemServerTiming: OnBootPhase_500_com.android.server.broadcastradio.BroadcastRadioService
06-08 13:54:03.637 970 970 V SystemServerTiming: OnBootPhase_500_com.android.server.broadcastradio.BroadcastRadioService took to complete: 0ms
06-08 13:54:03.637 970 970 D SystemServerTiming: OnBootPhase_500_com.android.server.DockObserver
06-08 13:54:03.637 970 970 V SystemServerTiming: OnBootPhase_500_com.android.server.DockObserver took to complete: 0ms
06-08 13:54:03.637 970 970 D SystemServerTiming: OnBootPhase_500_com.android.server.adb.AdbService$Lifecycle
06-08 13:54:03.637 970 970 V SystemServerTiming: OnBootPhase_500_com.android.server.adb.AdbService$Lifecycle took to complete: 0ms
06-08 13:54:03.637 970 970 D SystemServerTiming: OnBootPhase_500_com.android.server.usb.UsbService$Lifecycle
06-08 13:54:03.637 970 970 V SystemServerTiming: OnBootPhase_500_com.android.server.usb.UsbService$Lifecycle took to complete: 0ms
06-08 13:54:03.637 970 970 D SystemServerTiming: OnBootPhase_500_com.android.server.twilight.TwilightService
06-08 13:54:03.637 970 970 V SystemServerTiming: OnBootPhase_500_com.android.server.twilight.TwilightService took to complete: 0ms
06-08 13:54:03.637 970 970 D SystemServerTiming: OnBootPhase_500_com.android.server.display.color.ColorDisplayService
06-08 13:54:03.637 970 970 V SystemServerTiming: OnBootPhase_500_com.android.server.display.color.ColorDisplayService took to complete: 0ms
06-08 13:54:03.637 970 970 D SystemServerTiming: OnBootPhase_500_com.android.server.job.JobSchedulerService
06-08 13:54:03.640 970 1105 I WifiInjector: enableVerboseLogging false hal false
06-08 13:54:03.640 970 1105 D WifiNative: enableVerboseLogging false hal false
06-08 13:54:03.641 970 1105 E SupplicantStaIfaceHalAidlImpl: Can't call setDebugParams, ISupplicant is null
01-01 08:00:24.246 324 324 E realtek-i2c 9801ba00.i2c-4: rtk_i2c_handle_tx_abort: slave address not acknowledged (7bit mode)
01-01 08:00:24.249 324 324 E realtek-i2c 9801ba00.i2c-4: rtk_i2c_handle_tx_abort: slave address not acknowledged (7bit mode)
01-01 08:00:24.252 324 324 E realtek-i2c 9801ba00.i2c-4: rtk_i2c_handle_tx_abort: slave address not acknowledged (7bit mode)
06-08 13:54:03.644 970 1105 I WifiService: WifiService starting up with Wi-Fi enabled
01-01 08:00:24.255 324 324 E realtek-i2c 9801ba00.i2c-4: rtk_i2c_handle_tx_abort: slave address not acknowledged (7bit mode)
01-01 08:00:24.257 324 324 E realtek-i2c 9801ba00.i2c-4: rtk_i2c_handle_tx_abort: slave address not acknowledged (7bit mode)
06-08 13:54:03.650 970 1105 D WifiController: isAirplaneModeOn = false, isWifiEnabled = true, isScanningAvailable = false, isLocationModeActive = false, isSatelliteModeOn = false
06-08 13:54:03.650 970 1105 D WifiActiveModeWarden: Starting primary ClientModeManager in connect mode
01-01 08:00:24.260 273 273 I servicemanager: Found android.hardware.wifi.IWifi/default in device VINTF manifest.
01-01 08:00:24.260 324 324 E realtek-i2c 9801ba00.i2c-4: rtk_i2c_handle_tx_abort: slave address not acknowledged (7bit mode)
06-08 13:54:03.656 970 1105 I WifiHalAidlImpl: Obtained the IWifi binder. Local Version: 1
06-08 13:54:03.657 970 1105 I WifiHalAidlImpl: Remote Version: 1
