01-01 08:00:12.091 514 514 I : [drm] MIXER2 send rpc to hifi vo : 00000000877ab90c
01-01 08:00:12.091 514 514 I realtek-crtc vo1: plane usage(0), crtc_usage (0)
01-01 08:00:12.091 514 514 I : [drm] SUB1's rpc_info (00000000877ab90c)
01-01 08:00:12.093 514 514 I : rtk_plane_get_cache_config *cacheable = 2
01-01 08:00:12.093 266 266 D : Probing module kent-ve1.ko
01-01 08:00:12.096 324 324 E realtek-i2c 9801ba00.i2c-4: rtk_i2c_handle_tx_abort: slave address not acknowledged (7bit mode)
01-01 08:00:12.098 514 514 I : [drm] SUB1's fw_mem_cfg = 0
01-01 08:00:12.101 324 324 E realtek-i2c 9801ba00.i2c-4: rtk_i2c_handle_tx_abort: slave address not acknowledged (7bit mode)
01-01 08:00:12.103 514 514 I : [drm] [rtk_plane_rpc_init] is_cacheable = 0
01-01 08:00:12.000 351 361 D VehicleRTKHal: In[onPropertyChangeEvent][238] prop= 290459443
01-01 08:00:12.106 324 324 E realtek-i2c 9801ba00.i2c-4: rtk_i2c_handle_tx_abort: slave address not acknowledged (7bit mode)
01-01 08:00:12.113 583 583 I : [RTK_VE1] vpu_probe
01-01 08:00:12.116 324 324 E realtek-i2c 9801ba00.i2c-4: rtk_i2c_handle_tx_abort: slave address not acknowledged (7bit mode)
01-01 08:00:12.118 583 583 I : [RTK_VE1] vpu base address get from DTB physical base addr=0x98040000, virtual base=0xffffffc00c650000, size=0x4000
01-01 08:00:12.121 324 324 E realtek-i2c 9801ba00.i2c-4: rtk_i2c_handle_tx_abort: slave address not acknowledged (7bit mode)
01-01 08:00:12.122 583 583 I [RTK_VE1] s_ve1_irq: 34 want to register ve1_irq_handler
01-01 08:00:12.128 324 324 E realtek-i2c 9801ba00.i2c-4: rtk_i2c_handle_tx_abort: slave address not acknowledged (7bit mode)
01-01 08:00:12.131 583 583 I : [RTK_VE1] success to probe vpu device with non reserved video memory
01-01 08:00:12.134 266 266 D : Loaded kernel module kent-ve1.ko
01-01 08:00:12.138 324 324 E realtek-i2c 9801ba00.i2c-4: rtk_i2c_handle_tx_abort: slave address not acknowledged (7bit mode)
01-01 08:00:12.141 266 266 D : Probing module kent-ve4.ko
01-01 08:00:12.144 324 324 E realtek-i2c 9801ba00.i2c-4: rtk_i2c_handle_tx_abort: slave address not acknowledged (7bit mode)
01-01 08:00:12.154 514 514 I : [drm] Init videoplane 2 's fence (00000000711f772a)
01-01 08:00:12.157 324 324 E realtek-i2c 9801ba00.i2c-4: rtk_i2c_handle_tx_abort: slave address not acknowledged (7bit mode)
01-01 08:00:12.159 514 514 I realtek-crtc vo1: rtk crtc port (00000000d4a530c6)
01-01 08:00:12.160 514 514 I realtek-drm display-subsystem: bound vo1 (ops rtk_crtc_component_ops [rtk_drm])
01-01 08:00:12.165 324 324 E realtek-i2c 9801ba00.i2c-4: rtk_i2c_handle_tx_abort: slave address not acknowledged (7bit mode)
01-01 08:00:12.165 324 324 E realtek-i2c 9801ba00.i2c-4: rtk_i2c_handle_tx_abort: slave address not acknowledged (7bit mode)
01-01 08:00:12.166 584 584 I : [RTK_VPU] vpu_probe
01-01 08:00:12.166 584 584 I : [RTK_VPU] ve4 base address get from DTB physical base addr=0x9808c000, virtual base=0xffffffc00c6b8000, size=0x4000
01-01 08:00:12.166 584 584 I : [RTK_VPU] ve4 reg2 base address get from DTB physical base addr=0x9814e400, virtual base=0xffffffc00bf8d400, size=0xc00
01-01 08:00:12.166 584 584 I [RTK_VPU] s_ve4_irq: 35 want to register ve4_irq_handler
01-01 08:00:12.166 584 584 I [RTK_VPU] s_ve4_irq: 0 err:0x434f4445
01-01 08:00:12.166 584 584 I : [RTK_VPU] success to probe vpu device with non reserved video memory
01-01 08:00:12.167 514 514 I rtk-lvds lvds1: [rtk_lvds: bind] lvds0
01-01 08:00:12.169 266 266 D : Loaded kernel module kent-ve4.ko
01-01 08:00:12.169 266 266 D : Probing module rtk_vcpu.ko
01-01 08:00:12.170 324 324 E realtek-i2c 9801ba00.i2c-4: rtk_i2c_handle_tx_abort: slave address not acknowledged (7bit mode)
01-01 08:00:12.173 514 514 I rtk-lvds lvds1: lvds possible_crtcs (0x1)
01-01 08:00:12.176 579 579 I fs-verity: sha256 using implementation "sha256-ce"
01-01 08:00:12.176 324 324 E realtek-i2c 9801ba00.i2c-4: rtk_i2c_handle_tx_abort: slave address not acknowledged (7bit mode)
01-01 08:00:12.177 514 514 I rtk-lvds lvds1: lvds->rpc_info (000000005bec072d),
01-01 08:00:12.177 324 324 E realtek-i2c 9801ba00.i2c-4: rtk_i2c_handle_tx_abort: slave address not acknowledged (7bit mode)
01-01 08:00:12.180 324 324 E realtek-i2c 9801ba00.i2c-4: rtk_i2c_handle_tx_abort: slave address not acknowledged (7bit mode)
01-01 08:00:12.181 514 514 I realtek-drm display-subsystem: bound lvds1 (ops rtk_lvds_ops [rtk_drm])
01-01 08:00:12.183 266 266 D : Loaded kernel module rtk_vcpu.ko
01-01 08:00:12.185 514 514 I : [drm] Initialized realtek 2.1.1 20170207 for display-subsystem on minor 0
01-01 08:00:12.186 324 324 E realtek-i2c 9801ba00.i2c-4: rtk_i2c_handle_tx_abort: slave address not acknowledged (7bit mode)
01-01 08:00:12.187 324 324 E realtek-i2c 9801ba00.i2c-4: rtk_i2c_handle_tx_abort: slave address not acknowledged (7bit mode)
01-01 08:00:12.187 266 266 D : Probing module rtk_ve3_uart.ko
01-01 08:00:12.201 266 266 D : Loaded kernel module rtk_ve3_uart.ko
01-01 08:00:12.204 324 324 E realtek-i2c 9801ba00.i2c-4: rtk_i2c_handle_tx_abort: slave address not acknowledged (7bit mode)
01-01 08:00:12.205 266 266 D : Probing module rtc-sw.ko
01-01 08:00:12.208 324 324 E realtek-i2c 9801ba00.i2c-4: rtk_i2c_handle_tx_abort: slave address not acknowledged (7bit mode)
01-01 08:00:12.104 579 579 I odrefresh: ART APEX version 340090000
01-01 08:00:12.221 266 266 D : Loaded kernel module rtc-sw.ko
01-01 08:00:12.223 324 324 E realtek-i2c 9801ba00.i2c-4: rtk_i2c_handle_tx_abort: slave address not acknowledged (7bit mode)
01-01 08:00:12.225 266 266 D : Probing module rtc-rtk.ko
01-01 08:00:12.227 324 324 E realtek-i2c 9801ba00.i2c-4: rtk_i2c_handle_tx_abort: slave address not acknowledged (7bit mode)
01-01 08:00:12.243 590 590 I rtk-rtc 98007440.rtc: use 2020 as base year
01-01 08:00:12.247 324 324 E realtek-i2c 9801ba00.i2c-4: rtk_i2c_handle_tx_abort: slave address not acknowledged (7bit mode)
01-01 08:00:12.249 590 590 I rtk-rtc 98007440.rtc: registered as rtc0
01-01 08:00:12.250 324 324 E realtek-i2c 9801ba00.i2c-4: rtk_i2c_handle_tx_abort: slave address not acknowledged (7bit mode)
01-01 08:00:12.252 590 590 I rtk-rtc 98007440.rtc: setting system clock to 2020-01-01T00:00:00 UTC (1577836800)
01-01 08:00:12.258 324 324 E realtek-i2c 9801ba00.i2c-4: rtk_i2c_handle_tx_abort: slave address not acknowledged (7bit mode)
01-01 08:00:12.262 266 266 D : Loaded kernel module rtc-rtk.ko
01-01 08:00:12.264 324 324 E realtek-i2c 9801ba00.i2c-4: rtk_i2c_handle_tx_abort: slave address not acknowledged (7bit mode)
01-01 08:00:12.266 266 266 D : Probing module rtk-hse.ko
01-01 08:00:12.267 324 324 E realtek-i2c 9801ba00.i2c-4: rtk_i2c_handle_tx_abort: slave address not acknowledged (7bit mode)
01-01 08:00:00.518 351 358 D VehicleRTKHal: In[setValues][512]
01-01 08:00:00.518 351 358 D VehicleRTKHardware: Set value for property ID: 291504901
01-01 08:00:00.518 351 359 D VehicleRTKHardware: In[setValue][799] prop =291504901 ,289408515
01-01 08:00:00.518 351 359 D VehicleRTKHardware: In[setValue][825].. wirte success...
01-01 08:00:00.519 351 358 D VehicleRTKHal: In[setValues][512]
01-01 08:00:00.519 351 358 D VehicleRTKHardware: Set value for property ID: 291504647
01-01 08:00:00.519 351 359 D VehicleRTKHardware: In[setValue][799] prop =291504647 ,289408515
01-01 08:00:00.519 351 359 D VehicleRTKHardware: In[setValue][825].. wirte success...
01-01 08:00:00.519 351 358 D VehicleRTKHal: In[setValues][512]
01-01 08:00:00.519 351 358 D VehicleRTKHardware: Set value for property ID: 291504903
01-01 08:00:00.519 351 359 D VehicleRTKHardware: In[setValue][799] prop =291504903 ,289408515
01-01 08:00:00.519 351 359 D VehicleRTKHardware: In[setValue][825].. wirte success...
01-01 08:00:00.519 351 358 D VehicleRTKHal: In[setValues][512]
01-01 08:00:00.519 351 358 D VehicleRTKHardware: Set value for property ID: 291504897
01-01 08:00:00.519 351 359 D VehicleRTKHardware: In[setValue][799] prop =291504897 ,289408515
01-01 08:00:00.519 351 359 D VehicleRTKHardware: In[setValue][825].. wirte success...
01-01 08:00:00.519 351 358 D VehicleRTKHal: In[setValues][512]
01-01 08:00:00.519 351 358 D VehicleRTKHardware: Set value for property ID: 289408000
01-01 08:00:00.519 351 359 D VehicleRTKHardware: In[setValue][799] prop =289408000 ,289408515
01-01 08:00:00.519 351 359 D VehicleRTKHardware: In[setValue][825].. wirte success...
01-01 08:00:00.519 351 358 D VehicleRTKHal: In[setValues][512]
01-01 08:00:00.519 351 358 D VehicleRTKHardware: Set value for property ID: 287310855
01-01 08:00:00.520 351 359 D VehicleRTKHardware: In[setValue][799] prop =287310855 ,289408515
01-01 08:00:00.520 351 359 D VehicleRTKHardware: In[setValue][825].. wirte success...
01-01 08:00:00.520 351 358 D VehicleRTKHal: In[setValues][512]
01-01 08:00:00.520 351 358 D VehicleRTKHardware: Set value for property ID: 291504644
01-01 08:00:00.520 351 359 D VehicleRTKHardware: In[setValue][799] prop =291504644 ,289408515
01-01 08:00:00.520 351 359 D VehicleRTKHardware: In[setValue][825].. wirte success...
01-01 08:00:00.520 351 358 D VehicleRTKHal: In[setValues][512]
01-01 08:00:00.520 351 358 D VehicleRTKHardware: Set value for property ID: 291504904
01-01 08:00:00.520 351 359 D VehicleRTKHardware: In[setValue][799] prop =291504904 ,289408515
01-01 08:00:00.520 351 359 D VehicleRTKHardware: In[setValue][825].. wirte success...
01-01 08:00:00.520 351 358 D VehicleRTKHal: In[setValues][512]
01-01 08:00:00.520 351 358 D VehicleRTKHardware: Set value for property ID: 291505923
01-01 08:00:00.520 351 359 D VehicleRTKHardware: In[setValue][799] prop =291505923 ,289408515
01-01 08:00:00.520 351 359 D VehicleRTKHardware: In[setValue][825].. wirte success...
01-01 08:00:12.289 514 514 I rtk-hse 98005000.hse: initialized with 2 engine(s), dev=Y, dmaengine=Y
01-01 08:00:12.291 324 324 E realtek-i2c 9801ba00.i2c-4: rtk_i2c_handle_tx_abort: slave address not acknowledged (7bit mode)
01-01 08:00:12.295 266 266 D : Loaded kernel module rtk-hse.ko
01-01 08:00:12.297 324 324 E realtek-i2c 9801ba00.i2c-4: rtk_i2c_handle_tx_abort: slave address not acknowledged (7bit mode)
01-01 08:00:12.297 324 324 E realtek-i2c 9801ba00.i2c-4: rtk_i2c_handle_tx_abort: slave address not acknowledged (7bit mode)
01-01 08:00:12.299 266 266 D : Probing module kfifo_buf.ko
01-01 08:00:12.306 324 324 E realtek-i2c 9801ba00.i2c-4: rtk_i2c_handle_tx_abort: slave address not acknowledged (7bit mode)
01-01 08:00:12.323 266 266 D : Loaded kernel module kfifo_buf.ko
01-01 08:00:12.326 324 324 E realtek-i2c 9801ba00.i2c-4: rtk_i2c_handle_tx_abort: slave address not acknowledged (7bit mode)
01-01 08:00:12.329 266 266 D : Probing module industrialio-triggered-buffer.ko
01-01 08:00:12.333 324 324 E realtek-i2c 9801ba00.i2c-4: rtk_i2c_handle_tx_abort: slave address not acknowledged (7bit mode)
01-01 08:00:00.592 293 293 W carwatchdogd: VHAL doesn't support WATCHDOG_ALIVE. Car watchdog will not update WATCHDOG_ALIVE.
01-01 08:00:12.351 266 266 D : Loaded kernel module industrialio-triggered-buffer.ko
01-01 08:00:12.355 324 324 E realtek-i2c 9801ba00.i2c-4: rtk_i2c_handle_tx_abort: slave address not acknowledged (7bit mode)
01-01 08:00:12.357 266 266 D : Probing module rtk_lsadc0.ko
01-01 08:00:12.360 324 324 E realtek-i2c 9801ba00.i2c-4: rtk_i2c_handle_tx_abort: slave address not acknowledged (7bit mode)
01-01 08:00:12.378 266 266 D : Loaded kernel module rtk_lsadc0.ko
01-01 08:00:12.383 324 324 E realtek-i2c 9801ba00.i2c-4: rtk_i2c_handle_tx_abort: slave address not acknowledged (7bit mode)
01-01 08:00:12.383 324 324 E realtek-i2c 9801ba00.i2c-4: rtk_i2c_handle_tx_abort: slave address not acknowledged (7bit mode)
01-01 08:00:12.384 266 266 D : Probing module rtd1625_lsadc.ko
01-01 08:00:12.385 324 324 E realtek-i2c 9801ba00.i2c-4: rtk_i2c_handle_tx_abort: slave address not acknowledged (7bit mode)
01-01 08:00:12.436 266 266 D : Loaded kernel module rtd1625_lsadc.ko
01-01 08:00:12.441 324 324 E realtek-i2c 9801ba00.i2c-4: rtk_i2c_handle_tx_abort: slave address not acknowledged (7bit mode)
01-01 08:00:12.444 324 324 E realtek-i2c 9801ba00.i2c-4: rtk_i2c_handle_tx_abort: slave address not acknowledged (7bit mode)
01-01 08:00:12.445 266 266 D : Probing module industrialio-buffer-cb.ko
01-01 08:00:00.737 351 358 D VehicleRTKHal: In[setValues][512]
01-01 08:00:00.737 351 358 D VehicleRTKHardware: Set value for property ID: 291504901
01-01 08:00:00.737 351 359 D VehicleRTKHardware: In[setValue][799] prop =291504901 ,289408515
01-01 08:00:00.737 351 359 D VehicleRTKHardware: In[setValue][825].. wirte success...
01-01 08:00:00.737 351 358 D VehicleRTKHal: In[setValues][512]
01-01 08:00:00.737 351 358 D VehicleRTKHardware: Set value for property ID: 291504647
01-01 08:00:00.737 351 359 D VehicleRTKHardware: In[setValue][799] prop =291504647 ,289408515
01-01 08:00:00.737 351 359 D VehicleRTKHardware: In[setValue][825].. wirte success...
01-01 08:00:00.737 351 358 D VehicleRTKHal: In[setValues][512]
01-01 08:00:00.737 351 358 D VehicleRTKHardware: Set value for property ID: 291504903
01-01 08:00:00.738 351 359 D VehicleRTKHardware: In[setValue][799] prop =291504903 ,289408515
01-01 08:00:00.738 351 359 D VehicleRTKHardware: In[setValue][825].. wirte success...
01-01 08:00:00.738 351 358 D VehicleRTKHal: In[setValues][512]
01-01 08:00:00.738 351 358 D VehicleRTKHardware: Set value for property ID: 291504897
01-01 08:00:00.738 351 359 D VehicleRTKHardware: In[setValue][799] prop =291504897 ,289408515
01-01 08:00:00.738 351 359 D VehicleRTKHardware: In[setValue][825].. wirte success...
01-01 08:00:00.738 351 358 D VehicleRTKHal: In[setValues][512]
01-01 08:00:00.738 351 358 D VehicleRTKHardware: Set value for property ID: 289408000
01-01 08:00:00.738 351 359 D VehicleRTKHardware: In[setValue][799] prop =289408000 ,289408515
01-01 08:00:00.738 351 359 D VehicleRTKHardware: In[setValue][825].. wirte success...
01-01 08:00:00.738 351 358 D VehicleRTKHal: In[setValues][512]
01-01 08:00:00.738 351 358 D VehicleRTKHardware: Set value for property ID: 287310855
01-01 08:00:00.738 351 359 D VehicleRTKHardware: In[setValue][799] prop =287310855 ,289408515
01-01 08:00:00.738 351 359 D VehicleRTKHardware: In[setValue][825].. wirte success...
01-01 08:00:00.738 351 358 D VehicleRTKHal: In[setValues][512]
01-01 08:00:00.738 351 358 D VehicleRTKHardware: Set value for property ID: 291504644
01-01 08:00:00.738 351 359 D VehicleRTKHardware: In[setValue][799] prop =291504644 ,289408515
01-01 08:00:00.738 351 359 D VehicleRTKHardware: In[setValue][825].. wirte success...
01-01 08:00:00.739 351 358 D VehicleRTKHal: In[setValues][512]
01-01 08:00:00.739 351 358 D VehicleRTKHardware: Set value for property ID: 291504904
01-01 08:00:00.739 351 359 D VehicleRTKHardware: In[setValue][799] prop =291504904 ,289408515
01-01 08:00:00.739 351 359 D VehicleRTKHardware: In[setValue][825].. wirte success...
01-01 08:00:00.739 351 358 D VehicleRTKHal: In[setValues][512]
01-01 08:00:00.739 351 358 D VehicleRTKHardware: Set value for property ID: 291505923
01-01 08:00:00.739 351 359 D VehicleRTKHardware: In[setValue][799] prop =291505923 ,289408515
01-01 08:00:00.739 351 359 D VehicleRTKHardware: In[setValue][825].. wirte success...
01-01 08:00:00.743 579 579 I odrefresh: Boot images on /system OK (arm64)
01-01 08:00:00.744 579 579 I odrefresh: Boot images on /system OK (arm)
01-01 08:00:00.747 579 579 I odrefresh: system_server artifacts on /system OK
01-01 08:00:00.753 575 575 I odsign: /data/misc/odsign/odsign.info.signature matches.
01-01 08:00:00.753 575 575 I odsign: Loaded /data/misc/odsign/odsign.info
01-01 08:00:12.507 213 213 I init: Wait for property 'odsign.key.done=1' took 501ms
01-01 08:00:00.771 575 575 I odsign: All root hashes match.
01-01 08:00:00.771 575 575 I odsign: odrefresh said artifacts are VALID
01-01 08:00:00.771 575 575 I odsign: On-device signing done.
01-01 08:00:00.771 575 575 I odsign: Metrics report is empty
01-01 08:00:12.522 266 266 D : Loaded kernel module industrialio-buffer-cb.ko
01-01 08:00:12.524 1 1 I init: starting service 'exec 10 (/system/bin/fsverity_init --lock)'...
01-01 08:00:12.527 266 266 D : Probing module rtk_lsadc_button.ko
01-01 08:00:12.531 1 1 I init: ... started service 'exec 10 (/system/bin/fsverity_init --lock)' has pid 598
01-01 08:00:12.547 599 599 I input: lsadc_button as /devices/platform/lsadc_button/input/input2
01-01 08:00:12.547 1 1 I init: SVC_EXEC service 'exec 10 (/system/bin/fsverity_init --lock)' pid 598 (uid 0 gid 0+0 context default) started; waiting...
01-01 08:00:12.550 266 266 D : Loaded kernel module rtk_lsadc_button.ko
01-01 08:00:12.553 1 1 I init: Service 'exec 10 (/system/bin/fsverity_init --lock)' (pid 598) exited with status 0 waiting took 0.022000 seconds
01-01 08:00:12.566 324 324 E realtek-i2c 9801ba00.i2c-4: rtk_i2c_handle_tx_abort: slave address not acknowledged (7bit mode)
01-01 08:00:12.566 266 266 D : Probing module rtk_btusb.ko
01-01 08:00:12.571 558 558 I : rpc_ion_alloc_handler alloc_size=0xc0000 ion_alloc_flags=0x80
01-01 08:00:12.573 1 1 I init: Sending signal 9 to service 'exec 10 (/system/bin/fsverity_init --lock)' (pid 598) process group...
01-01 08:00:12.576 324 324 E realtek-i2c 9801ba00.i2c-4: rtk_i2c_handle_tx_abort: slave address not acknowledged (7bit mode)
01-01 08:00:12.577 1 1 I libprocessgroup: Successfully killed process cgroup uid 0 pid 598 in 0ms
01-01 08:00:12.579 324 324 E realtek-i2c 9801ba00.i2c-4: rtk_i2c_handle_tx_abort: slave address not acknowledged (7bit mode)
01-01 08:00:12.592 1 1 I init: Sending signal 9 to service 'odsign' (pid 575) process group...
01-01 08:00:12.599 324 324 E realtek-i2c 9801ba00.i2c-4: rtk_i2c_handle_tx_abort: slave address not acknowledged (7bit mode)
01-01 08:00:12.599 600 600 I rtk_btusb: RTKBT_RELEASE_NAME: 20260107_BT_ANDROID
01-01 08:00:12.600 600 600 I rtk_btusb: Realtek Bluetooth USB driver module init, version 20260107_BT_ANDROID
01-01 08:00:12.600 600 600 I rtk_btusb: Register usb char device interface for BT driver
01-01 08:00:12.600 600 600 I rtk_btusb: LINUX_VERSION_CODE = 050fc0
01-01 08:00:12.600 600 600 I usbcore: registered new interface driver rtk_btusb
01-01 08:00:12.601 35 35 I : rpc_ion_alloc_handler alloc_size=0x11 ion_alloc_flags=0x80
01-01 08:00:12.602 266 266 D : Loaded kernel module rtk_btusb.ko
01-01 08:00:12.602 266 266 D : Probing module rtk_rfkill.ko
01-01 08:00:00.854 350 395 D ClusterRpc: button_dev_path is /dev/input/event2
01-01 08:00:12.606 324 324 E realtek-i2c 9801ba00.i2c-4: rtk_i2c_handle_tx_abort: slave address not acknowledged (7bit mode)
01-01 08:00:12.606 1 1 I libprocessgroup: Successfully killed process cgroup uid 0 pid 575 in 5ms
01-01 08:00:12.607 1 1 I init: Control message: Processed ctl.stop for 'odsign' from pid: 575 (/system/bin/odsign)
01-01 08:00:12.609 324 324 E realtek-i2c 9801ba00.i2c-4: rtk_i2c_handle_tx_abort: slave address not acknowledged (7bit mode)
01-01 08:00:12.616 35 35 I : rpc_ion_alloc_handler alloc_size=0x11 ion_alloc_flags=0x80
01-01 08:00:00.866 343 427 I keystore2: system/security/keystore2/src/super_key.rs:330 - keystore.boot_level 1000000000 hits maximum 1000000000, finishing.
01-01 08:00:12.619 1 1 I init: Service 'odsign' (pid 575) received signal 9
01-01 08:00:12.622 324 324 E realtek-i2c 9801ba00.i2c-4: rtk_i2c_handle_tx_abort: slave address not acknowledged (7bit mode)
01-01 08:00:12.628 35 35 I : rpc_ion_alloc_handler alloc_size=0x11 ion_alloc_flags=0x80
01-01 08:00:12.631 1 1 I init: starting service 'apexd-snapshotde'...
01-01 08:00:00.882 351 358 D VehicleRTKHal: In[setValues][512]
01-01 08:00:00.882 351 358 D VehicleRTKHardware: Set value for property ID: 289475120
01-01 08:00:00.883 351 359 D VehicleRTKHardware: In[setValue][799] prop =289475120 ,289408515
01-01 08:00:00.883 351 359 D VehicleRTKHal: In[onPropertyChangeEvent][238] prop= 289475120
01-01 08:00:00.883 351 359 D VehicleRTKHardware: In[setValue][825].. wirte success...
01-01 08:00:12.640 558 558 I : rpc_ion_alloc_handler alloc_size=0x11 ion_alloc_flags=0x80
01-01 08:00:12.645 324 324 E realtek-i2c 9801ba00.i2c-4: rtk_i2c_handle_tx_abort: slave address not acknowledged (7bit mode)
01-01 08:00:12.645 602 602 I : -->rfkill_bluetooth_init
01-01 08:00:12.646 602 602 I : -->rfkill_bluetooth_probe
01-01 08:00:12.649 1 1 I init: ... started service 'apexd-snapshotde' has pid 604
01-01 08:00:12.650 602 602 I : <--rfkill_bluetooth_probe
01-01 08:00:12.651 324 324 E realtek-i2c 9801ba00.i2c-4: rtk_i2c_handle_tx_abort: slave address not acknowledged (7bit mode)
01-01 08:00:12.651 1 1 I init: SVC_EXEC service 'apexd-snapshotde' pid 604 (uid 0 gid 1000+0 context default) started; waiting...
01-01 08:00:12.655 324 324 E realtek-i2c 9801ba00.i2c-4: rtk_i2c_handle_tx_abort: slave address not acknowledged (7bit mode)
01-01 08:00:12.656 266 266 D : Loaded kernel module rtk_rfkill.ko
01-01 08:00:12.656 266 266 D : Probing module rtk-reboot-mode.ko
01-01 08:00:12.661 604 604 I apexd: Snapshot DE subcommand detected
01-01 08:00:12.668 324 324 E realtek-i2c 9801ba00.i2c-4: rtk_i2c_handle_tx_abort: slave address not acknowledged (7bit mode)
01-01 08:00:12.669 552 552 I : rpc_ion_alloc_handler alloc_size=0x11 ion_alloc_flags=0x80
01-01 08:00:12.671 324 324 E realtek-i2c 9801ba00.i2c-4: rtk_i2c_handle_tx_abort: slave address not acknowledged (7bit mode)
01-01 08:00:12.672 604 604 I apexd-snapshotde: Marking APEXd as ready
01-01 08:00:12.674 324 324 E realtek-i2c 9801ba00.i2c-4: rtk_i2c_handle_tx_abort: slave address not acknowledged (7bit mode)
01-01 08:00:12.675 266 266 D : Loaded kernel module rtk-reboot-mode.ko
01-01 08:00:12.677 1 1 I init: Service 'apexd-snapshotde' (pid 604) exited with status 0 waiting took 0.032000 seconds
01-01 08:00:12.677 1 1 I init: Sending signal 9 to service 'apexd-snapshotde' (pid 604) process group...
01-01 08:00:12.677 1 1 I libprocessgroup: Successfully killed process cgroup uid 0 pid 604 in 0ms
01-01 08:00:12.681 558 558 I : rpc_ion_alloc_handler alloc_size=0x11 ion_alloc_flags=0x80
01-01 08:00:12.685 324 324 E realtek-i2c 9801ba00.i2c-4: rtk_i2c_handle_tx_abort: slave address not acknowledged (7bit mode)
01-01 08:00:12.687 266 266 D : Probing module dpi_tee.ko
01-01 08:00:12.693 558 558 I : rpc_ion_alloc_handler alloc_size=0x11 ion_alloc_flags=0x80
01-01 08:00:12.696 324 324 E realtek-i2c 9801ba00.i2c-4: rtk_i2c_handle_tx_abort: slave address not acknowledged (7bit mode)
01-01 08:00:12.705 1 1 I init: processing action (post-fs-data) from (/system/etc/init/hw/init.usb.rc:6)
01-01 08:00:12.706 552 552 I : rpc_ion_alloc_handler alloc_size=0x11 ion_alloc_flags=0x80
01-01 08:00:12.711 324 324 E realtek-i2c 9801ba00.i2c-4: rtk_i2c_handle_tx_abort: slave address not acknowledged (7bit mode)
01-01 08:00:12.715 266 266 D : Loaded kernel module dpi_tee.ko
01-01 08:00:12.715 1 1 I init: Verified that /data/adb has the encryption policy 118ed73019593c18a73a2b103cbc8448 v2 modes 1/4 flags 0x2
01-01 08:00:12.715 1 1 I init: processing action (post-fs-data) from (/system/etc/init/bootstat.rc:9)
01-01 08:00:00.967 351 358 D VehicleRTKHal: In[setValues][512]
01-01 08:00:00.967 351 358 D VehicleRTKHardware: Set value for property ID: 291504901
01-01 08:00:00.967 351 359 D VehicleRTKHardware: In[setValue][799] prop =291504901 ,289408515
01-01 08:00:00.967 351 359 D VehicleRTKHardware: In[setValue][825].. wirte success...
01-01 08:00:00.967 351 358 D VehicleRTKHal: In[setValues][512]
01-01 08:00:00.967 351 358 D VehicleRTKHardware: Set value for property ID: 291504647
01-01 08:00:00.967 351 359 D VehicleRTKHardware: In[setValue][799] prop =291504647 ,289408515
01-01 08:00:00.967 351 359 D VehicleRTKHardware: In[setValue][825].. wirte success...
01-01 08:00:00.967 351 358 D VehicleRTKHal: In[setValues][512]
01-01 08:00:00.967 351 358 D VehicleRTKHardware: Set value for property ID: 291504903
01-01 08:00:00.967 351 359 D VehicleRTKHardware: In[setValue][799] prop =291504903 ,289408515
01-01 08:00:00.967 351 359 D VehicleRTKHardware: In[setValue][825].. wirte success...
01-01 08:00:00.967 351 358 D VehicleRTKHal: In[setValues][512]
01-01 08:00:00.967 351 358 D VehicleRTKHardware: Set value for property ID: 291504897
01-01 08:00:00.967 351 359 D VehicleRTKHardware: In[setValue][799] prop =291504897 ,289408515
01-01 08:00:00.968 351 359 D VehicleRTKHardware: In[setValue][825].. wirte success...
01-01 08:00:00.968 351 358 D VehicleRTKHal: In[setValues][512]
01-01 08:00:00.968 351 358 D VehicleRTKHardware: Set value for property ID: 289408000
01-01 08:00:00.968 351 359 D VehicleRTKHardware: In[setValue][799] prop =289408000 ,289408515
01-01 08:00:00.968 351 359 D VehicleRTKHardware: In[setValue][825].. wirte success...
01-01 08:00:00.968 351 358 D VehicleRTKHal: In[setValues][512]
01-01 08:00:00.968 351 358 D VehicleRTKHardware: Set value for property ID: 287310855
01-01 08:00:00.968 351 359 D VehicleRTKHardware: In[setValue][799] prop =287310855 ,289408515
01-01 08:00:00.968 351 359 D VehicleRTKHardware: In[setValue][825].. wirte success...
01-01 08:00:12.720 552 552 I : rpc_ion_alloc_handler alloc_size=0x11 ion_alloc_flags=0x80
01-01 08:00:00.968 351 358 D VehicleRTKHal: In[setValues][512]
01-01 08:00:00.968 351 358 D VehicleRTKHardware: Set value for property ID: 291504644
01-01 08:00:00.968 351 359 D VehicleRTKHardware: In[setValue][799] prop =291504644 ,289408515
01-01 08:00:00.968 351 359 D VehicleRTKHardware: In[setValue][825].. wirte success...
01-01 08:00:00.968 351 358 D VehicleRTKHal: In[setValues][512]
01-01 08:00:00.968 351 358 D VehicleRTKHardware: Set value for property ID: 291504904
01-01 08:00:00.968 351 359 D VehicleRTKHardware: In[setValue][799] prop =291504904 ,289408515
01-01 08:00:00.969 351 359 D VehicleRTKHardware: In[setValue][825].. wirte success...
01-01 08:00:00.969 351 358 D VehicleRTKHal: In[setValues][512]
01-01 08:00:00.969 351 358 D VehicleRTKHardware: Set value for property ID: 291505923
01-01 08:00:00.969 351 359 D VehicleRTKHardware: In[setValue][799] prop =291505923 ,289408515
01-01 08:00:00.969 351 359 D VehicleRTKHardware: In[setValue][825].. wirte success...
01-01 08:00:12.724 324 324 E realtek-i2c 9801ba00.i2c-4: rtk_i2c_handle_tx_abort: slave address not acknowledged (7bit mode)
01-01 08:00:12.726 266 266 D : Probing module rtk_sw_sync.ko
01-01 08:00:12.732 558 558 I : rpc_ion_alloc_handler alloc_size=0x11 ion_alloc_flags=0x80
01-01 08:00:12.738 324 324 E realtek-i2c 9801ba00.i2c-4: rtk_i2c_handle_tx_abort: slave address not acknowledged (7bit mode)
01-01 08:00:12.742 1 1 I init: processing action (ro.debuggable=1 && post-fs-data) from (/system/etc/init/clean_scratch_files.rc:1)
01-01 08:00:12.747 580 580 I : rpc_ion_alloc_handler alloc_size=0x11 ion_alloc_flags=0x80
01-01 08:00:12.750 324 324 E realtek-i2c 9801ba00.i2c-4: rtk_i2c_handle_tx_abort: slave address not acknowledged (7bit mode)
01-01 08:00:12.752 1 1 I init: starting service 'exec 11 (/system/bin/clean_scratch_files)'...
01-01 08:00:12.762 552 552 I : rpc_ion_alloc_handler alloc_size=0x11 ion_alloc_flags=0x80
01-01 08:00:12.765 1 1 I init: ... started service 'exec 11 (/system/bin/clean_scratch_files)' has pid 608
01-01 08:00:12.766 324 324 E realtek-i2c 9801ba00.i2c-4: rtk_i2c_handle_tx_abort: slave address not acknowledged (7bit mode)
01-01 08:00:12.767 1 1 I init: processing action (post-fs-data) from (/system/etc/init/gsid.rc:17)
01-01 08:00:12.767 266 266 D : Loaded kernel module rtk_sw_sync.ko
01-01 08:00:12.767 266 266 D : Probing module ntfs3.ko
01-01 08:00:12.770 324 324 E realtek-i2c 9801ba00.i2c-4: rtk_i2c_handle_tx_abort: slave address not acknowledged (7bit mode)
01-01 08:00:12.779 1 1 I init: Not setting encryption policy on: /data/gsi
01-01 08:00:12.781 580 580 I : rpc_ion_alloc_handler alloc_size=0x11 ion_alloc_flags=0x80
01-01 08:00:12.784 1 1 I init: processing action (post-fs-data) from (/system/etc/init/incidentd.rc:21)
01-01 08:00:12.785 324 324 E realtek-i2c 9801ba00.i2c-4: rtk_i2c_handle_tx_abort: slave address not acknowledged (7bit mode)
01-01 08:00:12.787 1 1 I init: processing action (post-fs-data) from (/system/etc/init/init.car.rc:2)
01-01 08:00:12.788 609 609 I ntfs3: Warning: Activated 64 bits per cluster. Windows does not support this
01-01 08:00:12.788 609 609 I ntfs3: Read-only LZX/Xpress compression included
01-01 08:00:12.790 324 324 E realtek-i2c 9801ba00.i2c-4: rtk_i2c_handle_tx_abort: slave address not acknowledged (7bit mode)
01-01 08:00:12.791 266 266 D : Loaded kernel module ntfs3.ko
01-01 08:00:12.791 266 266 D : Probing module hfs.ko
01-01 08:00:12.800 1 1 I init: Service 'exec 11 (/system/bin/clean_scratch_files)' (pid 608) exited with status 0 oneshot service took 0.035000 seconds in background
01-01 08:00:12.802 580 580 I : rpc_ion_alloc_handler alloc_size=0x11 ion_alloc_flags=0x80
01-01 08:00:12.803 266 266 D : Loaded kernel module hfs.ko
01-01 08:00:12.803 266 266 D : Probing module hfsplus.ko
01-01 08:00:12.803 324 324 E realtek-i2c 9801ba00.i2c-4: rtk_i2c_handle_tx_abort: slave address not acknowledged (7bit mode)
01-01 08:00:12.803 1 1 I init: Sending signal 9 to service 'exec 11 (/system/bin/clean_scratch_files)' (pid 608) process group...
01-01 08:00:12.804 1 1 I libprocessgroup: Successfully killed process cgroup uid 0 pid 608 in 0ms
01-01 08:00:12.806 1 1 I init: processing action (post-fs-data) from (/system/etc/init/logtagd.rc:4)
01-01 08:00:12.807 324 324 E realtek-i2c 9801ba00.i2c-4: rtk_i2c_handle_tx_abort: slave address not acknowledged (7bit mode)
01-01 08:00:12.814 580 580 I : rpc_ion_alloc_handler alloc_size=0x11 ion_alloc_flags=0x80
01-01 08:00:12.814 266 266 D : Loaded kernel module hfsplus.ko
01-01 08:00:12.814 266 266 D : Probing module galcore.ko
01-01 08:00:12.819 1 1 I init: processing action (post-fs-data) from (/system/etc/init/perfetto.rc:73)
01-01 08:00:12.820 324 324 E realtek-i2c 9801ba00.i2c-4: rtk_i2c_handle_tx_abort: slave address not acknowledged (7bit mode)
01-01 08:00:12.826 580 580 I : rpc_ion_alloc_handler alloc_size=0x11 ion_alloc_flags=0x80
01-01 08:00:12.831 1 1 I init: Command 'rm /data/misc/perfetto-traces/.guardraildata' action=post-fs-data (/system/etc/init/perfetto.rc:74) took 0ms and failed: unlink() failed: No such file or directory
01-01 08:00:12.832 324 324 E realtek-i2c 9801ba00.i2c-4: rtk_i2c_handle_tx_abort: slave address not acknowledged (7bit mode)
01-01 08:00:12.842 1 1 I init: processing action (post-fs-data) from (/system/etc/init/profcollectd.rc:9)
01-01 08:00:12.845 552 552 I : rpc_ion_alloc_handler alloc_size=0x11 ion_alloc_flags=0x80
01-01 08:00:12.847 612 612 D galcore: enter _GetPower
01-01 08:00:12.848 1 1 I init: processing action (post-fs-data) from (/system/etc/init/recovery-persist.rc:1)
01-01 08:00:12.848 1 1 I init: starting service 'exec 12 (/system/bin/recovery-persist)'...
01-01 08:00:12.849 324 324 E realtek-i2c 9801ba00.i2c-4: rtk_i2c_handle_tx_abort: slave address not acknowledged (7bit mode)
01-01 08:00:12.850 612 612 D galcore: NPU Status okay
01-01 08:00:12.850 612 612 D galcore: exit _GetPower
01-01 08:00:12.850 1 1 I init: ... started service 'exec 12 (/system/bin/recovery-persist)' has pid 613
01-01 08:00:12.850 1 1 I init: processing action (post-fs-data) from (/system/etc/init/wifi.rc:18)
01-01 08:00:12.851 1 1 I selinux: SELinux: Skipping restorecon on directory(/data/misc/apexdata/com.android.wifi)
01-01 08:00:12.851 1 1 I init: processing action (post-fs-data) from (/vendor/etc/init/RtkAFWLC.rc:7)
01-01 08:00:12.852 1 1 I init: Command 'start RtkAFWLC' action=post-fs-data (/vendor/etc/init/RtkAFWLC.rc:8) took 0ms and failed: service RtkAFWLC not found
01-01 08:00:12.852 1 1 I init: processing action (post-fs-data) from (/vendor/etc/init/hostapd.android.rc:9)
01-01 08:00:12.853 324 324 E realtek-i2c 9801ba00.i2c-4: rtk_i2c_handle_tx_abort: slave address not acknowledged (7bit mode)
01-01 08:00:12.859 35 35 I : rpc_ion_alloc_handler alloc_size=0x11 ion_alloc_flags=0x80
01-01 08:00:12.862 612 612 D galcore: enter _AdjustParam
01-01 08:00:12.865 1 1 I init: Service 'exec 12 (/system/bin/recovery-persist)' (pid 613) exited with status 0 oneshot service took 0.015000 seconds in background
01-01 08:00:12.871 552 552 I : rpc_ion_alloc_handler alloc_size=0x11 ion_alloc_flags=0x80
01-01 08:00:12.874 612 612 D galcore: enter rtk_npu_wrapper_init
01-01 08:00:12.874 324 324 E realtek-i2c 9801ba00.i2c-4: rtk_i2c_handle_tx_abort: slave address not acknowledged (7bit mode)
01-01 08:00:12.877 1 1 I init: Sending signal 9 to service 'exec 12 (/system/bin/recovery-persist)' (pid 613) process group...
01-01 08:00:12.884 552 552 I : rpc_ion_alloc_handler alloc_size=0x11 ion_alloc_flags=0x80
01-01 08:00:12.886 324 324 E realtek-i2c 9801ba00.i2c-4: rtk_i2c_handle_tx_abort: slave address not acknowledged (7bit mode)
01-01 08:00:12.886 612 612 D galcore: NPU wrapper clock gated register(0x9808_6800): 0xf18
01-01 08:00:12.886 612 612 D galcore: exit rtk_npu_wrapper_init
01-01 08:00:12.886 612 612 D galcore: exit _AdjustParam
01-01 08:00:12.886 612 612 I : Galcore version 6.4.17.798488
01-01 08:00:12.889 1 1 I libprocessgroup: Successfully killed process cgroup uid 1000 pid 613 in 0ms
01-01 08:00:12.898 324 324 E realtek-i2c 9801ba00.i2c-4: rtk_i2c_handle_tx_abort: slave address not acknowledged (7bit mode)
01-01 08:00:12.901 35 35 I : rpc_ion_alloc_handler alloc_size=0x11 ion_alloc_flags=0x80
01-01 08:00:12.901 1 1 I init: processing action (post-fs-data) from (/vendor/etc/init/init.kent.poweralloc.rc:11)
01-01 08:00:12.903 324 324 E realtek-i2c 9801ba00.i2c-4: rtk_i2c_handle_tx_abort: slave address not acknowledged (7bit mode)
01-01 08:00:12.904 612 612 E [galcore]: Warning: chipRevision mismatch, database chipRevision=0x9110 register read chipRevision=0x9116
01-01 08:00:12.905 1 1 I init: processing action (post-fs-data) from (/vendor/etc/init/init.kent.rc:126)
01-01 08:00:12.909 324 324 E realtek-i2c 9801ba00.i2c-4: rtk_i2c_handle_tx_abort: slave address not acknowledged (7bit mode)
01-01 08:00:12.912 1 1 I init: starting service 'netd'...
01-01 08:00:12.912 266 266 D : Loaded kernel module galcore.ko
01-01 08:00:12.913 266 266 D : Probing module vipcore.ko
01-01 08:00:12.918 580 580 I : rpc_ion_alloc_handler alloc_size=0x11 ion_alloc_flags=0x80
01-01 08:00:01.171 351 358 D VehicleRTKHal: In[setValues][512]
01-01 08:00:01.172 351 358 D VehicleRTKHardware: Set value for property ID: 291504901
01-01 08:00:01.172 351 359 D VehicleRTKHardware: In[setValue][799] prop =291504901 ,289408515
01-01 08:00:01.172 351 359 D VehicleRTKHardware: In[setValue][825].. wirte success...
01-01 08:00:12.922 324 324 E realtek-i2c 9801ba00.i2c-4: rtk_i2c_handle_tx_abort: slave address not acknowledged (7bit mode)
01-01 08:00:12.924 1 1 I init: Created socket '/dev/socket/dnsproxyd', mode 660, user 0, group 3003
01-01 08:00:12.925 266 266 D : Loaded kernel module vipcore.ko
01-01 08:00:01.172 351 358 D VehicleRTKHal: In[setValues][512]
01-01 08:00:01.172 351 358 D VehicleRTKHardware: Set value for property ID: 291504647
01-01 08:00:01.172 351 359 D VehicleRTKHardware: In[setValue][799] prop =291504647 ,289408515
01-01 08:00:01.172 351 359 D VehicleRTKHardware: In[setValue][825].. wirte success...
01-01 08:00:01.173 351 358 D VehicleRTKHal: In[setValues][512]
01-01 08:00:01.173 351 358 D VehicleRTKHardware: Set value for property ID: 291504903
01-01 08:00:01.173 351 359 D VehicleRTKHardware: In[setValue][799] prop =291504903 ,289408515
01-01 08:00:01.173 351 359 D VehicleRTKHardware: In[setValue][825].. wirte success...
01-01 08:00:01.173 351 358 D VehicleRTKHal: In[setValues][512]
01-01 08:00:01.173 351 358 D VehicleRTKHardware: Set value for property ID: 291504897
01-01 08:00:01.173 351 359 D VehicleRTKHardware: In[setValue][799] prop =291504897 ,289408515
01-01 08:00:01.173 351 359 D VehicleRTKHardware: In[setValue][825].. wirte success...
01-01 08:00:01.173 351 358 D VehicleRTKHal: In[setValues][512]
01-01 08:00:01.173 351 358 D VehicleRTKHardware: Set value for property ID: 289408000
01-01 08:00:01.173 351 359 D VehicleRTKHardware: In[setValue][799] prop =289408000 ,289408515
01-01 08:00:01.173 351 359 D VehicleRTKHardware: In[setValue][825].. wirte success...
01-01 08:00:01.173 351 358 D VehicleRTKHal: In[setValues][512]
01-01 08:00:01.173 351 358 D VehicleRTKHardware: Set value for property ID: 287310855
01-01 08:00:01.173 351 359 D VehicleRTKHardware: In[setValue][799] prop =287310855 ,289408515
01-01 08:00:01.173 351 359 D VehicleRTKHardware: In[setValue][825].. wirte success...
01-01 08:00:01.174 351 358 D VehicleRTKHal: In[setValues][512]
01-01 08:00:01.174 351 358 D VehicleRTKHardware: Set value for property ID: 291504644
01-01 08:00:01.174 351 359 D VehicleRTKHardware: In[setValue][799] prop =291504644 ,289408515
01-01 08:00:01.174 351 359 D VehicleRTKHardware: In[setValue][825].. wirte success...
01-01 08:00:01.174 351 358 D VehicleRTKHal: In[setValues][512]
01-01 08:00:01.174 351 358 D VehicleRTKHardware: Set value for property ID: 291504904
01-01 08:00:01.174 351 359 D VehicleRTKHardware: In[setValue][799] prop =291504904 ,289408515
01-01 08:00:01.174 351 359 D VehicleRTKHardware: In[setValue][825].. wirte success...
01-01 08:00:01.174 351 358 D VehicleRTKHal: In[setValues][512]
01-01 08:00:01.174 351 358 D VehicleRTKHardware: Set value for property ID: 291505923
01-01 08:00:01.174 351 359 D VehicleRTKHardware: In[setValue][799] prop =291505923 ,289408515
01-01 08:00:01.174 351 359 D VehicleRTKHardware: In[setValue][825].. wirte success...
01-01 08:00:12.925 324 324 E realtek-i2c 9801ba00.i2c-4: rtk_i2c_handle_tx_abort: slave address not acknowledged (7bit mode)
01-01 08:00:12.931 287 287 I : rpc_ion_alloc_handler alloc_size=0x11 ion_alloc_flags=0x80
01-01 08:00:12.934 324 324 E realtek-i2c 9801ba00.i2c-4: rtk_i2c_handle_tx_abort: slave address not acknowledged (7bit mode)
01-01 08:00:12.935 324 324 E realtek-i2c 9801ba00.i2c-4: rtk_i2c_handle_tx_abort: slave address not acknowledged (7bit mode)
01-01 08:00:12.935 1 1 I init: Created socket '/dev/socket/mdns', mode 660, user 0, group 1000
01-01 08:00:12.935 1 1 I init: Created socket '/dev/socket/fwmarkd', mode 660, user 0, group 3003
01-01 08:00:12.937 266 266 D : Probing module rtk_npp.ko
01-01 08:00:12.937 1 1 I init: ... started service 'netd' has pid 617
01-01 08:00:12.944 1 1 I init: processing action (post-fs-data) from (/vendor/etc/init/syslog_service.rc:6)
01-01 08:00:12.944 558 558 I : rpc_ion_alloc_handler alloc_size=0x11 ion_alloc_flags=0x80
01-01 08:00:12.948 324 324 E realtek-i2c 9801ba00.i2c-4: rtk_i2c_handle_tx_abort: slave address not acknowledged (7bit mode)
01-01 08:00:12.958 1 1 I init: processing action (sys.init.perf_lsm_hooks=1 && load_bpf_programs) from (/system/etc/init/hw/init.rc:1253)
01-01 08:00:12.961 324 324 E realtek-i2c 9801ba00.i2c-4: rtk_i2c_handle_tx_abort: slave address not acknowledged (7bit mode)
01-01 08:00:12.967 21 21 I : rpc_ion_alloc_handler alloc_size=0x11 ion_alloc_flags=0x80
01-01 08:00:12.971 1 1 I init: processing action (load_bpf_programs) from (/system/etc/init/bpfloader.rc:17)
01-01 08:00:12.972 324 324 E realtek-i2c 9801ba00.i2c-4: rtk_i2c_handle_tx_abort: slave address not acknowledged (7bit mode)
01-01 08:00:12.973 618 618 I realtek-npp 98084000.npu-pp: drv_npp_probe dev->irq = 38
01-01 08:00:12.973 618 618 I realtek-npp 98084000.npu-pp: drv_npp_probe m2m device registered as /dev/video0
01-01 08:00:12.973 618 618 I realtek-npp 98084000.npu-pp: drv_npp_probe enable-capture property = 1, enable
01-01 08:00:12.974 382 382 I realtek-npp 98084000.npu-pp: npp_s_ctrl, single_rgb_plane = 0
01-01 08:00:12.974 382 382 I realtek-npp 98084000.npu-pp: npp_s_ctrl, svp = 0
01-01 08:00:12.974 382 382 I realtek-npp 98084000.npu-pp: npp_s_ctrl, mipi_csi_input = 0, in_queue_metadata = 0
01-01 08:00:12.974 382 382 I realtek-npp 98084000.npu-pp: npp_s_ctrl, data_pitch = 0, header_pitch = 0
01-01 08:00:12.974 382 382 I realtek-npp 98084000.npu-pp: npp_s_ctrl, rgb_output = 0
01-01 08:00:12.974 382 382 I : [drv_npp] npp_alloc_context_m2m, request_irq done
01-01 08:00:12.974 382 382 I : [drv_npp] npp_alloc_context_m2m, npp_ctx = 00000000084f0ca3
01-01 08:00:12.978 21 21 I : rpc_ion_alloc_handler alloc_size=0x11 ion_alloc_flags=0x80
01-01 08:00:12.983 1 1 I init: starting service 'bpfloader'...
01-01 08:00:12.986 618 618 I realtek-npp 98084000.npu-pp: drv_npp_probe capture device registered as /dev/video1
01-01 08:00:12.990 324 324 E realtek-i2c 9801ba00.i2c-4: rtk_i2c_handle_tx_abort: slave address not acknowledged (7bit mode)
01-01 08:00:12.990 324 324 E realtek-i2c 9801ba00.i2c-4: rtk_i2c_handle_tx_abort: slave address not acknowledged (7bit mode)
01-01 08:00:12.991 1 1 I init: ... started service 'bpfloader' has pid 619
01-01 08:00:12.991 1 1 I init: SVC_EXEC service 'bpfloader' pid 619 (uid 0 gid 0+7 context default) started; waiting...
01-01 08:00:01.255 350 396 W ServiceManagerCppClient: Waited one second for vendor.realtek.rtkdeviceservice.IRtkDeviceService/default (is service started? Number of threads started in the threadpool: 1. Are binder threads started and available?)
01-01 08:00:13.008 273 273 I servicemanager: Since 'vendor.realtek.rtkdeviceservice.IRtkDeviceService/default' could not be found, trying to start it as a lazy AIDL service. (if it's not configured to be a lazy service, it may be stuck starting or still starting).
01-01 08:00:13.009 382 382 I : [drv_npp] init done
01-01 08:00:13.009 266 266 D : Loaded kernel module rtk_npp.ko
01-01 08:00:13.009 266 266 D : Probing module cfg80211.ko
01-01 08:00:13.010 324 324 E realtek-i2c 9801ba00.i2c-4: rtk_i2c_handle_tx_abort: slave address not acknowledged (7bit mode)
01-01 08:00:13.010 619 619 E : WARNING: Unprivileged eBPF is enabled, data leaks possible via Spectre v2 BHB attacks!
01-01 08:00:13.010 324 324 E realtek-i2c 9801ba00.i2c-4: rtk_i2c_handle_tx_abort: slave address not acknowledged (7bit mode)
01-01 08:00:13.010 324 324 E realtek-i2c 9801ba00.i2c-4: rtk_i2c_handle_tx_abort: slave address not acknowledged (7bit mode)
01-01 08:00:13.010 324 324 E realtek-i2c 9801ba00.i2c-4: rtk_i2c_handle_tx_abort: slave address not acknowledged (7bit mode)
01-01 08:00:13.010 324 324 E realtek-i2c 9801ba00.i2c-4: rtk_i2c_handle_tx_abort: slave address not acknowledged (7bit mode)
01-01 08:00:13.010 324 324 E realtek-i2c 9801ba00.i2c-4: rtk_i2c_handle_tx_abort: slave address not acknowledged (7bit mode)
01-01 08:00:13.011 324 324 E realtek-i2c 9801ba00.i2c-4: rtk_i2c_handle_tx_abort: slave address not acknowledged (7bit mode)
01-01 08:00:13.011 324 324 E realtek-i2c 9801ba00.i2c-4: rtk_i2c_handle_tx_abort: slave address not acknowledged (7bit mode)
01-01 08:00:13.011 324 324 E realtek-i2c 9801ba00.i2c-4: rtk_i2c_handle_tx_abort: slave address not acknowledged (7bit mode)
01-01 08:00:13.011 324 324 E realtek-i2c 9801ba00.i2c-4: rtk_i2c_handle_tx_abort: slave address not acknowledged (7bit mode)
01-01 08:00:13.011 324 324 E realtek-i2c 9801ba00.i2c-4: rtk_i2c_handle_tx_abort: slave address not acknowledged (7bit mode)
01-01 08:00:13.011 324 324 E realtek-i2c 9801ba00.i2c-4: rtk_i2c_handle_tx_abort: slave address not acknowledged (7bit mode)
01-01 08:00:13.011 324 324 E realtek-i2c 9801ba00.i2c-4: rtk_i2c_handle_tx_abort: slave address not acknowledged (7bit mode)
01-01 08:00:13.012 324 324 E realtek-i2c 9801ba00.i2c-4: rtk_i2c_handle_tx_abort: slave address not acknowledged (7bit mode)
01-01 08:00:01.262 273 621 W libc: Unable to set property "ctl.interface_start" to "aidl/vendor.realtek.rtkdeviceservice.IRtkDeviceService/default": error code: 0x20
01-01 08:00:13.015 1 1 E init: Control message: Could not find 'aidl/vendor.realtek.rtkdeviceservice.IRtkDeviceService/default' for ctl.interface_start from pid: 273 (/system/bin/servicemanager)
01-01 08:00:13.015 621 621 I servicemanager: Tried to start aidl service vendor.realtek.rtkdeviceservice.IRtkDeviceService/default as a lazy service, but was unable to. Usually this happens when a service is not installed, but if the service is intended to be used as a lazy service, then it may be configured incorrectly.
01-01 08:00:13.018 21 21 I : rpc_ion_alloc_handler alloc_size=0x11 ion_alloc_flags=0x80
01-01 08:00:13.022 382 382 I realtek-npp 98084000.npu-pp: drv_npp_open_m2m Created instance: 0000000025f7c601, m2m_ctx: 00000000e4f698a3
01-01 08:00:13.022 382 382 I : [drv_npp] npp_free_context_m2m, free out_q_buf_obj
01-01 08:00:13.022 619 619 D LibBpfLoader: Loading optional ELF object /apex/com.android.tethering/etc/bpf/test.o with license Apache 2.0
01-01 08:00:13.022 619 619 I LibBpfLoader: Section bpfloader_min_ver value is 2 [0x2]
01-01 08:00:13.022 619 619 I LibBpfLoader: Section bpfloader_max_ver value is 25 [0x19]
01-01 08:00:13.022 619 619 D LibBpfLoader: Couldn't find section bpfloader_min_required_ver (defaulting to 0 [0x0]).
01-01 08:00:13.022 619 619 I LibBpfLoader: Section size_of_bpf_map_def value is 120 [0x78]
01-01 08:00:13.022 619 619 I LibBpfLoader: Section size_of_bpf_prog_def value is 92 [0x5c]
01-01 08:00:13.022 619 619 I LibBpfLoader: BpfLoader version 0x00026 ignoring ELF object /apex/com.android.tethering/etc/bpf/test.o with max ver 0x00019
01-01 08:00:13.022 619 619 I bpfloader: Loaded object: /apex/com.android.tethering/etc/bpf/test.o
01-01 08:00:13.027 324 324 E realtek-i2c 9801ba00.i2c-4: rtk_i2c_handle_tx_abort: slave address not acknowledged (7bit mode)
01-01 08:00:13.027 619 619 D LibBpfLoader: Loading critical for Connectivity (Tethering) ELF object /apex/com.android.tethering/etc/bpf/offload.o with license Apache 2.0
01-01 08:00:13.027 619 619 I LibBpfLoader: Section bpfloader_min_ver value is 2 [0x2]
01-01 08:00:13.027 619 619 I LibBpfLoader: Section bpfloader_max_ver value is 25 [0x19]
01-01 08:00:13.027 619 619 D LibBpfLoader: Couldn't find section bpfloader_min_required_ver (defaulting to 0 [0x0]).
01-01 08:00:13.027 619 619 I LibBpfLoader: Section size_of_bpf_map_def value is 120 [0x78]
01-01 08:00:13.027 619 619 I LibBpfLoader: Section size_of_bpf_prog_def value is 92 [0x5c]
01-01 08:00:13.027 619 619 I LibBpfLoader: BpfLoader version 0x00026 ignoring ELF object /apex/com.android.tethering/etc/bpf/offload.o with max ver 0x00019
01-01 08:00:13.027 619 619 I bpfloader: Loaded object: /apex/com.android.tethering/etc/bpf/offload.o
01-01 08:00:13.029 382 382 I : [drv_npp] npp_free_context_m2m, free cap_q_buf_obj
01-01 08:00:13.032 619 619 D LibBpfLoader: Loading optional ELF object /apex/com.android.tethering/etc/bpf/test@btf.o with license Apache 2.0
01-01 08:00:13.037 21 21 I : rpc_ion_alloc_handler alloc_size=0x11 ion_alloc_flags=0x80
01-01 08:00:13.041 324 324 E realtek-i2c 9801ba00.i2c-4: rtk_i2c_handle_tx_abort: slave address not acknowledged (7bit mode)
01-01 08:00:13.043 619 619 I LibBpfLoader: Section bpfloader_min_ver value is 25 [0x19]
01-01 08:00:13.044 324 324 E realtek-i2c 9801ba00.i2c-4: rtk_i2c_handle_tx_abort: slave address not acknowledged (7bit mode)
01-01 08:00:13.046 619 619 I LibBpfLoader: Section bpfloader_max_ver value is 65536 [0x10000]
01-01 08:00:13.050 324 324 E realtek-i2c 9801ba00.i2c-4: rtk_i2c_handle_tx_abort: slave address not acknowledged (7bit mode)
01-01 08:00:13.051 619 619 D LibBpfLoader: Couldn't find section bpfloader_min_required_ver (defaulting to 0 [0x0]).
01-01 08:00:13.054 324 324 E realtek-i2c 9801ba00.i2c-4: rtk_i2c_handle_tx_abort: slave address not acknowledged (7bit mode)
01-01 08:00:13.057 619 619 I LibBpfLoader: Section size_of_bpf_map_def value is 120 [0x78]
01-01 08:00:13.060 324 324 E realtek-i2c 9801ba00.i2c-4: rtk_i2c_handle_tx_abort: slave address not acknowledged (7bit mode)
01-01 08:00:13.063 619 619 I LibBpfLoader: Section size_of_bpf_prog_def value is 92 [0x5c]
01-01 08:00:13.064 324 324 E realtek-i2c 9801ba00.i2c-4: rtk_i2c_handle_tx_abort: slave address not acknowledged (7bit mode)
01-01 08:00:13.065 619 619 I LibBpfLoader: BpfLoader version 0x00026 processing ELF object /apex/com.android.tethering/etc/bpf/test@btf.o with ver [0x00019,0x10000)
01-01 08:00:13.067 324 324 E realtek-i2c 9801ba00.i2c-4: rtk_i2c_handle_tx_abort: slave address not acknowledged (7bit mode)
01-01 08:00:13.070 619 619 D LibBpfLoader: Loaded code section 3 (xdp_drop_ipv4_udp_ether)
01-01 08:00:13.074 382 382 I realtek-npp 98084000.npu-pp: drv_npp_release_m2m done
01-01 08:00:13.075 324 324 E realtek-i2c 9801ba00.i2c-4: rtk_i2c_handle_tx_abort: slave address not acknowledged (7bit mode)
01-01 08:00:13.076 619 619 D LibBpfLoader: Adding section 3 to cs list
01-01 08:00:13.076 619 619 D LibBpfLoader: Couldn't find section btf_min_bpfloader_ver (defaulting to 0 [0x0]).
01-01 08:00:13.076 619 619 D LibBpfLoader: Couldn't find section btf_min_kernel_ver (defaulting to 0 [0x0]).
01-01 08:00:13.078 382 382 I realtek-npp 98084000.npu-pp: npp_s_ctrl, single_rgb_plane = 0
01-01 08:00:13.080 324 324 E realtek-i2c 9801ba00.i2c-4: rtk_i2c_handle_tx_abort: slave address not acknowledged (7bit mode)
01-01 08:00:13.082 382 382 I realtek-npp 98084000.npu-pp: npp_s_ctrl, svp = 0
01-01 08:00:13.082 382 382 I realtek-npp 98084000.npu-pp: npp_s_ctrl, mipi_csi_input = 0, in_queue_metadata = 0
01-01 08:00:13.082 382 382 I realtek-npp 98084000.npu-pp: npp_s_ctrl, data_pitch = 0, header_pitch = 0
01-01 08:00:13.082 382 382 I realtek-npp 98084000.npu-pp: npp_s_ctrl, rgb_output = 0
01-01 08:00:13.084 324 324 E realtek-i2c 9801ba00.i2c-4: rtk_i2c_handle_tx_abort: slave address not acknowledged (7bit mode)
01-01 08:00:13.088 619 619 D LibBpfLoader: bpf_create_map name tether_downstream6_map, ret: 6
01-01 08:00:13.088 324 324 E realtek-i2c 9801ba00.i2c-4: rtk_i2c_handle_tx_abort: slave address not acknowledged (7bit mode)
01-01 08:00:13.089 620 620 I cfg80211: Loading compiled-in X.509 certificates for regulatory database
01-01 08:00:13.090 620 620 E cfg80211: Problem loading in-kernel X.509 certificate (-13)
01-01 08:00:13.090 620 620 E cfg80211: Problem loading in-kernel X.509 certificate (-13)
01-01 08:00:13.090 552 552 W platform regulatory.0: Direct firmware load for regulatory.db failed with error -2
01-01 08:00:13.090 552 552 I cfg80211: failed to load regulatory.db
