01-01 08:00:07.203 651 743 D CarCamDev: [initOutputCharsKeys] push rawOpaque w:1280 h:720
01-01 08:00:07.203 651 743 D CarCamDev: [initOutputCharsKeys] push rawOpaque w:1920 h:1080
01-01 08:00:07.203 651 743 V CarCamRSMGR: getActiveSizeByDevice: get active-size for dev /dev/video32
01-01 08:00:07.203 651 743 V CarCamRSMGR: getActiveSizeByDevice: get active-szie (1920, 1080) for dev /dev/video32
01-01 08:00:07.204 846 931 I CameraService: onDeviceStatusChanged: Status changed for cameraId=1000132, newStatus=1
01-01 08:00:07.204 846 931 I CameraService: onDeviceStatusChanged: Unknown camera ID 1000132, a new camera is added
01-01 08:00:07.204 846 931 W CameraFlashlight: hasFlashUnitLocked: camera 1000132 not present when findFlashUnits() was called
01-01 08:00:07.204 651 743 I Camera-Pvdr-car: CarCam: adding device@1.1/car/2000132 to Car Camera HAL!
01-01 08:00:07.204 846 931 I CameraProviderManager: Enumerating new camera device: device@1.1/car/2000132
01-01 08:00:07.204 651 743 I Camera-Pvdr-car: [matchDeviceName] deviceName device@1.1/car/2000132 cameraId /dev/video32 virtCameraId 2000132
01-01 08:00:07.204 651 743 I Camera-Pvdr-car: AIOVCAM idx -2
01-01 08:00:07.204 651 743 I Camera-Pvdr-car: v4I2IdSet size 1
01-01 08:00:07.204 651 743 I Camera-Pvdr-car: Constructing v1 car camera device
01-01 08:00:07.204 651 743 I CarCamDev: CarCameraDevice() camId: /dev/video32 id 32
01-01 08:00:07.204 651 743 I CarCamDev: vers: CARCAM-v1.3.5_kent_build-e20ca4e-18:30.11.Jun.2026/android-api_34/keystone-stb
01-01 08:00:07.204 651 743 I CarCamDev: /dev/video32 FACING BACK
01-01 08:00:07.204 651 743 V CarCamRSMGR: getCardNameByDevice: get card name for dev /dev/video32
01-01 08:00:07.204 651 743 V CarCamRSMGR: getCardNameByDevice: get card name rtk-mipi-csi for dev /dev/video32
01-01 08:00:07.204 651 743 V CarCamRSMGR: getActiveSizeByDevice: get active-size for dev /dev/video32
01-01 08:00:07.204 651 743 V CarCamRSMGR: getActiveSizeByDevice: get active-szie (1920, 1080) for dev /dev/video32
01-01 08:00:07.204 651 743 V CarCamDev: vid 32 field 0
01-01 08:00:07.204 651 743 V CarCamDev: [V4L2DBG][getCandidateSupportedFormatsLocked] found surpport format: 842094158 NV12
01-01 08:00:07.207 651 743 D CarCam-V4L: [getFrameSizeList]: v4l2frameSize.type: 3 enumFrameSize 320x240 ~ 1920x1080
01-01 08:00:07.207 651 743 D CarCam-V4L: [getFrameSizeList]: break (160x90)
01-01 08:00:07.207 651 743 D CarCam-V4L: [getFrameSizeList]: break (160x120)
01-01 08:00:07.207 651 743 D CarCam-V4L: [getFrameSizeList]: break (176x144)
01-01 08:00:07.207 651 743 D CarCam-V4L: [getFrameSizeList]: break exp (960x540) step min(320x240) step wxh(8x8)
01-01 08:00:07.207 651 743 D CarCam-V4L: [getFrameSizeList]: break (1920x1536)
01-01 08:00:07.207 651 743 D CarCam-V4L: [getFrameSizeList]: break (2560x1440)
01-01 08:00:07.207 651 743 D CarCam-V4L: [getFrameSizeList]: break (1280x2880)
01-01 08:00:07.207 651 743 D CarCam-V4L: [getFrameSizeList]: break (3840x2160)
01-01 08:00:07.207 651 743 D CarCam-V4L: [getFrameSizeList]: break (4096x2160)
01-01 08:00:07.207 651 743 W CarCamDev: skip 960x720
01-01 08:00:07.207 651 743 V CarCamRSMGR: getCardNameByDevice: get card name for dev /dev/video32
01-01 08:00:07.207 651 743 V CarCamRSMGR: getCardNameByDevice: get card name rtk-mipi-csi for dev /dev/video32
01-01 08:00:07.207 651 743 V CarCamRSMGR: getActiveSizeByDevice: get active-size for dev /dev/video32
01-01 08:00:07.207 651 743 V CarCamRSMGR: getActiveSizeByDevice: get active-szie (1920, 1080) for dev /dev/video32
01-01 08:00:07.207 651 743 V CarCamDev: vid 32 field 0
01-01 08:00:07.207 651 743 V CarCamDev: [V4L2DBG][getCandidateSupportedFormatsLocked] found surpport format: 842094158 NV12
01-01 08:00:07.210 651 743 D CarCam-V4L: [getFrameSizeList]: v4l2frameSize.type: 3 enumFrameSize 320x240 ~ 1920x1080
01-01 08:00:18.957 743 743 I rtk-mipi-csi 98004000.syscon: mipicsi-2: frmsizeenum min 320x240 max 1920x1080, step w=8 h=8
01-01 08:00:18.960 743 743 I rtk-mipi-csi 98004000.syscon: mipicsi-2: frmsizeenum min 320x240 max 1920x1080, step w=8 h=8
01-01 08:00:07.210 651 743 D CarCam-V4L: [getFrameSizeList]: break (160x90)
01-01 08:00:07.210 651 743 D CarCam-V4L: [getFrameSizeList]: break (160x120)
01-01 08:00:07.210 651 743 D CarCam-V4L: [getFrameSizeList]: break (176x144)
01-01 08:00:07.210 651 743 D CarCam-V4L: [getFrameSizeList]: break exp (960x540) step min(320x240) step wxh(8x8)
01-01 08:00:07.210 651 743 D CarCam-V4L: [getFrameSizeList]: break (1920x1536)
01-01 08:00:07.210 651 743 D CarCam-V4L: [getFrameSizeList]: break (2560x1440)
01-01 08:00:07.210 651 743 D CarCam-V4L: [getFrameSizeList]: break (1280x2880)
01-01 08:00:07.210 651 743 D CarCam-V4L: [getFrameSizeList]: break (3840x2160)
01-01 08:00:07.210 651 743 D CarCam-V4L: [getFrameSizeList]: break (4096x2160)
01-01 08:00:07.210 651 743 W CarCamDev: skip 960x720
01-01 08:00:07.210 651 743 V CarCamDev: trimSupportedFormats: size (320,240) is removed due to unable to crop vertically from (1920,1080)
01-01 08:00:07.210 651 743 V CarCamDev: trimSupportedFormats: size (640,480) is removed due to unable to crop vertically from (1920,1080)
01-01 08:00:07.210 651 743 V CarCamDev: trimSupportedFormats: size (720,480) is removed due to unable to crop vertically from (1920,1080)
01-01 08:00:07.210 651 743 V CarCamDev: trimSupportedFormats: size (720,576) is removed due to unable to crop vertically from (1920,1080)
01-01 08:00:07.210 651 743 V CarCamDev: trimSupportedFormats: size (800,600) is removed due to unable to crop vertically from (1920,1080)
01-01 08:00:07.210 651 743 V CarCamRSMGR: getActiveSizeByDevice: get active-size for dev /dev/video32
01-01 08:00:07.210 651 743 V CarCamRSMGR: getActiveSizeByDevice: get active-szie (1920, 1080) for dev /dev/video32
01-01 08:00:07.210 651 743 V CarCamRSMGR: getMaxConfigV4lFormatByDevice: get max format from the confg for dev /dev/video32
01-01 08:00:07.210 651 743 V CarCamRSMGR: getMaxConfigV4lFormatByDevice: get max format from the confg (1920, 1080) for dev /dev/video32
01-01 08:00:07.210 651 743 I CarCamDev: [initSupportedFormatsLocked] h:8 v:3
01-01 08:00:07.210 651 743 V CarCamDev: [initSupportedFormatsLocked] wxh:320x240
01-01 08:00:07.210 651 743 V CarCamDev: [initSupportedFormatsLocked] wxh:640x360
01-01 08:00:07.210 651 743 V CarCamDev: [initSupportedFormatsLocked] wxh:640x480
01-01 08:00:07.210 651 743 V CarCamDev: [initSupportedFormatsLocked] wxh:720x480
01-01 08:00:07.210 651 743 V CarCamDev: [initSupportedFormatsLocked] wxh:720x576
01-01 08:00:07.210 651 743 V CarCamDev: [initSupportedFormatsLocked] wxh:800x600
01-01 08:00:07.210 651 743 V CarCamDev: [initSupportedFormatsLocked] wxh:1280x720
01-01 08:00:07.210 651 743 V CarCamDev: [initSupportedFormatsLocked] wxh:1920x1080
01-01 08:00:07.210 651 743 I CarCamDev: [initOutputCharsKeys] push format 33 w 320 h 240
01-01 08:00:07.210 651 743 I CarCamDev: [initOutputCharsKeys] push format 35 w 320 h 240
01-01 08:00:07.210 651 743 I CarCamDev: [initOutputCharsKeys] push format 34 w 320 h 240
01-01 08:00:07.210 651 743 I CarCamDev: [initOutputCharsKeys] push format 33 w 640 h 360
01-01 08:00:07.210 651 743 I CarCamDev: [initOutputCharsKeys] push format 35 w 640 h 360
01-01 08:00:07.210 651 743 I CarCamDev: [initOutputCharsKeys] push format 34 w 640 h 360
01-01 08:00:07.210 651 743 I CarCamDev: [initOutputCharsKeys] push format 33 w 640 h 480
01-01 08:00:07.210 651 743 I CarCamDev: [initOutputCharsKeys] push format 35 w 640 h 480
01-01 08:00:07.210 651 743 I CarCamDev: [initOutputCharsKeys] push format 34 w 640 h 480
01-01 08:00:07.211 651 743 I CarCamDev: [initOutputCharsKeys] push format 33 w 720 h 480
01-01 08:00:07.211 651 743 I CarCamDev: [initOutputCharsKeys] push format 35 w 720 h 480
01-01 08:00:07.211 651 743 I CarCamDev: [initOutputCharsKeys] push format 34 w 720 h 480
01-01 08:00:07.211 651 743 I CarCamDev: [initOutputCharsKeys] push format 33 w 720 h 576
01-01 08:00:07.211 651 743 I CarCamDev: [initOutputCharsKeys] push format 35 w 720 h 576
01-01 08:00:07.211 651 743 I CarCamDev: [initOutputCharsKeys] push format 34 w 720 h 576
01-01 08:00:07.211 651 743 I CarCamDev: [initOutputCharsKeys] push format 33 w 800 h 600
01-01 08:00:07.211 651 743 I CarCamDev: [initOutputCharsKeys] push format 35 w 800 h 600
01-01 08:00:07.211 651 743 I CarCamDev: [initOutputCharsKeys] push format 34 w 800 h 600
01-01 08:00:07.211 651 743 I CarCamDev: [initOutputCharsKeys] push format 33 w 1280 h 720
01-01 08:00:07.211 651 743 I CarCamDev: [initOutputCharsKeys] push format 35 w 1280 h 720
01-01 08:00:07.211 651 743 I CarCamDev: [initOutputCharsKeys] push format 34 w 1280 h 720
01-01 08:00:07.211 651 743 I CarCamDev: [initOutputCharsKeys] push format 33 w 1920 h 1080
01-01 08:00:07.211 651 743 I CarCamDev: [initOutputCharsKeys] push format 35 w 1920 h 1080
01-01 08:00:07.211 651 743 I CarCamDev: [initOutputCharsKeys] push format 34 w 1920 h 1080
01-01 08:00:07.211 651 743 D CarCamDev: [0905]initOutputCharsKeys[1375] fps range from 15 to 30
01-01 08:00:07.211 651 743 V CarCamRSMGR: getActiveSizeByDevice: get active-size for dev /dev/video32
01-01 08:00:07.211 651 743 V CarCamRSMGR: getActiveSizeByDevice: get active-szie (1920, 1080) for dev /dev/video32
01-01 08:00:07.212 846 931 I CameraService: onDeviceStatusChanged: Status changed for cameraId=2000132, newStatus=1
01-01 08:00:07.212 846 931 I CameraService: onDeviceStatusChanged: Unknown camera ID 2000132, a new camera is added
01-01 08:00:07.212 846 931 W CameraFlashlight: hasFlashUnitLocked: camera 2000132 not present when findFlashUnits() was called
01-01 08:00:07.212 651 743 I Camera-Pvdr-car: [deviceAdded] devName: /dev/video31
01-01 08:00:07.227 651 743 I Camera-Pvdr-car: [deviceAdded] device /dev/video31 device_caps:04200001 capabilities:84200001 driver:rtk-mipi-csi card:rtk-mipi-csi
01-01 08:00:07.227 651 743 V CarCamRSMGR: addCarCamDevice: name /dev/video31 driver rtk-mipi-csi card rtk-mipi-csi
01-01 08:00:07.227 651 743 I Camera-Pvdr-car: CarCam: adding device@1.1/car/1000131 to Car Camera HAL!
01-01 08:00:07.228 846 931 I CameraProviderManager: Enumerating new camera device: device@1.1/car/1000131
01-01 08:00:07.228 651 743 I Camera-Pvdr-car: [matchDeviceName] deviceName device@1.1/car/1000131 cameraId /dev/video31 virtCameraId 1000131
01-01 08:00:07.228 651 743 I Camera-Pvdr-car: AIOVCAM idx -2
01-01 08:00:07.228 651 743 I Camera-Pvdr-car: v4I2IdSet size 1
01-01 08:00:07.228 651 743 I Camera-Pvdr-car: Constructing v1 car camera device
01-01 08:00:07.228 651 743 I CarCamDev: CarCameraDevice() camId: /dev/video31 id 31
01-01 08:00:07.228 651 743 I CarCamDev: vers: CARCAM-v1.3.5_kent_build-e20ca4e-18:30.11.Jun.2026/android-api_34/keystone-stb
01-01 08:00:07.228 651 743 I CarCamDev: /dev/video31 FACING BACK
01-01 08:00:07.228 651 743 V CarCamRSMGR: getCardNameByDevice: get card name for dev /dev/video31
01-01 08:00:07.228 651 743 V CarCamRSMGR: getCardNameByDevice: get card name rtk-mipi-csi for dev /dev/video31
01-01 08:00:07.228 651 743 V CarCamRSMGR: getActiveSizeByDevice: get active-size for dev /dev/video31
01-01 08:00:07.228 651 743 V CarCamRSMGR: getActiveSizeByDevice: get active-szie (1920, 1080) for dev /dev/video31
01-01 08:00:07.228 651 743 V CarCamDev: vid 31 field 0
01-01 08:00:07.228 651 743 V CarCamDev: [V4L2DBG][getCandidateSupportedFormatsLocked] found surpport format: 842094158 NV12
01-01 08:00:07.231 651 743 D CarCam-V4L: [getFrameSizeList]: v4l2frameSize.type: 3 enumFrameSize 320x240 ~ 1920x1080
01-01 08:00:07.231 651 743 D CarCam-V4L: [getFrameSizeList]: break (160x90)
01-01 08:00:07.231 651 743 D CarCam-V4L: [getFrameSizeList]: break (160x120)
01-01 08:00:07.231 651 743 D CarCam-V4L: [getFrameSizeList]: break (176x144)
01-01 08:00:07.231 651 743 D CarCam-V4L: [getFrameSizeList]: break exp (960x540) step min(320x240) step wxh(8x8)
01-01 08:00:07.231 651 743 D CarCam-V4L: [getFrameSizeList]: break (1920x1536)
01-01 08:00:07.231 651 743 D CarCam-V4L: [getFrameSizeList]: break (2560x1440)
01-01 08:00:07.231 651 743 D CarCam-V4L: [getFrameSizeList]: break (1280x2880)
01-01 08:00:07.231 651 743 D CarCam-V4L: [getFrameSizeList]: break (3840x2160)
01-01 08:00:07.231 651 743 D CarCam-V4L: [getFrameSizeList]: break (4096x2160)
01-01 08:00:07.232 651 743 W CarCamDev: skip 960x720
01-01 08:00:07.232 651 743 V CarCamRSMGR: getCardNameByDevice: get card name for dev /dev/video31
01-01 08:00:07.232 651 743 V CarCamRSMGR: getCardNameByDevice: get card name rtk-mipi-csi for dev /dev/video31
01-01 08:00:07.232 651 743 V CarCamRSMGR: getActiveSizeByDevice: get active-size for dev /dev/video31
01-01 08:00:07.232 651 743 V CarCamRSMGR: getActiveSizeByDevice: get active-szie (1920, 1080) for dev /dev/video31
01-01 08:00:07.232 651 743 V CarCamDev: vid 31 field 0
01-01 08:00:07.232 651 743 V CarCamDev: [V4L2DBG][getCandidateSupportedFormatsLocked] found surpport format: 842094158 NV12
01-01 08:00:18.981 743 743 I rtk-mipi-csi 98004000.syscon: mipicsi-1: frmsizeenum min 320x240 max 1920x1080, step w=8 h=8
01-01 08:00:18.985 743 743 I rtk-mipi-csi 98004000.syscon: mipicsi-1: frmsizeenum min 320x240 max 1920x1080, step w=8 h=8
01-01 08:00:07.235 651 743 D CarCam-V4L: [getFrameSizeList]: v4l2frameSize.type: 3 enumFrameSize 320x240 ~ 1920x1080
01-01 08:00:07.235 651 743 D CarCam-V4L: [getFrameSizeList]: break (160x90)
01-01 08:00:07.235 651 743 D CarCam-V4L: [getFrameSizeList]: break (160x120)
01-01 08:00:07.235 651 743 D CarCam-V4L: [getFrameSizeList]: break (176x144)
01-01 08:00:07.235 651 743 D CarCam-V4L: [getFrameSizeList]: break exp (960x540) step min(320x240) step wxh(8x8)
01-01 08:00:07.235 651 743 D CarCam-V4L: [getFrameSizeList]: break (1920x1536)
01-01 08:00:07.235 651 743 D CarCam-V4L: [getFrameSizeList]: break (2560x1440)
01-01 08:00:07.235 651 743 D CarCam-V4L: [getFrameSizeList]: break (1280x2880)
01-01 08:00:07.235 651 743 D CarCam-V4L: [getFrameSizeList]: break (3840x2160)
01-01 08:00:07.235 651 743 D CarCam-V4L: [getFrameSizeList]: break (4096x2160)
01-01 08:00:07.235 651 743 W CarCamDev: skip 960x720
01-01 08:00:07.235 651 743 V CarCamDev: trimSupportedFormats: size (320,240) is removed due to unable to crop vertically from (1920,1080)
01-01 08:00:07.235 651 743 V CarCamDev: trimSupportedFormats: size (640,480) is removed due to unable to crop vertically from (1920,1080)
01-01 08:00:07.235 651 743 V CarCamDev: trimSupportedFormats: size (720,480) is removed due to unable to crop vertically from (1920,1080)
01-01 08:00:07.235 651 743 V CarCamDev: trimSupportedFormats: size (720,576) is removed due to unable to crop vertically from (1920,1080)
01-01 08:00:07.235 651 743 V CarCamDev: trimSupportedFormats: size (800,600) is removed due to unable to crop vertically from (1920,1080)
01-01 08:00:07.235 651 743 V CarCamRSMGR: getActiveSizeByDevice: get active-size for dev /dev/video31
01-01 08:00:07.235 651 743 V CarCamRSMGR: getActiveSizeByDevice: get active-szie (1920, 1080) for dev /dev/video31
01-01 08:00:07.235 651 743 V CarCamRSMGR: getMaxConfigV4lFormatByDevice: get max format from the confg for dev /dev/video31
01-01 08:00:07.235 651 743 V CarCamRSMGR: getMaxConfigV4lFormatByDevice: get max format from the confg (1920, 1080) for dev /dev/video31
01-01 08:00:07.235 651 743 I CarCamDev: [initSupportedFormatsLocked] h:8 v:3
01-01 08:00:07.235 651 743 V CarCamDev: [initSupportedFormatsLocked] wxh:320x240
01-01 08:00:07.235 651 743 V CarCamDev: [initSupportedFormatsLocked] wxh:640x360
01-01 08:00:07.235 651 743 V CarCamDev: [initSupportedFormatsLocked] wxh:640x480
01-01 08:00:07.235 651 743 V CarCamDev: [initSupportedFormatsLocked] wxh:720x480
01-01 08:00:07.235 651 743 V CarCamDev: [initSupportedFormatsLocked] wxh:720x576
01-01 08:00:07.235 651 743 V CarCamDev: [initSupportedFormatsLocked] wxh:800x600
01-01 08:00:07.235 651 743 V CarCamDev: [initSupportedFormatsLocked] wxh:1280x720
01-01 08:00:07.235 651 743 V CarCamDev: [initSupportedFormatsLocked] wxh:1920x1080
01-01 08:00:07.235 651 743 I CarCamDev: [initOutputCharsKeys] push format 33 w 320 h 240
01-01 08:00:07.235 651 743 I CarCamDev: [initOutputCharsKeys] push format 3 w 320 h 240
01-01 08:00:07.235 651 743 I CarCamDev: [initOutputCharsKeys] push format 36 w 320 h 240
01-01 08:00:07.235 651 743 I CarCamDev: [initOutputCharsKeys] push format 35 w 320 h 240
01-01 08:00:07.235 651 743 I CarCamDev: [initOutputCharsKeys] push format 34 w 320 h 240
01-01 08:00:07.235 651 743 I CarCamDev: [initOutputCharsKeys] push format 33 w 640 h 360
01-01 08:00:07.235 651 743 I CarCamDev: [initOutputCharsKeys] push format 3 w 640 h 360
01-01 08:00:07.235 651 743 I CarCamDev: [initOutputCharsKeys] push format 36 w 640 h 360
01-01 08:00:07.235 651 743 I CarCamDev: [initOutputCharsKeys] push format 35 w 640 h 360
01-01 08:00:07.235 651 743 I CarCamDev: [initOutputCharsKeys] push format 34 w 640 h 360
01-01 08:00:07.235 651 743 I CarCamDev: [initOutputCharsKeys] push format 33 w 640 h 480
01-01 08:00:07.235 651 743 I CarCamDev: [initOutputCharsKeys] push format 3 w 640 h 480
01-01 08:00:07.235 651 743 I CarCamDev: [initOutputCharsKeys] push format 36 w 640 h 480
01-01 08:00:07.235 651 743 I CarCamDev: [initOutputCharsKeys] push format 35 w 640 h 480
01-01 08:00:07.235 651 743 I CarCamDev: [initOutputCharsKeys] push format 34 w 640 h 480
01-01 08:00:07.235 651 743 I CarCamDev: [initOutputCharsKeys] push format 33 w 720 h 480
01-01 08:00:07.235 651 743 I CarCamDev: [initOutputCharsKeys] push format 3 w 720 h 480
01-01 08:00:07.235 651 743 I CarCamDev: [initOutputCharsKeys] push format 36 w 720 h 480
01-01 08:00:07.235 651 743 I CarCamDev: [initOutputCharsKeys] push format 35 w 720 h 480
01-01 08:00:07.235 651 743 I CarCamDev: [initOutputCharsKeys] push format 34 w 720 h 480
01-01 08:00:07.235 651 743 I CarCamDev: [initOutputCharsKeys] push format 33 w 720 h 576
01-01 08:00:07.235 651 743 I CarCamDev: [initOutputCharsKeys] push format 3 w 720 h 576
01-01 08:00:07.235 651 743 I CarCamDev: [initOutputCharsKeys] push format 36 w 720 h 576
01-01 08:00:07.235 651 743 I CarCamDev: [initOutputCharsKeys] push format 35 w 720 h 576
01-01 08:00:07.235 651 743 I CarCamDev: [initOutputCharsKeys] push format 34 w 720 h 576
01-01 08:00:07.235 651 743 I CarCamDev: [initOutputCharsKeys] push format 33 w 800 h 600
01-01 08:00:07.235 651 743 I CarCamDev: [initOutputCharsKeys] push format 3 w 800 h 600
01-01 08:00:07.235 651 743 I CarCamDev: [initOutputCharsKeys] push format 36 w 800 h 600
01-01 08:00:07.235 651 743 I CarCamDev: [initOutputCharsKeys] push format 35 w 800 h 600
01-01 08:00:07.235 651 743 I CarCamDev: [initOutputCharsKeys] push format 34 w 800 h 600
01-01 08:00:07.235 651 743 I CarCamDev: [initOutputCharsKeys] push format 33 w 1280 h 720
01-01 08:00:07.235 651 743 I CarCamDev: [initOutputCharsKeys] push format 3 w 1280 h 720
01-01 08:00:07.235 651 743 I CarCamDev: [initOutputCharsKeys] push format 36 w 1280 h 720
01-01 08:00:07.235 651 743 I CarCamDev: [initOutputCharsKeys] push format 35 w 1280 h 720
01-01 08:00:07.235 651 743 I CarCamDev: [initOutputCharsKeys] push format 34 w 1280 h 720
01-01 08:00:07.235 651 743 I CarCamDev: [initOutputCharsKeys] push format 33 w 1920 h 1080
01-01 08:00:07.235 651 743 I CarCamDev: [initOutputCharsKeys] push format 3 w 1920 h 1080
01-01 08:00:07.236 651 743 I CarCamDev: [initOutputCharsKeys] push format 36 w 1920 h 1080
01-01 08:00:07.236 651 743 I CarCamDev: [initOutputCharsKeys] push format 35 w 1920 h 1080
01-01 08:00:07.236 651 743 I CarCamDev: [initOutputCharsKeys] push format 34 w 1920 h 1080
01-01 08:00:07.236 651 743 D CarCamDev: [0905]initOutputCharsKeys[1375] fps range from 15 to 30
01-01 08:00:07.236 651 743 D CarCamDev: [initOutputCharsKeys] push rawOpaque w:320 h:240
01-01 08:00:07.236 651 743 D CarCamDev: [initOutputCharsKeys] push rawOpaque w:640 h:360
01-01 08:00:07.236 651 743 D CarCamDev: [initOutputCharsKeys] push rawOpaque w:640 h:480
01-01 08:00:07.236 651 743 D CarCamDev: [initOutputCharsKeys] push rawOpaque w:720 h:480
01-01 08:00:07.236 651 743 D CarCamDev: [initOutputCharsKeys] push rawOpaque w:720 h:576
01-01 08:00:07.236 651 743 D CarCamDev: [initOutputCharsKeys] push rawOpaque w:800 h:600
01-01 08:00:07.236 651 743 D CarCamDev: [initOutputCharsKeys] push rawOpaque w:1280 h:720
01-01 08:00:07.236 651 743 D CarCamDev: [initOutputCharsKeys] push rawOpaque w:1920 h:1080
01-01 08:00:07.236 651 743 V CarCamRSMGR: getActiveSizeByDevice: get active-size for dev /dev/video31
01-01 08:00:07.236 651 743 V CarCamRSMGR: getActiveSizeByDevice: get active-szie (1920, 1080) for dev /dev/video31
01-01 08:00:07.236 846 931 I CameraService: onDeviceStatusChanged: Status changed for cameraId=1000131, newStatus=1
01-01 08:00:07.236 846 931 I CameraService: onDeviceStatusChanged: Unknown camera ID 1000131, a new camera is added
01-01 08:00:07.236 846 931 W CameraFlashlight: hasFlashUnitLocked: camera 1000131 not present when findFlashUnits() was called
01-01 08:00:07.236 651 743 I Camera-Pvdr-car: CarCam: adding device@1.1/car/2000131 to Car Camera HAL!
01-01 08:00:07.236 846 931 I CameraProviderManager: Enumerating new camera device: device@1.1/car/2000131
01-01 08:00:07.237 651 743 I Camera-Pvdr-car: [matchDeviceName] deviceName device@1.1/car/2000131 cameraId /dev/video31 virtCameraId 2000131
01-01 08:00:07.237 651 743 I Camera-Pvdr-car: AIOVCAM idx -2
01-01 08:00:07.237 651 743 I Camera-Pvdr-car: v4I2IdSet size 1
01-01 08:00:07.237 651 743 I Camera-Pvdr-car: Constructing v1 car camera device
01-01 08:00:07.237 651 743 I CarCamDev: CarCameraDevice() camId: /dev/video31 id 31
01-01 08:00:07.237 651 743 I CarCamDev: vers: CARCAM-v1.3.5_kent_build-e20ca4e-18:30.11.Jun.2026/android-api_34/keystone-stb
01-01 08:00:07.237 651 743 I CarCamDev: /dev/video31 FACING BACK
01-01 08:00:07.237 651 743 V CarCamRSMGR: getCardNameByDevice: get card name for dev /dev/video31
01-01 08:00:07.237 651 743 V CarCamRSMGR: getCardNameByDevice: get card name rtk-mipi-csi for dev /dev/video31
01-01 08:00:07.237 651 743 V CarCamRSMGR: getActiveSizeByDevice: get active-size for dev /dev/video31
01-01 08:00:07.237 651 743 V CarCamRSMGR: getActiveSizeByDevice: get active-szie (1920, 1080) for dev /dev/video31
01-01 08:00:07.237 651 743 V CarCamDev: vid 31 field 0
01-01 08:00:07.237 651 743 V CarCamDev: [V4L2DBG][getCandidateSupportedFormatsLocked] found surpport format: 842094158 NV12
01-01 08:00:07.240 651 743 D CarCam-V4L: [getFrameSizeList]: v4l2frameSize.type: 3 enumFrameSize 320x240 ~ 1920x1080
01-01 08:00:07.240 651 743 D CarCam-V4L: [getFrameSizeList]: break (160x90)
01-01 08:00:07.240 651 743 D CarCam-V4L: [getFrameSizeList]: break (160x120)
01-01 08:00:07.240 651 743 D CarCam-V4L: [getFrameSizeList]: break (176x144)
01-01 08:00:07.240 651 743 D CarCam-V4L: [getFrameSizeList]: break exp (960x540) step min(320x240) step wxh(8x8)
01-01 08:00:07.240 651 743 D CarCam-V4L: [getFrameSizeList]: break (1920x1536)
01-01 08:00:07.240 651 743 D CarCam-V4L: [getFrameSizeList]: break (2560x1440)
01-01 08:00:07.240 651 743 D CarCam-V4L: [getFrameSizeList]: break (1280x2880)
01-01 08:00:07.240 651 743 D CarCam-V4L: [getFrameSizeList]: break (3840x2160)
01-01 08:00:07.240 651 743 D CarCam-V4L: [getFrameSizeList]: break (4096x2160)
01-01 08:00:07.240 651 743 W CarCamDev: skip 960x720
01-01 08:00:07.240 651 743 V CarCamRSMGR: getCardNameByDevice: get card name for dev /dev/video31
01-01 08:00:07.240 651 743 V CarCamRSMGR: getCardNameByDevice: get card name rtk-mipi-csi for dev /dev/video31
01-01 08:00:07.240 651 743 V CarCamRSMGR: getActiveSizeByDevice: get active-size for dev /dev/video31
01-01 08:00:07.240 651 743 V CarCamRSMGR: getActiveSizeByDevice: get active-szie (1920, 1080) for dev /dev/video31
01-01 08:00:07.240 651 743 V CarCamDev: vid 31 field 0
01-01 08:00:07.240 651 743 V CarCamDev: [V4L2DBG][getCandidateSupportedFormatsLocked] found surpport format: 842094158 NV12
01-01 08:00:07.242 651 743 D CarCam-V4L: [getFrameSizeList]: v4l2frameSize.type: 3 enumFrameSize 320x240 ~ 1920x1080
01-01 08:00:18.990 743 743 I rtk-mipi-csi 98004000.syscon: mipicsi-1: frmsizeenum min 320x240 max 1920x1080, step w=8 h=8
01-01 08:00:18.993 743 743 I rtk-mipi-csi 98004000.syscon: mipicsi-1: frmsizeenum min 320x240 max 1920x1080, step w=8 h=8
01-01 08:00:07.242 651 743 D CarCam-V4L: [getFrameSizeList]: break (160x90)
01-01 08:00:07.242 651 743 D CarCam-V4L: [getFrameSizeList]: break (160x120)
01-01 08:00:07.242 651 743 D CarCam-V4L: [getFrameSizeList]: break (176x144)
01-01 08:00:07.242 651 743 D CarCam-V4L: [getFrameSizeList]: break exp (960x540) step min(320x240) step wxh(8x8)
01-01 08:00:07.242 651 743 D CarCam-V4L: [getFrameSizeList]: break (1920x1536)
01-01 08:00:07.242 651 743 D CarCam-V4L: [getFrameSizeList]: break (2560x1440)
01-01 08:00:07.242 651 743 D CarCam-V4L: [getFrameSizeList]: break (1280x2880)
01-01 08:00:07.242 651 743 D CarCam-V4L: [getFrameSizeList]: break (3840x2160)
01-01 08:00:07.242 651 743 D CarCam-V4L: [getFrameSizeList]: break (4096x2160)
01-01 08:00:07.243 651 743 W CarCamDev: skip 960x720
01-01 08:00:07.243 651 743 V CarCamDev: trimSupportedFormats: size (320,240) is removed due to unable to crop vertically from (1920,1080)
01-01 08:00:07.243 651 743 V CarCamDev: trimSupportedFormats: size (640,480) is removed due to unable to crop vertically from (1920,1080)
01-01 08:00:07.243 651 743 V CarCamDev: trimSupportedFormats: size (720,480) is removed due to unable to crop vertically from (1920,1080)
01-01 08:00:07.243 651 743 V CarCamDev: trimSupportedFormats: size (720,576) is removed due to unable to crop vertically from (1920,1080)
01-01 08:00:07.243 651 743 V CarCamDev: trimSupportedFormats: size (800,600) is removed due to unable to crop vertically from (1920,1080)
01-01 08:00:07.243 651 743 V CarCamRSMGR: getActiveSizeByDevice: get active-size for dev /dev/video31
01-01 08:00:07.243 651 743 V CarCamRSMGR: getActiveSizeByDevice: get active-szie (1920, 1080) for dev /dev/video31
01-01 08:00:07.243 651 743 V CarCamRSMGR: getMaxConfigV4lFormatByDevice: get max format from the confg for dev /dev/video31
01-01 08:00:07.243 651 743 V CarCamRSMGR: getMaxConfigV4lFormatByDevice: get max format from the confg (1920, 1080) for dev /dev/video31
01-01 08:00:07.243 651 743 I CarCamDev: [initSupportedFormatsLocked] h:8 v:3
01-01 08:00:07.243 651 743 V CarCamDev: [initSupportedFormatsLocked] wxh:320x240
01-01 08:00:07.243 651 743 V CarCamDev: [initSupportedFormatsLocked] wxh:640x360
01-01 08:00:07.243 651 743 V CarCamDev: [initSupportedFormatsLocked] wxh:640x480
01-01 08:00:07.243 651 743 V CarCamDev: [initSupportedFormatsLocked] wxh:720x480
01-01 08:00:07.243 651 743 V CarCamDev: [initSupportedFormatsLocked] wxh:720x576
01-01 08:00:07.243 651 743 V CarCamDev: [initSupportedFormatsLocked] wxh:800x600
01-01 08:00:07.243 651 743 V CarCamDev: [initSupportedFormatsLocked] wxh:1280x720
01-01 08:00:07.243 651 743 V CarCamDev: [initSupportedFormatsLocked] wxh:1920x1080
01-01 08:00:07.243 651 743 I CarCamDev: [initOutputCharsKeys] push format 33 w 320 h 240
01-01 08:00:07.243 651 743 I CarCamDev: [initOutputCharsKeys] push format 35 w 320 h 240
01-01 08:00:07.243 651 743 I CarCamDev: [initOutputCharsKeys] push format 34 w 320 h 240
01-01 08:00:07.243 651 743 I CarCamDev: [initOutputCharsKeys] push format 33 w 640 h 360
01-01 08:00:07.244 651 743 I CarCamDev: [initOutputCharsKeys] push format 35 w 640 h 360
01-01 08:00:07.244 651 743 I CarCamDev: [initOutputCharsKeys] push format 34 w 640 h 360
01-01 08:00:07.244 651 743 I CarCamDev: [initOutputCharsKeys] push format 33 w 640 h 480
01-01 08:00:07.244 651 743 I CarCamDev: [initOutputCharsKeys] push format 35 w 640 h 480
01-01 08:00:07.244 651 743 I CarCamDev: [initOutputCharsKeys] push format 34 w 640 h 480
01-01 08:00:07.244 651 743 I CarCamDev: [initOutputCharsKeys] push format 33 w 720 h 480
01-01 08:00:07.244 651 743 I CarCamDev: [initOutputCharsKeys] push format 35 w 720 h 480
01-01 08:00:07.244 651 743 I CarCamDev: [initOutputCharsKeys] push format 34 w 720 h 480
01-01 08:00:07.244 651 743 I CarCamDev: [initOutputCharsKeys] push format 33 w 720 h 576
01-01 08:00:07.244 651 743 I CarCamDev: [initOutputCharsKeys] push format 35 w 720 h 576
01-01 08:00:07.244 651 743 I CarCamDev: [initOutputCharsKeys] push format 34 w 720 h 576
01-01 08:00:07.244 651 743 I CarCamDev: [initOutputCharsKeys] push format 33 w 800 h 600
01-01 08:00:07.244 651 743 I CarCamDev: [initOutputCharsKeys] push format 35 w 800 h 600
01-01 08:00:07.244 651 743 I CarCamDev: [initOutputCharsKeys] push format 34 w 800 h 600
01-01 08:00:07.244 651 743 I CarCamDev: [initOutputCharsKeys] push format 33 w 1280 h 720
01-01 08:00:07.244 651 743 I CarCamDev: [initOutputCharsKeys] push format 35 w 1280 h 720
01-01 08:00:07.244 651 743 I CarCamDev: [initOutputCharsKeys] push format 34 w 1280 h 720
01-01 08:00:07.244 651 743 I CarCamDev: [initOutputCharsKeys] push format 33 w 1920 h 1080
01-01 08:00:07.244 651 743 I CarCamDev: [initOutputCharsKeys] push format 35 w 1920 h 1080
01-01 08:00:07.244 651 743 I CarCamDev: [initOutputCharsKeys] push format 34 w 1920 h 1080
01-01 08:00:07.244 651 743 D CarCamDev: [0905]initOutputCharsKeys[1375] fps range from 15 to 30
01-01 08:00:07.244 651 743 V CarCamRSMGR: getActiveSizeByDevice: get active-size for dev /dev/video31
01-01 08:00:07.244 651 743 V CarCamRSMGR: getActiveSizeByDevice: get active-szie (1920, 1080) for dev /dev/video31
01-01 08:00:07.245 846 931 I CameraService: onDeviceStatusChanged: Status changed for cameraId=2000131, newStatus=1
01-01 08:00:07.245 846 931 I CameraService: onDeviceStatusChanged: Unknown camera ID 2000131, a new camera is added
01-01 08:00:07.245 846 931 W CameraFlashlight: hasFlashUnitLocked: camera 2000131 not present when findFlashUnits() was called
01-01 08:00:07.245 651 743 I Camera-Pvdr-car: [deviceAdded] devName: /dev/video30
01-01 08:00:07.260 651 743 I Camera-Pvdr-car: [deviceAdded] device /dev/video30 device_caps:04200001 capabilities:84200001 driver:rtk-mipi-csi card:rtk-mipi-csi
01-01 08:00:07.260 651 743 V CarCamRSMGR: addCarCamDevice: name /dev/video30 driver rtk-mipi-csi card rtk-mipi-csi
01-01 08:00:07.260 651 743 I Camera-Pvdr-car: CarCam: adding device@1.1/car/1000130 to Car Camera HAL!
01-01 08:00:07.260 846 931 I CameraProviderManager: Enumerating new camera device: device@1.1/car/1000130
01-01 08:00:07.261 651 743 I Camera-Pvdr-car: [matchDeviceName] deviceName device@1.1/car/1000130 cameraId /dev/video30 virtCameraId 1000130
01-01 08:00:07.261 651 743 I Camera-Pvdr-car: AIOVCAM idx -2
01-01 08:00:07.261 651 743 I Camera-Pvdr-car: v4I2IdSet size 1
01-01 08:00:07.261 651 743 I Camera-Pvdr-car: Constructing v1 car camera device
01-01 08:00:07.261 651 743 I CarCamDev: CarCameraDevice() camId: /dev/video30 id 30
01-01 08:00:07.261 651 743 I CarCamDev: vers: CARCAM-v1.3.5_kent_build-e20ca4e-18:30.11.Jun.2026/android-api_34/keystone-stb
01-01 08:00:07.261 651 743 I CarCamDev: /dev/video30 FACING BACK
01-01 08:00:07.261 651 743 V CarCamRSMGR: getCardNameByDevice: get card name for dev /dev/video30
01-01 08:00:07.261 651 743 V CarCamRSMGR: getCardNameByDevice: get card name rtk-mipi-csi for dev /dev/video30
01-01 08:00:07.261 651 743 V CarCamRSMGR: getActiveSizeByDevice: get active-size for dev /dev/video30
01-01 08:00:07.261 651 743 V CarCamRSMGR: getActiveSizeByDevice: get active-szie (1920, 1080) for dev /dev/video30
01-01 08:00:07.261 651 743 V CarCamDev: vid 30 field 0
01-01 08:00:07.261 651 743 V CarCamDev: [V4L2DBG][getCandidateSupportedFormatsLocked] found surpport format: 842094158 NV12
01-01 08:00:07.263 651 743 D CarCam-V4L: [getFrameSizeList]: v4l2frameSize.type: 3 enumFrameSize 320x240 ~ 1920x1080
01-01 08:00:07.263 651 743 D CarCam-V4L: [getFrameSizeList]: break (160x90)
01-01 08:00:07.263 651 743 D CarCam-V4L: [getFrameSizeList]: break (160x120)
01-01 08:00:07.263 651 743 D CarCam-V4L: [getFrameSizeList]: break (176x144)
01-01 08:00:07.263 651 743 D CarCam-V4L: [getFrameSizeList]: break exp (960x540) step min(320x240) step wxh(8x8)
01-01 08:00:07.263 651 743 D CarCam-V4L: [getFrameSizeList]: break (1920x1536)
01-01 08:00:07.263 651 743 D CarCam-V4L: [getFrameSizeList]: break (2560x1440)
01-01 08:00:07.263 651 743 D CarCam-V4L: [getFrameSizeList]: break (1280x2880)
01-01 08:00:07.263 651 743 D CarCam-V4L: [getFrameSizeList]: break (3840x2160)
01-01 08:00:07.263 651 743 D CarCam-V4L: [getFrameSizeList]: break (4096x2160)
01-01 08:00:07.263 651 743 W CarCamDev: skip 960x720
01-01 08:00:07.263 651 743 V CarCamRSMGR: getCardNameByDevice: get card name for dev /dev/video30
01-01 08:00:07.263 651 743 V CarCamRSMGR: getCardNameByDevice: get card name rtk-mipi-csi for dev /dev/video30
01-01 08:00:07.263 651 743 V CarCamRSMGR: getActiveSizeByDevice: get active-size for dev /dev/video30
01-01 08:00:07.263 651 743 V CarCamRSMGR: getActiveSizeByDevice: get active-szie (1920, 1080) for dev /dev/video30
01-01 08:00:07.263 651 743 V CarCamDev: vid 30 field 0
01-01 08:00:07.263 651 743 V CarCamDev: [V4L2DBG][getCandidateSupportedFormatsLocked] found surpport format: 842094158 NV12
01-01 08:00:19.014 743 743 I rtk-mipi-csi 98004000.syscon: mipicsi-0: frmsizeenum min 320x240 max 1920x1080, step w=8 h=8
01-01 08:00:19.016 743 743 I rtk-mipi-csi 98004000.syscon: mipicsi-0: frmsizeenum min 320x240 max 1920x1080, step w=8 h=8
01-01 08:00:07.266 651 743 D CarCam-V4L: [getFrameSizeList]: v4l2frameSize.type: 3 enumFrameSize 320x240 ~ 1920x1080
01-01 08:00:07.266 651 743 D CarCam-V4L: [getFrameSizeList]: break (160x90)
01-01 08:00:07.266 651 743 D CarCam-V4L: [getFrameSizeList]: break (160x120)
01-01 08:00:07.266 651 743 D CarCam-V4L: [getFrameSizeList]: break (176x144)
01-01 08:00:07.266 651 743 D CarCam-V4L: [getFrameSizeList]: break exp (960x540) step min(320x240) step wxh(8x8)
01-01 08:00:07.266 651 743 D CarCam-V4L: [getFrameSizeList]: break (1920x1536)
01-01 08:00:07.266 651 743 D CarCam-V4L: [getFrameSizeList]: break (2560x1440)
01-01 08:00:07.266 651 743 D CarCam-V4L: [getFrameSizeList]: break (1280x2880)
01-01 08:00:07.266 651 743 D CarCam-V4L: [getFrameSizeList]: break (3840x2160)
01-01 08:00:07.266 651 743 D CarCam-V4L: [getFrameSizeList]: break (4096x2160)
01-01 08:00:07.266 651 743 W CarCamDev: skip 960x720
01-01 08:00:07.266 651 743 V CarCamDev: trimSupportedFormats: size (320,240) is removed due to unable to crop vertically from (1920,1080)
01-01 08:00:07.266 651 743 V CarCamDev: trimSupportedFormats: size (640,480) is removed due to unable to crop vertically from (1920,1080)
01-01 08:00:07.266 651 743 V CarCamDev: trimSupportedFormats: size (720,480) is removed due to unable to crop vertically from (1920,1080)
01-01 08:00:07.266 651 743 V CarCamDev: trimSupportedFormats: size (720,576) is removed due to unable to crop vertically from (1920,1080)
01-01 08:00:07.266 651 743 V CarCamDev: trimSupportedFormats: size (800,600) is removed due to unable to crop vertically from (1920,1080)
01-01 08:00:07.266 651 743 V CarCamRSMGR: getActiveSizeByDevice: get active-size for dev /dev/video30
01-01 08:00:07.266 651 743 V CarCamRSMGR: getActiveSizeByDevice: get active-szie (1920, 1080) for dev /dev/video30
01-01 08:00:07.266 651 743 V CarCamRSMGR: getMaxConfigV4lFormatByDevice: get max format from the confg for dev /dev/video30
01-01 08:00:07.266 651 743 V CarCamRSMGR: getMaxConfigV4lFormatByDevice: get max format from the confg (1920, 1080) for dev /dev/video30
01-01 08:00:07.266 651 743 I CarCamDev: [initSupportedFormatsLocked] h:8 v:3
01-01 08:00:07.266 651 743 V CarCamDev: [initSupportedFormatsLocked] wxh:320x240
01-01 08:00:07.266 651 743 V CarCamDev: [initSupportedFormatsLocked] wxh:640x360
01-01 08:00:07.266 651 743 V CarCamDev: [initSupportedFormatsLocked] wxh:640x480
01-01 08:00:07.266 651 743 V CarCamDev: [initSupportedFormatsLocked] wxh:720x480
01-01 08:00:07.266 651 743 V CarCamDev: [initSupportedFormatsLocked] wxh:720x576
01-01 08:00:07.266 651 743 V CarCamDev: [initSupportedFormatsLocked] wxh:800x600
01-01 08:00:07.266 651 743 V CarCamDev: [initSupportedFormatsLocked] wxh:1280x720
01-01 08:00:07.266 651 743 V CarCamDev: [initSupportedFormatsLocked] wxh:1920x1080
01-01 08:00:07.266 651 743 I CarCamDev: [initOutputCharsKeys] push format 33 w 320 h 240
01-01 08:00:07.266 651 743 I CarCamDev: [initOutputCharsKeys] push format 3 w 320 h 240
01-01 08:00:07.266 651 743 I CarCamDev: [initOutputCharsKeys] push format 36 w 320 h 240
01-01 08:00:07.266 651 743 I CarCamDev: [initOutputCharsKeys] push format 35 w 320 h 240
01-01 08:00:07.266 651 743 I CarCamDev: [initOutputCharsKeys] push format 34 w 320 h 240
01-01 08:00:07.266 651 743 I CarCamDev: [initOutputCharsKeys] push format 33 w 640 h 360
01-01 08:00:07.266 651 743 I CarCamDev: [initOutputCharsKeys] push format 3 w 640 h 360
01-01 08:00:07.266 651 743 I CarCamDev: [initOutputCharsKeys] push format 36 w 640 h 360
01-01 08:00:07.266 651 743 I CarCamDev: [initOutputCharsKeys] push format 35 w 640 h 360
01-01 08:00:07.266 651 743 I CarCamDev: [initOutputCharsKeys] push format 34 w 640 h 360
01-01 08:00:07.266 651 743 I CarCamDev: [initOutputCharsKeys] push format 33 w 640 h 480
01-01 08:00:07.266 651 743 I CarCamDev: [initOutputCharsKeys] push format 3 w 640 h 480
01-01 08:00:07.266 651 743 I CarCamDev: [initOutputCharsKeys] push format 36 w 640 h 480
01-01 08:00:07.266 651 743 I CarCamDev: [initOutputCharsKeys] push format 35 w 640 h 480
01-01 08:00:07.266 651 743 I CarCamDev: [initOutputCharsKeys] push format 34 w 640 h 480
01-01 08:00:07.266 651 743 I CarCamDev: [initOutputCharsKeys] push format 33 w 720 h 480
01-01 08:00:07.266 651 743 I CarCamDev: [initOutputCharsKeys] push format 3 w 720 h 480
01-01 08:00:07.266 651 743 I CarCamDev: [initOutputCharsKeys] push format 36 w 720 h 480
01-01 08:00:07.266 651 743 I CarCamDev: [initOutputCharsKeys] push format 35 w 720 h 480
01-01 08:00:07.266 651 743 I CarCamDev: [initOutputCharsKeys] push format 34 w 720 h 480
01-01 08:00:07.266 651 743 I CarCamDev: [initOutputCharsKeys] push format 33 w 720 h 576
01-01 08:00:07.266 651 743 I CarCamDev: [initOutputCharsKeys] push format 3 w 720 h 576
01-01 08:00:07.267 651 743 I CarCamDev: [initOutputCharsKeys] push format 36 w 720 h 576
01-01 08:00:07.267 651 743 I CarCamDev: [initOutputCharsKeys] push format 35 w 720 h 576
01-01 08:00:07.267 651 743 I CarCamDev: [initOutputCharsKeys] push format 34 w 720 h 576
01-01 08:00:07.267 651 743 I CarCamDev: [initOutputCharsKeys] push format 33 w 800 h 600
01-01 08:00:07.267 651 743 I CarCamDev: [initOutputCharsKeys] push format 3 w 800 h 600
01-01 08:00:07.267 651 743 I CarCamDev: [initOutputCharsKeys] push format 36 w 800 h 600
01-01 08:00:07.267 651 743 I CarCamDev: [initOutputCharsKeys] push format 35 w 800 h 600
01-01 08:00:07.267 651 743 I CarCamDev: [initOutputCharsKeys] push format 34 w 800 h 600
01-01 08:00:07.267 651 743 I CarCamDev: [initOutputCharsKeys] push format 33 w 1280 h 720
01-01 08:00:07.267 651 743 I CarCamDev: [initOutputCharsKeys] push format 3 w 1280 h 720
01-01 08:00:07.267 651 743 I CarCamDev: [initOutputCharsKeys] push format 36 w 1280 h 720
01-01 08:00:07.267 651 743 I CarCamDev: [initOutputCharsKeys] push format 35 w 1280 h 720
01-01 08:00:07.267 651 743 I CarCamDev: [initOutputCharsKeys] push format 34 w 1280 h 720
01-01 08:00:07.267 651 743 I CarCamDev: [initOutputCharsKeys] push format 33 w 1920 h 1080
01-01 08:00:07.267 651 743 I CarCamDev: [initOutputCharsKeys] push format 3 w 1920 h 1080
01-01 08:00:07.267 651 743 I CarCamDev: [initOutputCharsKeys] push format 36 w 1920 h 1080
01-01 08:00:07.267 651 743 I CarCamDev: [initOutputCharsKeys] push format 35 w 1920 h 1080
01-01 08:00:07.267 651 743 I CarCamDev: [initOutputCharsKeys] push format 34 w 1920 h 1080
01-01 08:00:07.267 651 743 D CarCamDev: [0905]initOutputCharsKeys[1375] fps range from 15 to 30
01-01 08:00:07.267 651 743 D CarCamDev: [initOutputCharsKeys] push rawOpaque w:320 h:240
01-01 08:00:07.267 651 743 D CarCamDev: [initOutputCharsKeys] push rawOpaque w:640 h:360
01-01 08:00:07.267 651 743 D CarCamDev: [initOutputCharsKeys] push rawOpaque w:640 h:480
01-01 08:00:07.267 651 743 D CarCamDev: [initOutputCharsKeys] push rawOpaque w:720 h:480
01-01 08:00:07.267 651 743 D CarCamDev: [initOutputCharsKeys] push rawOpaque w:720 h:576
01-01 08:00:07.267 651 743 D CarCamDev: [initOutputCharsKeys] push rawOpaque w:800 h:600
01-01 08:00:07.267 651 743 D CarCamDev: [initOutputCharsKeys] push rawOpaque w:1280 h:720
01-01 08:00:07.267 651 743 D CarCamDev: [initOutputCharsKeys] push rawOpaque w:1920 h:1080
01-01 08:00:07.267 651 743 V CarCamRSMGR: getActiveSizeByDevice: get active-size for dev /dev/video30
01-01 08:00:07.267 651 743 V CarCamRSMGR: getActiveSizeByDevice: get active-szie (1920, 1080) for dev /dev/video30
01-01 08:00:07.267 846 931 I CameraService: onDeviceStatusChanged: Status changed for cameraId=1000130, newStatus=1
01-01 08:00:07.267 846 931 I CameraService: onDeviceStatusChanged: Unknown camera ID 1000130, a new camera is added
01-01 08:00:07.267 846 931 W CameraFlashlight: hasFlashUnitLocked: camera 1000130 not present when findFlashUnits() was called
01-01 08:00:07.268 651 743 I Camera-Pvdr-car: CarCam: adding device@1.1/car/2000130 to Car Camera HAL!
01-01 08:00:07.268 846 931 I CameraProviderManager: Enumerating new camera device: device@1.1/car/2000130
01-01 08:00:07.268 651 743 I Camera-Pvdr-car: [matchDeviceName] deviceName device@1.1/car/2000130 cameraId /dev/video30 virtCameraId 2000130
01-01 08:00:19.019 324 324 E realtek-i2c 9801ba00.i2c-4: rtk_i2c_handle_tx_abort: slave address not acknowledged (7bit mode)
01-01 08:00:19.021 743 743 I rtk-mipi-csi 98004000.syscon: mipicsi-0: frmsizeenum min 320x240 max 1920x1080, step w=8 h=8
01-01 08:00:19.022 324 324 E realtek-i2c 9801ba00.i2c-4: rtk_i2c_handle_tx_abort: slave address not acknowledged (7bit mode)
01-01 08:00:19.025 743 743 I rtk-mipi-csi 98004000.syscon: mipicsi-0: frmsizeenum min 320x240 max 1920x1080, step w=8 h=8
01-01 08:00:07.268 842 859 D BootAnimation: Playing files = /system/media/bootanimation.zip/part1, Requested repeat = 1, playUntilComplete = true
01-01 08:00:07.268 651 743 I Camera-Pvdr-car: AIOVCAM idx -2
01-01 08:00:07.268 651 743 I Camera-Pvdr-car: v4I2IdSet size 1
01-01 08:00:07.268 651 743 I Camera-Pvdr-car: Constructing v1 car camera device
01-01 08:00:07.268 651 743 I CarCamDev: CarCameraDevice() camId: /dev/video30 id 30
01-01 08:00:07.268 651 743 I CarCamDev: vers: CARCAM-v1.3.5_kent_build-e20ca4e-18:30.11.Jun.2026/android-api_34/keystone-stb
01-01 08:00:07.268 651 743 I CarCamDev: /dev/video30 FACING BACK
01-01 08:00:07.268 651 743 V CarCamRSMGR: getCardNameByDevice: get card name for dev /dev/video30
01-01 08:00:07.268 651 743 V CarCamRSMGR: getCardNameByDevice: get card name rtk-mipi-csi for dev /dev/video30
01-01 08:00:07.268 651 743 V CarCamRSMGR: getActiveSizeByDevice: get active-size for dev /dev/video30
01-01 08:00:07.268 651 743 V CarCamRSMGR: getActiveSizeByDevice: get active-szie (1920, 1080) for dev /dev/video30
01-01 08:00:07.268 651 743 V CarCamDev: vid 30 field 0
01-01 08:00:07.268 651 743 V CarCamDev: [V4L2DBG][getCandidateSupportedFormatsLocked] found surpport format: 842094158 NV12
01-01 08:00:07.271 651 743 D CarCam-V4L: [getFrameSizeList]: v4l2frameSize.type: 3 enumFrameSize 320x240 ~ 1920x1080
01-01 08:00:07.271 651 743 D CarCam-V4L: [getFrameSizeList]: break (160x90)
01-01 08:00:07.271 651 743 D CarCam-V4L: [getFrameSizeList]: break (160x120)
01-01 08:00:07.271 651 743 D CarCam-V4L: [getFrameSizeList]: break (176x144)
01-01 08:00:07.271 651 743 D CarCam-V4L: [getFrameSizeList]: break exp (960x540) step min(320x240) step wxh(8x8)
01-01 08:00:07.271 651 743 D CarCam-V4L: [getFrameSizeList]: break (1920x1536)
01-01 08:00:07.271 651 743 D CarCam-V4L: [getFrameSizeList]: break (2560x1440)
01-01 08:00:07.271 651 743 D CarCam-V4L: [getFrameSizeList]: break (1280x2880)
01-01 08:00:07.271 651 743 D CarCam-V4L: [getFrameSizeList]: break (3840x2160)
01-01 08:00:07.272 651 743 D CarCam-V4L: [getFrameSizeList]: break (4096x2160)
01-01 08:00:07.272 651 743 W CarCamDev: skip 960x720
01-01 08:00:07.272 651 743 V CarCamRSMGR: getCardNameByDevice: get card name for dev /dev/video30
01-01 08:00:07.272 651 743 V CarCamRSMGR: getCardNameByDevice: get card name rtk-mipi-csi for dev /dev/video30
01-01 08:00:07.272 651 743 V CarCamRSMGR: getActiveSizeByDevice: get active-size for dev /dev/video30
01-01 08:00:07.272 651 743 V CarCamRSMGR: getActiveSizeByDevice: get active-szie (1920, 1080) for dev /dev/video30
01-01 08:00:07.272 651 743 V CarCamDev: vid 30 field 0
01-01 08:00:07.272 651 743 V CarCamDev: [V4L2DBG][getCandidateSupportedFormatsLocked] found surpport format: 842094158 NV12
01-01 08:00:07.277 651 743 D CarCam-V4L: [getFrameSizeList]: v4l2frameSize.type: 3 enumFrameSize 320x240 ~ 1920x1080
01-01 08:00:19.027 324 324 E realtek-i2c 9801ba00.i2c-4: rtk_i2c_handle_tx_abort: slave address not acknowledged (7bit mode)
01-01 08:00:07.277 651 743 D CarCam-V4L: [getFrameSizeList]: break (160x90)
01-01 08:00:07.277 651 743 D CarCam-V4L: [getFrameSizeList]: break (160x120)
01-01 08:00:07.277 651 743 D CarCam-V4L: [getFrameSizeList]: break (176x144)
01-01 08:00:07.277 651 743 D CarCam-V4L: [getFrameSizeList]: break exp (960x540) step min(320x240) step wxh(8x8)
01-01 08:00:07.277 651 743 D CarCam-V4L: [getFrameSizeList]: break (1920x1536)
01-01 08:00:07.277 651 743 D CarCam-V4L: [getFrameSizeList]: break (2560x1440)
01-01 08:00:07.277 296 296 I mali_gralloc: internal_format: 10000002b format_idx: 5
01-01 08:00:07.277 651 743 D CarCam-V4L: [getFrameSizeList]: break (1280x2880)
01-01 08:00:07.277 651 743 D CarCam-V4L: [getFrameSizeList]: break (3840x2160)
01-01 08:00:07.277 651 743 D CarCam-V4L: [getFrameSizeList]: break (4096x2160)
01-01 08:00:07.277 296 296 I android.hardware.graphics.allocator-V1-service: mali_gralloc_adjust_dimensions: alloc_format=FMT:0x2b,MOD:0x100000000 usage=0x40000000000b00 alloc_width=1280, alloc_height=1600
01-01 08:00:07.277 651 743 W CarCamDev: skip 960x720
01-01 08:00:07.277 651 743 V CarCamDev: trimSupportedFormats: size (320,240) is removed due to unable to crop vertically from (1920,1080)
01-01 08:00:07.277 651 743 V CarCamDev: trimSupportedFormats: size (640,480) is removed due to unable to crop vertically from (1920,1080)
01-01 08:00:07.277 651 743 V CarCamDev: trimSupportedFormats: size (720,480) is removed due to unable to crop vertically from (1920,1080)
01-01 08:00:07.277 651 743 V CarCamDev: trimSupportedFormats: size (720,576) is removed due to unable to crop vertically from (1920,1080)
01-01 08:00:07.277 651 743 V CarCamDev: trimSupportedFormats: size (800,600) is removed due to unable to crop vertically from (1920,1080)
01-01 08:00:07.277 651 743 V CarCamRSMGR: getActiveSizeByDevice: get active-size for dev /dev/video30
01-01 08:00:07.277 651 743 V CarCamRSMGR: getActiveSizeByDevice: get active-szie (1920, 1080) for dev /dev/video30
01-01 08:00:07.277 651 743 V CarCamRSMGR: getMaxConfigV4lFormatByDevice: get max format from the confg for dev /dev/video30
01-01 08:00:07.277 651 743 V CarCamRSMGR: getMaxConfigV4lFormatByDevice: get max format from the confg (1920, 1080) for dev /dev/video30
01-01 08:00:07.277 651 743 I CarCamDev: [initSupportedFormatsLocked] h:8 v:3
01-01 08:00:07.277 651 743 V CarCamDev: [initSupportedFormatsLocked] wxh:320x240
01-01 08:00:07.277 651 743 V CarCamDev: [initSupportedFormatsLocked] wxh:640x360
01-01 08:00:07.277 651 743 V CarCamDev: [initSupportedFormatsLocked] wxh:640x480
01-01 08:00:07.277 651 743 V CarCamDev: [initSupportedFormatsLocked] wxh:720x480
01-01 08:00:07.277 651 743 V CarCamDev: [initSupportedFormatsLocked] wxh:720x576
01-01 08:00:07.277 651 743 V CarCamDev: [initSupportedFormatsLocked] wxh:800x600
01-01 08:00:07.277 651 743 V CarCamDev: [initSupportedFormatsLocked] wxh:1280x720
01-01 08:00:07.277 651 743 V CarCamDev: [initSupportedFormatsLocked] wxh:1920x1080
01-01 08:00:07.277 296 296 D RTK_HAL_UTILS: [DmabufAlloc:71] mDmabufFd = 0x6
01-01 08:00:07.277 651 743 I CarCamDev: [initOutputCharsKeys] push format 33 w 320 h 240
01-01 08:00:07.277 651 743 I CarCamDev: [initOutputCharsKeys] push format 35 w 320 h 240
01-01 08:00:07.277 651 743 I CarCamDev: [initOutputCharsKeys] push format 34 w 320 h 240
01-01 08:00:07.277 651 743 I CarCamDev: [initOutputCharsKeys] push format 33 w 640 h 360
01-01 08:00:07.277 651 743 I CarCamDev: [initOutputCharsKeys] push format 35 w 640 h 360
01-01 08:00:07.277 651 743 I CarCamDev: [initOutputCharsKeys] push format 34 w 640 h 360
01-01 08:00:07.277 651 743 I CarCamDev: [initOutputCharsKeys] push format 33 w 640 h 480
01-01 08:00:07.277 651 743 I CarCamDev: [initOutputCharsKeys] push format 35 w 640 h 480
01-01 08:00:07.277 651 743 I CarCamDev: [initOutputCharsKeys] push format 34 w 640 h 480
01-01 08:00:07.277 651 743 I CarCamDev: [initOutputCharsKeys] push format 33 w 720 h 480
01-01 08:00:07.277 651 743 I CarCamDev: [initOutputCharsKeys] push format 35 w 720 h 480
01-01 08:00:07.277 651 743 I CarCamDev: [initOutputCharsKeys] push format 34 w 720 h 480
01-01 08:00:07.277 651 743 I CarCamDev: [initOutputCharsKeys] push format 33 w 720 h 576
01-01 08:00:07.277 651 743 I CarCamDev: [initOutputCharsKeys] push format 35 w 720 h 576
01-01 08:00:07.277 651 743 I CarCamDev: [initOutputCharsKeys] push format 34 w 720 h 576
01-01 08:00:07.277 651 743 I CarCamDev: [initOutputCharsKeys] push format 33 w 800 h 600
01-01 08:00:07.277 651 743 I CarCamDev: [initOutputCharsKeys] push format 35 w 800 h 600
01-01 08:00:07.277 651 743 I CarCamDev: [initOutputCharsKeys] push format 34 w 800 h 600
01-01 08:00:07.277 651 743 I CarCamDev: [initOutputCharsKeys] push format 33 w 1280 h 720
01-01 08:00:07.277 651 743 I CarCamDev: [initOutputCharsKeys] push format 35 w 1280 h 720
01-01 08:00:07.277 651 743 I CarCamDev: [initOutputCharsKeys] push format 34 w 1280 h 720
01-01 08:00:07.277 651 743 I CarCamDev: [initOutputCharsKeys] push format 33 w 1920 h 1080
01-01 08:00:07.277 651 743 I CarCamDev: [initOutputCharsKeys] push format 35 w 1920 h 1080
