01-01 08:00:02.889 617 617 I netd: Initializing XfrmController: 56122us
01-01 08:00:14.640 324 324 E realtek-i2c 9801ba00.i2c-4: rtk_i2c_handle_tx_abort: slave address not acknowledged (7bit mode)
01-01 08:00:14.640 1 1 I init: ... started service 'vendor.audio-hal' has pid 644
01-01 08:00:14.640 1 1 E init: Could not start service 'hal_occupant_awareness_default' as part of class 'hal': File /vendor/bin/hw/android.hardware.automotive.occupant_awareness@1.0-service(labeled "u:object_r:vendor_file:s0") has incorrect label or no domain transition from u:r:init:s0 to another SELinux domain defined. Have you configured your service correctly? https://source.android.com/security/selinux/device-policy#label_new_services_and_address_denials. Note: this error shows up even in permissive mode in order to make auditing denials possible.
01-01 08:00:14.640 1 1 I init: starting service 'vendor.bluetooth-1-1'...
01-01 08:00:14.643 624 624 W RTW: DBG_MEM_ALLOC rtw_os_xmit_resource_alloc:136 dbg_rtw_zmalloc(20992)
01-01 08:00:14.644 324 324 E realtek-i2c 9801ba00.i2c-4: rtk_i2c_handle_tx_abort: slave address not acknowledged (7bit mode)
01-01 08:00:14.645 1 1 I init: ... started service 'vendor.bluetooth-1-1' has pid 645
01-01 08:00:14.646 624 624 W RTW: DBG_MEM_ALLOC rtw_os_xmit_resource_alloc:136 dbg_rtw_zmalloc(20992)
01-01 08:00:14.646 1 1 I init: starting service 'vendor.camera.provider-car-rtk'...
01-01 08:00:02.897 617 617 I resolv: resolv_init: Initializing resolver
01-01 08:00:14.648 324 324 E realtek-i2c 9801ba00.i2c-4: rtk_i2c_handle_tx_abort: slave address not acknowledged (7bit mode)
01-01 08:00:14.649 1 1 I init: ... started service 'vendor.camera.provider-car-rtk' has pid 651
01-01 08:00:14.649 1 1 I init: starting service 'vendor.drm-clearkey-service'...
01-01 08:00:14.652 624 624 W RTW: DBG_MEM_ALLOC rtw_os_xmit_resource_alloc:136 dbg_rtw_zmalloc(20992)
01-01 08:00:14.653 324 324 E realtek-i2c 9801ba00.i2c-4: rtk_i2c_handle_tx_abort: slave address not acknowledged (7bit mode)
01-01 08:00:14.654 624 624 W RTW: DBG_MEM_ALLOC rtw_os_xmit_resource_alloc:136 dbg_rtw_zmalloc(20992)
01-01 08:00:14.654 1 1 I init: ... started service 'vendor.drm-clearkey-service' has pid 652
01-01 08:00:14.654 1 1 I init: starting service 'vendor.gatekeeper_rtk'...
01-01 08:00:14.655 324 324 E realtek-i2c 9801ba00.i2c-4: rtk_i2c_handle_tx_abort: slave address not acknowledged (7bit mode)
01-01 08:00:14.656 624 624 W RTW: DBG_MEM_ALLOC rtw_os_xmit_resource_alloc:136 dbg_rtw_zmalloc(20992)
01-01 08:00:14.661 324 324 E realtek-i2c 9801ba00.i2c-4: rtk_i2c_handle_tx_abort: slave address not acknowledged (7bit mode)
01-01 08:00:14.662 624 624 W RTW: DBG_MEM_ALLOC rtw_os_xmit_resource_alloc:136 dbg_rtw_zmalloc(20992)
01-01 08:00:14.668 324 324 E realtek-i2c 9801ba00.i2c-4: rtk_i2c_handle_tx_abort: slave address not acknowledged (7bit mode)
01-01 08:00:14.670 624 624 W RTW: DBG_MEM_ALLOC rtw_os_xmit_resource_alloc:136 dbg_rtw_zmalloc(20992)
01-01 08:00:14.670 1 1 I init: ... started service 'vendor.gatekeeper_rtk' has pid 653
01-01 08:00:14.670 1 1 I init: service 'vendor.gralloc-v1' requested start, but it is already running (flags: 4)
01-01 08:00:14.671 1 1 I init: starting service 'vendor.health-default'...
01-01 08:00:14.676 1 1 I init: ... started service 'vendor.health-default' has pid 654
01-01 08:00:14.678 624 624 W RTW: DBG_MEM_ALLOC rtw_os_xmit_resource_alloc:136 dbg_rtw_zmalloc(20992)
01-01 08:00:14.681 324 324 E realtek-i2c 9801ba00.i2c-4: rtk_i2c_handle_tx_abort: slave address not acknowledged (7bit mode)
01-01 08:00:14.683 624 624 W RTW: DBG_MEM_ALLOC rtw_os_xmit_resource_alloc:136 dbg_rtw_zmalloc(20992)
01-01 08:00:14.689 1 1 I init: starting service 'android-hardware-media-c2-hal-1-2'...
01-01 08:00:14.692 624 624 W RTW: DBG_MEM_ALLOC rtw_os_xmit_resource_alloc:136 dbg_rtw_zmalloc(20992)
01-01 08:00:14.696 273 273 I servicemanager: Found android.hardware.drm.IDrmFactory/clearkey in device VINTF manifest.
01-01 08:00:14.700 624 624 W RTW: DBG_MEM_ALLOC rtw_os_xmit_resource_alloc:136 dbg_rtw_zmalloc(5632)
01-01 08:00:14.703 1 1 I init: ... started service 'android-hardware-media-c2-hal-1-2' has pid 659
01-01 08:00:14.704 624 624 W RTW: DBG_MEM_ALLOC rtw_os_xmit_resource_alloc:136 dbg_rtw_zmalloc(5632)
01-01 08:00:14.708 1 1 I init: starting service 'neuralnetworks_hal_service_shell_sample'...
01-01 08:00:14.709 624 624 W RTW: rtw_alloc_macid((null)) if2, mac_addr:ff:ff:ff:ff:ff:ff macid:1
01-01 08:00:14.713 324 324 E realtek-i2c 9801ba00.i2c-4: rtk_i2c_handle_tx_abort: slave address not acknowledged (7bit mode)
01-01 08:00:02.961 617 617 I netd: Registering NetdNativeService: 14127us
01-01 08:00:14.714 624 624 W RTW: RM: rtw_init_rm
01-01 08:00:14.720 324 324 E realtek-i2c 9801ba00.i2c-4: rtk_i2c_handle_tx_abort: slave address not acknowledged (7bit mode)
01-01 08:00:02.969 617 617 I netd: Registering MDnsService: 7816us
01-01 08:00:02.972 278 278 I hwservicemanager: getDeviceHalManifest: Reloading VINTF information.
01-01 08:00:02.972 278 278 I hwservicemanager: getDeviceHalManifest: Reading VINTF information.
01-01 08:00:14.722 624 624 W RTW: _rtw_mbid_cam_search_by_macaddr mac:de:0d:30:06:3f:9a - cam_id:255
01-01 08:00:14.731 654 654 W healthd: batteryCapacityLevelPath not found
01-01 08:00:14.732 624 624 W RTW: rtw_mbid_camid_alloc mac:de:0d:30:06:3f:9a - cam_id:1
01-01 08:00:14.735 654 654 W healthd: batteryStateOfHealthPath not found
01-01 08:00:02.990 654 654 I android.hardware.health-service.example: Starting health HAL.
01-01 08:00:14.737 624 624 W RTW: rtw_drv_add_vir_if if2 mac_addr : de:0d:30:06:3f:9a
01-01 08:00:14.741 1 1 I init: ... started service 'neuralnetworks_hal_service_shell_sample' has pid 663
01-01 08:00:14.742 654 654 W healthd: batteryHealthStatusPath not found
01-01 08:00:14.742 654 654 W healthd: batteryManufacturingDatePath not found
01-01 08:00:14.742 654 654 W healthd: batteryFirstUsageDatePath not found
01-01 08:00:14.742 654 654 W healthd: chargingStatePath not found
01-01 08:00:14.742 654 654 W healthd: chargingPolicyPath not found
01-01 08:00:14.742 624 624 W RTW: [DEBUG] registry_par->rtw_sdio_pm_keep_power=0
01-01 08:00:02.993 654 654 I android.hardware.health-service.example: default instance initializing with healthd_config...
01-01 08:00:02.995 278 278 I hwservicemanager: getDeviceHalManifest: Successfully processed VINTF information
01-01 08:00:02.995 278 278 I hwservicemanager: getTransport: Cannot find entry android.system.net.netd@1.1::INetd/default in either framework or device VINTF manifest.
01-01 08:00:02.996 643 643 I HidlServiceManagement: Registered android.hidl.allocator@1.0::IAllocator/ashmem
01-01 08:00:02.996 643 643 I HidlServiceManagement: Removing namespace from process name android.hidl.allocator@1.0-service to allocator@1.0-service.
01-01 08:00:14.745 1 1 I init: starting service 'vendor.power-hal-aidl'...
01-01 08:00:14.746 624 624 W RTW: loadparam, Select P2P interface: iface_id:1
01-01 08:00:14.746 624 624 W RTW: init_mlme_default_rate_set: support CCK
01-01 08:00:14.750 273 273 I servicemanager: Found android.hardware.health.IHealth/default in device VINTF manifest.
01-01 08:00:14.752 624 624 W RTW: init_mlme_default_rate_set: support OFDM
01-01 08:00:02.999 617 617 E HidlServiceManagement: Service android.system.net.netd@1.1::INetd/default must be in VINTF manifest in order to register/get.
01-01 08:00:02.999 617 617 E Netd: Unable to start HIDL NetdHwService: -2147483648
01-01 08:00:02.999 617 617 I netd: Registering NetdHwService: 29996us
01-01 08:00:02.999 617 617 I netd: Netd started in 1593751us
01-01 08:00:03.005 654 654 I android.hardware.health-service.example: default: Hal init done
01-01 08:00:14.756 273 273 I servicemanager: Found android.system.net.netd.INetd/default in framework VINTF manifest.
01-01 08:00:14.757 324 324 E realtek-i2c 9801ba00.i2c-4: rtk_i2c_handle_tx_abort: slave address not acknowledged (7bit mode)
01-01 08:00:14.759 624 624 W RTW: DBG_MEM_ALLOC rtw_os_xmit_resource_alloc:136 dbg_rtw_zmalloc(20992)
01-01 08:00:14.761 654 654 W healthd: battery none chg=a
01-01 08:00:14.762 324 324 E realtek-i2c 9801ba00.i2c-4: rtk_i2c_handle_tx_abort: slave address not acknowledged (7bit mode)
01-01 08:00:14.765 624 624 W RTW: DBG_MEM_ALLOC rtw_os_xmit_resource_alloc:136 dbg_rtw_zmalloc(20992)
01-01 08:00:14.768 324 324 E realtek-i2c 9801ba00.i2c-4: rtk_i2c_handle_tx_abort: slave address not acknowledged (7bit mode)
01-01 08:00:03.018 351 358 D VehicleRTKHal: In[setValues][512]
01-01 08:00:03.018 351 358 D VehicleRTKHardware: Set value for property ID: 291504901
01-01 08:00:03.018 351 359 D VehicleRTKHardware: In[setValue][799] prop =291504901 ,289408515
01-01 08:00:03.018 351 359 D VehicleRTKHardware: In[setValue][825].. wirte success...
01-01 08:00:14.771 624 624 W RTW: DBG_MEM_ALLOC rtw_os_xmit_resource_alloc:136 dbg_rtw_zmalloc(20992)
01-01 08:00:03.031 351 358 D VehicleRTKHal: In[setValues][512]
01-01 08:00:03.031 351 358 D VehicleRTKHardware: Set value for property ID: 291504647
01-01 08:00:03.031 351 359 D VehicleRTKHardware: In[setValue][799] prop =291504647 ,289408515
01-01 08:00:03.031 351 359 D VehicleRTKHardware: In[setValue][825].. wirte success...
01-01 08:00:03.031 351 358 D VehicleRTKHal: In[setValues][512]
01-01 08:00:03.031 351 358 D VehicleRTKHardware: Set value for property ID: 291504903
01-01 08:00:03.031 351 359 D VehicleRTKHardware: In[setValue][799] prop =291504903 ,289408515
01-01 08:00:03.031 351 359 D VehicleRTKHardware: In[setValue][825].. wirte success...
01-01 08:00:03.031 351 358 D VehicleRTKHal: In[setValues][512]
01-01 08:00:03.031 351 358 D VehicleRTKHardware: Set value for property ID: 291504897
01-01 08:00:03.031 351 359 D VehicleRTKHardware: In[setValue][799] prop =291504897 ,289408515
01-01 08:00:03.031 351 359 D VehicleRTKHardware: In[setValue][825].. wirte success...
01-01 08:00:03.032 351 358 D VehicleRTKHal: In[setValues][512]
01-01 08:00:03.032 351 358 D VehicleRTKHardware: Set value for property ID: 289408000
01-01 08:00:03.032 351 359 D VehicleRTKHardware: In[setValue][799] prop =289408000 ,289408515
01-01 08:00:03.032 351 359 D VehicleRTKHardware: In[setValue][825].. wirte success...
01-01 08:00:03.032 351 358 D VehicleRTKHal: In[setValues][512]
01-01 08:00:03.032 351 358 D VehicleRTKHardware: Set value for property ID: 287310855
01-01 08:00:03.032 351 359 D VehicleRTKHardware: In[setValue][799] prop =287310855 ,289408515
01-01 08:00:03.032 351 359 D VehicleRTKHardware: In[setValue][825].. wirte success...
01-01 08:00:03.032 351 358 D VehicleRTKHal: In[setValues][512]
01-01 08:00:03.032 351 358 D VehicleRTKHardware: Set value for property ID: 291504644
01-01 08:00:03.032 351 359 D VehicleRTKHardware: In[setValue][799] prop =291504644 ,289408515
01-01 08:00:03.032 351 359 D VehicleRTKHardware: In[setValue][825].. wirte success...
01-01 08:00:03.032 351 358 D VehicleRTKHal: In[setValues][512]
01-01 08:00:03.032 351 358 D VehicleRTKHardware: Set value for property ID: 291504904
01-01 08:00:03.032 351 359 D VehicleRTKHardware: In[setValue][799] prop =291504904 ,289408515
01-01 08:00:03.032 351 359 D VehicleRTKHardware: In[setValue][825].. wirte success...
01-01 08:00:14.782 324 324 E realtek-i2c 9801ba00.i2c-4: rtk_i2c_handle_tx_abort: slave address not acknowledged (7bit mode)
01-01 08:00:14.785 1 1 I init: ... started service 'vendor.power-hal-aidl' has pid 664
01-01 08:00:14.786 624 624 W RTW: DBG_MEM_ALLOC rtw_os_xmit_resource_alloc:136 dbg_rtw_zmalloc(20992)
01-01 08:00:14.786 624 624 W RTW: DBG_MEM_ALLOC rtw_os_xmit_resource_alloc:136 dbg_rtw_zmalloc(20992)
01-01 08:00:14.786 624 624 W RTW: DBG_MEM_ALLOC rtw_os_xmit_resource_alloc:136 dbg_rtw_zmalloc(20992)
01-01 08:00:14.786 624 624 W RTW: DBG_MEM_ALLOC rtw_os_xmit_resource_alloc:136 dbg_rtw_zmalloc(20992)
01-01 08:00:14.786 624 624 W RTW: DBG_MEM_ALLOC rtw_os_xmit_resource_alloc:136 dbg_rtw_zmalloc(20992)
01-01 08:00:14.786 624 624 W RTW: DBG_MEM_ALLOC rtw_os_xmit_resource_alloc:136 dbg_rtw_zmalloc(20992)
01-01 08:00:14.786 624 624 W RTW: DBG_MEM_ALLOC rtw_os_xmit_resource_alloc:136 dbg_rtw_zmalloc(20992)
01-01 08:00:14.786 624 624 W RTW: DBG_MEM_ALLOC rtw_os_xmit_resource_alloc:136 dbg_rtw_zmalloc(20992)
01-01 08:00:14.786 624 624 W RTW: DBG_MEM_ALLOC rtw_os_xmit_resource_alloc:136 dbg_rtw_zmalloc(20992)
01-01 08:00:14.786 624 624 W RTW: DBG_MEM_ALLOC rtw_os_xmit_resource_alloc:136 dbg_rtw_zmalloc(20992)
01-01 08:00:14.786 624 624 W RTW: DBG_MEM_ALLOC rtw_os_xmit_resource_alloc:136 dbg_rtw_zmalloc(20992)
01-01 08:00:14.786 624 624 W RTW: DBG_MEM_ALLOC rtw_os_xmit_resource_alloc:136 dbg_rtw_zmalloc(20992)
01-01 08:00:14.786 624 624 W RTW: DBG_MEM_ALLOC rtw_os_xmit_resource_alloc:136 dbg_rtw_zmalloc(20992)
01-01 08:00:14.786 624 624 W RTW: DBG_MEM_ALLOC rtw_os_xmit_resource_alloc:136 dbg_rtw_zmalloc(5632)
01-01 08:00:14.786 624 624 W RTW: DBG_MEM_ALLOC rtw_os_xmit_resource_alloc:136 dbg_rtw_zmalloc(5632)
01-01 08:00:14.786 624 624 W RTW: rtw_alloc_macid((null)) if3, mac_addr:ff:ff:ff:ff:ff:ff macid:1
01-01 08:00:14.786 624 624 W RTW: RM: rtw_init_rm
01-01 08:00:14.786 624 624 W RTW: _rtw_mbid_cam_search_by_macaddr mac:d6:0d:30:06:3f:9a - cam_id:255
01-01 08:00:14.786 624 624 W RTW: rtw_mbid_camid_alloc mac:d6:0d:30:06:3f:9a - cam_id:2
01-01 08:00:14.786 624 624 W RTW: rtw_drv_add_vir_if if3 mac_addr : d6:0d:30:06:3f:9a
01-01 08:00:14.786 624 624 W RTW: rtw_cfg80211_init_wiphy_band:rf_type=0
01-01 08:00:14.786 624 624 W RTW: [VHT] Declare supporting MAX MPDU len = 11454 bytes
01-01 08:00:14.786 624 624 W RTW: [VHT] Declare supporting SGI 80MHz
01-01 08:00:14.786 624 624 W RTW: [VHT] Declare supporting VHT variant HT Control
01-01 08:00:14.786 624 624 W RTW: [VHT] Declare supporting RX A-MPDU Length Exponent = 7
01-01 08:00:14.786 624 624 W RTW: rtw_wiphy_alloc(phy0)
01-01 08:00:14.786 624 624 W RTW: rtw_wdev_alloc(padapter=00000000a315795e)
01-01 08:00:14.786 624 624 W RTW: rtw_wdev_alloc(padapter=00000000e4e85d91)
01-01 08:00:14.786 624 624 W RTW: rtw_wdev_alloc(padapter=0000000088f9713d)
01-01 08:00:14.786 624 624 W RTW: rtw_wiphy_register(phy0)
01-01 08:00:14.786 624 624 W RTW: Register RTW cfg80211 vendor cmd(0x67) interface
01-01 08:00:03.046 645 645 I HidlServiceManagement: Registered android.hardware.bluetooth@1.1::IBluetoothHci/default
01-01 08:00:03.046 645 645 I HidlServiceManagement: Removing namespace from process name android.hardware.bluetooth@1.1-service.rtkbt to bluetooth@1.1-service.rtkbt.
01-01 08:00:03.047 351 358 D VehicleRTKHal: In[setValues][512]
01-01 08:00:03.047 351 358 D VehicleRTKHardware: Set value for property ID: 291505923
01-01 08:00:03.048 351 359 D VehicleRTKHardware: In[setValue][799] prop =291505923 ,289408515
01-01 08:00:03.048 351 359 D VehicleRTKHardware: In[setValue][825].. wirte success...
01-01 08:00:14.795 624 624 W RTW: rtw_ndev_init(wlan0) if1 mac_addr=dc:0d:30:06:3f:9a
01-01 08:00:14.799 1 1 I init: starting service 'vendor.thermal-hal'...
01-01 08:00:14.801 624 624 W RTW: rtw_ndev_notifier_call(wlan0) state:17
01-01 08:00:14.804 324 324 E realtek-i2c 9801ba00.i2c-4: rtk_i2c_handle_tx_abort: slave address not acknowledged (7bit mode)
01-01 08:00:14.810 624 624 W RTW: cfg80211_rtw_get_txpower(wlan0) total max: -10000 mbm
01-01 08:00:14.815 273 273 I servicemanager: Found android.hardware.gatekeeper.IGatekeeper/default in device VINTF manifest.
01-01 08:00:14.818 624 624 W RTW: rtw_ndev_notifier_call(wlan0) state:5
01-01 08:00:14.819 324 324 E realtek-i2c 9801ba00.i2c-4: rtk_i2c_handle_tx_abort: slave address not acknowledged (7bit mode)
01-01 08:00:14.823 624 624 W RTW: rtw_ndev_init(p2p0) if2 mac_addr=de:0d:30:06:3f:9a
01-01 08:00:14.842 1 1 I init: ... started service 'vendor.thermal-hal' has pid 665
01-01 08:00:14.844 624 624 W RTW: rtw_ndev_notifier_call(p2p0) state:17
01-01 08:00:03.102 664 664 I android.hardware.power-service.aidl-rtk: realtek Power HAL AIDL Service is starting.
01-01 08:00:03.102 664 664 I android.hardware.power-service.aidl-rtk: kPowerHalConfigPath ::/vendor/etc/powerhint.json
01-01 08:00:03.102 664 664 I android.hardware.power-service.aidl-rtk: kPowerHalInitProp ::vendor.powerhal.init
01-01 08:00:03.102 664 664 I android.hardware.power-service.rtk: Initialize PowerHAL
01-01 08:00:03.102 664 664 I android.hardware.power-service.rtk: PowerHAL ready to process hints
01-01 08:00:03.103 664 664 E Realtek Power HAL: Error opening /sys/kernel/cpu/spif_enable: No such file or directory
01-01 08:00:03.103 664 664 I Realtek Power HAL: [PowerCPU] Control Version : FREQ
01-01 08:00:14.857 1 1 I init: starting service 'vendor.usb_rtk'...
01-01 08:00:14.859 624 624 W RTW: cfg80211_rtw_get_txpower(p2p0) total max: -10000 mbm
01-01 08:00:03.109 664 666 I Realtek Power HAL: [Performance_freq] enable(1)
01-01 08:00:03.109 664 664 D DrmExtAidlClient: [connect] instance android.hardware.graphics.composer3.IComposer/default
01-01 08:00:14.862 273 273 I servicemanager: Found android.hardware.graphics.composer3.IComposer/default in device VINTF manifest.
01-01 08:00:14.864 624 624 W RTW: rtw_ndev_notifier_call(p2p0) state:5
01-01 08:00:14.867 273 273 I servicemanager: Since 'android.hardware.graphics.composer3.IComposer/default' could not be found, trying to start it as a lazy AIDL service. (if it's not configured to be a lazy service, it may be stuck starting or still starting).
01-01 08:00:14.869 624 624 W RTW: rtw_ndev_init(ap0) if3 mac_addr=d6:0d:30:06:3f:9a
01-01 08:00:14.875 324 324 E realtek-i2c 9801ba00.i2c-4: rtk_i2c_handle_tx_abort: slave address not acknowledged (7bit mode)
01-01 08:00:14.876 624 624 W RTW: rtw_ndev_notifier_call(ap0) state:17
01-01 08:00:14.881 1 1 I init: ... started service 'vendor.usb_rtk' has pid 669
01-01 08:00:14.898 324 324 E realtek-i2c 9801ba00.i2c-4: rtk_i2c_handle_tx_abort: slave address not acknowledged (7bit mode)
01-01 08:00:14.953 273 273 I servicemanager: Found android.hardware.usb.IUsb/default in device VINTF manifest.
01-01 08:00:14.954 1 1 I init: starting service 'vendor.wifi_hal_legacy'...
01-01 08:00:14.957 624 624 W RTW: cfg80211_rtw_get_txpower(ap0) total max: -10000 mbm
01-01 08:00:03.207 665 665 W libc: Access denied finding property "sys.boot_completed"
01-01 08:00:03.207 665 665 I ServiceManagerCppClient: Waiting for service 'android.hardware.power.IPower/default' on '/dev/binder'...
01-01 08:00:14.966 624 624 W RTW: rtw_ndev_notifier_call(ap0) state:5
01-01 08:00:03.203 665 665 W android.hardwar: type=1400 audit(0.0:21): avc: denied { read } for name="u:object_r:boot_status_prop:s0" dev="tmpfs" ino=223 scontext=u:r:hal_thermal_default:s0 tcontext=u:object_r:boot_status_prop:s0 tclass=file permissive=0
01-01 08:00:14.975 1 1 I init: ... started service 'vendor.wifi_hal_legacy' has pid 670
01-01 08:00:14.986 324 324 E realtek-i2c 9801ba00.i2c-4: rtk_i2c_handle_tx_abort: slave address not acknowledged (7bit mode)
01-01 08:00:14.990 1 1 I init: starting service 'vendor.broadcastradio-default'...
01-01 08:00:14.999 624 624 W RTW: module init ret=0
01-01 08:00:03.262 350 396 W ServiceManagerCppClient: Waited one second for vendor.realtek.rtkdeviceservice.IRtkDeviceService/default (is service started? Number of threads started in the threadpool: 1. Are binder threads started and available?)
01-01 08:00:15.008 1 1 I init: ... started service 'vendor.broadcastradio-default' has pid 671
01-01 08:00:15.010 324 324 E realtek-i2c 9801ba00.i2c-4: rtk_i2c_handle_tx_abort: slave address not acknowledged (7bit mode)
01-01 08:00:15.015 273 273 I servicemanager: Since 'vendor.realtek.rtkdeviceservice.IRtkDeviceService/default' could not be found, trying to start it as a lazy AIDL service. (if it's not configured to be a lazy service, it may be stuck starting or still starting).
01-01 08:00:03.264 351 358 D VehicleRTKHal: In[setValues][512]
01-01 08:00:03.264 351 358 D VehicleRTKHardware: Set value for property ID: 291504901
01-01 08:00:03.264 351 359 D VehicleRTKHardware: In[setValue][799] prop =291504901 ,289408515
01-01 08:00:03.264 351 359 D VehicleRTKHardware: In[setValue][825].. wirte success...
01-01 08:00:03.265 351 358 D VehicleRTKHal: In[setValues][512]
01-01 08:00:03.265 351 358 D VehicleRTKHardware: Set value for property ID: 291504647
01-01 08:00:03.266 351 359 D VehicleRTKHardware: In[setValue][799] prop =291504647 ,289408515
01-01 08:00:03.266 351 359 D VehicleRTKHardware: In[setValue][825].. wirte success...
01-01 08:00:03.266 351 358 D VehicleRTKHal: In[setValues][512]
01-01 08:00:03.266 351 358 D VehicleRTKHardware: Set value for property ID: 291504903
01-01 08:00:03.266 351 359 D VehicleRTKHardware: In[setValue][799] prop =291504903 ,289408515
01-01 08:00:03.266 351 359 D VehicleRTKHardware: In[setValue][825].. wirte success...
01-01 08:00:03.267 351 358 D VehicleRTKHal: In[setValues][512]
01-01 08:00:03.267 351 358 D VehicleRTKHardware: Set value for property ID: 291504897
01-01 08:00:03.267 351 359 D VehicleRTKHardware: In[setValue][799] prop =291504897 ,289408515
01-01 08:00:03.267 351 359 D VehicleRTKHardware: In[setValue][825].. wirte success...
01-01 08:00:03.267 351 358 D VehicleRTKHal: In[setValues][512]
01-01 08:00:03.267 351 358 D VehicleRTKHardware: Set value for property ID: 289408000
01-01 08:00:03.267 351 359 D VehicleRTKHardware: In[setValue][799] prop =289408000 ,289408515
01-01 08:00:03.267 351 359 D VehicleRTKHardware: In[setValue][825].. wirte success...
01-01 08:00:03.267 351 358 D VehicleRTKHal: In[setValues][512]
01-01 08:00:03.267 351 358 D VehicleRTKHardware: Set value for property ID: 287310855
01-01 08:00:03.267 351 359 D VehicleRTKHardware: In[setValue][799] prop =287310855 ,289408515
01-01 08:00:03.267 351 359 D VehicleRTKHardware: In[setValue][825].. wirte success...
01-01 08:00:03.267 351 358 D VehicleRTKHal: In[setValues][512]
01-01 08:00:03.268 351 358 D VehicleRTKHardware: Set value for property ID: 291504644
01-01 08:00:03.268 351 359 D VehicleRTKHardware: In[setValue][799] prop =291504644 ,289408515
01-01 08:00:03.268 351 359 D VehicleRTKHardware: In[setValue][825].. wirte success...
01-01 08:00:03.268 351 358 D VehicleRTKHal: In[setValues][512]
01-01 08:00:03.268 351 358 D VehicleRTKHardware: Set value for property ID: 291504904
01-01 08:00:03.268 351 359 D VehicleRTKHardware: In[setValue][799] prop =291504904 ,289408515
01-01 08:00:03.268 351 359 D VehicleRTKHardware: In[setValue][825].. wirte success...
01-01 08:00:03.268 351 358 D VehicleRTKHal: In[setValues][512]
01-01 08:00:03.269 351 358 D VehicleRTKHardware: Set value for property ID: 291505923
01-01 08:00:03.269 351 359 D VehicleRTKHardware: In[setValue][799] prop =291505923 ,289408515
01-01 08:00:03.269 351 359 D VehicleRTKHardware: In[setValue][825].. wirte success...
01-01 08:00:03.272 351 358 D VehicleRTKHal: In[setValues][512]
01-01 08:00:03.272 351 358 D VehicleRTKHardware: Set value for property ID: 289475120
01-01 08:00:03.272 351 359 D VehicleRTKHardware: In[setValue][799] prop =289475120 ,289408515
01-01 08:00:03.272 351 359 D VehicleRTKHal: In[onPropertyChangeEvent][238] prop= 289475120
01-01 08:00:03.272 351 359 D VehicleRTKHardware: In[setValue][825].. wirte success...
01-01 08:00:03.297 670 670 I android.hardware.wifi-service: Wifi Hal is booting up...
01-01 08:00:03.305 624 624 D WifiModMapper: uninit_wifi_mod_mapper
01-01 08:00:03.306 624 624 D WifiModMapper: wifi_mod_mapper finish
01-01 08:00:03.306 624 624 D WifiModMapper: i======0 e
01-01 08:00:15.017 1 1 I init: starting service 'vendor.cas-default'...
01-01 08:00:15.052 273 273 I servicemanager: Found android.hardware.wifi.IWifi/default in device VINTF manifest.
01-01 08:00:15.056 1 1 I init: ... started service 'vendor.cas-default' has pid 673
01-01 08:00:15.063 324 324 E realtek-i2c 9801ba00.i2c-4: rtk_i2c_handle_tx_abort: slave address not acknowledged (7bit mode)
01-01 08:00:03.311 670 670 I android.hardware.wifi-service: Joining RPC thread pool
01-01 08:00:15.064 1 1 I init: starting service 'vendor.gnss-rtk'...
01-01 08:00:15.069 266 266 D : wifi_auto_insmod
01-01 08:00:03.324 278 278 I hwservicemanager: getTransport: Cannot find entry android.hardware.audio@7.1::IDevicesFactory/default in either framework or device VINTF manifest.
01-01 08:00:15.074 1 1 I init: ... started service 'vendor.gnss-rtk' has pid 677
01-01 08:00:15.074 1 1 I init: starting service 'vendor.hwcomposer-3'...
01-01 08:00:15.078 266 266 D : Probing module leds-gpio.ko
01-01 08:00:15.082 324 324 E realtek-i2c 9801ba00.i2c-4: rtk_i2c_handle_tx_abort: slave address not acknowledged (7bit mode)
01-01 08:00:03.329 644 644 E LegacySupport: Could not get passthrough implementation for android.hardware.audio@7.1::IDevicesFactory/default.
01-01 08:00:15.082 1 1 I init: ... started service 'vendor.hwcomposer-3' has pid 678
01-01 08:00:15.086 324 324 E realtek-i2c 9801ba00.i2c-4: rtk_i2c_handle_tx_abort: slave address not acknowledged (7bit mode)
01-01 08:00:15.090 1 1 I init: starting service 'vendor.sensors-default'...
01-01 08:00:15.101 324 324 E realtek-i2c 9801ba00.i2c-4: rtk_i2c_handle_tx_abort: slave address not acknowledged (7bit mode)
01-01 08:00:15.108 1 1 I init: ... started service 'vendor.sensors-default' has pid 682
01-01 08:00:03.358 351 361 D VehicleRTKHal: In[onPropertyChangeEvent][238] prop= 290459443
01-01 08:00:15.114 273 273 I servicemanager: Found android.hardware.cas.IMediaCasService/default in device VINTF manifest.
01-01 08:00:15.116 1 1 I init: starting service 'vendor.realtek.audioutil'...
01-01 08:00:15.119 273 273 I servicemanager: Found android.hardware.broadcastradio.IBroadcastRadio/amfm in device VINTF manifest.
01-01 08:00:15.133 324 324 E realtek-i2c 9801ba00.i2c-4: rtk_i2c_handle_tx_abort: slave address not acknowledged (7bit mode)
01-01 08:00:15.134 273 273 I servicemanager: Found android.hardware.broadcastradio.IBroadcastRadio/dab in device VINTF manifest.
01-01 08:00:15.140 324 324 E realtek-i2c 9801ba00.i2c-4: rtk_i2c_handle_tx_abort: slave address not acknowledged (7bit mode)
01-01 08:00:15.144 1 1 I init: ... started service 'vendor.realtek.audioutil' has pid 687
01-01 08:00:15.159 266 266 D : Loaded kernel module leds-gpio.ko
01-01 08:00:15.162 1 1 I init: starting service 'rtkdevice'...
01-01 08:00:15.167 266 266 D : Probing module rtk_gpio_manager.ko
01-01 08:00:15.171 1 1 I init: ... started service 'rtkdevice' has pid 688
01-01 08:00:15.190 273 273 I servicemanager: Found android.hardware.sensors.ISensors/default in device VINTF manifest.
01-01 08:00:15.190 1 1 I init: service 'rtktinyosd' requested start, but it is already running (flags: 4)
01-01 08:00:15.215 324 324 E realtek-i2c 9801ba00.i2c-4: rtk_i2c_handle_tx_abort: slave address not acknowledged (7bit mode)
01-01 08:00:15.216 1 1 I init: Command 'class_start hal' action=boot (/system/etc/init/hw/init.rc:1210) took 582ms and succeeded
01-01 08:00:03.466 659 659 W android.hardware.media.c2@1.2-rtk-service: Could not read additional policy file '/vendor/etc/seccomp_policy/android.hardware.media.c2@1.2-extended-seccomp_policy'
01-01 08:00:03.466 659 659 W android.hardware.media.c2@1.2-rtk-service: libminijail[659]: failed to get path of fd 4: No such file or directory
01-01 08:00:03.466 659 659 W android.hardware.media.c2@1.2-rtk-service: libminijail[659]: allowing syscall: connect
01-01 08:00:03.466 659 659 W android.hardware.media.c2@1.2-rtk-service: libminijail[659]: allowing syscall: fcntl
01-01 08:00:03.466 659 659 W android.hardware.media.c2@1.2-rtk-service: libminijail[659]: allowing syscall: sendto
01-01 08:00:03.466 659 659 W android.hardware.media.c2@1.2-rtk-service: libminijail[659]: allowing syscall: socket
01-01 08:00:03.466 659 659 W android.hardware.media.c2@1.2-rtk-service: libminijail[659]: allowing syscall: writev
01-01 08:00:03.467 659 659 W android.hardware.media.c2@1.2-rtk-service: libminijail[659]: compile_file: (75): syscall munmap redefined here
01-01 08:00:03.467 659 659 W android.hardware.media.c2@1.2-rtk-service: libminijail[659]: compile_file: (39): previous definition here
01-01 08:00:03.467 659 659 W android.hardware.media.c2@1.2-rtk-service: libminijail[659]: compile_file: (86): nonexistent syscall 'sigreturn'
01-01 08:00:03.467 659 659 W android.hardware.media.c2@1.2-rtk-service: libminijail[659]: logging seccomp filter failures
01-01 08:00:03.470 351 358 D VehicleRTKHal: In[setValues][512]
01-01 08:00:03.471 351 358 D VehicleRTKHardware: Set value for property ID: 291504901
01-01 08:00:03.471 351 359 D VehicleRTKHardware: In[setValue][799] prop =291504901 ,289408515
01-01 08:00:03.471 351 359 D VehicleRTKHardware: In[setValue][825].. wirte success...
01-01 08:00:03.471 351 358 D VehicleRTKHal: In[setValues][512]
01-01 08:00:03.471 351 358 D VehicleRTKHardware: Set value for property ID: 291504647
01-01 08:00:03.471 351 359 D VehicleRTKHardware: In[setValue][799] prop =291504647 ,289408515
01-01 08:00:03.471 351 359 D VehicleRTKHardware: In[setValue][825].. wirte success...
01-01 08:00:03.471 351 358 D VehicleRTKHal: In[setValues][512]
01-01 08:00:03.471 351 358 D VehicleRTKHardware: Set value for property ID: 291504903
01-01 08:00:03.471 351 359 D VehicleRTKHardware: In[setValue][799] prop =291504903 ,289408515
01-01 08:00:03.471 351 359 D VehicleRTKHardware: In[setValue][825].. wirte success...
01-01 08:00:03.471 351 358 D VehicleRTKHal: In[setValues][512]
01-01 08:00:03.471 351 358 D VehicleRTKHardware: Set value for property ID: 291504897
01-01 08:00:03.471 351 359 D VehicleRTKHardware: In[setValue][799] prop =291504897 ,289408515
01-01 08:00:03.471 351 359 D VehicleRTKHardware: In[setValue][825].. wirte success...
01-01 08:00:03.472 351 358 D VehicleRTKHal: In[setValues][512]
01-01 08:00:03.472 351 358 D VehicleRTKHardware: Set value for property ID: 289408000
01-01 08:00:03.472 351 359 D VehicleRTKHardware: In[setValue][799] prop =289408000 ,289408515
01-01 08:00:03.472 351 359 D VehicleRTKHardware: In[setValue][825].. wirte success...
01-01 08:00:03.472 351 358 D VehicleRTKHal: In[setValues][512]
01-01 08:00:03.472 351 358 D VehicleRTKHardware: Set value for property ID: 287310855
01-01 08:00:03.472 351 359 D VehicleRTKHardware: In[setValue][799] prop =287310855 ,289408515
01-01 08:00:03.472 351 359 D VehicleRTKHardware: In[setValue][825].. wirte success...
01-01 08:00:03.472 351 358 D VehicleRTKHal: In[setValues][512]
01-01 08:00:03.472 351 358 D VehicleRTKHardware: Set value for property ID: 291504644
01-01 08:00:03.472 351 359 D VehicleRTKHardware: In[setValue][799] prop =291504644 ,289408515
01-01 08:00:03.472 351 359 D VehicleRTKHardware: In[setValue][825].. wirte success...
01-01 08:00:03.472 351 358 D VehicleRTKHal: In[setValues][512]
01-01 08:00:03.472 351 358 D VehicleRTKHardware: Set value for property ID: 291504904
01-01 08:00:03.472 351 359 D VehicleRTKHardware: In[setValue][799] prop =291504904 ,289408515
01-01 08:00:03.472 351 359 D VehicleRTKHardware: In[setValue][825].. wirte success...
01-01 08:00:03.473 351 358 D VehicleRTKHal: In[setValues][512]
01-01 08:00:03.473 351 358 D VehicleRTKHardware: Set value for property ID: 291505923
01-01 08:00:03.473 351 359 D VehicleRTKHardware: In[setValue][799] prop =291505923 ,289408515
01-01 08:00:03.473 351 359 D VehicleRTKHardware: In[setValue][825].. wirte success...
01-01 08:00:03.484 677 677 I gps_hdbd: [gps_get_hardware_interface:4646]: --enter!
01-01 08:00:03.488 677 677 E GnssAidl: Gnss: aidl 3 gps interface get
01-01 08:00:15.225 324 324 E realtek-i2c 9801ba00.i2c-4: rtk_i2c_handle_tx_abort: slave address not acknowledged (7bit mode)
01-01 08:00:15.234 698 698 I rtd-gpio-manager gpio_manager: No default gpios need to be set
01-01 08:00:15.242 273 273 I servicemanager: Found android.hardware.gnss.IGnss/default in device VINTF manifest.
01-01 08:00:15.245 698 698 I rtd-gpio-manager gpio_manager: change 1 gpios state
01-01 08:00:03.500 659 659 D android.hardware.media.c2@1.2-service: Instantiating Codec2's IComponentStore service...
01-01 08:00:03.500 659 659 E ion: open /dev/ion failed: No such file or directory
01-01 08:00:03.500 659 659 I RTKC2Store: [SetIonUsage:238] system_heap_mask ffffffff
01-01 08:00:15.249 324 324 E realtek-i2c 9801ba00.i2c-4: rtk_i2c_handle_tx_abort: slave address not acknowledged (7bit mode)
01-01 08:00:15.256 1 1 E init: Control message: Could not find 'aidl/android.hardware.graphics.composer3.IComposer/default' for ctl.interface_start from pid: 273 (/system/bin/servicemanager)
01-01 08:00:03.506 273 668 W libc: Unable to set property "ctl.interface_start" to "aidl/android.hardware.graphics.composer3.IComposer/default": error code: 0x20
01-01 08:00:15.258 266 266 D : Loaded kernel module rtk_gpio_manager.ko
01-01 08:00:15.259 668 668 I servicemanager: Tried to start aidl service android.hardware.graphics.composer3.IComposer/default as a lazy service, but was unable to. Usually this happens when a service is not installed, but if the service is intended to be used as a lazy service, then it may be configured incorrectly.
01-01 08:00:15.261 266 266 D : Probing module rtk_bootlogo.ko
01-01 08:00:15.262 1 1 I init: service 'ueventd' requested start, but it is already running (flags: 2084)
01-01 08:00:03.519 688 688 D RtkDevice.FlashWriterImpl: Find section name 'display' - data_size=0x3000, data_position=0x1000
01-01 08:00:03.520 688 688 D RtkDevice.FlashWriterImpl: Find section name 'customize_raw' - data_size=0x101000, data_position=0x4000
01-01 08:00:03.520 688 688 D RtkDevice.FlashWriterImpl: Find section name 'logo_alarm' - data_size=0xab9c4, data_position=0x105000
01-01 08:00:03.562 688 688 D RtkDevice.FlashWriterImpl: Find section name 'display' - data_size=0x3000, data_position=0x1000
01-01 08:00:03.562 688 688 D RtkDevice.FlashWriterImpl: Find section name 'customize_raw' - data_size=0x101000, data_position=0x4000
01-01 08:00:03.562 688 688 D RtkDevice.FlashWriterImpl: Find section name 'logo_alarm' - data_size=0xab9c4, data_position=0x105000
01-01 08:00:03.564 687 687 I vendor.realtek.audioutil.aidl-service: AudioUtil AIDL Service is starting.
01-01 08:00:03.564 687 687 D AudioUtil: [vendor/realtek/common-stb/libs/hardware/AudioUtil_alsa/AudioUtil.cpp:103]AudioUtil_Init()...
01-01 08:00:03.564 687 687 W AudioUtil: [AudioUtil_InitRPC][78] [HIFI]
01-01 08:00:03.564 687 687 D RPCProxy: InitRPCProxy start pid:687 tid:687 name:RPC_Thread_HIFI
01-01 08:00:03.566 688 688 D RtkDevice.FlashWriterImpl: sha256 check success for customize partition a/b
01-01 08:00:03.584 678 678 I android.hardware.graphics.composer3-service.rtk: [DRMUTIL] RealtekHWC (HWComposer3/HWC3) starting up...
01-01 08:00:03.585 678 678 D drm.hwc.hdmiutil-aidl: HdmiUtil()
01-01 08:00:03.590 678 678 D DRM-HDMIHelper: HDMIHelper() mHDMIHandle:0x1a1a8f61a604fe1f
01-01 08:00:03.590 678 678 D DRM-HDMIHelper: [DRMRPC] setupRPCProxy 1
01-01 08:00:03.590 678 678 D vo_hifi_wrap_rpc: [_WRAP_VORPC_Register_HiFi][338] [WRAP]
01-01 08:00:03.590 678 678 D RPCProxy: InitRPCProxy start pid:678 tid:678 name:RPC_Thread_HIFI
01-01 08:00:15.307 324 324 E realtek-i2c 9801ba00.i2c-4: rtk_i2c_handle_tx_abort: slave address not acknowledged (7bit mode)
01-01 08:00:15.320 273 273 I servicemanager: Found vendor.realtek.rtkdeviceservice.IRtkDeviceService/default in device VINTF manifest.
01-01 08:00:15.349 273 273 I binder: 273:273 transaction async to 350:0 failed 1574/29201/-1, code 1 size 220-8 line 3288
01-01 08:00:03.587 678 678 W android.hardwar: type=1400 audit(0.0:22): avc: denied { getattr } for path="/sys/devices/platform/soc@0/98000000.rbus/9801a000.syscon/9801a000.syscon:kr4-rpmsg/9801a000.syscon:kr4-rpmsg.rpmsg_ctrl.6.0/rpmsg/rpmsg_ctrl2/rpmsg0/name" dev="sysfs" ino=44564 scontext=u:r:hal_graphics_composer_default:s0 tcontext=u:object_r:sysfs:s0 tclass=file permissive=0
01-01 08:00:03.602 688 688 D vendor.realtek.rtkdeviceservice@V1-service: Realtek RtkDeviceServiceImpl AIDL Service is started
01-01 08:00:03.587 678 678 W android.hardwar: type=1400 audit(0.0:23): avc: denied { getattr } for path="/sys/devices/platform/soc@0/98000000.rbus/9801a000.syscon/9801a000.syscon:kr4-rpmsg/9801a000.syscon:kr4-rpmsg.rpmsg_ctrl.6.0/rpmsg/rpmsg_ctrl2/rpmsg0/name" dev="sysfs" ino=44564 scontext=u:r:hal_graphics_composer_default:s0 tcontext=u:object_r:sysfs:s0 tclass=file permissive=0
01-01 08:00:15.355 1 1 I init: service 'console' requested start, but it is already running (flags: 2196)
01-01 08:00:03.591 273 273 W servicemanager: type=1400 audit(0.0:24): avc: denied { call } for scontext=u:r:servicemanager:s0 tcontext=u:r:clustervhalclient:s0 tclass=binder permissive=0
01-01 08:00:15.359 702 702 I : bootlogo init ver.0830.1000
01-01 08:00:15.361 324 324 E realtek-i2c 9801ba00.i2c-4: rtk_i2c_handle_tx_abort: slave address not acknowledged (7bit mode)
01-01 08:00:15.361 324 324 E realtek-i2c 9801ba00.i2c-4: rtk_i2c_handle_tx_abort: slave address not acknowledged (7bit mode)
01-01 08:00:15.364 702 702 I : logo0 base=0x000000002f700000 size=0x900000(9437184)
01-01 08:00:15.375 324 324 E realtek-i2c 9801ba00.i2c-4: rtk_i2c_handle_tx_abort: slave address not acknowledged (7bit mode)
01-01 08:00:03.631 644 644 I HidlServiceManagement: Registered android.hardware.audio@7.0::IDevicesFactory/default
01-01 08:00:03.632 644 644 I HidlServiceManagement: Removing namespace from process name android.hardware.audio.service to audio.service.
01-01 08:00:03.632 644 644 I LegacySupport: Registration complete for android.hardware.audio@7.0::IDevicesFactory/default.
01-01 08:00:15.377 1 1 I init: service 'apexd' requested start, but it is already running (flags: 134)
01-01 08:00:15.394 324 324 E realtek-i2c 9801ba00.i2c-4: rtk_i2c_handle_tx_abort: slave address not acknowledged (7bit mode)
01-01 08:00:15.401 273 273 I servicemanager: Found vendor.realtek.audioutil.IAudioUtil/default in device VINTF manifest.
01-01 08:00:15.402 702 702 I : logo1 base=0x0000000045000000 size=0x1c00000(29360128)
01-01 08:00:15.402 702 702 I : logo2 base=0x0000000064000000 size=0x11100000(286261248)
01-01 08:00:03.644 678 678 D RPCProxy: InitRPCProxy END
01-01 08:00:03.644 678 678 D android.hardware.graphics.composer3-service.rtk: [_WARP_AUDIORPC_Register_HiFi][101] [WARP]
01-01 08:00:03.644 678 678 D vo_hifi_wrap_rpc: initVOHIFIProxy VO_HIFI_user_count 1
01-01 08:00:03.644 678 678 D RPCProxy: InitRPCProxy start pid:678 tid:678 name:RPC_Thread_VCPU
01-01 08:00:03.644 659 659 I RTKC2Store: plugin loaded: librtk_c2_vdec.so, name=RTK_C2_VDEC, version=1, id=0x6554
01-01 08:00:03.645 659 659 E RTKC2Store: cannot open librtk_c2_idec.so
01-01 08:00:03.646 687 687 D RPCProxy: InitRPCProxy END
01-01 08:00:03.646 687 687 V audio_util_wrap_rpc: [UTIL_WRAP_AUDIO_RPC_Init_Wrap][166] [WRAP]
01-01 08:00:03.646 687 687 V audio_util_wrap_rpc: [UTIL_WRAP_AUDIO_RPC_Register_Wrap][195] [WRAP]
01-01 08:00:03.646 687 687 D audio_util_wrap_rpc: [_UTIL_WRAP_AUDIORPC_Register_HiFi][112] [WRAP]
01-01 08:00:03.646 687 687 D AudioUtil: [vendor/realtek/common-stb/libs/hardware/AudioUtil_alsa/AudioUtil.cpp:42]SetContinuousAudioOutputMode()...
01-01 08:00:03.646 687 687 V audio_util_wrap_rpc: [UTIL_WRAP_prepareCLNT][233] [WRAP]
01-01 08:00:03.646 687 687 V audio_util_wrap_rpc: [UTIL_WRAP_AUDIO_RPC_ToAgent_AudioConfig_0][451] [WRAP]
01-01 08:00:03.647 687 687 V audio_util_wrap_rpc: [_CHK_HRESULT_IS_VAILD][15] [WRAP]
01-01 08:00:03.647 687 687 V audio_util_wrap_rpc: [UTIL_WRAP_prepareCLNT][233] [WRAP]
01-01 08:00:03.647 687 687 D AudioDb: AudioDb disabled by persist.vendor.rtk.audio.db.enable
01-01 08:00:03.647 687 687 D CarAudioUtilImpl: restoreAudioSettings: restoring audio settings for card=0 device=0
01-01 08:00:03.647 687 687 D CarAudioUtilImpl: restoreAudioSettings: restoring audio settings for card=1 device=0
01-01 08:00:03.657 659 659 I RTKC2Store: plugin loaded: librtk_c2_venc.so, name=RTK_C2_VENC, version=1, id=0x6554
01-01 08:00:03.643 678 678 W android.hardwar: type=1400 audit(0.0:25): avc: denied { getattr } for path="/sys/devices/platform/soc@0/98000000.rbus/9801a000.syscon/9801a000.syscon:kr4-rpmsg/9801a000.syscon:kr4-rpmsg.rpmsg_ctrl.6.0/rpmsg/rpmsg_ctrl2/rpmsg0/name" dev="sysfs" ino=44564 scontext=u:r:hal_graphics_composer_default:s0 tcontext=u:object_r:sysfs:s0 tclass=file permissive=0
01-01 08:00:15.414 1 1 I init: starting service 'audioserver'...
01-01 08:00:15.417 1 1 I init: ... started service 'audioserver' has pid 713
01-01 08:00:03.643 678 678 W android.hardwar: type=1400 audit(0.0:26): avc: denied { getattr } for path="/sys/devices/platform/soc@0/98000000.rbus/9801a000.syscon/9801a000.syscon:kr4-rpmsg/9801a000.syscon:kr4-rpmsg.rpmsg_ctrl.6.0/rpmsg/rpmsg_ctrl2/rpmsg0/name" dev="sysfs" ino=44564 scontext=u:r:hal_graphics_composer_default:s0 tcontext=u:object_r:sysfs:s0 tclass=file permissive=0
01-01 08:00:03.672 659 659 I RTKC2Store: plugin loaded: librtk_c2_adec.so, name=RTK_C2_ADEC, version=1, id=0x6555
01-01 08:00:15.428 324 324 E realtek-i2c 9801ba00.i2c-4: rtk_i2c_handle_tx_abort: slave address not acknowledged (7bit mode)
01-01 08:00:03.683 659 659 I C2RtkSoftAacDec: open fd:6 No such file or directory, pid:659
01-01 08:00:03.683 659 659 I C2RtkSoftAacDec: ret:0, pid:659, comm:android.hardwar
01-01 08:00:03.686 644 644 I HidlServiceManagement: Registered android.hardware.audio.effect@7.0::IEffectsFactory/default
01-01 08:00:03.686 644 644 I LegacySupport: Registration complete for android.hardware.audio.effect@7.0::IEffectsFactory/default.
01-01 08:00:03.686 278 278 I hwservicemanager: getTransport: Cannot find entry android.hardware.soundtrigger@2.3::ISoundTriggerHw/default in either framework or device VINTF manifest.
01-01 08:00:03.687 644 644 E LegacySupport: Could not get passthrough implementation for android.hardware.soundtrigger@2.3::ISoundTriggerHw/default.
01-01 08:00:03.688 351 358 D VehicleRTKHal: In[setValues][512]
01-01 08:00:03.688 351 358 D VehicleRTKHardware: Set value for property ID: 291504901
01-01 08:00:03.688 278 278 I hwservicemanager: getTransport: Cannot find entry android.hardware.soundtrigger@2.2::ISoundTriggerHw/default in either framework or device VINTF manifest.
01-01 08:00:03.688 644 644 E LegacySupport: Could not get passthrough implementation for android.hardware.soundtrigger@2.2::ISoundTriggerHw/default.
01-01 08:00:03.688 351 359 D VehicleRTKHardware: In[setValue][799] prop =291504901 ,289408515
01-01 08:00:03.688 351 359 D VehicleRTKHardware: In[setValue][825].. wirte success...
01-01 08:00:03.689 278 278 I hwservicemanager: getTransport: Cannot find entry android.hardware.soundtrigger@2.1::ISoundTriggerHw/default in either framework or device VINTF manifest.
01-01 08:00:15.437 1 1 I init: service 'carwatchdogd' requested start, but it is already running (flags: 132)
01-01 08:00:03.690 644 644 E LegacySupport: Could not get passthrough implementation for android.hardware.soundtrigger@2.1::ISoundTriggerHw/default.
01-01 08:00:03.690 278 278 I hwservicemanager: getTransport: Cannot find entry android.hardware.soundtrigger@2.0::ISoundTriggerHw/default in either framework or device VINTF manifest.
01-01 08:00:03.691 644 644 E LegacySupport: Could not get passthrough implementation for android.hardware.soundtrigger@2.0::ISoundTriggerHw/default.
01-01 08:00:03.691 644 644 W audiohalservice: Could not register Soundtrigger API
01-01 08:00:03.692 278 278 I hwservicemanager: getTransport: Cannot find entry android.hardware.bluetooth.audio@2.2::IBluetoothAudioProvidersFactory/default in either framework or device VINTF manifest.
01-01 08:00:03.692 678 678 D RPCProxy: InitRPCProxy END
01-01 08:00:03.692 678 678 D HwcWakelockManager: HwcWakelockManager()
01-01 08:00:03.692 678 678 D DRM-HDMIHelper: mHasDv:0
01-01 08:00:03.692 678 678 D DRM-HDMIHelper: under vo-hifi mode
01-01 08:00:03.692 678 678 D DRM-HDMIHelper: [DRMWAKE] waklock for debug 0, isGeneric 0
01-01 08:00:03.692 678 678 D HDMI-HIDL-HDMICore-NoWarning: HDMIServiceCore() hdmi_api_version: v5.3 (kent) [0]
01-01 08:00:03.692 678 678 D HDMI-HIDL-HDMICore-NoWarning: HAS HDR_MODE_HDR_CTRL_INPUT_BT2020 0
01-01 08:00:03.692 678 678 D HDMI-HIDL-HDMICore-NoWarning: DFT HDR MODE: -1
01-01 08:00:03.692 678 678 D HDMI-HIDL-HDMICore-NoWarning: mHasDoviLib 0
01-01 08:00:03.692 678 678 D HDMI-HIDL-HDMICore-NoWarning: mSupportFRL 0
01-01 08:00:03.692 678 678 D HDMI-HIDL-HDMICore-NoWarning: HDMIServiceCore() mIsCasFw: 0
01-01 08:00:03.692 678 678 D HDMI-HIDL-HDMICore-NoWarning: [HDMIHWC] mSDKVersion: 34
01-01 08:00:03.692 678 678 D HDMI-HIDL-HDMICoreOneStep-OTA: OneStepHelper()
01-01 08:00:15.443 266 266 D : Loaded kernel module rtk_bootlogo.ko
01-01 08:00:03.692 678 678 D HDMI-HIDL-HDMICoreOneStep-OTA: [resolveOneStepStorage] resolve path /dev/block/by-name/param
01-01 08:00:03.692 678 678 D HDMI-HIDL-HDMICoreOneStep-OTA: [OneStepHelper] GPT: /dev/block/by-name/param
01-01 08:00:03.692 687 687 I vendor.realtek.audioutil.aidl-service: AudioUtil AIDL Service is started.
01-01 08:00:03.692 644 644 E LegacySupport: Could not get passthrough implementation for android.hardware.bluetooth.audio@2.2::IBluetoothAudioProvidersFactory/default.
01-01 08:00:03.693 678 678 D HDMI-HIDL-HDMICoreOneStep-OTA: [OneStepHelper] onestep version compare 2.0 vs 2.0
01-01 08:00:03.693 678 678 D HDMI-HIDL-HDMICoreOneStep-OTA: [OneStepHelper] version match
01-01 08:00:03.693 278 278 I hwservicemanager: getTransport: Cannot find entry android.hardware.bluetooth.audio@2.1::IBluetoothAudioProvidersFactory/default in either framework or device VINTF manifest.
01-01 08:00:03.696 351 358 D VehicleRTKHal: In[setValues][512]
01-01 08:00:03.696 351 358 D VehicleRTKHardware: Set value for property ID: 291504647
01-01 08:00:03.697 351 359 D VehicleRTKHardware: In[setValue][799] prop =291504647 ,289408515
01-01 08:00:03.697 351 359 D VehicleRTKHardware: In[setValue][825].. wirte success...
01-01 08:00:03.697 351 358 D VehicleRTKHal: In[setValues][512]
01-01 08:00:03.697 351 358 D VehicleRTKHardware: Set value for property ID: 291504903
01-01 08:00:03.697 351 359 D VehicleRTKHardware: In[setValue][799] prop =291504903 ,289408515
01-01 08:00:03.697 351 359 D VehicleRTKHardware: In[setValue][825].. wirte success...
01-01 08:00:03.699 678 678 D HDMI-HIDL-HDMICore-NoWarning: [applyCurrentOutputFormat2Property] do nothing after android P
01-01 08:00:03.699 678 678 D HDMI-HIDL-HDMICore-NoWarning: HDMIServiceCore() done
01-01 08:00:03.699 678 678 D DRM-HDMIHelper-CoreWrapper: instanceCore mCore:0xb400006f6d1637b0
01-01 08:00:03.699 659 659 D RTKC2Store: getParamReflector by vendor
01-01 08:00:03.699 659 659 D RTKC2Store: querySupportedParams_nb by vendor
01-01 08:00:03.699 659 659 I RTKC2Store: param[0]=ion-usage
01-01 08:00:03.699 659 659 I RTKC2Store: param[1]=dmabuf-usage
01-01 08:00:15.446 1 1 I init: starting service 'credstore'...
01-01 08:00:15.450 266 266 D : Probing module usb_f_iap.ko
01-01 08:00:03.702 678 678 D DRM-HDMIHelper: legacy settings 65535 65535 65535
01-01 08:00:03.702 678 678 D HDMI-HIDL-HDMICore-NoWarning: [HDR10+][checkFwCapabilities2] has10p 0
01-01 08:00:03.702 678 678 D DRM-HDMIHelper: [HWCFwCap] hdr10+ 0
01-01 08:00:03.702 678 678 D DRM-HDMIHelper: mLowRam:0 false
01-01 08:00:03.702 678 678 D DRM-HDMIHelper: mMultiDisplay:1
01-01 08:00:03.702 678 678 D DRM-HDMIHelper: mHandleBadEdid:0
01-01 08:00:03.702 678 678 D DRM-HDMIHelper: mMaxHdmiResolution:4096
01-01 08:00:03.703 678 678 D DRM-HDMIHelper: mShow4096:0
01-01 08:00:03.703 678 678 D DRM-HDMIHelper: mShow120Hz:0
01-01 08:00:03.703 678 678 D DRM-HDMIHelper: mBlockTvHDR:0
01-01 08:00:03.703 678 678 D DRM-HDMIHelper: mSyncScreenStateToGPT:0
01-01 08:00:03.703 678 678 D DRM-HDMIHelper: mAdapterInfo: untested
01-01 08:00:03.703 678 678 D DRM-HDMIHelper: [DRMQUIESCENT] quiescent:0
01-01 08:00:03.703 678 678 D DRM-HDMIHelper: [DRMNR] manual vic:255 fs:0
01-01 08:00:03.703 678 678 D DRM-I2CHelper: I2CHelper()
01-01 08:00:15.456 273 273 I servicemanager: Found android.hardware.graphics.composer3.IComposer/default in device VINTF manifest.
01-01 08:00:15.457 1 1 I init: ... started service 'credstore' has pid 717
01-01 08:00:03.706 351 358 D VehicleRTKHal: In[setValues][512]
01-01 08:00:03.707 351 358 D VehicleRTKHardware: Set value for property ID: 291504897
01-01 08:00:03.707 351 359 D VehicleRTKHardware: In[setValue][799] prop =291504897 ,289408515
01-01 08:00:03.707 351 359 D VehicleRTKHardware: In[setValue][825].. wirte success...
01-01 08:00:03.707 351 358 D VehicleRTKHal: In[setValues][512]
01-01 08:00:03.707 351 358 D VehicleRTKHardware: Set value for property ID: 289408000
01-01 08:00:03.707 351 359 D VehicleRTKHardware: In[setValue][799] prop =289408000 ,289408515
01-01 08:00:03.707 351 359 D VehicleRTKHardware: In[setValue][825].. wirte success...
01-01 08:00:03.707 351 358 D VehicleRTKHal: In[setValues][512]
01-01 08:00:03.707 351 358 D VehicleRTKHardware: Set value for property ID: 287310855
01-01 08:00:03.707 351 359 D VehicleRTKHardware: In[setValue][799] prop =287310855 ,289408515
01-01 08:00:03.707 351 359 D VehicleRTKHardware: In[setValue][825].. wirte success...
01-01 08:00:03.707 351 358 D VehicleRTKHal: In[setValues][512]
01-01 08:00:03.707 351 358 D VehicleRTKHardware: Set value for property ID: 291504644
01-01 08:00:03.707 351 359 D VehicleRTKHardware: In[setValue][799] prop =291504644 ,289408515
01-01 08:00:03.707 351 359 D VehicleRTKHardware: In[setValue][825].. wirte success...
01-01 08:00:03.708 351 358 D VehicleRTKHal: In[setValues][512]
01-01 08:00:03.708 351 358 D VehicleRTKHardware: Set value for property ID: 291504904
01-01 08:00:03.708 351 359 D VehicleRTKHardware: In[setValue][799] prop =291504904 ,289408515
01-01 08:00:03.708 351 359 D VehicleRTKHardware: In[setValue][825].. wirte success...
01-01 08:00:03.708 351 358 D VehicleRTKHal: In[setValues][512]
01-01 08:00:03.708 351 358 D VehicleRTKHardware: Set value for property ID: 291505923
01-01 08:00:03.708 351 359 D VehicleRTKHardware: In[setValue][799] prop =291505923 ,289408515
01-01 08:00:03.708 351 359 D VehicleRTKHardware: In[setValue][825].. wirte success...
