01-01 08:00:19.442 324 324 E realtek-i2c 9801ba00.i2c-4: rtk_i2c_handle_tx_abort: slave address not acknowledged (7bit mode)
01-01 08:00:19.445 324 324 E realtek-i2c 9801ba00.i2c-4: rtk_i2c_handle_tx_abort: slave address not acknowledged (7bit mode)
01-01 08:00:19.447 324 324 E realtek-i2c 9801ba00.i2c-4: rtk_i2c_handle_tx_abort: slave address not acknowledged (7bit mode)
01-01 08:00:19.450 324 324 E realtek-i2c 9801ba00.i2c-4: rtk_i2c_handle_tx_abort: slave address not acknowledged (7bit mode)
01-01 08:00:19.453 324 324 E realtek-i2c 9801ba00.i2c-4: rtk_i2c_handle_tx_abort: slave address not acknowledged (7bit mode)
01-01 08:00:19.456 324 324 E realtek-i2c 9801ba00.i2c-4: rtk_i2c_handle_tx_abort: slave address not acknowledged (7bit mode)
01-01 08:00:19.459 324 324 E realtek-i2c 9801ba00.i2c-4: rtk_i2c_handle_tx_abort: slave address not acknowledged (7bit mode)
01-01 08:00:19.462 324 324 E realtek-i2c 9801ba00.i2c-4: rtk_i2c_handle_tx_abort: slave address not acknowledged (7bit mode)
01-01 08:00:19.465 324 324 E realtek-i2c 9801ba00.i2c-4: rtk_i2c_handle_tx_abort: slave address not acknowledged (7bit mode)
01-01 08:00:19.468 324 324 E realtek-i2c 9801ba00.i2c-4: rtk_i2c_handle_tx_abort: slave address not acknowledged (7bit mode)
01-01 08:00:19.471 324 324 E realtek-i2c 9801ba00.i2c-4: rtk_i2c_handle_tx_abort: slave address not acknowledged (7bit mode)
01-01 08:00:19.473 324 324 E realtek-i2c 9801ba00.i2c-4: rtk_i2c_handle_tx_abort: slave address not acknowledged (7bit mode)
01-01 08:00:19.476 324 324 E realtek-i2c 9801ba00.i2c-4: rtk_i2c_handle_tx_abort: slave address not acknowledged (7bit mode)
01-01 08:00:19.479 324 324 E realtek-i2c 9801ba00.i2c-4: rtk_i2c_handle_tx_abort: slave address not acknowledged (7bit mode)
01-01 08:00:19.482 324 324 E realtek-i2c 9801ba00.i2c-4: rtk_i2c_handle_tx_abort: slave address not acknowledged (7bit mode)
01-01 08:00:19.485 324 324 E realtek-i2c 9801ba00.i2c-4: rtk_i2c_handle_tx_abort: slave address not acknowledged (7bit mode)
01-01 08:00:19.488 324 324 E realtek-i2c 9801ba00.i2c-4: rtk_i2c_handle_tx_abort: slave address not acknowledged (7bit mode)
01-01 08:00:19.491 324 324 E realtek-i2c 9801ba00.i2c-4: rtk_i2c_handle_tx_abort: slave address not acknowledged (7bit mode)
01-01 08:00:19.495 324 324 E realtek-i2c 9801ba00.i2c-4: rtk_i2c_handle_tx_abort: slave address not acknowledged (7bit mode)
01-01 08:00:19.498 324 324 E realtek-i2c 9801ba00.i2c-4: rtk_i2c_handle_tx_abort: slave address not acknowledged (7bit mode)
01-01 08:00:19.500 324 324 E realtek-i2c 9801ba00.i2c-4: rtk_i2c_handle_tx_abort: slave address not acknowledged (7bit mode)
01-01 08:00:19.503 324 324 E realtek-i2c 9801ba00.i2c-4: rtk_i2c_handle_tx_abort: slave address not acknowledged (7bit mode)
01-01 08:00:07.753 351 358 D VehicleRTKHal: In[setValues][512]
01-01 08:00:07.753 351 358 D VehicleRTKHardware: Set value for property ID: 291504901
01-01 08:00:07.753 351 359 D VehicleRTKHardware: In[setValue][799] prop =291504901 ,289408515
01-01 08:00:07.753 351 359 D VehicleRTKHardware: In[setValue][825].. wirte success...
01-01 08:00:07.754 351 358 D VehicleRTKHal: In[setValues][512]
01-01 08:00:07.754 351 358 D VehicleRTKHardware: Set value for property ID: 291504647
01-01 08:00:07.754 351 359 D VehicleRTKHardware: In[setValue][799] prop =291504647 ,289408515
01-01 08:00:07.754 351 359 D VehicleRTKHardware: In[setValue][825].. wirte success...
01-01 08:00:07.757 351 358 D VehicleRTKHal: In[setValues][512]
01-01 08:00:07.757 351 358 D VehicleRTKHardware: Set value for property ID: 291504903
01-01 08:00:07.757 351 359 D VehicleRTKHardware: In[setValue][799] prop =291504903 ,289408515
01-01 08:00:07.757 351 359 D VehicleRTKHardware: In[setValue][825].. wirte success...
01-01 08:00:19.507 324 324 E realtek-i2c 9801ba00.i2c-4: rtk_i2c_handle_tx_abort: slave address not acknowledged (7bit mode)
01-01 08:00:19.510 324 324 E realtek-i2c 9801ba00.i2c-4: rtk_i2c_handle_tx_abort: slave address not acknowledged (7bit mode)
01-01 08:00:07.760 351 358 D VehicleRTKHal: In[setValues][512]
01-01 08:00:07.760 351 358 D VehicleRTKHardware: Set value for property ID: 291504897
01-01 08:00:07.760 351 359 D VehicleRTKHardware: In[setValue][799] prop =291504897 ,289408515
01-01 08:00:07.760 351 359 D VehicleRTKHardware: In[setValue][825].. wirte success...
01-01 08:00:07.761 351 358 D VehicleRTKHal: In[setValues][512]
01-01 08:00:07.761 351 358 D VehicleRTKHardware: Set value for property ID: 289408000
01-01 08:00:07.761 351 359 D VehicleRTKHardware: In[setValue][799] prop =289408000 ,289408515
01-01 08:00:07.761 351 359 D VehicleRTKHardware: In[setValue][825].. wirte success...
01-01 08:00:07.761 351 358 D VehicleRTKHal: In[setValues][512]
01-01 08:00:07.761 351 358 D VehicleRTKHardware: Set value for property ID: 287310855
01-01 08:00:07.761 351 359 D VehicleRTKHardware: In[setValue][799] prop =287310855 ,289408515
01-01 08:00:07.761 351 359 D VehicleRTKHardware: In[setValue][825].. wirte success...
01-01 08:00:07.761 351 358 D VehicleRTKHal: In[setValues][512]
01-01 08:00:07.761 351 358 D VehicleRTKHardware: Set value for property ID: 291504644
01-01 08:00:07.761 351 359 D VehicleRTKHardware: In[setValue][799] prop =291504644 ,289408515
01-01 08:00:07.761 351 359 D VehicleRTKHardware: In[setValue][825].. wirte success...
01-01 08:00:07.762 351 358 D VehicleRTKHal: In[setValues][512]
01-01 08:00:07.762 351 358 D VehicleRTKHardware: Set value for property ID: 291504904
01-01 08:00:07.762 351 359 D VehicleRTKHardware: In[setValue][799] prop =291504904 ,289408515
01-01 08:00:07.762 351 359 D VehicleRTKHardware: In[setValue][825].. wirte success...
01-01 08:00:07.764 351 358 D VehicleRTKHal: In[setValues][512]
01-01 08:00:07.764 351 358 D VehicleRTKHardware: Set value for property ID: 291505923
01-01 08:00:07.765 351 359 D VehicleRTKHardware: In[setValue][799] prop =291505923 ,289408515
01-01 08:00:07.765 351 359 D VehicleRTKHardware: In[setValue][825].. wirte success...
01-01 08:00:19.514 324 324 E realtek-i2c 9801ba00.i2c-4: rtk_i2c_handle_tx_abort: slave address not acknowledged (7bit mode)
01-01 08:00:19.518 324 324 E realtek-i2c 9801ba00.i2c-4: rtk_i2c_handle_tx_abort: slave address not acknowledged (7bit mode)
01-01 08:00:19.521 324 324 E realtek-i2c 9801ba00.i2c-4: rtk_i2c_handle_tx_abort: slave address not acknowledged (7bit mode)
01-01 08:00:19.524 324 324 E realtek-i2c 9801ba00.i2c-4: rtk_i2c_handle_tx_abort: slave address not acknowledged (7bit mode)
01-01 08:00:19.526 324 324 E realtek-i2c 9801ba00.i2c-4: rtk_i2c_handle_tx_abort: slave address not acknowledged (7bit mode)
01-01 08:00:19.530 324 324 E realtek-i2c 9801ba00.i2c-4: rtk_i2c_handle_tx_abort: slave address not acknowledged (7bit mode)
01-01 08:00:19.533 324 324 E realtek-i2c 9801ba00.i2c-4: rtk_i2c_handle_tx_abort: slave address not acknowledged (7bit mode)
01-01 08:00:19.535 324 324 E realtek-i2c 9801ba00.i2c-4: rtk_i2c_handle_tx_abort: slave address not acknowledged (7bit mode)
01-01 08:00:07.881 970 970 D nativeloader: Configuring clns-shared-6 for other apk /system/framework/com.android.location.provider.jar:/system/framework/services.jar:/system/framework/car-frameworks-service.jar:/system/framework/car-frameworks-service-module.jar:/apex/com.android.adservices/javalib/service-adservices.jar:/apex/com.android.adservices/javalib/service-sdksandbox.jar:/apex/com.android.appsearch/javalib/service-appsearch.jar:/apex/com.android.art/javalib/service-art.jar:/apex/com.android.configinfrastructure/javalib/service-configinfrastructure.jar:/apex/com.android.healthfitness/javalib/service-healthfitness.jar:/apex/com.android.media/javalib/service-media-s.jar:/apex/com.android.ondevicepersonalization/javalib/service-ondevicepersonalization.jar:/apex/com.android.permission/javalib/service-permission.jar:/apex/com.android.rkpd/javalib/service-rkp.jar. target_sdk_version=10000, uses_libraries=ALL, library_path=/system/lib64:/system_ext/lib64, permitted_path=/data:/mnt/expand:/system/lib64:/system_ext/lib64
01-01 08:00:07.882 970 970 D nativeloader: InitApexLibraries: com_android_adservices: libhpke_jni.so:libtflite_support_classifiers_native.so com_android_appsearch: libicing.so com_android_art: libartservice.so com_android_btservices: libbluetooth_jni.so com_android_conscrypt: libjavacrypto.so com_android_extservices: libhpke_jni.so:libtflite_support_classifiers_native.so com_android_os_statsd: libstats_jni.so com_android_tethering: libcronet.114.0.5735.84.so:libframework-connectivity-jni.so:libframework-connectivity-tiramisu-jni.so:libandroid_net_connectivity_com_android_net_module_util_jni.so:libservice-connectivity.so com_android_uwb: libuwb_uci_jni_rust.so com_android_virt: libvirtualizationservice_jni.so:libvirtualmachine_jni.so
01-01 08:00:07.889 970 970 D nativeloader: Configuring clns-shared-7 for other apk /apex/com.android.btservices/javalib/service-bluetooth.jar. target_sdk_version=34, uses_libraries=ALL, library_path=, permitted_path=/data:/mnt/expand
01-01 08:00:07.894 970 970 D nativeloader: Configuring clns-shared-8 for other apk /apex/com.android.devicelock/javalib/service-devicelock.jar. target_sdk_version=34, uses_libraries=ALL, library_path=, permitted_path=/data:/mnt/expand
01-01 08:00:07.897 970 970 D nativeloader: Configuring clns-shared-9 for other apk /apex/com.android.os.statsd/javalib/service-statsd.jar. target_sdk_version=34, uses_libraries=ALL, library_path=, permitted_path=/data:/mnt/expand
01-01 08:00:19.645 324 324 E realtek-i2c 9801ba00.i2c-4: rtk_i2c_handle_tx_abort: slave address not acknowledged (7bit mode)
01-01 08:00:19.648 324 324 E realtek-i2c 9801ba00.i2c-4: rtk_i2c_handle_tx_abort: slave address not acknowledged (7bit mode)
01-01 08:00:07.902 970 970 D nativeloader: Configuring clns-shared-10 for other apk /apex/com.android.scheduling/javalib/service-scheduling.jar. target_sdk_version=34, uses_libraries=ALL, library_path=, permitted_path=/data:/mnt/expand
01-01 08:00:19.651 324 324 E realtek-i2c 9801ba00.i2c-4: rtk_i2c_handle_tx_abort: slave address not acknowledged (7bit mode)
01-01 08:00:19.654 324 324 E realtek-i2c 9801ba00.i2c-4: rtk_i2c_handle_tx_abort: slave address not acknowledged (7bit mode)
01-01 08:00:19.657 324 324 E realtek-i2c 9801ba00.i2c-4: rtk_i2c_handle_tx_abort: slave address not acknowledged (7bit mode)
01-01 08:00:19.660 324 324 E realtek-i2c 9801ba00.i2c-4: rtk_i2c_handle_tx_abort: slave address not acknowledged (7bit mode)
01-01 08:00:19.662 324 324 E realtek-i2c 9801ba00.i2c-4: rtk_i2c_handle_tx_abort: slave address not acknowledged (7bit mode)
01-01 08:00:19.665 324 324 E realtek-i2c 9801ba00.i2c-4: rtk_i2c_handle_tx_abort: slave address not acknowledged (7bit mode)
01-01 08:00:19.668 324 324 E realtek-i2c 9801ba00.i2c-4: rtk_i2c_handle_tx_abort: slave address not acknowledged (7bit mode)
01-01 08:00:07.919 637 637 W ServiceManagerCppClient: Service statscompanion didn't start. Returning NULL
01-01 08:00:07.920 637 637 I statsd: Statsd starts to listen to socket.
01-01 08:00:07.925 970 970 D nativeloader: Configuring clns-shared-11 for other apk /apex/com.android.tethering/javalib/service-connectivity.jar. target_sdk_version=34, uses_libraries=ALL, library_path=, permitted_path=/data:/mnt/expand
01-01 08:00:19.671 324 324 E realtek-i2c 9801ba00.i2c-4: rtk_i2c_handle_tx_abort: slave address not acknowledged (7bit mode)
01-01 08:00:19.673 324 324 E realtek-i2c 9801ba00.i2c-4: rtk_i2c_handle_tx_abort: slave address not acknowledged (7bit mode)
01-01 08:00:19.676 324 324 E realtek-i2c 9801ba00.i2c-4: rtk_i2c_handle_tx_abort: slave address not acknowledged (7bit mode)
01-01 08:00:19.679 324 324 E realtek-i2c 9801ba00.i2c-4: rtk_i2c_handle_tx_abort: slave address not acknowledged (7bit mode)
01-01 08:00:19.682 324 324 E realtek-i2c 9801ba00.i2c-4: rtk_i2c_handle_tx_abort: slave address not acknowledged (7bit mode)
01-01 08:00:19.685 324 324 E realtek-i2c 9801ba00.i2c-4: rtk_i2c_handle_tx_abort: slave address not acknowledged (7bit mode)
01-01 08:00:19.687 324 324 E realtek-i2c 9801ba00.i2c-4: rtk_i2c_handle_tx_abort: slave address not acknowledged (7bit mode)
01-01 08:00:19.690 324 324 E realtek-i2c 9801ba00.i2c-4: rtk_i2c_handle_tx_abort: slave address not acknowledged (7bit mode)
01-01 08:00:19.693 324 324 E realtek-i2c 9801ba00.i2c-4: rtk_i2c_handle_tx_abort: slave address not acknowledged (7bit mode)
01-01 08:00:19.696 324 324 E realtek-i2c 9801ba00.i2c-4: rtk_i2c_handle_tx_abort: slave address not acknowledged (7bit mode)
01-01 08:00:07.948 970 970 D nativeloader: Configuring clns-shared-12 for other apk /apex/com.android.uwb/javalib/service-uwb.jar. target_sdk_version=34, uses_libraries=ALL, library_path=, permitted_path=/data:/mnt/expand
01-01 08:00:19.698 324 324 E realtek-i2c 9801ba00.i2c-4: rtk_i2c_handle_tx_abort: slave address not acknowledged (7bit mode)
01-01 08:00:19.701 324 324 E realtek-i2c 9801ba00.i2c-4: rtk_i2c_handle_tx_abort: slave address not acknowledged (7bit mode)
01-01 08:00:19.704 324 324 E realtek-i2c 9801ba00.i2c-4: rtk_i2c_handle_tx_abort: slave address not acknowledged (7bit mode)
01-01 08:00:19.707 324 324 E realtek-i2c 9801ba00.i2c-4: rtk_i2c_handle_tx_abort: slave address not acknowledged (7bit mode)
01-01 08:00:19.710 324 324 E realtek-i2c 9801ba00.i2c-4: rtk_i2c_handle_tx_abort: slave address not acknowledged (7bit mode)
01-01 08:00:19.712 324 324 E realtek-i2c 9801ba00.i2c-4: rtk_i2c_handle_tx_abort: slave address not acknowledged (7bit mode)
01-01 08:00:19.715 324 324 E realtek-i2c 9801ba00.i2c-4: rtk_i2c_handle_tx_abort: slave address not acknowledged (7bit mode)
01-01 08:00:07.966 351 358 D VehicleRTKHal: In[setValues][512]
01-01 08:00:07.966 351 358 D VehicleRTKHardware: Set value for property ID: 291504901
01-01 08:00:07.966 351 359 D VehicleRTKHardware: In[setValue][799] prop =291504901 ,289408515
01-01 08:00:07.967 351 359 D VehicleRTKHardware: In[setValue][825].. wirte success...
01-01 08:00:07.969 351 358 D VehicleRTKHal: In[setValues][512]
01-01 08:00:07.969 351 358 D VehicleRTKHardware: Set value for property ID: 291504647
01-01 08:00:07.969 351 359 D VehicleRTKHardware: In[setValue][799] prop =291504647 ,289408515
01-01 08:00:07.969 351 359 D VehicleRTKHardware: In[setValue][825].. wirte success...
01-01 08:00:07.970 351 358 D VehicleRTKHal: In[setValues][512]
01-01 08:00:07.970 351 358 D VehicleRTKHardware: Set value for property ID: 291504903
01-01 08:00:07.970 351 359 D VehicleRTKHardware: In[setValue][799] prop =291504903 ,289408515
01-01 08:00:07.970 351 359 D VehicleRTKHardware: In[setValue][825].. wirte success...
01-01 08:00:07.970 351 358 D VehicleRTKHal: In[setValues][512]
01-01 08:00:19.718 324 324 E realtek-i2c 9801ba00.i2c-4: rtk_i2c_handle_tx_abort: slave address not acknowledged (7bit mode)
01-01 08:00:07.971 351 358 D VehicleRTKHardware: Set value for property ID: 291504897
01-01 08:00:19.721 324 324 E realtek-i2c 9801ba00.i2c-4: rtk_i2c_handle_tx_abort: slave address not acknowledged (7bit mode)
01-01 08:00:19.723 324 324 E realtek-i2c 9801ba00.i2c-4: rtk_i2c_handle_tx_abort: slave address not acknowledged (7bit mode)
01-01 08:00:07.971 351 359 D VehicleRTKHardware: In[setValue][799] prop =291504897 ,289408515
01-01 08:00:07.971 351 359 D VehicleRTKHardware: In[setValue][825].. wirte success...
01-01 08:00:07.971 351 358 D VehicleRTKHal: In[setValues][512]
01-01 08:00:07.971 351 358 D VehicleRTKHardware: Set value for property ID: 289408000
01-01 08:00:07.971 351 359 D VehicleRTKHardware: In[setValue][799] prop =289408000 ,289408515
01-01 08:00:07.971 351 359 D VehicleRTKHardware: In[setValue][825].. wirte success...
01-01 08:00:07.976 351 358 D VehicleRTKHal: In[setValues][512]
01-01 08:00:07.976 351 358 D VehicleRTKHardware: Set value for property ID: 287310855
01-01 08:00:07.976 351 359 D VehicleRTKHardware: In[setValue][799] prop =287310855 ,289408515
01-01 08:00:07.976 351 359 D VehicleRTKHardware: In[setValue][825].. wirte success...
01-01 08:00:07.977 351 358 D VehicleRTKHal: In[setValues][512]
01-01 08:00:07.977 351 358 D VehicleRTKHardware: Set value for property ID: 291504644
01-01 08:00:07.977 351 359 D VehicleRTKHardware: In[setValue][799] prop =291504644 ,289408515
01-01 08:00:07.977 351 359 D VehicleRTKHardware: In[setValue][825].. wirte success...
01-01 08:00:07.977 351 358 D VehicleRTKHal: In[setValues][512]
01-01 08:00:07.977 351 358 D VehicleRTKHardware: Set value for property ID: 291504904
01-01 08:00:07.977 351 359 D VehicleRTKHardware: In[setValue][799] prop =291504904 ,289408515
01-01 08:00:07.977 351 359 D VehicleRTKHardware: In[setValue][825].. wirte success...
01-01 08:00:07.977 351 358 D VehicleRTKHal: In[setValues][512]
01-01 08:00:07.977 351 358 D VehicleRTKHardware: Set value for property ID: 291505923
01-01 08:00:07.977 351 359 D VehicleRTKHardware: In[setValue][799] prop =291505923 ,289408515
01-01 08:00:07.977 351 359 D VehicleRTKHardware: In[setValue][825].. wirte success...
01-01 08:00:19.726 324 324 E realtek-i2c 9801ba00.i2c-4: rtk_i2c_handle_tx_abort: slave address not acknowledged (7bit mode)
01-01 08:00:19.729 324 324 E realtek-i2c 9801ba00.i2c-4: rtk_i2c_handle_tx_abort: slave address not acknowledged (7bit mode)
01-01 08:00:19.732 324 324 E realtek-i2c 9801ba00.i2c-4: rtk_i2c_handle_tx_abort: slave address not acknowledged (7bit mode)
01-01 08:00:19.734 324 324 E realtek-i2c 9801ba00.i2c-4: rtk_i2c_handle_tx_abort: slave address not acknowledged (7bit mode)
01-01 08:00:19.737 324 324 E realtek-i2c 9801ba00.i2c-4: rtk_i2c_handle_tx_abort: slave address not acknowledged (7bit mode)
01-01 08:00:19.740 324 324 E realtek-i2c 9801ba00.i2c-4: rtk_i2c_handle_tx_abort: slave address not acknowledged (7bit mode)
01-01 08:00:19.743 324 324 E realtek-i2c 9801ba00.i2c-4: rtk_i2c_handle_tx_abort: slave address not acknowledged (7bit mode)
01-01 08:00:19.746 324 324 E realtek-i2c 9801ba00.i2c-4: rtk_i2c_handle_tx_abort: slave address not acknowledged (7bit mode)
01-01 08:00:19.748 324 324 E realtek-i2c 9801ba00.i2c-4: rtk_i2c_handle_tx_abort: slave address not acknowledged (7bit mode)
01-01 08:00:19.751 324 324 E realtek-i2c 9801ba00.i2c-4: rtk_i2c_handle_tx_abort: slave address not acknowledged (7bit mode)
01-01 08:00:19.754 324 324 E realtek-i2c 9801ba00.i2c-4: rtk_i2c_handle_tx_abort: slave address not acknowledged (7bit mode)
01-01 08:00:19.757 324 324 E realtek-i2c 9801ba00.i2c-4: rtk_i2c_handle_tx_abort: slave address not acknowledged (7bit mode)
01-01 08:00:19.759 324 324 E realtek-i2c 9801ba00.i2c-4: rtk_i2c_handle_tx_abort: slave address not acknowledged (7bit mode)
01-01 08:00:19.762 324 324 E realtek-i2c 9801ba00.i2c-4: rtk_i2c_handle_tx_abort: slave address not acknowledged (7bit mode)
01-01 08:00:19.765 324 324 E realtek-i2c 9801ba00.i2c-4: rtk_i2c_handle_tx_abort: slave address not acknowledged (7bit mode)
01-01 08:00:19.768 324 324 E realtek-i2c 9801ba00.i2c-4: rtk_i2c_handle_tx_abort: slave address not acknowledged (7bit mode)
01-01 08:00:19.771 324 324 E realtek-i2c 9801ba00.i2c-4: rtk_i2c_handle_tx_abort: slave address not acknowledged (7bit mode)
01-01 08:00:19.774 324 324 E realtek-i2c 9801ba00.i2c-4: rtk_i2c_handle_tx_abort: slave address not acknowledged (7bit mode)
01-01 08:00:19.777 324 324 E realtek-i2c 9801ba00.i2c-4: rtk_i2c_handle_tx_abort: slave address not acknowledged (7bit mode)
01-01 08:00:19.780 324 324 E realtek-i2c 9801ba00.i2c-4: rtk_i2c_handle_tx_abort: slave address not acknowledged (7bit mode)
01-01 08:00:08.027 970 970 D nativeloader: Configuring clns-shared-13 for other apk /apex/com.android.wifi/javalib/service-wifi.jar. target_sdk_version=34, uses_libraries=ALL, library_path=, permitted_path=/data:/mnt/expand
01-01 08:00:19.783 324 324 E realtek-i2c 9801ba00.i2c-4: rtk_i2c_handle_tx_abort: slave address not acknowledged (7bit mode)
01-01 08:00:19.786 324 324 E realtek-i2c 9801ba00.i2c-4: rtk_i2c_handle_tx_abort: slave address not acknowledged (7bit mode)
01-01 08:00:19.788 324 324 E realtek-i2c 9801ba00.i2c-4: rtk_i2c_handle_tx_abort: slave address not acknowledged (7bit mode)
01-01 08:00:08.038 651 743 I Camera-Pvdr-car: handleUevent: data:0xb400007a5183a650 msg:change@/devices/platform/regulatory.0 len:1023
01-01 08:00:08.038 651 743 I Camera-Pvdr-car: handleSwitchEvent
01-01 08:00:08.039 970 970 I system_server: Using CollectorTypeCC GC.
01-01 08:00:19.791 324 324 E realtek-i2c 9801ba00.i2c-4: rtk_i2c_handle_tx_abort: slave address not acknowledged (7bit mode)
01-01 08:00:08.031 678 678 W binder:678_2: type=1400 audit(0.0:116): avc: denied { getattr } for path="/sys/devices/platform/soc@0/98000000.rbus/98007088.rtk-usb-manager/9800773c.usb-phy/extcon/extcon0/state" dev="sysfs" ino=53074 scontext=u:r:hal_graphics_composer_default:s0 tcontext=u:object_r:sysfs:s0 tclass=file permissive=0
01-01 08:00:19.801 324 324 E realtek-i2c 9801ba00.i2c-4: rtk_i2c_handle_tx_abort: slave address not acknowledged (7bit mode)
01-01 08:00:08.043 678 678 W binder:678_2: type=1400 audit(0.0:117): avc: denied { getattr } for path="/sys/devices/platform/soc@0/98000000.rbus/98007088.rtk-usb-manager/98007220.type-c/extcon/extcon1/state" dev="sysfs" ino=55415 scontext=u:r:hal_graphics_composer_default:s0 tcontext=u:object_r:sysfs:s0 tclass=file permissive=0
01-01 08:00:08.056 970 970 W system_server: Failed to upload odrefresh metrics: Unable to open or parse metrics file /data/misc/odrefresh/odrefresh-metrics.xml (error: Error=XML_ERROR_FILE_NOT_FOUND ErrorID=3 (0x3) Line number=0: filename=/data/misc/odrefresh/odrefresh-metrics.xml)
01-01 08:00:08.057 970 970 E system_server: Not starting debugger since process cannot load the jdwp agent.
01-01 08:00:19.811 324 324 E realtek-i2c 9801ba00.i2c-4: rtk_i2c_handle_tx_abort: slave address not acknowledged (7bit mode)
01-01 08:00:08.062 842 859 D BootAnimation: Playing files = /system/media/bootanimation.zip/part2, Requested repeat = 0, playUntilComplete = true
01-01 08:00:19.814 324 324 E realtek-i2c 9801ba00.i2c-4: rtk_i2c_handle_tx_abort: slave address not acknowledged (7bit mode)
01-01 08:00:19.817 324 324 E realtek-i2c 9801ba00.i2c-4: rtk_i2c_handle_tx_abort: slave address not acknowledged (7bit mode)
01-01 08:00:08.067 970 970 D SystemServerTiming: InitBeforeStartServices
01-01 08:00:08.069 970 970 I SystemServer: Entered the Android system server!
01-01 08:00:19.820 324 324 E realtek-i2c 9801ba00.i2c-4: rtk_i2c_handle_tx_abort: slave address not acknowledged (7bit mode)
01-01 08:00:19.823 324 324 E realtek-i2c 9801ba00.i2c-4: rtk_i2c_handle_tx_abort: slave address not acknowledged (7bit mode)
01-01 08:00:19.825 324 324 E realtek-i2c 9801ba00.i2c-4: rtk_i2c_handle_tx_abort: slave address not acknowledged (7bit mode)
01-01 08:00:08.073 296 296 I mali_gralloc: internal_format: 10000002b format_idx: 5
01-01 08:00:08.073 296 296 I android.hardware.graphics.allocator-V1-service: mali_gralloc_adjust_dimensions: alloc_format=FMT:0x2b,MOD:0x100000000 usage=0x40000000000b00 alloc_width=1280, alloc_height=1600
01-01 08:00:08.073 296 296 D RTK_HAL_UTILS: [DmabufAlloc:71] mDmabufFd = 0x6
01-01 08:00:08.074 296 296 D RTK_HAL_UTILS: DMA Alloc: heap name = system !
01-01 08:00:08.075 296 296 W android.hardware.graphics.allocator-V1-service: alloc_from_ion_heap (8320000, 0, 0, 7)
01-01 08:00:19.828 324 324 E realtek-i2c 9801ba00.i2c-4: rtk_i2c_handle_tx_abort: slave address not acknowledged (7bit mode)
01-01 08:00:19.831 324 324 E realtek-i2c 9801ba00.i2c-4: rtk_i2c_handle_tx_abort: slave address not acknowledged (7bit mode)
01-01 08:00:19.834 324 324 E realtek-i2c 9801ba00.i2c-4: rtk_i2c_handle_tx_abort: slave address not acknowledged (7bit mode)
01-01 08:00:19.837 324 324 E realtek-i2c 9801ba00.i2c-4: rtk_i2c_handle_tx_abort: slave address not acknowledged (7bit mode)
01-01 08:00:19.839 324 324 E realtek-i2c 9801ba00.i2c-4: rtk_i2c_handle_tx_abort: slave address not acknowledged (7bit mode)
01-01 08:00:19.842 324 324 E realtek-i2c 9801ba00.i2c-4: rtk_i2c_handle_tx_abort: slave address not acknowledged (7bit mode)
01-01 08:00:19.845 324 324 E realtek-i2c 9801ba00.i2c-4: rtk_i2c_handle_tx_abort: slave address not acknowledged (7bit mode)
01-01 08:00:19.848 324 324 E realtek-i2c 9801ba00.i2c-4: rtk_i2c_handle_tx_abort: slave address not acknowledged (7bit mode)
01-01 08:00:19.850 324 324 E realtek-i2c 9801ba00.i2c-4: rtk_i2c_handle_tx_abort: slave address not acknowledged (7bit mode)
01-01 08:00:08.117 664 666 I Realtek Power HAL: [Performance_freq] enable(0)
01-01 08:00:08.184 351 358 D VehicleRTKHal: In[setValues][512]
01-01 08:00:08.184 351 358 D VehicleRTKHardware: Set value for property ID: 291504901
01-01 08:00:08.184 351 359 D VehicleRTKHardware: In[setValue][799] prop =291504901 ,289408515
01-01 08:00:08.184 351 359 D VehicleRTKHardware: In[setValue][825].. wirte success...
01-01 08:00:08.185 351 358 D VehicleRTKHal: In[setValues][512]
01-01 08:00:08.185 351 358 D VehicleRTKHardware: Set value for property ID: 291504647
01-01 08:00:08.186 351 359 D VehicleRTKHardware: In[setValue][799] prop =291504647 ,289408515
01-01 08:00:08.186 351 359 D VehicleRTKHardware: In[setValue][825].. wirte success...
01-01 08:00:08.186 351 358 D VehicleRTKHal: In[setValues][512]
01-01 08:00:08.186 351 358 D VehicleRTKHardware: Set value for property ID: 291504903
01-01 08:00:08.186 351 359 D VehicleRTKHardware: In[setValue][799] prop =291504903 ,289408515
01-01 08:00:08.186 351 359 D VehicleRTKHardware: In[setValue][825].. wirte success...
01-01 08:00:08.186 351 358 D VehicleRTKHal: In[setValues][512]
01-01 08:00:08.186 351 358 D VehicleRTKHardware: Set value for property ID: 291504897
01-01 08:00:08.187 351 359 D VehicleRTKHardware: In[setValue][799] prop =291504897 ,289408515
01-01 08:00:08.187 351 359 D VehicleRTKHardware: In[setValue][825].. wirte success...
01-01 08:00:08.187 351 358 D VehicleRTKHal: In[setValues][512]
01-01 08:00:08.187 351 358 D VehicleRTKHardware: Set value for property ID: 289408000
01-01 08:00:08.187 351 359 D VehicleRTKHardware: In[setValue][799] prop =289408000 ,289408515
01-01 08:00:08.187 351 359 D VehicleRTKHardware: In[setValue][825].. wirte success...
01-01 08:00:08.187 351 358 D VehicleRTKHal: In[setValues][512]
01-01 08:00:08.187 351 358 D VehicleRTKHardware: Set value for property ID: 287310855
01-01 08:00:08.187 351 359 D VehicleRTKHardware: In[setValue][799] prop =287310855 ,289408515
01-01 08:00:08.187 351 359 D VehicleRTKHardware: In[setValue][825].. wirte success...
01-01 08:00:08.188 351 358 D VehicleRTKHal: In[setValues][512]
01-01 08:00:08.188 351 358 D VehicleRTKHardware: Set value for property ID: 291504644
01-01 08:00:08.188 351 359 D VehicleRTKHardware: In[setValue][799] prop =291504644 ,289408515
01-01 08:00:08.188 351 359 D VehicleRTKHardware: In[setValue][825].. wirte success...
01-01 08:00:08.188 351 358 D VehicleRTKHal: In[setValues][512]
01-01 08:00:08.188 351 358 D VehicleRTKHardware: Set value for property ID: 291504904
01-01 08:00:08.188 351 359 D VehicleRTKHardware: In[setValue][799] prop =291504904 ,289408515
01-01 08:00:08.188 351 359 D VehicleRTKHardware: In[setValue][825].. wirte success...
01-01 08:00:08.189 351 358 D VehicleRTKHal: In[setValues][512]
01-01 08:00:08.189 351 358 D VehicleRTKHardware: Set value for property ID: 291505923
01-01 08:00:08.189 351 359 D VehicleRTKHardware: In[setValue][799] prop =291505923 ,289408515
01-01 08:00:08.189 351 359 D VehicleRTKHardware: In[setValue][825].. wirte success...
01-01 08:00:19.957 324 324 E realtek-i2c 9801ba00.i2c-4: rtk_i2c_handle_tx_abort: slave address not acknowledged (7bit mode)
01-01 08:00:19.960 324 324 E realtek-i2c 9801ba00.i2c-4: rtk_i2c_handle_tx_abort: slave address not acknowledged (7bit mode)
01-01 08:00:19.963 324 324 E realtek-i2c 9801ba00.i2c-4: rtk_i2c_handle_tx_abort: slave address not acknowledged (7bit mode)
01-01 08:00:19.966 324 324 E realtek-i2c 9801ba00.i2c-4: rtk_i2c_handle_tx_abort: slave address not acknowledged (7bit mode)
01-01 08:00:19.969 324 324 E realtek-i2c 9801ba00.i2c-4: rtk_i2c_handle_tx_abort: slave address not acknowledged (7bit mode)
01-01 08:00:19.971 324 324 E realtek-i2c 9801ba00.i2c-4: rtk_i2c_handle_tx_abort: slave address not acknowledged (7bit mode)
01-01 08:00:19.974 324 324 E realtek-i2c 9801ba00.i2c-4: rtk_i2c_handle_tx_abort: slave address not acknowledged (7bit mode)
01-01 08:00:19.977 324 324 E realtek-i2c 9801ba00.i2c-4: rtk_i2c_handle_tx_abort: slave address not acknowledged (7bit mode)
01-01 08:00:19.980 324 324 E realtek-i2c 9801ba00.i2c-4: rtk_i2c_handle_tx_abort: slave address not acknowledged (7bit mode)
01-01 08:00:19.984 324 324 E realtek-i2c 9801ba00.i2c-4: rtk_i2c_handle_tx_abort: slave address not acknowledged (7bit mode)
01-01 08:00:19.988 324 324 E realtek-i2c 9801ba00.i2c-4: rtk_i2c_handle_tx_abort: slave address not acknowledged (7bit mode)
01-01 08:00:19.991 324 324 E realtek-i2c 9801ba00.i2c-4: rtk_i2c_handle_tx_abort: slave address not acknowledged (7bit mode)
01-01 08:00:19.994 324 324 E realtek-i2c 9801ba00.i2c-4: rtk_i2c_handle_tx_abort: slave address not acknowledged (7bit mode)
01-01 08:00:19.996 324 324 E realtek-i2c 9801ba00.i2c-4: rtk_i2c_handle_tx_abort: slave address not acknowledged (7bit mode)
01-01 08:00:19.999 324 324 E realtek-i2c 9801ba00.i2c-4: rtk_i2c_handle_tx_abort: slave address not acknowledged (7bit mode)
01-01 08:00:20.002 324 324 E realtek-i2c 9801ba00.i2c-4: rtk_i2c_handle_tx_abort: slave address not acknowledged (7bit mode)
01-01 08:00:20.005 324 324 E realtek-i2c 9801ba00.i2c-4: rtk_i2c_handle_tx_abort: slave address not acknowledged (7bit mode)
01-01 08:00:20.008 324 324 E realtek-i2c 9801ba00.i2c-4: rtk_i2c_handle_tx_abort: slave address not acknowledged (7bit mode)
01-01 08:00:20.010 324 324 E realtek-i2c 9801ba00.i2c-4: rtk_i2c_handle_tx_abort: slave address not acknowledged (7bit mode)
01-01 08:00:20.013 324 324 E realtek-i2c 9801ba00.i2c-4: rtk_i2c_handle_tx_abort: slave address not acknowledged (7bit mode)
01-01 08:00:20.016 324 324 E realtek-i2c 9801ba00.i2c-4: rtk_i2c_handle_tx_abort: slave address not acknowledged (7bit mode)
01-01 08:00:20.019 324 324 E realtek-i2c 9801ba00.i2c-4: rtk_i2c_handle_tx_abort: slave address not acknowledged (7bit mode)
01-01 08:00:20.021 324 324 E realtek-i2c 9801ba00.i2c-4: rtk_i2c_handle_tx_abort: slave address not acknowledged (7bit mode)
01-01 08:00:20.024 324 324 E realtek-i2c 9801ba00.i2c-4: rtk_i2c_handle_tx_abort: slave address not acknowledged (7bit mode)
01-01 08:00:20.027 324 324 E realtek-i2c 9801ba00.i2c-4: rtk_i2c_handle_tx_abort: slave address not acknowledged (7bit mode)
01-01 08:00:20.030 324 324 E realtek-i2c 9801ba00.i2c-4: rtk_i2c_handle_tx_abort: slave address not acknowledged (7bit mode)
01-01 08:00:20.032 324 324 E realtek-i2c 9801ba00.i2c-4: rtk_i2c_handle_tx_abort: slave address not acknowledged (7bit mode)
01-01 08:00:20.035 324 324 E realtek-i2c 9801ba00.i2c-4: rtk_i2c_handle_tx_abort: slave address not acknowledged (7bit mode)
01-01 08:00:20.038 324 324 E realtek-i2c 9801ba00.i2c-4: rtk_i2c_handle_tx_abort: slave address not acknowledged (7bit mode)
01-01 08:00:08.291 970 970 I SystemServerInitThreadPool: Creating instance with 4 threads
01-01 08:00:08.292 970 970 W System: No Compatibility callbacks set! Querying change 247079863
01-01 08:00:08.292 970 970 W System: No Compatibility callbacks set! Querying change 247079863
01-01 08:00:08.292 970 970 W System: No Compatibility callbacks set! Querying change 247079863
01-01 08:00:08.292 970 970 W System: No Compatibility callbacks set! Querying change 247079863
01-01 08:00:08.292 970 970 W System: No Compatibility callbacks set! Querying change 247079863
01-01 08:00:08.292 970 970 W System: No Compatibility callbacks set! Querying change 247079863
01-01 08:00:08.292 970 970 W System: No Compatibility callbacks set! Querying change 247079863
01-01 08:00:08.292 970 970 W System: No Compatibility callbacks set! Querying change 247079863
01-01 08:00:08.293 970 970 W System: No Compatibility callbacks set! Querying change 247079863
01-01 08:00:08.293 970 970 W System: No Compatibility callbacks set! Querying change 247079863
01-01 08:00:08.293 970 970 W System: No Compatibility callbacks set! Querying change 247079863
01-01 08:00:08.293 970 970 W System: No Compatibility callbacks set! Querying change 247079863
01-01 08:00:08.293 970 970 W System: No Compatibility callbacks set! Querying change 247079863
01-01 08:00:08.293 970 970 W System: No Compatibility callbacks set! Querying change 247079863
01-01 08:00:08.293 970 970 W System: No Compatibility callbacks set! Querying change 247079863
01-01 08:00:08.293 970 970 W System: No Compatibility callbacks set! Querying change 247079863
01-01 08:00:08.293 970 970 W System: No Compatibility callbacks set! Querying change 247079863
01-01 08:00:08.293 970 970 W System: No Compatibility callbacks set! Querying change 247079863
01-01 08:00:08.294 970 970 W System: No Compatibility callbacks set! Querying change 247079863
01-01 08:00:08.294 970 970 W System: No Compatibility callbacks set! Querying change 247079863
01-01 08:00:08.294 970 970 W System: No Compatibility callbacks set! Querying change 247079863
01-01 08:00:08.294 970 970 W System: No Compatibility callbacks set! Querying change 247079863
01-01 08:00:08.294 970 970 W System: No Compatibility callbacks set! Querying change 247079863
01-01 08:00:20.042 324 324 E realtek-i2c 9801ba00.i2c-4: rtk_i2c_handle_tx_abort: slave address not acknowledged (7bit mode)
01-01 08:00:20.044 324 324 E realtek-i2c 9801ba00.i2c-4: rtk_i2c_handle_tx_abort: slave address not acknowledged (7bit mode)
01-01 08:00:08.294 970 970 W System: No Compatibility callbacks set! Querying change 247079863
01-01 08:00:08.294 970 970 W System: No Compatibility callbacks set! Querying change 247079863
01-01 08:00:08.294 970 970 W System: No Compatibility callbacks set! Querying change 247079863
01-01 08:00:08.295 970 970 W System: No Compatibility callbacks set! Querying change 247079863
01-01 08:00:08.295 970 970 W System: No Compatibility callbacks set! Querying change 247079863
01-01 08:00:08.295 970 970 W System: No Compatibility callbacks set! Querying change 247079863
01-01 08:00:08.295 970 970 W System: No Compatibility callbacks set! Querying change 247079863
01-01 08:00:08.295 970 970 W System: No Compatibility callbacks set! Querying change 247079863
01-01 08:00:08.295 970 970 W System: No Compatibility callbacks set! Querying change 247079863
01-01 08:00:08.295 970 970 W System: No Compatibility callbacks set! Querying change 247079863
01-01 08:00:08.295 970 970 W System: No Compatibility callbacks set! Querying change 247079863
01-01 08:00:08.295 970 970 W System: No Compatibility callbacks set! Querying change 247079863
01-01 08:00:08.295 970 970 W System: No Compatibility callbacks set! Querying change 247079863
01-01 08:00:08.296 970 970 W System: No Compatibility callbacks set! Querying change 247079863
01-01 08:00:08.296 970 970 W System: No Compatibility callbacks set! Querying change 247079863
01-01 08:00:08.296 970 970 W System: No Compatibility callbacks set! Querying change 247079863
01-01 08:00:08.296 970 970 W System: No Compatibility callbacks set! Querying change 247079863
01-01 08:00:08.296 970 970 W System: No Compatibility callbacks set! Querying change 247079863
01-01 08:00:08.296 970 970 W System: No Compatibility callbacks set! Querying change 247079863
01-01 08:00:08.296 970 970 W System: No Compatibility callbacks set! Querying change 247079863
01-01 08:00:08.296 970 970 W System: No Compatibility callbacks set! Querying change 247079863
01-01 08:00:08.296 970 970 W System: No Compatibility callbacks set! Querying change 247079863
01-01 08:00:08.296 970 970 W System: No Compatibility callbacks set! Querying change 247079863
01-01 08:00:08.296 970 970 W System: No Compatibility callbacks set! Querying change 247079863
01-01 08:00:08.296 970 970 W System: No Compatibility callbacks set! Querying change 247079863
01-01 08:00:08.297 970 970 W System: No Compatibility callbacks set! Querying change 247079863
01-01 08:00:08.297 970 970 W System: No Compatibility callbacks set! Querying change 247079863
01-01 08:00:08.297 970 970 W System: No Compatibility callbacks set! Querying change 247079863
01-01 08:00:08.297 970 970 W System: No Compatibility callbacks set! Querying change 247079863
01-01 08:00:08.297 970 970 W System: No Compatibility callbacks set! Querying change 247079863
01-01 08:00:08.297 970 970 W System: No Compatibility callbacks set! Querying change 247079863
01-01 08:00:08.297 970 970 W System: No Compatibility callbacks set! Querying change 247079863
01-01 08:00:08.297 970 970 W System: No Compatibility callbacks set! Querying change 247079863
01-01 08:00:08.297 970 970 W System: No Compatibility callbacks set! Querying change 247079863
01-01 08:00:08.297 970 970 W System: No Compatibility callbacks set! Querying change 247079863
01-01 08:00:08.297 970 970 W System: No Compatibility callbacks set! Querying change 247079863
01-01 08:00:08.297 970 970 W System: No Compatibility callbacks set! Querying change 247079863
01-01 08:00:08.297 970 970 W System: No Compatibility callbacks set! Querying change 247079863
01-01 08:00:08.298 970 970 W System: No Compatibility callbacks set! Querying change 247079863
01-01 08:00:08.298 970 970 W System: No Compatibility callbacks set! Querying change 247079863
01-01 08:00:08.298 970 970 W System: No Compatibility callbacks set! Querying change 247079863
01-01 08:00:08.298 970 970 W System: No Compatibility callbacks set! Querying change 247079863
01-01 08:00:08.298 970 970 W System: No Compatibility callbacks set! Querying change 247079863
01-01 08:00:08.298 970 970 W System: No Compatibility callbacks set! Querying change 247079863
01-01 08:00:08.298 970 970 W System: No Compatibility callbacks set! Querying change 247079863
01-01 08:00:08.298 970 970 W System: No Compatibility callbacks set! Querying change 247079863
01-01 08:00:08.298 970 970 W System: No Compatibility callbacks set! Querying change 247079863
01-01 08:00:08.298 970 970 W System: No Compatibility callbacks set! Querying change 247079863
01-01 08:00:08.298 970 970 W System: No Compatibility callbacks set! Querying change 247079863
01-01 08:00:08.298 970 970 W System: No Compatibility callbacks set! Querying change 247079863
01-01 08:00:08.298 970 970 W System: No Compatibility callbacks set! Querying change 247079863
01-01 08:00:08.298 970 970 W System: No Compatibility callbacks set! Querying change 247079863
01-01 08:00:08.298 970 970 W System: No Compatibility callbacks set! Querying change 247079863
01-01 08:00:08.298 970 970 W System: No Compatibility callbacks set! Querying change 247079863
01-01 08:00:08.299 970 970 W System: No Compatibility callbacks set! Querying change 247079863
01-01 08:00:08.299 970 970 W System: No Compatibility callbacks set! Querying change 247079863
01-01 08:00:08.299 970 970 W System: No Compatibility callbacks set! Querying change 247079863
01-01 08:00:08.299 970 970 W System: No Compatibility callbacks set! Querying change 247079863
01-01 08:00:08.299 970 970 W System: No Compatibility callbacks set! Querying change 247079863
01-01 08:00:08.299 970 970 W System: No Compatibility callbacks set! Querying change 247079863
01-01 08:00:08.299 970 970 W System: No Compatibility callbacks set! Querying change 247079863
01-01 08:00:08.299 970 970 W System: No Compatibility callbacks set! Querying change 247079863
01-01 08:00:08.299 970 970 W System: No Compatibility callbacks set! Querying change 247079863
01-01 08:00:08.299 970 970 W System: No Compatibility callbacks set! Querying change 247079863
01-01 08:00:08.299 970 970 W System: No Compatibility callbacks set! Querying change 247079863
01-01 08:00:08.299 970 970 W System: No Compatibility callbacks set! Querying change 247079863
01-01 08:00:08.299 970 970 W System: No Compatibility callbacks set! Querying change 247079863
01-01 08:00:08.299 970 970 W System: No Compatibility callbacks set! Querying change 247079863
01-01 08:00:08.300 970 970 W System: No Compatibility callbacks set! Querying change 247079863
01-01 08:00:08.300 970 970 W System: No Compatibility callbacks set! Querying change 247079863
01-01 08:00:08.300 970 970 W System: No Compatibility callbacks set! Querying change 247079863
01-01 08:00:08.300 970 970 W System: No Compatibility callbacks set! Querying change 247079863
01-01 08:00:08.300 970 970 W System: No Compatibility callbacks set! Querying change 247079863
01-01 08:00:08.300 970 970 W System: No Compatibility callbacks set! Querying change 247079863
01-01 08:00:08.300 970 970 W System: No Compatibility callbacks set! Querying change 247079863
01-01 08:00:08.300 970 970 W System: No Compatibility callbacks set! Querying change 247079863
01-01 08:00:08.300 970 970 W System: No Compatibility callbacks set! Querying change 247079863
01-01 08:00:08.300 970 970 W System: No Compatibility callbacks set! Querying change 247079863
01-01 08:00:08.300 970 970 W System: No Compatibility callbacks set! Querying change 247079863
01-01 08:00:08.300 970 970 W System: No Compatibility callbacks set! Querying change 247079863
01-01 08:00:08.300 970 970 W System: No Compatibility callbacks set! Querying change 247079863
01-01 08:00:08.300 970 970 W System: No Compatibility callbacks set! Querying change 247079863
01-01 08:00:08.300 970 970 W System: No Compatibility callbacks set! Querying change 247079863
01-01 08:00:08.300 970 970 W System: No Compatibility callbacks set! Querying change 247079863
01-01 08:00:08.301 970 970 W System: No Compatibility callbacks set! Querying change 247079863
01-01 08:00:08.301 970 970 W System: No Compatibility callbacks set! Querying change 247079863
01-01 08:00:08.301 970 970 W System: No Compatibility callbacks set! Querying change 247079863
01-01 08:00:08.301 970 970 W System: No Compatibility callbacks set! Querying change 247079863
01-01 08:00:08.301 970 970 W System: No Compatibility callbacks set! Querying change 247079863
01-01 08:00:08.301 970 970 W System: No Compatibility callbacks set! Querying change 247079863
01-01 08:00:08.301 970 970 W System: No Compatibility callbacks set! Querying change 247079863
01-01 08:00:08.301 970 970 W System: No Compatibility callbacks set! Querying change 247079863
01-01 08:00:08.301 970 970 W System: No Compatibility callbacks set! Querying change 247079863
01-01 08:00:08.301 970 970 W System: No Compatibility callbacks set! Querying change 247079863
01-01 08:00:08.301 970 970 W System: No Compatibility callbacks set! Querying change 247079863
01-01 08:00:08.301 970 970 W System: No Compatibility callbacks set! Querying change 247079863
01-01 08:00:08.302 970 970 W System: No Compatibility callbacks set! Querying change 247079863
01-01 08:00:08.302 970 970 W System: No Compatibility callbacks set! Querying change 247079863
01-01 08:00:08.302 970 970 W System: No Compatibility callbacks set! Querying change 247079863
01-01 08:00:08.302 970 970 W System: No Compatibility callbacks set! Querying change 247079863
01-01 08:00:08.302 970 970 W System: No Compatibility callbacks set! Querying change 247079863
01-01 08:00:08.302 970 970 W System: No Compatibility callbacks set! Querying change 247079863
01-01 08:00:08.302 970 970 W System: No Compatibility callbacks set! Querying change 247079863
01-01 08:00:08.302 970 970 W System: No Compatibility callbacks set! Querying change 247079863
01-01 08:00:08.302 970 970 W System: No Compatibility callbacks set! Querying change 247079863
01-01 08:00:08.302 970 970 W System: No Compatibility callbacks set! Querying change 247079863
01-01 08:00:08.302 970 970 W System: No Compatibility callbacks set! Querying change 247079863
01-01 08:00:08.302 970 970 W System: No Compatibility callbacks set! Querying change 247079863
01-01 08:00:08.302 970 970 W System: No Compatibility callbacks set! Querying change 247079863
01-01 08:00:08.303 970 970 W System: No Compatibility callbacks set! Querying change 247079863
01-01 08:00:08.303 970 970 W System: No Compatibility callbacks set! Querying change 247079863
01-01 08:00:08.303 970 970 W System: No Compatibility callbacks set! Querying change 247079863
01-01 08:00:08.303 970 970 W System: No Compatibility callbacks set! Querying change 247079863
01-01 08:00:08.303 970 970 W System: No Compatibility callbacks set! Querying change 247079863
01-01 08:00:08.303 970 970 W System: No Compatibility callbacks set! Querying change 247079863
01-01 08:00:08.303 970 970 W System: No Compatibility callbacks set! Querying change 247079863
01-01 08:00:08.303 970 970 W System: No Compatibility callbacks set! Querying change 247079863
01-01 08:00:08.303 970 970 W System: No Compatibility callbacks set! Querying change 247079863
01-01 08:00:08.303 970 970 W System: No Compatibility callbacks set! Querying change 247079863
01-01 08:00:08.303 970 970 W System: No Compatibility callbacks set! Querying change 247079863
01-01 08:00:08.303 970 970 W System: No Compatibility callbacks set! Querying change 247079863
01-01 08:00:08.303 970 970 W System: No Compatibility callbacks set! Querying change 247079863
01-01 08:00:08.303 970 970 W System: No Compatibility callbacks set! Querying change 247079863
01-01 08:00:08.303 970 970 W System: No Compatibility callbacks set! Querying change 247079863
01-01 08:00:08.304 970 970 W System: No Compatibility callbacks set! Querying change 247079863
01-01 08:00:08.304 970 970 W System: No Compatibility callbacks set! Querying change 247079863
01-01 08:00:08.304 970 970 W System: No Compatibility callbacks set! Querying change 247079863
01-01 08:00:08.304 970 970 W System: No Compatibility callbacks set! Querying change 247079863
01-01 08:00:08.304 970 970 W System: No Compatibility callbacks set! Querying change 247079863
01-01 08:00:08.304 970 970 W System: No Compatibility callbacks set! Querying change 247079863
01-01 08:00:08.304 970 970 W System: No Compatibility callbacks set! Querying change 247079863
01-01 08:00:08.304 970 970 W System: No Compatibility callbacks set! Querying change 247079863
01-01 08:00:08.304 970 970 W System: No Compatibility callbacks set! Querying change 247079863
01-01 08:00:08.304 970 970 W System: No Compatibility callbacks set! Querying change 247079863
01-01 08:00:08.304 970 970 W System: No Compatibility callbacks set! Querying change 247079863
01-01 08:00:08.304 970 970 W System: No Compatibility callbacks set! Querying change 247079863
01-01 08:00:08.304 970 970 W System: No Compatibility callbacks set! Querying change 247079863
01-01 08:00:08.304 970 970 W System: No Compatibility callbacks set! Querying change 247079863
01-01 08:00:08.304 970 970 W System: No Compatibility callbacks set! Querying change 247079863
01-01 08:00:08.304 970 970 W System: No Compatibility callbacks set! Querying change 247079863
01-01 08:00:08.304 970 970 W System: No Compatibility callbacks set! Querying change 247079863
01-01 08:00:08.305 970 970 W System: No Compatibility callbacks set! Querying change 247079863
01-01 08:00:08.305 970 970 W System: No Compatibility callbacks set! Querying change 247079863
01-01 08:00:08.305 970 970 W System: No Compatibility callbacks set! Querying change 247079863
01-01 08:00:08.305 970 970 W System: No Compatibility callbacks set! Querying change 247079863
01-01 08:00:08.305 970 970 W System: No Compatibility callbacks set! Querying change 247079863
01-01 08:00:08.305 970 970 W System: No Compatibility callbacks set! Querying change 247079863
01-01 08:00:08.305 970 970 W System: No Compatibility callbacks set! Querying change 247079863
01-01 08:00:08.305 970 970 W System: No Compatibility callbacks set! Querying change 247079863
01-01 08:00:08.305 970 970 W System: No Compatibility callbacks set! Querying change 247079863
01-01 08:00:08.305 970 970 W System: No Compatibility callbacks set! Querying change 247079863
01-01 08:00:08.305 970 970 W System: No Compatibility callbacks set! Querying change 247079863
01-01 08:00:08.305 970 970 W System: No Compatibility callbacks set! Querying change 247079863
01-01 08:00:08.305 970 970 W System: No Compatibility callbacks set! Querying change 247079863
01-01 08:00:08.305 970 970 W System: No Compatibility callbacks set! Querying change 247079863
01-01 08:00:08.305 970 970 W System: No Compatibility callbacks set! Querying change 247079863
01-01 08:00:08.306 970 970 W System: No Compatibility callbacks set! Querying change 247079863
01-01 08:00:08.306 970 970 W System: No Compatibility callbacks set! Querying change 247079863
01-01 08:00:08.306 970 970 W System: No Compatibility callbacks set! Querying change 247079863
01-01 08:00:08.306 970 970 W System: No Compatibility callbacks set! Querying change 247079863
01-01 08:00:08.306 970 970 W System: No Compatibility callbacks set! Querying change 247079863
01-01 08:00:08.306 970 970 W System: No Compatibility callbacks set! Querying change 247079863
01-01 08:00:08.306 970 970 W System: No Compatibility callbacks set! Querying change 247079863
01-01 08:00:08.306 970 970 W System: No Compatibility callbacks set! Querying change 247079863
01-01 08:00:08.306 970 970 W System: No Compatibility callbacks set! Querying change 247079863
01-01 08:00:08.306 970 970 W System: No Compatibility callbacks set! Querying change 247079863
01-01 08:00:08.306 970 970 W System: No Compatibility callbacks set! Querying change 247079863
01-01 08:00:08.306 970 970 W System: No Compatibility callbacks set! Querying change 247079863
01-01 08:00:08.306 970 970 W System: No Compatibility callbacks set! Querying change 247079863
01-01 08:00:08.306 970 970 W System: No Compatibility callbacks set! Querying change 247079863
01-01 08:00:08.307 970 970 W System: No Compatibility callbacks set! Querying change 247079863
01-01 08:00:08.307 970 970 W System: No Compatibility callbacks set! Querying change 247079863
01-01 08:00:08.307 970 970 W System: No Compatibility callbacks set! Querying change 247079863
