06-08 13:54:02.450 351 359 D VehicleRTKHardware: In[setValue][799] prop =291504647 ,289408515
06-08 13:54:02.450 351 359 D VehicleRTKHardware: In[setValue][825].. wirte success...
06-08 13:54:02.451 351 358 D VehicleRTKHal: In[setValues][512]
06-08 13:54:02.451 351 358 D VehicleRTKHardware: Set value for property ID: 291504903
06-08 13:54:02.451 351 359 D VehicleRTKHardware: In[setValue][799] prop =291504903 ,289408515
06-08 13:54:02.451 351 359 D VehicleRTKHardware: In[setValue][825].. wirte success...
06-08 13:54:02.451 351 358 D VehicleRTKHal: In[setValues][512]
06-08 13:54:02.451 351 358 D VehicleRTKHardware: Set value for property ID: 291504897
06-08 13:54:02.451 351 359 D VehicleRTKHardware: In[setValue][799] prop =291504897 ,289408515
06-08 13:54:02.451 351 359 D VehicleRTKHardware: In[setValue][825].. wirte success...
06-08 13:54:02.451 351 358 D VehicleRTKHal: In[setValues][512]
06-08 13:54:02.451 351 358 D VehicleRTKHardware: Set value for property ID: 289408000
06-08 13:54:02.451 351 359 D VehicleRTKHardware: In[setValue][799] prop =289408000 ,289408515
06-08 13:54:02.451 351 359 D VehicleRTKHardware: In[setValue][825].. wirte success...
06-08 13:54:02.451 351 358 D VehicleRTKHal: In[setValues][512]
06-08 13:54:02.451 351 358 D VehicleRTKHardware: Set value for property ID: 287310855
06-08 13:54:02.451 351 359 D VehicleRTKHardware: In[setValue][799] prop =287310855 ,289408515
06-08 13:54:02.451 351 359 D VehicleRTKHardware: In[setValue][825].. wirte success...
06-08 13:54:02.451 351 358 D VehicleRTKHal: In[setValues][512]
06-08 13:54:02.452 351 358 D VehicleRTKHardware: Set value for property ID: 291504644
06-08 13:54:02.452 351 359 D VehicleRTKHardware: In[setValue][799] prop =291504644 ,289408515
06-08 13:54:02.452 351 359 D VehicleRTKHardware: In[setValue][825].. wirte success...
06-08 13:54:02.452 351 358 D VehicleRTKHal: In[setValues][512]
06-08 13:54:02.452 351 358 D VehicleRTKHardware: Set value for property ID: 291504904
06-08 13:54:02.452 351 359 D VehicleRTKHardware: In[setValue][799] prop =291504904 ,289408515
06-08 13:54:02.452 351 359 D VehicleRTKHardware: In[setValue][825].. wirte success...
06-08 13:54:02.452 351 358 D VehicleRTKHal: In[setValues][512]
06-08 13:54:02.452 351 358 D VehicleRTKHardware: Set value for property ID: 291505923
06-08 13:54:02.452 351 359 D VehicleRTKHardware: In[setValue][799] prop =291505923 ,289408515
06-08 13:54:02.452 351 359 D VehicleRTKHardware: In[setValue][825].. wirte success...
06-08 13:54:02.427 855 855 W binder:855_1: type=1400 audit(0.0:160): avc: denied { read } for name="ta_b" dev="tmpfs" ino=57 scontext=u:r:installd:s0 tcontext=u:object_r:tmpfs:s0 tclass=lnk_file permissive=0
06-08 13:54:02.454 970 1072 D StorageManagerService: Thinking about reset, mBootCompleted=false, mDaemonConnected=true
01-01 08:00:23.055 324 324 E realtek-i2c 9801ba00.i2c-4: rtk_i2c_handle_tx_abort: slave address not acknowledged (7bit mode)
06-08 13:54:02.465 970 1072 D StorageManagerService: Thinking about reset, mBootCompleted=false, mDaemonConnected=true
06-08 13:54:02.465 970 970 W SystemServiceManager: Service com.android.server.StorageManagerService$Lifecycle took 54 ms in onStart
06-08 13:54:02.466 970 970 V SystemServerTiming: StartStorageManagerService took to complete: 55ms
06-08 13:54:02.466 970 970 D SystemServerTiming: StartStorageStatsService
06-08 13:54:02.466 970 970 I SystemServiceManager: Starting com.android.server.usage.StorageStatsService$Lifecycle
01-01 08:00:23.073 324 324 E realtek-i2c 9801ba00.i2c-4: rtk_i2c_handle_tx_abort: slave address not acknowledged (7bit mode)
06-08 13:54:02.470 639 639 D MtpDeviceJNI: register_android_mtp_MtpDevice
01-01 08:00:23.077 324 324 E realtek-i2c 9801ba00.i2c-4: rtk_i2c_handle_tx_abort: slave address not acknowledged (7bit mode)
01-01 08:00:23.080 324 324 E realtek-i2c 9801ba00.i2c-4: rtk_i2c_handle_tx_abort: slave address not acknowledged (7bit mode)
06-08 13:54:02.472 855 864 D installd: Found quota mount /dev/block/by-name/metadata at /metadata
06-08 13:54:02.472 855 864 D installd: Found quota mount /dev/block/dm-70 at /data
06-08 13:54:02.472 855 864 D installd: Found quota mount /dev/block/dm-70 at /data/user/0
06-08 13:54:02.474 855 855 D installd: Found quota mount /dev/block/by-name/metadata at /metadata
06-08 13:54:02.474 855 855 D installd: Found quota mount /dev/block/dm-70 at /data
06-08 13:54:02.474 855 855 D installd: Found quota mount /dev/block/dm-70 at /data/user/0
01-01 08:00:23.083 324 324 E realtek-i2c 9801ba00.i2c-4: rtk_i2c_handle_tx_abort: slave address not acknowledged (7bit mode)
06-08 13:54:02.481 970 970 V SystemServerTiming: StartStorageStatsService took to complete: 15ms
06-08 13:54:02.482 970 970 D SystemServerTiming: StartUiModeManager
06-08 13:54:02.482 970 970 I SystemServiceManager: Starting com.android.server.UiModeManagerService
06-08 13:54:02.485 970 996 D SystemServerTimingAsync: InitThreadPoolExec:UiModeManager.onStart
06-08 13:54:02.485 970 996 D SystemServerInitThreadPool: Started executing UiModeManager.onStart
06-08 13:54:02.486 970 970 V SystemServerTiming: StartUiModeManager took to complete: 5ms
06-08 13:54:02.486 970 970 D SystemServerTiming: StartLocaleManagerService
06-08 13:54:02.486 970 970 I SystemServiceManager: Starting com.android.server.locales.LocaleManagerService
06-08 13:54:02.467 855 855 W binder:855_1: type=1400 audit(0.0:161): avc: denied { read } for name="av_fw_b" dev="tmpfs" ino=21 scontext=u:r:installd:s0 tcontext=u:object_r:tmpfs:s0 tclass=lnk_file permissive=0
06-08 13:54:02.489 639 639 W System: No Compatibility callbacks set! Querying change 263076149
06-08 13:54:02.489 639 639 W System: No Compatibility callbacks set! Querying change 263076149
06-08 13:54:02.489 639 639 W System: No Compatibility callbacks set! Querying change 263076149
06-08 13:54:02.489 639 639 W System: No Compatibility callbacks set! Querying change 263076149
06-08 13:54:02.489 639 639 W System: No Compatibility callbacks set! Querying change 263076149
06-08 13:54:02.489 639 639 W System: No Compatibility callbacks set! Querying change 263076149
06-08 13:54:02.489 639 639 W System: No Compatibility callbacks set! Querying change 263076149
06-08 13:54:02.489 639 639 W System: No Compatibility callbacks set! Querying change 263076149
06-08 13:54:02.489 639 639 W System: No Compatibility callbacks set! Querying change 263076149
06-08 13:54:02.489 639 639 W System: No Compatibility callbacks set! Querying change 263076149
06-08 13:54:02.489 639 639 W System: No Compatibility callbacks set! Querying change 263076149
06-08 13:54:02.489 639 639 W System: No Compatibility callbacks set! Querying change 263076149
06-08 13:54:02.493 970 996 D SystemServerInitThreadPool: Finished executing UiModeManager.onStart
06-08 13:54:02.493 970 996 V SystemServerTimingAsync: InitThreadPoolExec:UiModeManager.onStart took to complete: 8ms
06-08 13:54:02.495 970 970 V SystemServerTiming: StartLocaleManagerService took to complete: 9ms
06-08 13:54:02.495 970 970 D SystemServerTiming: StartGrammarInflectionService
06-08 13:54:02.495 970 970 I SystemServiceManager: Starting com.android.server.grammaticalinflection.GrammaticalInflectionService
01-01 08:00:23.093 324 324 E realtek-i2c 9801ba00.i2c-4: rtk_i2c_handle_tx_abort: slave address not acknowledged (7bit mode)
01-01 08:00:23.098 324 324 E realtek-i2c 9801ba00.i2c-4: rtk_i2c_handle_tx_abort: slave address not acknowledged (7bit mode)
06-08 13:54:02.498 970 970 V SystemServerTiming: StartGrammarInflectionService took to complete: 2ms
06-08 13:54:02.498 970 970 D SystemServerTiming: StartAppHibernationService
06-08 13:54:02.498 970 970 I SystemServiceManager: Starting com.android.server.apphibernation.AppHibernationService
06-08 13:54:02.467 855 855 W binder:855_1: type=1400 audit(0.0:162): avc: denied { read } for name="ta_b" dev="tmpfs" ino=57 scontext=u:r:installd:s0 tcontext=u:object_r:tmpfs:s0 tclass=lnk_file permissive=0
06-08 13:54:02.504 639 639 I zygote: Thread[1,tid=639,Native,Thread*=0xdc5c4610,peer=0x12c00078,"main"] recursive attempt to load library "librtp_jni.so"
01-01 08:00:23.109 324 324 E realtek-i2c 9801ba00.i2c-4: rtk_i2c_handle_tx_abort: slave address not acknowledged (7bit mode)
06-08 13:54:02.467 855 855 W binder:855_2: type=1400 audit(0.0:163): avc: denied { read } for name="av_fw_b" dev="tmpfs" ino=21 scontext=u:r:installd:s0 tcontext=u:object_r:tmpfs:s0 tclass=lnk_file permissive=0
06-08 13:54:02.512 970 970 V SystemServerTiming: StartAppHibernationService took to complete: 15ms
06-08 13:54:02.512 970 970 D SystemServerTiming: ArtManagerLocal
01-01 08:00:23.117 324 324 E realtek-i2c 9801ba00.i2c-4: rtk_i2c_handle_tx_abort: slave address not acknowledged (7bit mode)
01-01 08:00:23.124 324 324 E realtek-i2c 9801ba00.i2c-4: rtk_i2c_handle_tx_abort: slave address not acknowledged (7bit mode)
01-01 08:00:23.127 324 324 E realtek-i2c 9801ba00.i2c-4: rtk_i2c_handle_tx_abort: slave address not acknowledged (7bit mode)
06-08 13:54:02.513 651 743 I Camera-Pvdr-car: handleUevent: data:0xb400007a5183a650 msg:change@/devices/platform/regulatory.0 len:1023
06-08 13:54:02.513 651 743 I Camera-Pvdr-car: handleSwitchEvent
06-08 13:54:02.514 970 970 V SystemServerTiming: ArtManagerLocal took to complete: 1ms
06-08 13:54:02.514 970 970 D SystemServerTiming: UpdatePackagesIfNeeded
06-08 13:54:02.514 970 970 I Watchdog: Pausing HandlerChecker: main thread for reason: dexopt. Pause count: 1
06-08 13:54:02.514 970 970 I Watchdog: Resuming HandlerChecker: main thread for reason: dexopt. Pause count: 0
06-08 13:54:02.514 970 970 V SystemServerTiming: UpdatePackagesIfNeeded took to complete: 1ms
06-08 13:54:02.515 970 970 D SystemServerTiming: PerformFstrimIfNeeded
06-08 13:54:02.516 970 970 V SystemServerTiming: PerformFstrimIfNeeded took to complete: 1ms
06-08 13:54:02.516 970 970 D SystemServerTiming: StartLockSettingsService
06-08 13:54:02.516 970 970 I SystemServiceManager: Starting com.android.server.locksettings.LockSettingsService$Lifecycle
06-08 13:54:02.467 855 855 W binder:855_2: type=1400 audit(0.0:164): avc: denied { read } for name="ta_b" dev="tmpfs" ino=57 scontext=u:r:installd:s0 tcontext=u:object_r:tmpfs:s0 tclass=lnk_file permissive=0
06-08 13:54:02.503 678 678 W binder:678_2: type=1400 audit(0.0:165): avc: denied { getattr } for path="/sys/devices/platform/soc@0/98000000.rbus/98007088.rtk-usb-manager/9800773c.usb-phy/extcon/extcon0/state" dev="sysfs" ino=53074 scontext=u:r:hal_graphics_composer_default:s0 tcontext=u:object_r:sysfs:s0 tclass=file permissive=0
06-08 13:54:02.521 639 639 W System: No Compatibility callbacks set! Querying change 263076149
06-08 13:54:02.521 639 639 W System: No Compatibility callbacks set! Querying change 263076149
06-08 13:54:02.521 639 639 W System: No Compatibility callbacks set! Querying change 263076149
01-01 08:00:23.130 324 324 E realtek-i2c 9801ba00.i2c-4: rtk_i2c_handle_tx_abort: slave address not acknowledged (7bit mode)
01-01 08:00:23.140 324 324 E realtek-i2c 9801ba00.i2c-4: rtk_i2c_handle_tx_abort: slave address not acknowledged (7bit mode)
01-01 08:00:23.143 324 324 E realtek-i2c 9801ba00.i2c-4: rtk_i2c_handle_tx_abort: slave address not acknowledged (7bit mode)
01-01 08:00:23.146 324 324 E realtek-i2c 9801ba00.i2c-4: rtk_i2c_handle_tx_abort: slave address not acknowledged (7bit mode)
06-08 13:54:02.503 678 678 W binder:678_2: type=1400 audit(0.0:166): avc: denied { getattr } for path="/sys/devices/platform/soc@0/98000000.rbus/98007088.rtk-usb-manager/98007220.type-c/extcon/extcon1/state" dev="sysfs" ino=55415 scontext=u:r:hal_graphics_composer_default:s0 tcontext=u:object_r:sysfs:s0 tclass=file permissive=0
06-08 13:54:02.548 970 970 V SystemServerTiming: StartLockSettingsService took to complete: 32ms
06-08 13:54:02.548 970 970 D SystemServerTiming: StartPersistentDataBlock
06-08 13:54:02.548 970 970 I SystemServiceManager: Starting com.android.server.PersistentDataBlockService
06-08 13:54:02.549 970 1038 D SystemServerTimingAsync: InitThreadPoolExec:PersistentDataBlockService.onStart
06-08 13:54:02.549 970 1038 D SystemServerInitThreadPool: Started executing PersistentDataBlockService.onStart
01-01 08:00:23.156 324 324 E realtek-i2c 9801ba00.i2c-4: rtk_i2c_handle_tx_abort: slave address not acknowledged (7bit mode)
06-08 13:54:02.550 970 970 V SystemServerTiming: StartPersistentDataBlock took to complete: 1ms
06-08 13:54:02.550 970 970 D SystemServerTiming: StartTestHarnessMode
01-01 08:00:23.160 324 324 E realtek-i2c 9801ba00.i2c-4: rtk_i2c_handle_tx_abort: slave address not acknowledged (7bit mode)
01-01 08:00:23.164 324 324 E realtek-i2c 9801ba00.i2c-4: rtk_i2c_handle_tx_abort: slave address not acknowledged (7bit mode)
01-01 08:00:23.167 324 324 E realtek-i2c 9801ba00.i2c-4: rtk_i2c_handle_tx_abort: slave address not acknowledged (7bit mode)
06-08 13:54:02.562 639 639 W Zygote: Class not found for preloading: android.security.GenerateRkpKey$1
06-08 13:54:02.562 639 639 W Zygote: Class not found for preloading: android.security.GenerateRkpKey
06-08 13:54:02.564 970 970 I SystemServiceManager: Starting com.android.server.testharness.TestHarnessModeService
06-08 13:54:02.567 639 639 W Zygote: Class not found for preloading: android.security.keystore2.AndroidKeyStoreKeyPairGeneratorSpi$GenerateKeyPairHelperResult
01-01 08:00:23.170 324 324 E realtek-i2c 9801ba00.i2c-4: rtk_i2c_handle_tx_abort: slave address not acknowledged (7bit mode)
01-01 08:00:23.173 324 324 E realtek-i2c 9801ba00.i2c-4: rtk_i2c_handle_tx_abort: slave address not acknowledged (7bit mode)
06-08 13:54:02.570 639 639 W Zygote: Class not found for preloading: android.service.notification.ZenModeConfig$Diff
06-08 13:54:02.571 970 970 V SystemServerTiming: StartTestHarnessMode took to complete: 21ms
01-01 08:00:23.176 324 324 E realtek-i2c 9801ba00.i2c-4: rtk_i2c_handle_tx_abort: slave address not acknowledged (7bit mode)
06-08 13:54:02.571 970 970 D SystemServerTiming: StartOemLockService
06-08 13:54:02.571 970 970 I SystemServiceManager: Starting com.android.server.oemlock.OemLockService
06-08 13:54:02.578 278 278 I hwservicemanager: getTransport: Cannot find entry android.hardware.oemlock@1.0::IOemLock/default in either framework or device VINTF manifest.
06-08 13:54:02.579 970 970 I OemLock: OemLock Hidl HAL not present on device
06-08 13:54:02.579 970 970 I OemLock: Using persistent data block based lock
01-01 08:00:23.179 324 324 E realtek-i2c 9801ba00.i2c-4: rtk_i2c_handle_tx_abort: slave address not acknowledged (7bit mode)
01-01 08:00:23.180 273 273 I servicemanager: Could not find android.hardware.oemlock.IOemLock/default in the VINTF manifest.
01-01 08:00:23.182 324 324 E realtek-i2c 9801ba00.i2c-4: rtk_i2c_handle_tx_abort: slave address not acknowledged (7bit mode)
06-08 13:54:02.580 970 970 V SystemServerTiming: StartOemLockService took to complete: 10ms
06-08 13:54:02.581 970 970 D SystemServerTiming: StartDeviceIdleController
06-08 13:54:02.581 970 970 I SystemServiceManager: Starting com.android.server.DeviceIdleController
01-01 08:00:23.187 324 324 E realtek-i2c 9801ba00.i2c-4: rtk_i2c_handle_tx_abort: slave address not acknowledged (7bit mode)
01-01 08:00:23.190 324 324 E realtek-i2c 9801ba00.i2c-4: rtk_i2c_handle_tx_abort: slave address not acknowledged (7bit mode)
06-08 13:54:02.589 970 970 V SystemServerTiming: StartDeviceIdleController took to complete: 9ms
06-08 13:54:02.590 970 970 D SystemServerTiming: StartDevicePolicyManager
06-08 13:54:02.590 970 970 I SystemServiceManager: Starting com.android.server.devicepolicy.DevicePolicyManagerService$Lifecycle
01-01 08:00:23.194 324 324 E realtek-i2c 9801ba00.i2c-4: rtk_i2c_handle_tx_abort: slave address not acknowledged (7bit mode)
01-01 08:00:23.197 324 324 E realtek-i2c 9801ba00.i2c-4: rtk_i2c_handle_tx_abort: slave address not acknowledged (7bit mode)
01-01 08:00:23.200 324 324 E realtek-i2c 9801ba00.i2c-4: rtk_i2c_handle_tx_abort: slave address not acknowledged (7bit mode)
01-01 08:00:23.203 324 324 E realtek-i2c 9801ba00.i2c-4: rtk_i2c_handle_tx_abort: slave address not acknowledged (7bit mode)
01-01 08:00:23.206 324 324 E realtek-i2c 9801ba00.i2c-4: rtk_i2c_handle_tx_abort: slave address not acknowledged (7bit mode)
01-01 08:00:23.209 324 324 E realtek-i2c 9801ba00.i2c-4: rtk_i2c_handle_tx_abort: slave address not acknowledged (7bit mode)
01-01 08:00:23.212 324 324 E realtek-i2c 9801ba00.i2c-4: rtk_i2c_handle_tx_abort: slave address not acknowledged (7bit mode)
01-01 08:00:23.215 324 324 E realtek-i2c 9801ba00.i2c-4: rtk_i2c_handle_tx_abort: slave address not acknowledged (7bit mode)
06-08 13:54:02.613 970 970 I DevicePolicyManager: Current version 6, latest version 6, not upgrading.
01-01 08:00:23.219 324 324 E realtek-i2c 9801ba00.i2c-4: rtk_i2c_handle_tx_abort: slave address not acknowledged (7bit mode)
01-01 08:00:23.222 324 324 E realtek-i2c 9801ba00.i2c-4: rtk_i2c_handle_tx_abort: slave address not acknowledged (7bit mode)
06-08 13:54:02.618 639 639 W zygote: Core platform API violation: Llibcore/io/Memory;->peekLong(JZ)J from Lcom/android/framework/protobuf/UnsafeUtil; using reflection
06-08 13:54:02.618 639 639 W zygote: Core platform API violation: Llibcore/io/Memory;->pokeLong(JJZ)V from Lcom/android/framework/protobuf/UnsafeUtil; using reflection
06-08 13:54:02.618 639 639 W zygote: Core platform API violation: Llibcore/io/Memory;->pokeInt(JIZ)V from Lcom/android/framework/protobuf/UnsafeUtil; using reflection
06-08 13:54:02.618 639 639 W zygote: Core platform API violation: Llibcore/io/Memory;->peekInt(JZ)I from Lcom/android/framework/protobuf/UnsafeUtil; using reflection
06-08 13:54:02.618 639 639 W zygote: Core platform API violation: Llibcore/io/Memory;->pokeByte(JB)V from Lcom/android/framework/protobuf/UnsafeUtil; using reflection
06-08 13:54:02.618 639 639 W zygote: Core platform API violation: Llibcore/io/Memory;->peekByte(J)B from Lcom/android/framework/protobuf/UnsafeUtil; using reflection
06-08 13:54:02.618 639 639 W zygote: Core platform API violation: Llibcore/io/Memory;->pokeByteArray(J[BII)V from Lcom/android/framework/protobuf/UnsafeUtil; using reflection
06-08 13:54:02.618 639 639 W zygote: Core platform API violation: Llibcore/io/Memory;->peekByteArray(J[BII)V from Lcom/android/framework/protobuf/UnsafeUtil; using reflection
06-08 13:54:02.621 970 970 I DevicePolicyManager: Set ro.organization_owned property to false
06-08 13:54:02.623 970 970 D DevicePolicyManagerService: /data/system/updated_resources.xml doesn't exist
01-01 08:00:23.225 324 324 E realtek-i2c 9801ba00.i2c-4: rtk_i2c_handle_tx_abort: slave address not acknowledged (7bit mode)
01-01 08:00:23.228 324 324 E realtek-i2c 9801ba00.i2c-4: rtk_i2c_handle_tx_abort: slave address not acknowledged (7bit mode)
06-08 13:54:02.625 970 970 D DevicePolicyEngine: Reading device policies from file.
01-01 08:00:23.232 324 324 E realtek-i2c 9801ba00.i2c-4: rtk_i2c_handle_tx_abort: slave address not acknowledged (7bit mode)
01-01 08:00:23.235 324 324 E realtek-i2c 9801ba00.i2c-4: rtk_i2c_handle_tx_abort: slave address not acknowledged (7bit mode)
01-01 08:00:23.238 324 324 E realtek-i2c 9801ba00.i2c-4: rtk_i2c_handle_tx_abort: slave address not acknowledged (7bit mode)
01-01 08:00:23.242 324 324 E realtek-i2c 9801ba00.i2c-4: rtk_i2c_handle_tx_abort: slave address not acknowledged (7bit mode)
06-08 13:54:02.638 970 970 D DevicePolicyEngine: Reading from /data/system/device_policy_state.xml
06-08 13:54:02.640 639 639 W Zygote: Class not found for preloading: android.view.ViewRootImpl$8$1
01-01 08:00:23.246 324 324 E realtek-i2c 9801ba00.i2c-4: rtk_i2c_handle_tx_abort: slave address not acknowledged (7bit mode)
06-08 13:54:02.643 639 639 W Zygote: Class not found for preloading: android.view.autofill.AutofillManager$$ExternalSyntheticLambda5
01-01 08:00:23.249 324 324 E realtek-i2c 9801ba00.i2c-4: rtk_i2c_handle_tx_abort: slave address not acknowledged (7bit mode)
06-08 13:54:02.645 970 970 V SystemServerTiming: StartDevicePolicyManager took to complete: 56ms
06-08 13:54:02.645 970 970 D SystemServerTiming: StartStatusBarManagerService
01-01 08:00:23.252 324 324 E realtek-i2c 9801ba00.i2c-4: rtk_i2c_handle_tx_abort: slave address not acknowledged (7bit mode)
06-08 13:54:02.648 639 639 W Zygote: Class not found for preloading: android.view.selectiontoolbar.SelectionToolbarManager
01-01 08:00:23.255 324 324 E realtek-i2c 9801ba00.i2c-4: rtk_i2c_handle_tx_abort: slave address not acknowledged (7bit mode)
06-08 13:54:02.653 351 358 D VehicleRTKHal: In[setValues][512]
06-08 13:54:02.653 351 358 D VehicleRTKHardware: Set value for property ID: 291504901
06-08 13:54:02.653 351 359 D VehicleRTKHardware: In[setValue][799] prop =291504901 ,289408515
06-08 13:54:02.653 351 359 D VehicleRTKHardware: In[setValue][825].. wirte success...
06-08 13:54:02.653 351 358 D VehicleRTKHal: In[setValues][512]
06-08 13:54:02.653 351 358 D VehicleRTKHardware: Set value for property ID: 291504647
06-08 13:54:02.653 351 359 D VehicleRTKHardware: In[setValue][799] prop =291504647 ,289408515
06-08 13:54:02.653 351 359 D VehicleRTKHardware: In[setValue][825].. wirte success...
06-08 13:54:02.653 351 358 D VehicleRTKHal: In[setValues][512]
06-08 13:54:02.653 351 358 D VehicleRTKHardware: Set value for property ID: 291504903
06-08 13:54:02.653 351 359 D VehicleRTKHardware: In[setValue][799] prop =291504903 ,289408515
06-08 13:54:02.653 351 359 D VehicleRTKHardware: In[setValue][825].. wirte success...
06-08 13:54:02.654 351 358 D VehicleRTKHal: In[setValues][512]
06-08 13:54:02.654 351 358 D VehicleRTKHardware: Set value for property ID: 291504897
06-08 13:54:02.654 351 359 D VehicleRTKHardware: In[setValue][799] prop =291504897 ,289408515
06-08 13:54:02.654 351 359 D VehicleRTKHardware: In[setValue][825].. wirte success...
06-08 13:54:02.654 351 358 D VehicleRTKHal: In[setValues][512]
06-08 13:54:02.654 351 358 D VehicleRTKHardware: Set value for property ID: 289408000
06-08 13:54:02.654 351 359 D VehicleRTKHardware: In[setValue][799] prop =289408000 ,289408515
06-08 13:54:02.654 351 359 D VehicleRTKHardware: In[setValue][825].. wirte success...
06-08 13:54:02.654 351 358 D VehicleRTKHal: In[setValues][512]
06-08 13:54:02.654 351 358 D VehicleRTKHardware: Set value for property ID: 287310855
06-08 13:54:02.654 351 359 D VehicleRTKHardware: In[setValue][799] prop =287310855 ,289408515
06-08 13:54:02.654 351 359 D VehicleRTKHardware: In[setValue][825].. wirte success...
06-08 13:54:02.654 351 358 D VehicleRTKHal: In[setValues][512]
06-08 13:54:02.654 351 358 D VehicleRTKHardware: Set value for property ID: 291504644
06-08 13:54:02.654 351 359 D VehicleRTKHardware: In[setValue][799] prop =291504644 ,289408515
06-08 13:54:02.654 351 359 D VehicleRTKHardware: In[setValue][825].. wirte success...
06-08 13:54:02.655 351 358 D VehicleRTKHal: In[setValues][512]
06-08 13:54:02.655 351 358 D VehicleRTKHardware: Set value for property ID: 291504904
06-08 13:54:02.655 351 359 D VehicleRTKHardware: In[setValue][799] prop =291504904 ,289408515
06-08 13:54:02.655 351 359 D VehicleRTKHardware: In[setValue][825].. wirte success...
06-08 13:54:02.655 351 358 D VehicleRTKHal: In[setValues][512]
06-08 13:54:02.655 351 358 D VehicleRTKHardware: Set value for property ID: 291505923
06-08 13:54:02.655 351 359 D VehicleRTKHardware: In[setValue][799] prop =291505923 ,289408515
06-08 13:54:02.655 351 359 D VehicleRTKHardware: In[setValue][825].. wirte success...
01-01 08:00:23.258 324 324 E realtek-i2c 9801ba00.i2c-4: rtk_i2c_handle_tx_abort: slave address not acknowledged (7bit mode)
01-01 08:00:23.261 324 324 E realtek-i2c 9801ba00.i2c-4: rtk_i2c_handle_tx_abort: slave address not acknowledged (7bit mode)
06-08 13:54:02.656 970 970 V SystemServerTiming: StartStatusBarManagerService took to complete: 11ms
06-08 13:54:02.657 970 970 D SystemServer: MusicRecognitionManagerService not defined by OEM or disabled by flag
06-08 13:54:02.657 970 970 D SystemServer: ContentCaptureService disabled because resource is not overlaid
06-08 13:54:02.657 970 970 D SystemServer: AttentionService is not configured on this device
06-08 13:54:02.658 970 970 D SystemServer: RotationResolverService is not configured on this device
06-08 13:54:02.658 970 970 D SystemServer: SystemCaptionsManagerService disabled because resource is not overlaid
06-08 13:54:02.658 970 970 D SystemServerTiming: StartTextToSpeechManagerService
01-01 08:00:23.264 324 324 E realtek-i2c 9801ba00.i2c-4: rtk_i2c_handle_tx_abort: slave address not acknowledged (7bit mode)
01-01 08:00:23.266 1 1 I init: Service 'exec 17 (/system/bin/extra_free_kbytes.sh 24000)' (pid 1073) exited with status 0 waiting took 0.238000 seconds
06-08 13:54:02.658 970 970 I SystemServiceManager: Starting com.android.server.texttospeech.TextToSpeechManagerService
06-08 13:54:02.662 639 639 W Zygote: Class not found for preloading: android.widget.ViewFlipper$2
01-01 08:00:23.266 324 324 E realtek-i2c 9801ba00.i2c-4: rtk_i2c_handle_tx_abort: slave address not acknowledged (7bit mode)
01-01 08:00:23.270 1 1 I init: Sending signal 9 to service 'exec 17 (/system/bin/extra_free_kbytes.sh 24000)' (pid 1073) process group...
06-08 13:54:02.668 639 639 W System: No Compatibility callbacks set! Querying change 247079863
06-08 13:54:02.668 639 639 W System: No Compatibility callbacks set! Querying change 247079863
06-08 13:54:02.668 639 639 W System: No Compatibility callbacks set! Querying change 247079863
06-08 13:54:02.668 639 639 W System: No Compatibility callbacks set! Querying change 247079863
06-08 13:54:02.668 639 639 W System: No Compatibility callbacks set! Querying change 247079863
06-08 13:54:02.668 639 639 W System: No Compatibility callbacks set! Querying change 247079863
06-08 13:54:02.668 639 639 W System: No Compatibility callbacks set! Querying change 247079863
06-08 13:54:02.668 639 639 W System: No Compatibility callbacks set! Querying change 247079863
06-08 13:54:02.668 639 639 W System: No Compatibility callbacks set! Querying change 247079863
06-08 13:54:02.668 639 639 W System: No Compatibility callbacks set! Querying change 247079863
06-08 13:54:02.668 639 639 W System: No Compatibility callbacks set! Querying change 247079863
06-08 13:54:02.668 639 639 W System: No Compatibility callbacks set! Querying change 247079863
06-08 13:54:02.668 639 639 W System: No Compatibility callbacks set! Querying change 247079863
06-08 13:54:02.668 639 639 W System: No Compatibility callbacks set! Querying change 247079863
06-08 13:54:02.668 639 639 W System: No Compatibility callbacks set! Querying change 247079863
06-08 13:54:02.668 639 639 W System: No Compatibility callbacks set! Querying change 247079863
06-08 13:54:02.668 639 639 W System: No Compatibility callbacks set! Querying change 247079863
06-08 13:54:02.668 639 639 W System: No Compatibility callbacks set! Querying change 247079863
06-08 13:54:02.668 639 639 W System: No Compatibility callbacks set! Querying change 247079863
06-08 13:54:02.668 639 639 W System: No Compatibility callbacks set! Querying change 247079863
06-08 13:54:02.668 639 639 W System: No Compatibility callbacks set! Querying change 247079863
06-08 13:54:02.668 639 639 W System: No Compatibility callbacks set! Querying change 247079863
06-08 13:54:02.668 639 639 W System: No Compatibility callbacks set! Querying change 247079863
06-08 13:54:02.668 639 639 W System: No Compatibility callbacks set! Querying change 247079863
06-08 13:54:02.668 639 639 W System: No Compatibility callbacks set! Querying change 247079863
06-08 13:54:02.668 639 639 W System: No Compatibility callbacks set! Querying change 247079863
06-08 13:54:02.668 639 639 W System: No Compatibility callbacks set! Querying change 247079863
06-08 13:54:02.668 639 639 W System: No Compatibility callbacks set! Querying change 247079863
06-08 13:54:02.668 639 639 W System: No Compatibility callbacks set! Querying change 247079863
06-08 13:54:02.668 639 639 W System: No Compatibility callbacks set! Querying change 247079863
06-08 13:54:02.668 639 639 W System: No Compatibility callbacks set! Querying change 247079863
06-08 13:54:02.668 639 639 W System: No Compatibility callbacks set! Querying change 247079863
06-08 13:54:02.668 639 639 W System: No Compatibility callbacks set! Querying change 247079863
06-08 13:54:02.668 639 639 W System: No Compatibility callbacks set! Querying change 247079863
06-08 13:54:02.668 639 639 W System: No Compatibility callbacks set! Querying change 247079863
06-08 13:54:02.668 639 639 W System: No Compatibility callbacks set! Querying change 247079863
06-08 13:54:02.668 639 639 W System: No Compatibility callbacks set! Querying change 247079863
06-08 13:54:02.668 639 639 W System: No Compatibility callbacks set! Querying change 247079863
06-08 13:54:02.668 639 639 W System: No Compatibility callbacks set! Querying change 247079863
06-08 13:54:02.668 639 639 W System: No Compatibility callbacks set! Querying change 247079863
06-08 13:54:02.668 639 639 W System: No Compatibility callbacks set! Querying change 247079863
06-08 13:54:02.668 639 639 W System: No Compatibility callbacks set! Querying change 247079863
06-08 13:54:02.668 639 639 W System: No Compatibility callbacks set! Querying change 247079863
06-08 13:54:02.668 639 639 W System: No Compatibility callbacks set! Querying change 247079863
06-08 13:54:02.668 639 639 W System: No Compatibility callbacks set! Querying change 247079863
06-08 13:54:02.668 639 639 W System: No Compatibility callbacks set! Querying change 247079863
06-08 13:54:02.668 639 639 W System: No Compatibility callbacks set! Querying change 247079863
06-08 13:54:02.668 639 639 W System: No Compatibility callbacks set! Querying change 247079863
06-08 13:54:02.668 639 639 W System: No Compatibility callbacks set! Querying change 247079863
06-08 13:54:02.668 639 639 W System: No Compatibility callbacks set! Querying change 247079863
06-08 13:54:02.668 639 639 W System: No Compatibility callbacks set! Querying change 247079863
06-08 13:54:02.668 639 639 W System: No Compatibility callbacks set! Querying change 247079863
06-08 13:54:02.669 639 639 W System: No Compatibility callbacks set! Querying change 247079863
06-08 13:54:02.669 639 639 W System: No Compatibility callbacks set! Querying change 247079863
06-08 13:54:02.669 639 639 W System: No Compatibility callbacks set! Querying change 247079863
06-08 13:54:02.669 639 639 W System: No Compatibility callbacks set! Querying change 247079863
06-08 13:54:02.669 639 639 W System: No Compatibility callbacks set! Querying change 247079863
06-08 13:54:02.669 639 639 W System: No Compatibility callbacks set! Querying change 247079863
06-08 13:54:02.669 639 639 W System: No Compatibility callbacks set! Querying change 247079863
06-08 13:54:02.669 639 639 W System: No Compatibility callbacks set! Querying change 247079863
06-08 13:54:02.669 639 639 W System: No Compatibility callbacks set! Querying change 247079863
06-08 13:54:02.669 639 639 W System: No Compatibility callbacks set! Querying change 247079863
06-08 13:54:02.669 639 639 W System: No Compatibility callbacks set! Querying change 247079863
06-08 13:54:02.669 639 639 W System: No Compatibility callbacks set! Querying change 247079863
06-08 13:54:02.669 639 639 W System: No Compatibility callbacks set! Querying change 247079863
06-08 13:54:02.669 639 639 W System: No Compatibility callbacks set! Querying change 247079863
06-08 13:54:02.669 639 639 W System: No Compatibility callbacks set! Querying change 247079863
06-08 13:54:02.669 639 639 W System: No Compatibility callbacks set! Querying change 247079863
06-08 13:54:02.669 639 639 W System: No Compatibility callbacks set! Querying change 247079863
06-08 13:54:02.669 639 639 W System: No Compatibility callbacks set! Querying change 247079863
06-08 13:54:02.669 639 639 W System: No Compatibility callbacks set! Querying change 247079863
06-08 13:54:02.669 639 639 W System: No Compatibility callbacks set! Querying change 247079863
06-08 13:54:02.669 639 639 W System: No Compatibility callbacks set! Querying change 247079863
06-08 13:54:02.669 639 639 W System: No Compatibility callbacks set! Querying change 247079863
06-08 13:54:02.669 639 639 W System: No Compatibility callbacks set! Querying change 247079863
06-08 13:54:02.669 639 639 W System: No Compatibility callbacks set! Querying change 247079863
06-08 13:54:02.669 639 639 W System: No Compatibility callbacks set! Querying change 247079863
06-08 13:54:02.669 639 639 W System: No Compatibility callbacks set! Querying change 247079863
06-08 13:54:02.669 639 639 W System: No Compatibility callbacks set! Querying change 247079863
06-08 13:54:02.669 639 639 W System: No Compatibility callbacks set! Querying change 247079863
06-08 13:54:02.669 639 639 W System: No Compatibility callbacks set! Querying change 247079863
06-08 13:54:02.669 639 639 W System: No Compatibility callbacks set! Querying change 247079863
06-08 13:54:02.669 639 639 W System: No Compatibility callbacks set! Querying change 247079863
06-08 13:54:02.669 639 639 W System: No Compatibility callbacks set! Querying change 247079863
06-08 13:54:02.669 639 639 W System: No Compatibility callbacks set! Querying change 247079863
06-08 13:54:02.669 639 639 W System: No Compatibility callbacks set! Querying change 247079863
06-08 13:54:02.669 639 639 W System: No Compatibility callbacks set! Querying change 247079863
06-08 13:54:02.669 639 639 W System: No Compatibility callbacks set! Querying change 247079863
06-08 13:54:02.669 639 639 W System: No Compatibility callbacks set! Querying change 247079863
06-08 13:54:02.669 639 639 W System: No Compatibility callbacks set! Querying change 247079863
06-08 13:54:02.669 639 639 W System: No Compatibility callbacks set! Querying change 247079863
06-08 13:54:02.669 639 639 W System: No Compatibility callbacks set! Querying change 247079863
06-08 13:54:02.669 639 639 W System: No Compatibility callbacks set! Querying change 247079863
06-08 13:54:02.669 639 639 W System: No Compatibility callbacks set! Querying change 247079863
06-08 13:54:02.669 639 639 W System: No Compatibility callbacks set! Querying change 247079863
06-08 13:54:02.669 639 639 W System: No Compatibility callbacks set! Querying change 247079863
06-08 13:54:02.669 639 639 W System: No Compatibility callbacks set! Querying change 247079863
06-08 13:54:02.669 639 639 W System: No Compatibility callbacks set! Querying change 247079863
06-08 13:54:02.669 639 639 W System: No Compatibility callbacks set! Querying change 247079863
06-08 13:54:02.669 639 639 W System: No Compatibility callbacks set! Querying change 247079863
06-08 13:54:02.669 639 639 W System: No Compatibility callbacks set! Querying change 247079863
06-08 13:54:02.669 639 639 W System: No Compatibility callbacks set! Querying change 247079863
06-08 13:54:02.669 639 639 W System: No Compatibility callbacks set! Querying change 247079863
06-08 13:54:02.669 639 639 W System: No Compatibility callbacks set! Querying change 247079863
01-01 08:00:23.272 324 324 E realtek-i2c 9801ba00.i2c-4: rtk_i2c_handle_tx_abort: slave address not acknowledged (7bit mode)
01-01 08:00:23.275 1 1 I libprocessgroup: Successfully killed process cgroup uid 0 pid 1073 in 0ms
06-08 13:54:02.670 970 970 V SystemServerTiming: StartTextToSpeechManagerService took to complete: 12ms
06-08 13:54:02.670 970 970 D SystemServerTiming: StartAmbientContextService
06-08 13:54:02.671 970 970 I SystemServiceManager: Starting com.android.server.ambientcontext.AmbientContextManagerService
06-08 13:54:02.672 970 970 V SystemServerTiming: StartAmbientContextService took to complete: 2ms
06-08 13:54:02.672 970 970 D SystemServerTiming: startWearableSensingService
06-08 13:54:02.673 970 970 I SystemServiceManager: Starting com.android.server.wearable.WearableSensingManagerService
06-08 13:54:02.676 639 865 I zygote: Background young concurrent copying GC freed 72753(2723KB) AllocSpace objects, 4(96KB) LOS objects, 18% free, 8431KB/10MB, paused 5.882ms,30us total 160.141ms
06-08 13:54:02.676 970 970 V SystemServerTiming: startWearableSensingService took to complete: 4ms
06-08 13:54:02.676 970 970 D SystemServerTiming: StartSpeechRecognitionManagerService
06-08 13:54:02.677 970 970 I SystemServiceManager: Starting com.android.server.speech.SpeechRecognitionManagerService
01-01 08:00:23.281 324 324 E realtek-i2c 9801ba00.i2c-4: rtk_i2c_handle_tx_abort: slave address not acknowledged (7bit mode)
06-08 13:54:02.678 970 1038 D SystemServerInitThreadPool: Finished executing PersistentDataBlockService.onStart
06-08 13:54:02.678 970 1038 V SystemServerTimingAsync: InitThreadPoolExec:PersistentDataBlockService.onStart took to complete: 129ms
06-08 13:54:02.679 970 970 V SystemServerTiming: StartSpeechRecognitionManagerService took to complete: 3ms
06-08 13:54:02.679 970 970 D SystemServer: AppPredictionService not defined by OEM
06-08 13:54:02.679 970 970 D SystemServer: ContentSuggestionsService not defined by OEM
06-08 13:54:02.680 970 970 D SystemServerTiming: StartSearchUiService
06-08 13:54:02.680 970 970 I SystemServiceManager: Starting com.android.server.searchui.SearchUiManagerService
06-08 13:54:02.682 970 970 V SystemServerTiming: StartSearchUiService took to complete: 3ms
06-08 13:54:02.682 970 970 D SystemServerTiming: StartSmartspaceService
06-08 13:54:02.683 970 970 I SystemServiceManager: Starting com.android.server.smartspace.SmartspaceManagerService
06-08 13:54:02.685 970 970 V SystemServerTiming: StartSmartspaceService took to complete: 3ms
06-08 13:54:02.685 970 970 D SystemServerTiming: InitConnectivityModuleConnector
06-08 13:54:02.686 970 970 D ConnectivityModuleConnector: Network stack init
06-08 13:54:02.686 970 970 V SystemServerTiming: InitConnectivityModuleConnector took to complete: 0ms
06-08 13:54:02.686 970 970 D SystemServerTiming: InitNetworkStackClient
06-08 13:54:02.686 970 970 D NetworkStackClient: Network stack init
06-08 13:54:02.686 970 970 V SystemServerTiming: InitNetworkStackClient took to complete: 0ms
06-08 13:54:02.687 970 970 D SystemServerTiming: StartNetworkManagementService
06-08 13:54:02.693 617 662 I netd: registerUnsolicitedEventListener(interface:0xb4000073b6c17d20) <0.06ms>
06-08 13:54:02.694 970 970 V SystemServerTiming: StartNetworkManagementService took to complete: 7ms
06-08 13:54:02.694 970 970 D SystemServerTiming: StartFontManagerService
06-08 13:54:02.697 970 970 D CompatibilityChangeReporter: Compat change id reported: 247079863; UID 1000; state: ENABLED
06-08 13:54:02.701 639 639 W Zygote: Class not found for preloading: com.android.internal.policy.DividerSnapAlgorithm$SnapTarget
06-08 13:54:02.701 639 639 W Zygote: Class not found for preloading: com.android.internal.policy.DividerSnapAlgorithm
06-08 13:54:02.701 639 639 W Zygote: Class not found for preloading: com.android.internal.policy.DockedDividerUtils
06-08 13:54:02.704 639 639 W System: No Compatibility callbacks set! Querying change 263076149
06-08 13:54:02.757 970 983 W System: A resource failed to call close.
06-08 13:54:02.757 970 983 W System: A resource failed to call close.
06-08 13:54:02.757 970 983 W System: A resource failed to call close.
06-08 13:54:02.784 639 639 W System: No Compatibility callbacks set! Querying change 263076149
06-08 13:54:02.784 639 639 W System: No Compatibility callbacks set! Querying change 263076149
01-01 08:00:23.393 324 324 E realtek-i2c 9801ba00.i2c-4: rtk_i2c_handle_tx_abort: slave address not acknowledged (7bit mode)
01-01 08:00:23.396 324 324 E realtek-i2c 9801ba00.i2c-4: rtk_i2c_handle_tx_abort: slave address not acknowledged (7bit mode)
06-08 13:54:02.797 639 639 W Zygote: Class not found for preloading: com.android.internal.telephony.SubscriptionController$$ExternalSyntheticLambda0
06-08 13:54:02.798 639 639 W Zygote: Class not found for preloading: com.android.internal.telephony.SubscriptionController$$ExternalSyntheticLambda10
06-08 13:54:02.798 639 639 W Zygote: Class not found for preloading: com.android.internal.telephony.SubscriptionController$$ExternalSyntheticLambda11
06-08 13:54:02.798 639 639 W Zygote: Class not found for preloading: com.android.internal.telephony.SubscriptionController$$ExternalSyntheticLambda1
06-08 13:54:02.798 639 639 W Zygote: Class not found for preloading: com.android.internal.telephony.SubscriptionController$$ExternalSyntheticLambda2
06-08 13:54:02.798 639 639 W Zygote: Class not found for preloading: com.android.internal.telephony.SubscriptionController$$ExternalSyntheticLambda3
06-08 13:54:02.798 639 639 W Zygote: Class not found for preloading: com.android.internal.telephony.SubscriptionController$$ExternalSyntheticLambda4
06-08 13:54:02.798 639 639 W Zygote: Class not found for preloading: com.android.internal.telephony.SubscriptionController$$ExternalSyntheticLambda5
06-08 13:54:02.798 639 639 W Zygote: Class not found for preloading: com.android.internal.telephony.SubscriptionController$$ExternalSyntheticLambda6
06-08 13:54:02.798 639 639 W Zygote: Class not found for preloading: com.android.internal.telephony.SubscriptionController$$ExternalSyntheticLambda7
06-08 13:54:02.798 639 639 W Zygote: Class not found for preloading: com.android.internal.telephony.SubscriptionController$$ExternalSyntheticLambda8
06-08 13:54:02.798 639 639 W Zygote: Class not found for preloading: com.android.internal.telephony.SubscriptionController$$ExternalSyntheticLambda9
06-08 13:54:02.798 639 639 W Zygote: Class not found for preloading: com.android.internal.telephony.SubscriptionController$1
06-08 13:54:02.798 639 639 W Zygote: Class not found for preloading: com.android.internal.telephony.SubscriptionController$2
06-08 13:54:02.798 639 639 W Zygote: Class not found for preloading: com.android.internal.telephony.SubscriptionController$WatchedInt
06-08 13:54:02.798 639 639 W Zygote: Class not found for preloading: com.android.internal.telephony.SubscriptionController$WatchedSlotIndexToSubIds
06-08 13:54:02.798 639 639 W Zygote: Class not found for preloading: com.android.internal.telephony.SubscriptionController
06-08 13:54:02.799 639 639 W Zygote: Class not found for preloading: com.android.internal.telephony.SubscriptionInfoUpdater$$ExternalSyntheticLambda0
06-08 13:54:02.799 639 639 W Zygote: Class not found for preloading: com.android.internal.telephony.SubscriptionInfoUpdater$$ExternalSyntheticLambda1
06-08 13:54:02.799 639 639 W Zygote: Class not found for preloading: com.android.internal.telephony.SubscriptionInfoUpdater$$ExternalSyntheticLambda2
06-08 13:54:02.799 639 639 W Zygote: Class not found for preloading: com.android.internal.telephony.SubscriptionInfoUpdater$$ExternalSyntheticLambda3
06-08 13:54:02.799 639 639 W Zygote: Class not found for preloading: com.android.internal.telephony.SubscriptionInfoUpdater$$ExternalSyntheticLambda4
06-08 13:54:02.799 639 639 W Zygote: Class not found for preloading: com.android.internal.telephony.SubscriptionInfoUpdater$$ExternalSyntheticLambda5
06-08 13:54:02.799 639 639 W Zygote: Class not found for preloading: com.android.internal.telephony.SubscriptionInfoUpdater$$ExternalSyntheticLambda6
06-08 13:54:02.799 639 639 W Zygote: Class not found for preloading: com.android.internal.telephony.SubscriptionInfoUpdater$1
06-08 13:54:02.799 639 639 W Zygote: Class not found for preloading: com.android.internal.telephony.SubscriptionInfoUpdater$2
06-08 13:54:02.799 639 639 W Zygote: Class not found for preloading: com.android.internal.telephony.SubscriptionInfoUpdater$UpdateEmbeddedSubsCallback
06-08 13:54:02.799 639 639 W Zygote: Class not found for preloading: com.android.internal.telephony.SubscriptionInfoUpdater
01-01 08:00:23.399 324 324 E realtek-i2c 9801ba00.i2c-4: rtk_i2c_handle_tx_abort: slave address not acknowledged (7bit mode)
01-01 08:00:23.402 324 324 E realtek-i2c 9801ba00.i2c-4: rtk_i2c_handle_tx_abort: slave address not acknowledged (7bit mode)
01-01 08:00:23.405 324 324 E realtek-i2c 9801ba00.i2c-4: rtk_i2c_handle_tx_abort: slave address not acknowledged (7bit mode)
01-01 08:00:23.408 324 324 E realtek-i2c 9801ba00.i2c-4: rtk_i2c_handle_tx_abort: slave address not acknowledged (7bit mode)
01-01 08:00:23.411 324 324 E realtek-i2c 9801ba00.i2c-4: rtk_i2c_handle_tx_abort: slave address not acknowledged (7bit mode)
06-08 13:54:02.809 639 639 W System: No Compatibility callbacks set! Querying change 263076149
01-01 08:00:23.415 324 324 E realtek-i2c 9801ba00.i2c-4: rtk_i2c_handle_tx_abort: slave address not acknowledged (7bit mode)
06-08 13:54:02.814 639 639 W System: No Compatibility callbacks set! Querying change 247079863
06-08 13:54:02.814 639 639 W System: No Compatibility callbacks set! Querying change 247079863
06-08 13:54:02.814 639 639 W System: No Compatibility callbacks set! Querying change 247079863
06-08 13:54:02.814 639 639 W System: No Compatibility callbacks set! Querying change 247079863
06-08 13:54:02.814 639 639 W System: No Compatibility callbacks set! Querying change 247079863
06-08 13:54:02.814 639 639 W System: No Compatibility callbacks set! Querying change 247079863
06-08 13:54:02.814 639 639 W System: No Compatibility callbacks set! Querying change 247079863
06-08 13:54:02.814 639 639 W System: No Compatibility callbacks set! Querying change 247079863
06-08 13:54:02.814 639 639 W System: No Compatibility callbacks set! Querying change 247079863
06-08 13:54:02.814 639 639 W System: No Compatibility callbacks set! Querying change 247079863
06-08 13:54:02.814 639 639 W System: No Compatibility callbacks set! Querying change 247079863
06-08 13:54:02.814 639 639 W System: No Compatibility callbacks set! Querying change 247079863
06-08 13:54:02.814 639 639 W System: No Compatibility callbacks set! Querying change 247079863
06-08 13:54:02.814 639 639 W System: No Compatibility callbacks set! Querying change 247079863
06-08 13:54:02.814 639 639 W System: No Compatibility callbacks set! Querying change 247079863
06-08 13:54:02.814 639 639 W System: No Compatibility callbacks set! Querying change 247079863
06-08 13:54:02.814 639 639 W System: No Compatibility callbacks set! Querying change 247079863
06-08 13:54:02.814 639 639 W System: No Compatibility callbacks set! Querying change 247079863
06-08 13:54:02.814 639 639 W System: No Compatibility callbacks set! Querying change 247079863
06-08 13:54:02.814 639 639 W System: No Compatibility callbacks set! Querying change 247079863
06-08 13:54:02.814 639 639 W System: No Compatibility callbacks set! Querying change 247079863
06-08 13:54:02.814 639 639 W System: No Compatibility callbacks set! Querying change 247079863
06-08 13:54:02.814 639 639 W System: No Compatibility callbacks set! Querying change 247079863
06-08 13:54:02.814 639 639 W System: No Compatibility callbacks set! Querying change 247079863
06-08 13:54:02.814 639 639 W System: No Compatibility callbacks set! Querying change 247079863
06-08 13:54:02.814 639 639 W System: No Compatibility callbacks set! Querying change 247079863
06-08 13:54:02.814 639 639 W System: No Compatibility callbacks set! Querying change 247079863
06-08 13:54:02.814 639 639 W System: No Compatibility callbacks set! Querying change 247079863
06-08 13:54:02.814 639 639 W System: No Compatibility callbacks set! Querying change 247079863
06-08 13:54:02.814 639 639 W System: No Compatibility callbacks set! Querying change 247079863
06-08 13:54:02.814 639 639 W System: No Compatibility callbacks set! Querying change 247079863
06-08 13:54:02.814 639 639 W System: No Compatibility callbacks set! Querying change 247079863
06-08 13:54:02.814 639 639 W System: No Compatibility callbacks set! Querying change 247079863
06-08 13:54:02.814 639 639 W System: No Compatibility callbacks set! Querying change 247079863
06-08 13:54:02.814 639 639 W System: No Compatibility callbacks set! Querying change 247079863
06-08 13:54:02.814 639 639 W System: No Compatibility callbacks set! Querying change 247079863
06-08 13:54:02.814 639 639 W System: No Compatibility callbacks set! Querying change 247079863
06-08 13:54:02.814 639 639 W System: No Compatibility callbacks set! Querying change 247079863
06-08 13:54:02.814 639 639 W System: No Compatibility callbacks set! Querying change 247079863
06-08 13:54:02.814 639 639 W System: No Compatibility callbacks set! Querying change 247079863
06-08 13:54:02.814 639 639 W System: No Compatibility callbacks set! Querying change 247079863
06-08 13:54:02.814 639 639 W System: No Compatibility callbacks set! Querying change 247079863
06-08 13:54:02.814 639 639 W System: No Compatibility callbacks set! Querying change 247079863
06-08 13:54:02.814 639 639 W System: No Compatibility callbacks set! Querying change 247079863
06-08 13:54:02.814 639 639 W System: No Compatibility callbacks set! Querying change 247079863
06-08 13:54:02.814 639 639 W System: No Compatibility callbacks set! Querying change 247079863
06-08 13:54:02.814 639 639 W System: No Compatibility callbacks set! Querying change 247079863
06-08 13:54:02.814 639 639 W System: No Compatibility callbacks set! Querying change 247079863
06-08 13:54:02.814 639 639 W System: No Compatibility callbacks set! Querying change 247079863
06-08 13:54:02.814 639 639 W System: No Compatibility callbacks set! Querying change 247079863
06-08 13:54:02.814 639 639 W System: No Compatibility callbacks set! Querying change 247079863
06-08 13:54:02.814 639 639 W System: No Compatibility callbacks set! Querying change 247079863
06-08 13:54:02.814 639 639 W System: No Compatibility callbacks set! Querying change 247079863
06-08 13:54:02.814 639 639 W System: No Compatibility callbacks set! Querying change 247079863
06-08 13:54:02.814 639 639 W System: No Compatibility callbacks set! Querying change 247079863
06-08 13:54:02.814 639 639 W System: No Compatibility callbacks set! Querying change 247079863
06-08 13:54:02.814 639 639 W System: No Compatibility callbacks set! Querying change 247079863
06-08 13:54:02.814 639 639 W System: No Compatibility callbacks set! Querying change 247079863
