01-01 08:00:10.423 266 266 D : Loaded kernel module pr2000.ko
01-01 08:00:10.423 266 266 D : Probing module rtk_vi.ko
01-01 08:00:10.424 1 1 I init: Sending signal 9 to service 'exec 5 (/system/bin/vdc --wait cryptfs enablefilecrypto)' (pid 416) process group...
01-01 08:00:10.324 351 358 D VehicleRTKHal: In[setValues][512]
01-01 08:00:10.324 351 358 D VehicleRTKHardware: Set value for property ID: 291504901
01-01 08:00:10.324 351 359 D VehicleRTKHardware: In[setValue][799] prop =291504901 ,289408515
01-01 08:00:10.324 351 359 D VehicleRTKHardware: In[setValue][825].. wirte success...
01-01 08:00:10.324 351 358 D VehicleRTKHal: In[setValues][512]
01-01 08:00:10.324 351 358 D VehicleRTKHardware: Set value for property ID: 291504647
01-01 08:00:10.324 351 359 D VehicleRTKHardware: In[setValue][799] prop =291504647 ,289408515
01-01 08:00:10.324 351 359 D VehicleRTKHardware: In[setValue][825].. wirte success...
01-01 08:00:10.324 351 358 D VehicleRTKHal: In[setValues][512]
01-01 08:00:10.324 351 358 D VehicleRTKHardware: Set value for property ID: 291504903
01-01 08:00:10.324 351 359 D VehicleRTKHardware: In[setValue][799] prop =291504903 ,289408515
01-01 08:00:10.324 351 359 D VehicleRTKHardware: In[setValue][825].. wirte success...
01-01 08:00:10.324 351 358 D VehicleRTKHal: In[setValues][512]
01-01 08:00:10.325 351 358 D VehicleRTKHardware: Set value for property ID: 291504897
01-01 08:00:10.325 351 359 D VehicleRTKHardware: In[setValue][799] prop =291504897 ,289408515
01-01 08:00:10.325 351 359 D VehicleRTKHardware: In[setValue][825].. wirte success...
01-01 08:00:10.325 351 358 D VehicleRTKHal: In[setValues][512]
01-01 08:00:10.325 351 358 D VehicleRTKHardware: Set value for property ID: 289408000
01-01 08:00:10.325 351 359 D VehicleRTKHardware: In[setValue][799] prop =289408000 ,289408515
01-01 08:00:10.325 351 359 D VehicleRTKHardware: In[setValue][825].. wirte success...
01-01 08:00:10.325 351 358 D VehicleRTKHal: In[setValues][512]
01-01 08:00:10.325 351 358 D VehicleRTKHardware: Set value for property ID: 287310855
01-01 08:00:10.325 351 359 D VehicleRTKHardware: In[setValue][799] prop =287310855 ,289408515
01-01 08:00:10.325 351 359 D VehicleRTKHardware: In[setValue][825].. wirte success...
01-01 08:00:10.325 351 358 D VehicleRTKHal: In[setValues][512]
01-01 08:00:10.325 351 358 D VehicleRTKHardware: Set value for property ID: 291504644
01-01 08:00:10.325 351 359 D VehicleRTKHardware: In[setValue][799] prop =291504644 ,289408515
01-01 08:00:10.325 351 359 D VehicleRTKHardware: In[setValue][825].. wirte success...
01-01 08:00:10.325 351 358 D VehicleRTKHal: In[setValues][512]
01-01 08:00:10.325 351 358 D VehicleRTKHardware: Set value for property ID: 291504904
01-01 08:00:10.325 351 359 D VehicleRTKHardware: In[setValue][799] prop =291504904 ,289408515
01-01 08:00:10.325 351 359 D VehicleRTKHardware: In[setValue][825].. wirte success...
01-01 08:00:10.326 351 358 D VehicleRTKHal: In[setValues][512]
01-01 08:00:10.326 351 358 D VehicleRTKHardware: Set value for property ID: 291505923
01-01 08:00:10.326 351 359 D VehicleRTKHardware: In[setValue][799] prop =291505923 ,289408515
01-01 08:00:10.326 351 359 D VehicleRTKHardware: In[setValue][825].. wirte success...
01-01 08:00:10.428 324 324 E realtek-i2c 9801ba00.i2c-4: rtk_i2c_handle_tx_abort: slave address not acknowledged (7bit mode)
01-01 08:00:10.432 1 1 I libprocessgroup: Successfully killed process cgroup uid 0 pid 416 in 0ms
01-01 08:00:10.437 324 324 E realtek-i2c 9801ba00.i2c-4: rtk_i2c_handle_tx_abort: slave address not acknowledged (7bit mode)
01-01 08:00:10.441 1 1 I init: Verified that /data/bootchart has the encryption policy 118ed73019593c18a73a2b103cbc8448 v2 modes 1/4 flags 0x2
01-01 08:00:10.445 266 266 D : Loaded kernel module rtk_vi.ko
01-01 08:00:10.445 324 324 E realtek-i2c 9801ba00.i2c-4: rtk_i2c_handle_tx_abort: slave address not acknowledged (7bit mode)
01-01 08:00:10.445 1 1 I fscrypt: AES-256-CTS-CBC using implementation "cts-cbc-aes-ce"
01-01 08:00:10.446 266 266 D : Probing module max96724.ko
01-01 08:00:10.449 324 324 E realtek-i2c 9801ba00.i2c-4: rtk_i2c_handle_tx_abort: slave address not acknowledged (7bit mode)
01-01 08:00:10.450 1 1 I fscrypt: AES-256-XTS using implementation "xts-aes-ce"
01-01 08:00:10.453 324 324 E realtek-i2c 9801ba00.i2c-4: rtk_i2c_handle_tx_abort: slave address not acknowledged (7bit mode)
01-01 08:00:10.456 1 1 I init: Verified that /data/vendor has the encryption policy 118ed73019593c18a73a2b103cbc8448 v2 modes 1/4 flags 0x2
01-01 08:00:10.460 324 324 E realtek-i2c 9801ba00.i2c-4: rtk_i2c_handle_tx_abort: slave address not acknowledged (7bit mode)
01-01 08:00:10.466 1 1 I init: Verified that /data/anr has the encryption policy 118ed73019593c18a73a2b103cbc8448 v2 modes 1/4 flags 0x2
01-01 08:00:10.466 266 266 D : Loaded kernel module max96724.ko
01-01 08:00:10.466 266 266 D : Probing module tp2815.ko
01-01 08:00:10.469 324 324 E realtek-i2c 9801ba00.i2c-4: rtk_i2c_handle_tx_abort: slave address not acknowledged (7bit mode)
01-01 08:00:10.470 1 1 I init: Verified that /data/tombstones has the encryption policy 118ed73019593c18a73a2b103cbc8448 v2 modes 1/4 flags 0x2
01-01 08:00:10.473 324 324 E realtek-i2c 9801ba00.i2c-4: rtk_i2c_handle_tx_abort: slave address not acknowledged (7bit mode)
01-01 08:00:10.479 422 422 I tp2815 6-0044: Reset gpio=139
01-01 08:00:10.479 1 1 I init: starting service 'tombstoned'...
01-01 08:00:10.480 1 1 I init: Created socket '/dev/socket/tombstoned_crash', mode 666, user 1000, group 1000
01-01 08:00:10.480 1 1 I init: Created socket '/dev/socket/tombstoned_intercept', mode 666, user 1000, group 1000
01-01 08:00:10.480 1 1 I init: Created socket '/dev/socket/tombstoned_java_trace', mode 666, user 1000, group 1000
01-01 08:00:10.481 422 422 I tp2815 6-0044: Camera standard is undefined, ret=0
01-01 08:00:10.484 324 324 E realtek-i2c 9801ba00.i2c-4: rtk_i2c_handle_tx_abort: slave address not acknowledged (7bit mode)
01-01 08:00:10.487 1 1 I init: ... started service 'tombstoned' has pid 423
01-01 08:00:10.488 422 422 I tp2815 6-0044: Camera signal detection is disabled
01-01 08:00:10.488 422 422 I tp2815 6-0044: TP2815 probe completed successfully
01-01 08:00:10.491 422 422 I tp2815 6-0045: Reset gpio=142
01-01 08:00:10.491 324 324 E realtek-i2c 9801ba00.i2c-4: rtk_i2c_handle_tx_abort: slave address not acknowledged (7bit mode)
01-01 08:00:10.493 1 1 I init: Switched to default mount namespace
01-01 08:00:10.495 1 1 I init: Verified that /data/misc has the encryption policy 118ed73019593c18a73a2b103cbc8448 v2 modes 1/4 flags 0x2
01-01 08:00:10.495 422 422 I tp2815 6-0045: Camera standard is undefined, ret=0
01-01 08:00:10.496 422 422 I tp2815 6-0045: Camera signal detection is disabled
01-01 08:00:10.496 324 324 E realtek-i2c 9801ba00.i2c-4: rtk_i2c_handle_tx_abort: slave address not acknowledged (7bit mode)
01-01 08:00:10.500 1 1 I init: starting service 'exec 6 (/system/bin/vdc keymaster earlyBootEnded)'...
01-01 08:00:10.500 324 324 E realtek-i2c 9801ba00.i2c-4: rtk_i2c_handle_tx_abort: slave address not acknowledged (7bit mode)
01-01 08:00:10.500 422 422 I tp2815 6-0045: TP2815 probe completed successfully
01-01 08:00:10.394 423 423 I tombstoned: tombstoned successfully initialized
01-01 08:00:10.502 266 266 D : Loaded kernel module tp2815.ko
01-01 08:00:10.503 1 1 I init: ... started service 'exec 6 (/system/bin/vdc keymaster earlyBootEnded)' has pid 424
01-01 08:00:10.503 1 1 I init: SVC_EXEC service 'exec 6 (/system/bin/vdc keymaster earlyBootEnded)' pid 424 (uid 1000 gid 1000+0 context default) started; waiting...
01-01 08:00:10.504 324 324 E realtek-i2c 9801ba00.i2c-4: rtk_i2c_handle_tx_abort: slave address not acknowledged (7bit mode)
01-01 08:00:10.506 266 266 D : Probing module rtk_mipicsi.ko
01-01 08:00:10.407 301 301 I incfs: Initial API level of the device: 34
01-01 08:00:10.408 301 301 I incfs: ro.incremental.enable: 1
01-01 08:00:10.408 301 301 I incfs: isFsAvailable: true
01-01 08:00:10.408 301 301 I incfs: isFsAvailable: true
01-01 08:00:10.408 301 301 I incfs: IncFs_Features: v2
01-01 08:00:10.409 343 343 I keystore2: system/security/keystore2/src/maintenance.rs:206 - In early_boot_ended.
01-01 08:00:10.511 324 324 E realtek-i2c 9801ba00.i2c-4: rtk_i2c_handle_tx_abort: slave address not acknowledged (7bit mode)
01-01 08:00:10.431 343 343 I keystore2: system/security/keystore2/src/globals.rs:66 - Touching Keystore 2.0 database for this first time since boot.
01-01 08:00:10.431 343 343 I keystore2: system/security/keystore2/src/globals.rs:68 - Calling cleanup leftovers.
01-01 08:00:10.431 343 343 I keystore2: system/security/keystore2/src/boot_level_keys.rs:57 - ro.keystore.boot_level_key.strategy not set, inferring from installed KM instances
01-01 08:00:10.431 343 343 I keystore2: system/security/keystore2/src/boot_level_keys.rs:115 - In get_level_zero_key: security_level=r#SOFTWARE, deny_later_strategy=EarlyBootOnly
01-01 08:00:10.533 426 426 I rtk-mipi-csi 98004000.syscon: mipicsi-0: init begin
01-01 08:00:10.537 324 324 E realtek-i2c 9801ba00.i2c-4: rtk_i2c_handle_tx_abort: slave address not acknowledged (7bit mode)
01-01 08:00:10.539 426 426 I rtk-mipi-csi 98004000.syscon: mipicsi-0: soc_id=0 en_group_dev=N
01-01 08:00:10.539 426 426 I rtk-mipi-csi 98004000.syscon: mipicsi-0: ch_index=0
01-01 08:00:10.539 426 426 I rtk-mipi-csi 98004000.syscon: mipicsi-0: src_width=1920 src_height=1080
01-01 08:00:10.539 426 426 I rtk-mipi-csi 98004000.syscon: mipicsi-0: skew_mode=0 mirror_mode=0 swap_config=0x000000e4
01-01 08:00:10.439 349 349 D OpteeKeyMint_ipc: OpteeKeyMintIPC_call 233 60
01-01 08:00:10.440 349 349 D OpteeKeyMint_ipc: OpteeKeyMintIPC_call 233 4
01-01 08:00:10.542 324 324 E realtek-i2c 9801ba00.i2c-4: rtk_i2c_handle_tx_abort: slave address not acknowledged (7bit mode)
01-01 08:00:10.543 426 426 I rtk-mipi-csi 98004000.syscon: mipicsi-0: hl_interval=0xe
01-01 08:00:10.543 426 426 I rtk-mipi-csi 98004000.syscon: mipicsi-0: irq=15
01-01 08:00:10.545 324 324 E realtek-i2c 9801ba00.i2c-4: rtk_i2c_handle_tx_abort: slave address not acknowledged (7bit mode)
01-01 08:00:10.441 349 349 D OpteeKeyMint_ipc: OpteeKeyMintIPC_call 233 12
01-01 08:00:10.441 343 343 I keystore2: system/security/keystore2/src/super_key.rs:293 - Starting boot level watcher.
01-01 08:00:10.441 349 349 D OpteeKeyMint_ipc: OpteeKeyMintIPC_call 233 104
01-01 08:00:10.442 343 427 I keystore2: system/security/keystore2/src/super_key.rs:325 - Read keystore.boot_level value 30
01-01 08:00:10.442 343 427 I keystore2: system/security/keystore2/src/super_key.rs:325 - Read keystore.boot_level value 30
01-01 08:00:10.442 343 343 I keystore2: system/security/keystore2/src/maintenance.rs:187 - Call to earlyBootEnded succeeded for security level TRUSTED_ENVIRONMENT.
01-01 08:00:10.443 278 278 I hwservicemanager: getTransport: Cannot find entry android.hardware.keymaster@4.0::IKeymasterDevice/default in either framework or device VINTF manifest.
01-01 08:00:10.443 278 278 I hwservicemanager: getTransport: Cannot find entry android.hardware.keymaster@3.0::IKeymasterDevice/default in either framework or device VINTF manifest.
01-01 08:00:10.443 343 343 E keystore2: system/security/keystore2/src/maintenance.rs:192 - Call to earlyBootEnded failed for security level STRONGBOX: system/security/keystore2/src/maintenance.rs:167: getting keymint device.
01-01 08:00:10.443 343 343 E keystore2: system/security/keystore2/src/error.rs:180 - system/security/keystore2/src/maintenance.rs:167: getting keymint device
Caused by: 0: system/security/keystore2/src/globals.rs:335: Cannot connect to Keymint 1: system/security/keystore2/src/globals.rs:246: Trying to get Legacy wrapper. 2: Error::Km(r#HARDWARE_TYPE_UNAVAILABLE)
01-01 08:00:10.443 301 301 E vold: keystore2 Keystore earlyBootEnded returned service specific error: -68
01-01 08:00:10.444 349 349 D OpteeKeyMint_ipc: OpteeKeyMintIPC_call 233 32
01-01 08:00:10.548 426 426 I rtk-mipi-csi 98004000.syscon: mipicsi-0: Registered rtk-mipi-csi as /dev/video30
01-01 08:00:10.550 301 301 E vold: keystore2 Keystore earlyBootEnded returned service specific error: -68
01-01 08:00:10.551 324 324 E realtek-i2c 9801ba00.i2c-4: rtk_i2c_handle_tx_abort: slave address not acknowledged (7bit mode)
01-01 08:00:10.551 324 324 E realtek-i2c 9801ba00.i2c-4: rtk_i2c_handle_tx_abort: slave address not acknowledged (7bit mode)
01-01 08:00:10.552 426 426 I rtk-mipi-csi 98004000.syscon: mipicsi-0: init done
01-01 08:00:10.553 426 426 I rtk-mipi-csi 98004000.syscon: mipicsi-1: init begin
01-01 08:00:10.553 426 426 I rtk-mipi-csi 98004000.syscon: mipicsi-1: soc_id=0 en_group_dev=N
01-01 08:00:10.553 426 426 I rtk-mipi-csi 98004000.syscon: mipicsi-1: ch_index=1
01-01 08:00:10.553 426 426 I rtk-mipi-csi 98004000.syscon: mipicsi-1: src_width=1920 src_height=1080
01-01 08:00:10.553 426 426 I rtk-mipi-csi 98004000.syscon: mipicsi-1: skew_mode=0 mirror_mode=0 swap_config=0x000000e4
01-01 08:00:10.553 426 426 I rtk-mipi-csi 98004000.syscon: mipicsi-1: hl_interval=0xe
01-01 08:00:10.553 426 426 I rtk-mipi-csi 98004000.syscon: mipicsi-1: irq=15
01-01 08:00:10.554 426 426 I rtk-mipi-csi 98004000.syscon: mipicsi-1: Registered rtk-mipi-csi as /dev/video31
01-01 08:00:10.554 426 426 I rtk-mipi-csi 98004000.syscon: mipicsi-1: init done
01-01 08:00:10.555 426 426 I rtk-mipi-csi 98004000.syscon: mipicsi-2: init begin
01-01 08:00:10.556 1 1 I init: Service 'exec 6 (/system/bin/vdc keymaster earlyBootEnded)' (pid 424) exited with status 0 waiting took 0.053000 seconds
01-01 08:00:10.556 1 1 I init: Sending signal 9 to service 'exec 6 (/system/bin/vdc keymaster earlyBootEnded)' (pid 424) process group...
01-01 08:00:10.556 1 1 I libprocessgroup: Successfully killed process cgroup uid 1000 pid 424 in 0ms
01-01 08:00:10.556 324 324 E realtek-i2c 9801ba00.i2c-4: rtk_i2c_handle_tx_abort: slave address not acknowledged (7bit mode)
01-01 08:00:10.558 426 426 I rtk-mipi-csi 98004000.syscon: mipicsi-2: soc_id=0 en_group_dev=N
01-01 08:00:10.558 1 1 I init: Verified that /data/property has the encryption policy 118ed73019593c18a73a2b103cbc8448 v2 modes 1/4 flags 0x2
01-01 08:00:10.560 324 324 E realtek-i2c 9801ba00.i2c-4: rtk_i2c_handle_tx_abort: slave address not acknowledged (7bit mode)
01-01 08:00:10.561 213 213 I init: Wait for property 'ro.persistent_properties.ready=true' took 3ms
01-01 08:00:10.561 1 1 I init: service 'logd' requested start, but it is already running (flags: 4)
01-01 08:00:10.562 1 1 I init: starting service 'logd-reinit'...
01-01 08:00:10.563 426 426 I rtk-mipi-csi 98004000.syscon: mipicsi-2: ch_index=2
01-01 08:00:10.564 1 1 I init: ... started service 'logd-reinit' has pid 428
01-01 08:00:10.564 1 1 I init: Not setting encryption policy on: /data/apex
01-01 08:00:10.565 324 324 E realtek-i2c 9801ba00.i2c-4: rtk_i2c_handle_tx_abort: slave address not acknowledged (7bit mode)
01-01 08:00:10.567 426 426 I rtk-mipi-csi 98004000.syscon: mipicsi-2: src_width=1920 src_height=1080
01-01 08:00:10.568 324 324 E realtek-i2c 9801ba00.i2c-4: rtk_i2c_handle_tx_abort: slave address not acknowledged (7bit mode)
01-01 08:00:10.568 1 1 I init: Verified that /data/apex/decompressed has the encryption policy 118ed73019593c18a73a2b103cbc8448 v2 modes 1/4 flags 0x2
01-01 08:00:10.570 426 426 I rtk-mipi-csi 98004000.syscon: mipicsi-2: skew_mode=0 mirror_mode=0 swap_config=0x000000e4
01-01 08:00:10.574 284 284 I logd: logd reinit
01-01 08:00:10.574 324 324 E realtek-i2c 9801ba00.i2c-4: rtk_i2c_handle_tx_abort: slave address not acknowledged (7bit mode)
01-01 08:00:10.577 426 426 I rtk-mipi-csi 98004000.syscon: mipicsi-2: hl_interval=0xe
01-01 08:00:10.577 1 1 I init: Verified that /data/app-staging has the encryption policy 118ed73019593c18a73a2b103cbc8448 v2 modes 1/4 flags 0x2
01-01 08:00:10.577 284 284 E logd: FrameworkListener: read() failed (Connection reset by peer)
01-01 08:00:10.578 324 324 E realtek-i2c 9801ba00.i2c-4: rtk_i2c_handle_tx_abort: slave address not acknowledged (7bit mode)
01-01 08:00:10.578 1 1 I init: Verified that /data/apex/ota_reserved has the encryption policy 118ed73019593c18a73a2b103cbc8448 v2 modes 1/4 flags 0x2
01-01 08:00:10.578 1 1 I init: Service 'logd-reinit' (pid 428) exited with status 0 oneshot service took 0.015000 seconds in background
01-01 08:00:10.578 1 1 I init: Sending signal 9 to service 'logd-reinit' (pid 428) process group...
01-01 08:00:10.578 1 1 I libprocessgroup: Successfully killed process cgroup uid 1036 pid 428 in 0ms
01-01 08:00:10.579 1 1 I init: starting service 'apexd'...
01-01 08:00:10.580 426 426 I rtk-mipi-csi 98004000.syscon: mipicsi-2: irq=15
01-01 08:00:10.582 1 1 I init: ... started service 'apexd' has pid 429
01-01 08:00:10.582 324 324 E realtek-i2c 9801ba00.i2c-4: rtk_i2c_handle_tx_abort: slave address not acknowledged (7bit mode)
01-01 08:00:10.586 426 426 I rtk-mipi-csi 98004000.syscon: mipicsi-2: Registered rtk-mipi-csi as /dev/video32
01-01 08:00:10.587 324 324 E realtek-i2c 9801ba00.i2c-4: rtk_i2c_handle_tx_abort: slave address not acknowledged (7bit mode)
01-01 08:00:10.588 426 426 I rtk-mipi-csi 98004000.syscon: mipicsi-2: init done
01-01 08:00:10.590 324 324 E realtek-i2c 9801ba00.i2c-4: rtk_i2c_handle_tx_abort: slave address not acknowledged (7bit mode)
01-01 08:00:10.593 426 426 I rtk-mipi-csi 98004000.syscon: mipicsi-3: init begin
01-01 08:00:10.595 429 429 I apexd: Scanning /system/apex for pre-installed ApexFiles
01-01 08:00:10.595 429 429 I apexd: Found pre-installed APEX /system/apex/com.android.adbd.capex
01-01 08:00:10.595 429 429 I apexd: Found pre-installed APEX /system/apex/com.android.adservices.capex
01-01 08:00:10.595 429 429 I apexd: Found pre-installed APEX /system/apex/com.android.apex.cts.shim.apex
01-01 08:00:10.595 324 324 E realtek-i2c 9801ba00.i2c-4: rtk_i2c_handle_tx_abort: slave address not acknowledged (7bit mode)
01-01 08:00:10.595 429 429 I apexd: Found pre-installed APEX /system/apex/com.android.appsearch.capex
01-01 08:00:10.596 429 429 I apexd: Found pre-installed APEX /system/apex/com.android.art.capex
01-01 08:00:10.596 429 429 I apexd: Found pre-installed APEX /system/apex/com.android.btservices.apex
01-01 08:00:10.596 429 429 I apexd: Found pre-installed APEX /system/apex/com.android.configinfrastructure.capex
01-01 08:00:10.596 429 429 I apexd: Found pre-installed APEX /system/apex/com.android.conscrypt.capex
01-01 08:00:10.596 429 429 I apexd: Found pre-installed APEX /system/apex/com.android.devicelock.apex
01-01 08:00:10.596 429 429 I apexd: Found pre-installed APEX /system/apex/com.android.extservices.capex
01-01 08:00:10.597 429 429 I apexd: Found pre-installed APEX /system/apex/com.android.healthfitness.apex
01-01 08:00:10.597 429 429 I apexd: Found pre-installed APEX /system/apex/com.android.i18n.apex
01-01 08:00:10.597 429 429 I apexd: Found pre-installed APEX /system/apex/com.android.ipsec.capex
01-01 08:00:10.597 429 429 I apexd: Found pre-installed APEX /system/apex/com.android.media.capex
01-01 08:00:10.597 426 426 I rtk-mipi-csi 98004000.syscon: mipicsi-3: soc_id=0 en_group_dev=N
01-01 08:00:10.597 426 426 I rtk-mipi-csi 98004000.syscon: mipicsi-3: ch_index=3
01-01 08:00:10.597 426 426 I rtk-mipi-csi 98004000.syscon: mipicsi-3: src_width=1920 src_height=1080
01-01 08:00:10.597 426 426 I rtk-mipi-csi 98004000.syscon: mipicsi-3: skew_mode=0 mirror_mode=0 swap_config=0x000000e4
01-01 08:00:10.597 426 426 I rtk-mipi-csi 98004000.syscon: mipicsi-3: hl_interval=0xe
01-01 08:00:10.597 426 426 I rtk-mipi-csi 98004000.syscon: mipicsi-3: irq=15
01-01 08:00:10.599 426 426 I rtk-mipi-csi 98004000.syscon: mipicsi-3: Registered rtk-mipi-csi as /dev/video33
01-01 08:00:10.601 324 324 E realtek-i2c 9801ba00.i2c-4: rtk_i2c_handle_tx_abort: slave address not acknowledged (7bit mode)
01-01 08:00:10.601 429 429 I apexd: Found pre-installed APEX /system/apex/com.android.media.swcodec.capex
01-01 08:00:10.602 429 429 I apexd: Found pre-installed APEX /system/apex/com.android.mediaprovider.capex
01-01 08:00:10.602 429 429 I apexd: Found pre-installed APEX /system/apex/com.android.neuralnetworks.capex
01-01 08:00:10.602 429 429 I apexd: Found pre-installed APEX /system/apex/com.android.ondevicepersonalization.capex
01-01 08:00:10.602 429 429 I apexd: Found pre-installed APEX /system/apex/com.android.os.statsd.apex
01-01 08:00:10.602 429 429 I apexd: Found pre-installed APEX /system/apex/com.android.permission.capex
01-01 08:00:10.602 429 429 I apexd: Found pre-installed APEX /system/apex/com.android.resolv.capex
01-01 08:00:10.602 429 429 I apexd: Found pre-installed APEX /system/apex/com.android.rkpd.apex
01-01 08:00:10.603 429 429 I apexd: Found pre-installed APEX /system/apex/com.android.runtime.apex
01-01 08:00:10.603 429 429 I apexd: Found pre-installed APEX /system/apex/com.android.scheduling.capex
01-01 08:00:10.603 429 429 I apexd: Found pre-installed APEX /system/apex/com.android.sdkext.apex
01-01 08:00:10.603 429 429 I apexd: Found pre-installed APEX /system/apex/com.android.tethering.capex
01-01 08:00:10.603 429 429 I apexd: Found pre-installed APEX /system/apex/com.android.tzdata.apex
01-01 08:00:10.603 429 429 I apexd: Found pre-installed APEX /system/apex/com.android.uwb.capex
01-01 08:00:10.603 429 429 I apexd: Found pre-installed APEX /system/apex/com.android.virt.apex
01-01 08:00:10.603 426 426 I rtk-mipi-csi 98004000.syscon: mipicsi-3: init done
01-01 08:00:10.603 429 429 I apexd: Found pre-installed APEX /system/apex/com.android.vndk.current.apex
01-01 08:00:10.604 429 429 I apexd: Found pre-installed APEX /system/apex/com.android.wifi.capex
01-01 08:00:10.604 429 429 I apexd: Scanning /system_ext/apex for pre-installed ApexFiles
01-01 08:00:10.604 429 429 W apexd: /system_ext/apex does not exist. Skipping
01-01 08:00:10.604 429 429 I apexd: Scanning /product/apex for pre-installed ApexFiles
01-01 08:00:10.604 429 429 W apexd: /product/apex does not exist. Skipping
01-01 08:00:10.604 429 429 I apexd: Scanning /vendor/apex for pre-installed ApexFiles
01-01 08:00:10.604 429 429 W apexd: /vendor/apex does not exist. Skipping
01-01 08:00:10.604 429 429 I apexd: No block apex metadata partition found, not adding block apexes
01-01 08:00:10.604 429 429 I apexd: Populating APEX database from mounts...
01-01 08:00:10.604 429 429 I apexd: 0 packages restored.
01-01 08:00:10.604 429 429 I apexd: Marking APEXd as starting
01-01 08:00:10.605 429 429 I apexd: Scanning /metadata/apex/sessions looking for sessions to be activated.
01-01 08:00:10.605 429 429 I apexd: Scanning /data/apex/active for data ApexFiles
01-01 08:00:10.605 429 429 I apexd: Selecting APEX for activation
01-01 08:00:10.605 429 429 I apexd: Processing compressed APEX
01-01 08:00:10.605 429 429 I apexd: Processing compressed APEX /system/apex/com.android.wifi.capex
01-01 08:00:10.606 324 324 E realtek-i2c 9801ba00.i2c-4: rtk_i2c_handle_tx_abort: slave address not acknowledged (7bit mode)
01-01 08:00:10.612 266 266 D : Loaded kernel module rtk_mipicsi.ko
01-01 08:00:10.613 324 324 E realtek-i2c 9801ba00.i2c-4: rtk_i2c_handle_tx_abort: slave address not acknowledged (7bit mode)
01-01 08:00:10.614 266 266 D : Probing module rtk_drm.ko
01-01 08:00:10.616 429 429 I apexd: Skipping decompression for /system/apex/com.android.wifi.capex
01-01 08:00:10.616 429 429 I apexd: Processing compressed APEX /system/apex/com.android.media.swcodec.capex
01-01 08:00:10.616 324 324 E realtek-i2c 9801ba00.i2c-4: rtk_i2c_handle_tx_abort: slave address not acknowledged (7bit mode)
01-01 08:00:10.621 429 429 I apexd: Skipping decompression for /system/apex/com.android.media.swcodec.capex
01-01 08:00:10.624 324 324 E realtek-i2c 9801ba00.i2c-4: rtk_i2c_handle_tx_abort: slave address not acknowledged (7bit mode)
01-01 08:00:10.625 429 429 I apexd: Processing compressed APEX /system/apex/com.android.adbd.capex
01-01 08:00:10.628 324 324 E realtek-i2c 9801ba00.i2c-4: rtk_i2c_handle_tx_abort: slave address not acknowledged (7bit mode)
01-01 08:00:10.529 351 358 D VehicleRTKHal: In[setValues][512]
01-01 08:00:10.529 351 358 D VehicleRTKHardware: Set value for property ID: 291504901
01-01 08:00:10.529 351 359 D VehicleRTKHardware: In[setValue][799] prop =291504901 ,289408515
01-01 08:00:10.529 351 359 D VehicleRTKHardware: In[setValue][825].. wirte success...
01-01 08:00:10.529 351 358 D VehicleRTKHal: In[setValues][512]
01-01 08:00:10.529 351 358 D VehicleRTKHardware: Set value for property ID: 291504647
01-01 08:00:10.530 351 359 D VehicleRTKHardware: In[setValue][799] prop =291504647 ,289408515
01-01 08:00:10.530 351 359 D VehicleRTKHardware: In[setValue][825].. wirte success...
01-01 08:00:10.530 351 358 D VehicleRTKHal: In[setValues][512]
01-01 08:00:10.530 351 358 D VehicleRTKHardware: Set value for property ID: 291504903
01-01 08:00:10.530 351 359 D VehicleRTKHardware: In[setValue][799] prop =291504903 ,289408515
01-01 08:00:10.530 351 359 D VehicleRTKHardware: In[setValue][825].. wirte success...
01-01 08:00:10.530 351 358 D VehicleRTKHal: In[setValues][512]
01-01 08:00:10.530 351 358 D VehicleRTKHardware: Set value for property ID: 291504897
01-01 08:00:10.530 351 359 D VehicleRTKHardware: In[setValue][799] prop =291504897 ,289408515
01-01 08:00:10.530 351 359 D VehicleRTKHardware: In[setValue][825].. wirte success...
01-01 08:00:10.530 351 358 D VehicleRTKHal: In[setValues][512]
01-01 08:00:10.530 351 358 D VehicleRTKHardware: Set value for property ID: 289408000
01-01 08:00:10.530 351 359 D VehicleRTKHardware: In[setValue][799] prop =289408000 ,289408515
01-01 08:00:10.530 351 359 D VehicleRTKHardware: In[setValue][825].. wirte success...
01-01 08:00:10.530 351 358 D VehicleRTKHal: In[setValues][512]
01-01 08:00:10.530 351 358 D VehicleRTKHardware: Set value for property ID: 287310855
01-01 08:00:10.530 351 359 D VehicleRTKHardware: In[setValue][799] prop =287310855 ,289408515
01-01 08:00:10.530 351 359 D VehicleRTKHardware: In[setValue][825].. wirte success...
01-01 08:00:10.530 351 358 D VehicleRTKHal: In[setValues][512]
01-01 08:00:10.530 351 358 D VehicleRTKHardware: Set value for property ID: 291504644
01-01 08:00:10.531 351 359 D VehicleRTKHardware: In[setValue][799] prop =291504644 ,289408515
01-01 08:00:10.531 351 359 D VehicleRTKHardware: In[setValue][825].. wirte success...
01-01 08:00:10.531 351 358 D VehicleRTKHal: In[setValues][512]
01-01 08:00:10.531 351 358 D VehicleRTKHardware: Set value for property ID: 291504904
01-01 08:00:10.531 351 359 D VehicleRTKHardware: In[setValue][799] prop =291504904 ,289408515
01-01 08:00:10.531 351 359 D VehicleRTKHardware: In[setValue][825].. wirte success...
01-01 08:00:10.531 351 358 D VehicleRTKHal: In[setValues][512]
01-01 08:00:10.531 351 358 D VehicleRTKHardware: Set value for property ID: 291505923
01-01 08:00:10.531 351 359 D VehicleRTKHardware: In[setValue][799] prop =291505923 ,289408515
01-01 08:00:10.531 351 359 D VehicleRTKHardware: In[setValue][825].. wirte success...
01-01 08:00:10.632 1 1 I init: Verified that /data/local has the encryption policy 118ed73019593c18a73a2b103cbc8448 v2 modes 1/4 flags 0x2
01-01 08:00:10.634 324 324 E realtek-i2c 9801ba00.i2c-4: rtk_i2c_handle_tx_abort: slave address not acknowledged (7bit mode)
01-01 08:00:10.645 430 430 I [drm] rtk_drm: init
01-01 08:00:10.647 324 324 E realtek-i2c 9801ba00.i2c-4: rtk_i2c_handle_tx_abort: slave address not acknowledged (7bit mode)
01-01 08:00:10.653 430 430 I realtek-drm display-subsystem: rtk_drm: probe
01-01 08:00:10.654 324 324 E realtek-i2c 9801ba00.i2c-4: rtk_i2c_handle_tx_abort: slave address not acknowledged (7bit mode)
01-01 08:00:10.657 429 429 I apexd: Skipping decompression for /system/apex/com.android.adbd.capex
01-01 08:00:10.658 324 324 E realtek-i2c 9801ba00.i2c-4: rtk_i2c_handle_tx_abort: slave address not acknowledged (7bit mode)
01-01 08:00:10.660 429 429 I apexd: Processing compressed APEX /system/apex/com.android.appsearch.capex
01-01 08:00:10.664 266 266 D : Loaded kernel module rtk_drm.ko
01-01 08:00:10.665 324 324 E realtek-i2c 9801ba00.i2c-4: rtk_i2c_handle_tx_abort: slave address not acknowledged (7bit mode)
01-01 08:00:10.665 1 1 I init: starting service 'exec 7 (/bin/rm -rf /data/misc/virtualizationservice)'...
01-01 08:00:10.667 1 1 I init: ... started service 'exec 7 (/bin/rm -rf /data/misc/virtualizationservice)' has pid 431
01-01 08:00:10.668 266 266 D : Probing module snd-realtek-notify.ko
01-01 08:00:10.691 266 266 D : Loaded kernel module snd-realtek-notify.ko
01-01 08:00:10.693 1 1 I init: SVC_EXEC service 'exec 7 (/bin/rm -rf /data/misc/virtualizationservice)' pid 431 (uid 1081 gid 1000+0 context default) started; waiting...
01-01 08:00:10.694 429 429 I apexd: Skipping decompression for /system/apex/com.android.appsearch.capex
01-01 08:00:10.694 429 429 I apexd: Processing compressed APEX /system/apex/com.android.art.capex
01-01 08:00:10.695 266 266 D : Probing module snd-soc-realtek.ko
01-01 08:00:10.697 1 1 I init: Service 'exec 7 (/bin/rm -rf /data/misc/virtualizationservice)' (pid 431) exited with status 1 waiting took 0.030000 seconds
01-01 08:00:10.703 429 429 I apexd: Skipping decompression for /system/apex/com.android.art.capex
01-01 08:00:10.705 1 1 I init: Sending signal 9 to service 'exec 7 (/bin/rm -rf /data/misc/virtualizationservice)' (pid 431) process group...
01-01 08:00:10.706 429 429 I apexd: Processing compressed APEX /system/apex/com.android.configinfrastructure.capex
01-01 08:00:10.709 1 1 I libprocessgroup: Successfully killed process cgroup uid 1081 pid 431 in 0ms
01-01 08:00:10.714 433 433 I : [+] @ RTK_alsa_card_init
01-01 08:00:10.715 1 1 I init: Not setting encryption policy on: /data/preloads
01-01 08:00:10.716 429 429 I apexd: Skipping decompression for /system/apex/com.android.configinfrastructure.capex
01-01 08:00:10.716 429 429 I apexd: Processing compressed APEX /system/apex/com.android.uwb.capex
01-01 08:00:10.717 433 433 I : [-] @ RTK_alsa_card_init 4055
01-01 08:00:10.778 324 324 E realtek-i2c 9801ba00.i2c-4: rtk_i2c_handle_tx_abort: slave address not acknowledged (7bit mode)
01-01 08:00:10.780 1 1 I init: Command 'mkdir /data/local/tmp 0771 shell shell' action=post-fs-data (/system/etc/init/hw/init.rc:863) took 60ms and succeeded
01-01 08:00:10.782 266 266 D : Loaded kernel module snd-soc-realtek.ko
01-01 08:00:10.784 1 1 I init: Verified that /data/app-private has the encryption policy 118ed73019593c18a73a2b103cbc8448 v2 modes 1/4 flags 0x2
01-01 08:00:10.785 429 429 I apexd: Skipping decompression for /system/apex/com.android.uwb.capex
01-01 08:00:10.785 429 429 I apexd: Processing compressed APEX /system/apex/com.android.extservices.capex
01-01 08:00:10.786 324 324 E realtek-i2c 9801ba00.i2c-4: rtk_i2c_handle_tx_abort: slave address not acknowledged (7bit mode)
01-01 08:00:10.786 266 266 D : Probing module snd-hifi-realtek-notify.ko
01-01 08:00:10.788 1 1 I init: Verified that /data/app-ephemeral has the encryption policy 118ed73019593c18a73a2b103cbc8448 v2 modes 1/4 flags 0x2
01-01 08:00:10.792 324 324 E realtek-i2c 9801ba00.i2c-4: rtk_i2c_handle_tx_abort: slave address not acknowledged (7bit mode)
01-01 08:00:10.792 429 429 I apexd: Skipping decompression for /system/apex/com.android.extservices.capex
01-01 08:00:10.792 429 429 I apexd: Processing compressed APEX /system/apex/com.android.permission.capex
01-01 08:00:10.797 266 266 D : Loaded kernel module snd-hifi-realtek-notify.ko
01-01 08:00:10.798 324 324 E realtek-i2c 9801ba00.i2c-4: rtk_i2c_handle_tx_abort: slave address not acknowledged (7bit mode)
01-01 08:00:10.798 1 1 I init: Verified that /data/app-asec has the encryption policy 118ed73019593c18a73a2b103cbc8448 v2 modes 1/4 flags 0x2
01-01 08:00:10.800 1 1 I init: Verified that /data/app-lib has the encryption policy 118ed73019593c18a73a2b103cbc8448 v2 modes 1/4 flags 0x2
01-01 08:00:10.800 266 266 D : Probing module snd-soc-hifi-realtek.ko
01-01 08:00:10.802 324 324 E realtek-i2c 9801ba00.i2c-4: rtk_i2c_handle_tx_abort: slave address not acknowledged (7bit mode)
01-01 08:00:10.803 429 429 I apexd: Skipping decompression for /system/apex/com.android.permission.capex
01-01 08:00:10.803 429 429 I apexd: Processing compressed APEX /system/apex/com.android.conscrypt.capex
01-01 08:00:10.804 1 1 I init: Verified that /data/app has the encryption policy 118ed73019593c18a73a2b103cbc8448 v2 modes 1/4 flags 0x2
01-01 08:00:10.805 324 324 E realtek-i2c 9801ba00.i2c-4: rtk_i2c_handle_tx_abort: slave address not acknowledged (7bit mode)
01-01 08:00:10.807 1 1 I init: Verified that /data/fonts has the encryption policy 118ed73019593c18a73a2b103cbc8448 v2 modes 1/4 flags 0x2
01-01 08:00:10.809 324 324 E realtek-i2c 9801ba00.i2c-4: rtk_i2c_handle_tx_abort: slave address not acknowledged (7bit mode)
01-01 08:00:10.812 429 429 I apexd: Skipping decompression for /system/apex/com.android.conscrypt.capex
01-01 08:00:10.815 1 1 I init: Verified that /data/dalvik-cache has the encryption policy 118ed73019593c18a73a2b103cbc8448 v2 modes 1/4 flags 0x2
01-01 08:00:10.815 324 324 E realtek-i2c 9801ba00.i2c-4: rtk_i2c_handle_tx_abort: slave address not acknowledged (7bit mode)
01-01 08:00:10.815 429 429 I apexd: Processing compressed APEX /system/apex/com.android.adservices.capex
01-01 08:00:10.817 1 1 I init: Verified that /data/ota has the encryption policy 118ed73019593c18a73a2b103cbc8448 v2 modes 1/4 flags 0x2
01-01 08:00:10.817 435 435 I : create pcm instance: play 2 cap 1
01-01 08:00:10.817 435 435 I : create pcm instance: play 1 cap 1
01-01 08:00:10.817 435 435 I : create pcm instance: play 1 cap 0
01-01 08:00:10.817 435 435 I : create pcm instance: play 1 cap 1
01-01 08:00:10.817 435 435 I : create pcm instance: play 1 cap 1
01-01 08:00:10.817 435 435 I : create pcm instance: play 1 cap 0
01-01 08:00:10.817 435 435 I : create pcm instance: play 1 cap 0
01-01 08:00:10.817 435 435 I : create pcm instance: play 1 cap 1
01-01 08:00:10.817 435 435 I : create pcm instance: play 0 cap 0
01-01 08:00:10.817 435 435 I : create pcm instance: play 0 cap 1
01-01 08:00:10.817 435 435 I : create pcm instance: play 0 cap 1
01-01 08:00:10.818 435 435 I : create pcm instance: play 0 cap 1
01-01 08:00:10.818 435 435 I : create pcm instance: play 0 cap 1
01-01 08:00:10.818 435 435 I : create pcm instance: play 0 cap 1
01-01 08:00:10.818 435 435 I : create pcm instance: play 0 cap 1
01-01 08:00:10.818 435 435 I : create pcm instance: play 0 cap 1
01-01 08:00:10.818 435 435 I : create pcm instance: play 0 cap 1
01-01 08:00:10.818 435 435 I : create pcm instance: play 0 cap 1
01-01 08:00:10.818 435 435 I : create pcm instance: play 0 cap 1
01-01 08:00:10.818 435 435 I : create pcm instance: play 0 cap 1
01-01 08:00:10.818 435 435 I : create pcm instance: play 0 cap 1
01-01 08:00:10.818 435 435 I : aec mute 400 fade 1600
01-01 08:00:10.820 324 324 E realtek-i2c 9801ba00.i2c-4: rtk_i2c_handle_tx_abort: slave address not acknowledged (7bit mode)
01-01 08:00:10.820 1 1 I init: Verified that /data/ota_package has the encryption policy 118ed73019593c18a73a2b103cbc8448 v2 modes 1/4 flags 0x2
01-01 08:00:10.822 1 1 I init: Verified that /data/resource-cache has the encryption policy 118ed73019593c18a73a2b103cbc8448 v2 modes 1/4 flags 0x2
01-01 08:00:10.823 324 324 E realtek-i2c 9801ba00.i2c-4: rtk_i2c_handle_tx_abort: slave address not acknowledged (7bit mode)
01-01 08:00:10.824 1 1 I init: Not setting encryption policy on: /data/lost+found
01-01 08:00:10.825 429 429 I apexd: Skipping decompression for /system/apex/com.android.adservices.capex
01-01 08:00:10.825 429 429 I apexd: Processing compressed APEX /system/apex/com.android.ipsec.capex
01-01 08:00:10.827 324 324 E realtek-i2c 9801ba00.i2c-4: rtk_i2c_handle_tx_abort: slave address not acknowledged (7bit mode)
01-01 08:00:10.832 429 429 I apexd: Skipping decompression for /system/apex/com.android.ipsec.capex
01-01 08:00:10.731 351 358 D VehicleRTKHal: In[setValues][512]
01-01 08:00:10.732 351 358 D VehicleRTKHardware: Set value for property ID: 291504901
01-01 08:00:10.732 351 359 D VehicleRTKHardware: In[setValue][799] prop =291504901 ,289408515
01-01 08:00:10.732 351 359 D VehicleRTKHardware: In[setValue][825].. wirte success...
01-01 08:00:10.732 351 358 D VehicleRTKHal: In[setValues][512]
01-01 08:00:10.732 351 358 D VehicleRTKHardware: Set value for property ID: 291504647
01-01 08:00:10.732 351 359 D VehicleRTKHardware: In[setValue][799] prop =291504647 ,289408515
01-01 08:00:10.732 351 359 D VehicleRTKHardware: In[setValue][825].. wirte success...
01-01 08:00:10.833 1 1 I init: Verified that /data/drm has the encryption policy 118ed73019593c18a73a2b103cbc8448 v2 modes 1/4 flags 0x2
01-01 08:00:10.834 324 324 E realtek-i2c 9801ba00.i2c-4: rtk_i2c_handle_tx_abort: slave address not acknowledged (7bit mode)
01-01 08:00:10.834 429 429 I apexd: Processing compressed APEX /system/apex/com.android.resolv.capex
01-01 08:00:10.835 435 435 I : [sound/soc/realtek/common/snd-hifi-realtek_rpc.c rpc_create_ao_agent 162] success
01-01 08:00:10.836 1 1 I init: Verified that /data/mediadrm has the encryption policy 118ed73019593c18a73a2b103cbc8448 v2 modes 1/4 flags 0x2
01-01 08:00:10.732 351 358 D VehicleRTKHal: In[setValues][512]
01-01 08:00:10.732 351 358 D VehicleRTKHardware: Set value for property ID: 291504903
01-01 08:00:10.732 351 359 D VehicleRTKHardware: In[setValue][799] prop =291504903 ,289408515
01-01 08:00:10.732 351 359 D VehicleRTKHardware: In[setValue][825].. wirte success...
01-01 08:00:10.732 351 358 D VehicleRTKHal: In[setValues][512]
01-01 08:00:10.732 351 358 D VehicleRTKHardware: Set value for property ID: 291504897
01-01 08:00:10.732 351 359 D VehicleRTKHardware: In[setValue][799] prop =291504897 ,289408515
01-01 08:00:10.732 351 359 D VehicleRTKHardware: In[setValue][825].. wirte success...
01-01 08:00:10.733 351 358 D VehicleRTKHal: In[setValues][512]
01-01 08:00:10.733 351 358 D VehicleRTKHardware: Set value for property ID: 289408000
01-01 08:00:10.733 351 359 D VehicleRTKHardware: In[setValue][799] prop =289408000 ,289408515
01-01 08:00:10.733 351 359 D VehicleRTKHardware: In[setValue][825].. wirte success...
01-01 08:00:10.733 351 358 D VehicleRTKHal: In[setValues][512]
01-01 08:00:10.733 351 358 D VehicleRTKHardware: Set value for property ID: 287310855
01-01 08:00:10.733 351 359 D VehicleRTKHardware: In[setValue][799] prop =287310855 ,289408515
01-01 08:00:10.733 351 359 D VehicleRTKHardware: In[setValue][825].. wirte success...
01-01 08:00:10.735 351 358 D VehicleRTKHal: In[setValues][512]
01-01 08:00:10.735 351 358 D VehicleRTKHardware: Set value for property ID: 291504644
01-01 08:00:10.735 351 359 D VehicleRTKHardware: In[setValue][799] prop =291504644 ,289408515
01-01 08:00:10.735 351 359 D VehicleRTKHardware: In[setValue][825].. wirte success...
01-01 08:00:10.735 351 358 D VehicleRTKHal: In[setValues][512]
01-01 08:00:10.735 351 358 D VehicleRTKHardware: Set value for property ID: 291504904
01-01 08:00:10.735 351 359 D VehicleRTKHardware: In[setValue][799] prop =291504904 ,289408515
01-01 08:00:10.735 351 359 D VehicleRTKHardware: In[setValue][825].. wirte success...
01-01 08:00:10.838 435 435 I : [sound/soc/realtek/common/snd-hifi-realtek_rpc.c rpc_config_amic_voltage 2384] success
01-01 08:00:10.838 324 324 E realtek-i2c 9801ba00.i2c-4: rtk_i2c_handle_tx_abort: slave address not acknowledged (7bit mode)
01-01 08:00:10.841 324 324 E realtek-i2c 9801ba00.i2c-4: rtk_i2c_handle_tx_abort: slave address not acknowledged (7bit mode)
01-01 08:00:10.841 1 1 I init: Verified that /data/nfc has the encryption policy 118ed73019593c18a73a2b103cbc8448 v2 modes 1/4 flags 0x2
01-01 08:00:10.843 435 435 I rtk_snd_hifi sound: initialized
01-01 08:00:10.735 351 358 D VehicleRTKHal: In[setValues][512]
01-01 08:00:10.736 351 358 D VehicleRTKHardware: Set value for property ID: 291505923
01-01 08:00:10.736 351 359 D VehicleRTKHardware: In[setValue][799] prop =291505923 ,289408515
01-01 08:00:10.736 351 359 D VehicleRTKHardware: In[setValue][825].. wirte success...
01-01 08:00:10.848 429 429 I apexd: Skipping decompression for /system/apex/com.android.resolv.capex
01-01 08:00:10.848 324 324 E realtek-i2c 9801ba00.i2c-4: rtk_i2c_handle_tx_abort: slave address not acknowledged (7bit mode)
01-01 08:00:10.850 266 266 D : Loaded kernel module snd-soc-hifi-realtek.ko
01-01 08:00:10.851 1 1 I init: Verified that /data/backup has the encryption policy 118ed73019593c18a73a2b103cbc8448 v2 modes 1/4 flags 0x2
01-01 08:00:10.851 429 429 I apexd: Processing compressed APEX /system/apex/com.android.media.capex
01-01 08:00:10.853 1 1 I init: Verified that /data/ss has the encryption policy 118ed73019593c18a73a2b103cbc8448 v2 modes 1/4 flags 0x2
01-01 08:00:10.856 324 324 E realtek-i2c 9801ba00.i2c-4: rtk_i2c_handle_tx_abort: slave address not acknowledged (7bit mode)
01-01 08:00:10.856 266 266 D : Probing module snd-soc-hifi-compr-rtk.ko
01-01 08:00:10.856 324 324 E realtek-i2c 9801ba00.i2c-4: rtk_i2c_handle_tx_abort: slave address not acknowledged (7bit mode)
01-01 08:00:10.857 1 1 I init: Verified that /data/system has the encryption policy 118ed73019593c18a73a2b103cbc8448 v2 modes 1/4 flags 0x2
01-01 08:00:10.857 324 324 E realtek-i2c 9801ba00.i2c-4: rtk_i2c_handle_tx_abort: slave address not acknowledged (7bit mode)
01-01 08:00:10.860 324 324 E realtek-i2c 9801ba00.i2c-4: rtk_i2c_handle_tx_abort: slave address not acknowledged (7bit mode)
01-01 08:00:10.863 429 429 I apexd: Skipping decompression for /system/apex/com.android.media.capex
01-01 08:00:10.864 324 324 E realtek-i2c 9801ba00.i2c-4: rtk_i2c_handle_tx_abort: slave address not acknowledged (7bit mode)
01-01 08:00:10.866 429 429 I apexd: Processing compressed APEX /system/apex/com.android.neuralnetworks.capex
01-01 08:00:10.868 324 324 E realtek-i2c 9801ba00.i2c-4: rtk_i2c_handle_tx_abort: slave address not acknowledged (7bit mode)
01-01 08:00:10.871 1 1 I selinux: SELinux: Skipping restorecon on directory(/data/system/shutdown-checkpoints)
01-01 08:00:10.872 324 324 E realtek-i2c 9801ba00.i2c-4: rtk_i2c_handle_tx_abort: slave address not acknowledged (7bit mode)
01-01 08:00:10.875 1 1 I init: Not setting encryption policy on: /data/media
01-01 08:00:10.877 324 324 E realtek-i2c 9801ba00.i2c-4: rtk_i2c_handle_tx_abort: slave address not acknowledged (7bit mode)
01-01 08:00:10.881 429 429 I apexd: Skipping decompression for /system/apex/com.android.neuralnetworks.capex
01-01 08:00:10.881 1 1 I init: Not setting encryption policy on: /data/misc_ce
01-01 08:00:10.881 1 1 I init: Not setting encryption policy on: /data/misc_de
01-01 08:00:10.882 1 1 I init: Not setting encryption policy on: /data/system_ce
01-01 08:00:10.886 324 324 E realtek-i2c 9801ba00.i2c-4: rtk_i2c_handle_tx_abort: slave address not acknowledged (7bit mode)
01-01 08:00:10.886 436 436 I : [sound/soc/realtek/common/snd-hifi-rtk-compr-rpc.c rpc_create_ao_agent 278] success
01-01 08:00:10.886 429 429 I apexd: Processing compressed APEX /system/apex/com.android.scheduling.capex
01-01 08:00:10.888 324 324 E realtek-i2c 9801ba00.i2c-4: rtk_i2c_handle_tx_abort: slave address not acknowledged (7bit mode)
01-01 08:00:10.890 436 436 I rtk_alsa_compress sound_compr: initialized
01-01 08:00:10.890 1 1 I init: Not setting encryption policy on: /data/system_de
01-01 08:00:10.892 324 324 E realtek-i2c 9801ba00.i2c-4: rtk_i2c_handle_tx_abort: slave address not acknowledged (7bit mode)
01-01 08:00:10.892 266 266 D : Loaded kernel module snd-soc-hifi-compr-rtk.ko
01-01 08:00:10.893 266 266 D : Probing module rtk_vad.ko
01-01 08:00:10.897 1 1 I init: Not setting encryption policy on: /data/user
01-01 08:00:10.898 429 429 I apexd: Skipping decompression for /system/apex/com.android.scheduling.capex
01-01 08:00:10.898 429 429 I apexd: Processing compressed APEX /system/apex/com.android.ondevicepersonalization.capex
01-01 08:00:10.900 324 324 E realtek-i2c 9801ba00.i2c-4: rtk_i2c_handle_tx_abort: slave address not acknowledged (7bit mode)
01-01 08:00:10.902 1 1 I init: Not setting encryption policy on: /data/user_de
01-01 08:00:10.907 429 429 I apexd: Skipping decompression for /system/apex/com.android.ondevicepersonalization.capex
01-01 08:00:10.907 324 324 E realtek-i2c 9801ba00.i2c-4: rtk_i2c_handle_tx_abort: slave address not acknowledged (7bit mode)
01-01 08:00:10.907 1 1 I init: Not setting encryption policy on: /data/vendor_ce
01-01 08:00:10.909 437 437 I rtk_vad rtk-vad: initialized
01-01 08:00:10.910 429 429 I apexd: Processing compressed APEX /system/apex/com.android.mediaprovider.capex
01-01 08:00:10.910 1 1 I init: Not setting encryption policy on: /data/vendor_de
01-01 08:00:10.910 1 1 I init: starting service 'exec 8 (/system/bin/chattr +F /data/media)'...
01-01 08:00:10.912 266 266 D : Loaded kernel module rtk_vad.ko
01-01 08:00:10.913 1 1 I init: ... started service 'exec 8 (/system/bin/chattr +F /data/media)' has pid 438
01-01 08:00:10.913 1 1 I init: SVC_EXEC service 'exec 8 (/system/bin/chattr +F /data/media)' pid 438 (uid 1023 gid 1023+0 context default) started; waiting...
01-01 08:00:10.913 324 324 E realtek-i2c 9801ba00.i2c-4: rtk_i2c_handle_tx_abort: slave address not acknowledged (7bit mode)
01-01 08:00:10.915 266 266 D : Probing module buflock.ko
01-01 08:00:10.919 324 324 E realtek-i2c 9801ba00.i2c-4: rtk_i2c_handle_tx_abort: slave address not acknowledged (7bit mode)
01-01 08:00:10.923 1 1 I init: Service 'exec 8 (/system/bin/chattr +F /data/media)' (pid 438) exited with status 0 waiting took 0.011000 seconds
01-01 08:00:10.925 429 429 I apexd: Skipping decompression for /system/apex/com.android.mediaprovider.capex
01-01 08:00:10.927 1 1 I init: Sending signal 9 to service 'exec 8 (/system/bin/chattr +F /data/media)' (pid 438) process group...
01-01 08:00:10.930 429 429 I apexd: Processing compressed APEX /system/apex/com.android.tethering.capex
01-01 08:00:10.930 324 324 E realtek-i2c 9801ba00.i2c-4: rtk_i2c_handle_tx_abort: slave address not acknowledged (7bit mode)
01-01 08:00:10.932 324 324 E realtek-i2c 9801ba00.i2c-4: rtk_i2c_handle_tx_abort: slave address not acknowledged (7bit mode)
01-01 08:00:10.932 1 1 I libprocessgroup: Successfully killed process cgroup uid 1023 pid 438 in 0ms
01-01 08:00:10.943 429 429 I apexd: Skipping decompression for /system/apex/com.android.tethering.capex
01-01 08:00:10.946 1 1 I init: Verified that /data/cache has the encryption policy 118ed73019593c18a73a2b103cbc8448 v2 modes 1/4 flags 0x2
01-01 08:00:10.947 266 266 D : Loaded kernel module buflock.ko
01-01 08:00:10.947 266 266 D : Probing module rtk_ps.ko
01-01 08:00:10.948 324 324 E realtek-i2c 9801ba00.i2c-4: rtk_i2c_handle_tx_abort: slave address not acknowledged (7bit mode)
01-01 08:00:10.949 324 324 E realtek-i2c 9801ba00.i2c-4: rtk_i2c_handle_tx_abort: slave address not acknowledged (7bit mode)
01-01 08:00:10.951 459 459 W apexd: Fallback to buffered I/O for /system/apex/com.android.btservices.apex
01-01 08:00:10.951 459 459 I loop4: detected capacity change from 0 to 62864
01-01 08:00:10.954 470 470 I loop5: detected capacity change from 0 to 16392
01-01 08:00:10.954 459 459 E apexd: No slaves in /sys/block/dm-4/slaves
01-01 08:00:10.956 459 459 W apexd: Failed to read /sys/class/block/dm-4/mq/0/nr_tags: No such file or directory
01-01 08:00:10.958 324 324 E realtek-i2c 9801ba00.i2c-4: rtk_i2c_handle_tx_abort: slave address not acknowledged (7bit mode)
01-01 08:00:10.959 465 465 W apexd: Fallback to buffered I/O for /system/apex/com.android.apex.cts.shim.apex
01-01 08:00:10.960 324 324 E realtek-i2c 9801ba00.i2c-4: rtk_i2c_handle_tx_abort: slave address not acknowledged (7bit mode)
01-01 08:00:10.963 465 465 I loop6: detected capacity change from 0 to 536
01-01 08:00:10.966 324 324 E realtek-i2c 9801ba00.i2c-4: rtk_i2c_handle_tx_abort: slave address not acknowledged (7bit mode)
01-01 08:00:10.966 1 1 I init: Verified that /data/rollback has the encryption policy 118ed73019593c18a73a2b103cbc8448 v2 modes 1/4 flags 0x2
01-01 08:00:10.969 266 266 D : Loaded kernel module rtk_ps.ko
01-01 08:00:10.969 266 266 D : Probing module rtk_pm_suspend.ko
01-01 08:00:10.969 456 456 W apexd: Fallback to buffered I/O for /system/apex/com.android.tzdata.apex
01-01 08:00:10.970 1 1 I init: Verified that /data/rollback-observer has the encryption policy 118ed73019593c18a73a2b103cbc8448 v2 modes 1/4 flags 0x2
01-01 08:00:10.972 1 1 I init: Verified that /data/rollback-history has the encryption policy 118ed73019593c18a73a2b103cbc8448 v2 modes 1/4 flags 0x2
01-01 08:00:10.974 456 456 I loop7: detected capacity change from 0 to 1616
01-01 08:00:10.977 324 324 E realtek-i2c 9801ba00.i2c-4: rtk_i2c_handle_tx_abort: slave address not acknowledged (7bit mode)
01-01 08:00:10.875 350 396 W ServiceManagerCppClient: Waited one second for vendor.realtek.rtkdeviceservice.IRtkDeviceService/default (is service started? Number of threads started in the threadpool: 1. Are binder threads started and available?)
01-01 08:00:10.980 468 468 W apexd: Fallback to buffered I/O for /system/apex/com.android.devicelock.apex
01-01 08:00:10.981 273 273 I servicemanager: Since 'vendor.realtek.rtkdeviceservice.IRtkDeviceService/default' could not be found, trying to start it as a lazy AIDL service. (if it's not configured to be a lazy service, it may be stuck starting or still starting).
01-01 08:00:10.982 1 1 I init: Verified that /data/incremental has the encryption policy 118ed73019593c18a73a2b103cbc8448 v2 modes 1/4 flags 0x2
01-01 08:00:10.986 324 324 E realtek-i2c 9801ba00.i2c-4: rtk_i2c_handle_tx_abort: slave address not acknowledged (7bit mode)
01-01 08:00:10.986 324 324 E realtek-i2c 9801ba00.i2c-4: rtk_i2c_handle_tx_abort: slave address not acknowledged (7bit mode)
01-01 08:00:10.986 468 468 I loop8: detected capacity change from 0 to 10648
01-01 08:00:10.987 468 468 E apexd: No slaves in /sys/block/dm-4/slaves
01-01 08:00:10.987 472 472 W apexd: Fallback to buffered I/O for /system/apex/com.android.healthfitness.apex
01-01 08:00:10.987 474 474 W realtek-pm 98007000.syscon: rtk-pm: Not found wakeup-timer property
