01-01 08:00:09.933 970 970 I ApexManager: Registering com.android.devicelockcontroller as apk-in-apex of com.android.devicelock
01-01 08:00:09.934 970 970 D PackageManager: No files in app dir /apex/com.android.devicelock/app
01-01 08:00:09.934 970 970 D PackageManager: No files in app dir /apex/com.android.neuralnetworks/priv-app
01-01 08:00:09.934 970 970 D PackageManager: No files in app dir /apex/com.android.neuralnetworks/app
01-01 08:00:09.936 970 970 I ApexManager: Registering com.android.wifi.resources as apk-in-apex of com.android.wifi
01-01 08:00:21.683 324 324 E realtek-i2c 9801ba00.i2c-4: rtk_i2c_handle_tx_abort: slave address not acknowledged (7bit mode)
01-01 08:00:21.686 324 324 E realtek-i2c 9801ba00.i2c-4: rtk_i2c_handle_tx_abort: slave address not acknowledged (7bit mode)
01-01 08:00:21.689 324 324 E realtek-i2c 9801ba00.i2c-4: rtk_i2c_handle_tx_abort: slave address not acknowledged (7bit mode)
01-01 08:00:21.691 324 324 E realtek-i2c 9801ba00.i2c-4: rtk_i2c_handle_tx_abort: slave address not acknowledged (7bit mode)
01-01 08:00:09.940 970 970 I ApexManager: Registering com.android.hotspot2.osulogin as apk-in-apex of com.android.wifi
01-01 08:00:09.941 970 970 I ApexManager: Registering com.android.wifi.dialog as apk-in-apex of com.android.wifi
01-01 08:00:09.942 970 970 D PackageManager: No files in app dir /apex/com.android.runtime/priv-app
01-01 08:00:09.942 970 970 D PackageManager: No files in app dir /apex/com.android.runtime/app
01-01 08:00:09.943 970 970 D PackageManager: No files in app dir /apex/com.android.vndk.v34/priv-app
01-01 08:00:09.943 970 970 D PackageManager: No files in app dir /apex/com.android.vndk.v34/app
01-01 08:00:09.943 970 970 D PackageManager: No files in app dir /apex/com.android.scheduling/priv-app
01-01 08:00:09.943 970 970 D PackageManager: No files in app dir /apex/com.android.scheduling/app
01-01 08:00:09.943 970 970 D PackageManager: No files in app dir /apex/com.android.conscrypt/priv-app
01-01 08:00:09.943 970 970 D PackageManager: No files in app dir /apex/com.android.conscrypt/app
01-01 08:00:21.694 324 324 E realtek-i2c 9801ba00.i2c-4: rtk_i2c_handle_tx_abort: slave address not acknowledged (7bit mode)
01-01 08:00:21.697 324 324 E realtek-i2c 9801ba00.i2c-4: rtk_i2c_handle_tx_abort: slave address not acknowledged (7bit mode)
01-01 08:00:21.700 324 324 E realtek-i2c 9801ba00.i2c-4: rtk_i2c_handle_tx_abort: slave address not acknowledged (7bit mode)
01-01 08:00:09.948 970 970 I ApexManager: Registering android.ext.services as apk-in-apex of com.android.extservices
01-01 08:00:09.951 970 970 I ApexManager: Registering com.android.ext.adservices.api as apk-in-apex of com.android.extservices
01-01 08:00:21.703 324 324 E realtek-i2c 9801ba00.i2c-4: rtk_i2c_handle_tx_abort: slave address not acknowledged (7bit mode)
01-01 08:00:09.953 970 970 D PackageManager: No files in app dir /apex/com.android.extservices/app
01-01 08:00:09.956 970 970 I ApexManager: Registering com.android.cts.priv.ctsshim as apk-in-apex of com.android.apex.cts.shim
01-01 08:00:21.706 324 324 E realtek-i2c 9801ba00.i2c-4: rtk_i2c_handle_tx_abort: slave address not acknowledged (7bit mode)
01-01 08:00:21.708 324 324 E realtek-i2c 9801ba00.i2c-4: rtk_i2c_handle_tx_abort: slave address not acknowledged (7bit mode)
01-01 08:00:09.959 970 970 I ApexManager: Registering com.android.cts.ctsshim as apk-in-apex of com.android.apex.cts.shim
01-01 08:00:09.962 970 970 I ApexManager: Registering com.android.safetycenter.resources as apk-in-apex of com.android.permission
01-01 08:00:09.964 970 970 I ApexManager: Registering com.android.permissioncontroller as apk-in-apex of com.android.permission
01-01 08:00:09.965 970 970 D PackageManager: No files in app dir /apex/com.android.permission/app
01-01 08:00:09.965 970 970 D PackageManager: No files in app dir /apex/com.android.art/priv-app
01-01 08:00:09.965 970 970 D PackageManager: No files in app dir /apex/com.android.art/app
01-01 08:00:09.965 970 970 D PackageManager: No files in app dir /apex/com.android.sdkext/priv-app
01-01 08:00:09.965 970 970 D PackageManager: No files in app dir /apex/com.android.sdkext/app
01-01 08:00:09.965 970 970 D PackageManager: No files in app dir /apex/com.android.os.statsd/priv-app
01-01 08:00:09.965 970 970 D PackageManager: No files in app dir /apex/com.android.os.statsd/app
01-01 08:00:09.966 970 970 D PackageManager: No files in app dir /apex/com.android.adbd/priv-app
01-01 08:00:09.966 970 970 D PackageManager: No files in app dir /apex/com.android.adbd/app
01-01 08:00:09.966 970 970 D PackageManager: No files in app dir /apex/com.android.resolv/priv-app
01-01 08:00:09.966 970 970 D PackageManager: No files in app dir /apex/com.android.resolv/app
01-01 08:00:21.711 324 324 E realtek-i2c 9801ba00.i2c-4: rtk_i2c_handle_tx_abort: slave address not acknowledged (7bit mode)
01-01 08:00:21.714 324 324 E realtek-i2c 9801ba00.i2c-4: rtk_i2c_handle_tx_abort: slave address not acknowledged (7bit mode)
01-01 08:00:21.717 324 324 E realtek-i2c 9801ba00.i2c-4: rtk_i2c_handle_tx_abort: slave address not acknowledged (7bit mode)
01-01 08:00:21.720 324 324 E realtek-i2c 9801ba00.i2c-4: rtk_i2c_handle_tx_abort: slave address not acknowledged (7bit mode)
01-01 08:00:09.969 970 970 I ApexManager: Registering com.android.adservices.api as apk-in-apex of com.android.adservices
01-01 08:00:21.722 324 324 E realtek-i2c 9801ba00.i2c-4: rtk_i2c_handle_tx_abort: slave address not acknowledged (7bit mode)
01-01 08:00:21.725 324 324 E realtek-i2c 9801ba00.i2c-4: rtk_i2c_handle_tx_abort: slave address not acknowledged (7bit mode)
01-01 08:00:09.973 970 970 I ApexManager: Registering com.android.sdksandbox as apk-in-apex of com.android.adservices
01-01 08:00:09.973 970 970 D PackageManager: No files in app dir /apex/com.android.media/priv-app
01-01 08:00:09.973 970 970 D PackageManager: No files in app dir /apex/com.android.media/app
01-01 08:00:09.974 970 970 D PackageManager: No files in app dir /apex/com.android.ipsec/priv-app
01-01 08:00:09.974 970 970 D PackageManager: No files in app dir /apex/com.android.ipsec/app
01-01 08:00:09.974 970 970 D PackageManager: No files in app dir /apex/com.android.configinfrastructure/priv-app
01-01 08:00:09.974 970 970 D PackageManager: No files in app dir /apex/com.android.configinfrastructure/app
01-01 08:00:09.974 970 970 D PackageManager: No files in app dir /apex/com.android.appsearch/priv-app
01-01 08:00:09.974 970 970 D PackageManager: No files in app dir /apex/com.android.appsearch/app
01-01 08:00:21.728 324 324 E realtek-i2c 9801ba00.i2c-4: rtk_i2c_handle_tx_abort: slave address not acknowledged (7bit mode)
01-01 08:00:21.730 324 324 E realtek-i2c 9801ba00.i2c-4: rtk_i2c_handle_tx_abort: slave address not acknowledged (7bit mode)
01-01 08:00:09.979 970 970 I ApexManager: Registering com.android.uwb.resources as apk-in-apex of com.android.uwb
01-01 08:00:09.979 970 970 D PackageManager: No files in app dir /apex/com.android.uwb/app
01-01 08:00:09.982 970 970 I ApexManager: Registering com.android.providers.media.module as apk-in-apex of com.android.mediaprovider
01-01 08:00:09.984 970 970 D PackageManager: No files in app dir /apex/com.android.mediaprovider/app
01-01 08:00:09.984 970 970 D PackageManager: No files in app dir /apex/com.android.virt/priv-app
01-01 08:00:09.986 970 970 I ApexManager: Registering com.android.virtualmachine.res as apk-in-apex of com.android.virt
01-01 08:00:21.733 324 324 E realtek-i2c 9801ba00.i2c-4: rtk_i2c_handle_tx_abort: slave address not acknowledged (7bit mode)
01-01 08:00:21.736 324 324 E realtek-i2c 9801ba00.i2c-4: rtk_i2c_handle_tx_abort: slave address not acknowledged (7bit mode)
01-01 08:00:21.739 324 324 E realtek-i2c 9801ba00.i2c-4: rtk_i2c_handle_tx_abort: slave address not acknowledged (7bit mode)
01-01 08:00:09.987 970 970 D PackageManager: No files in app dir /apex/com.android.tzdata/priv-app
01-01 08:00:09.987 970 970 D PackageManager: No files in app dir /apex/com.android.tzdata/app
01-01 08:00:09.990 970 970 I ApexManager: Registering com.android.rkpdapp as apk-in-apex of com.android.rkpd
01-01 08:00:09.991 970 970 D PackageManager: No files in app dir /apex/com.android.rkpd/app
01-01 08:00:09.992 970 970 D PackageManager: No files in app dir /apex/com.android.i18n/priv-app
01-01 08:00:09.992 970 970 D PackageManager: No files in app dir /apex/com.android.i18n/app
01-01 08:00:09.992 970 970 D PackageManager: No files in app dir /apex/com.android.btservices/priv-app
01-01 08:00:21.742 324 324 E realtek-i2c 9801ba00.i2c-4: rtk_i2c_handle_tx_abort: slave address not acknowledged (7bit mode)
01-01 08:00:09.996 970 970 I ApexManager: Registering com.android.bluetooth as apk-in-apex of com.android.btservices
01-01 08:00:10.000 970 970 I ApexManager: Registering com.android.healthconnect.controller as apk-in-apex of com.android.healthfitness
01-01 08:00:10.004 970 970 I ApexManager: Registering com.android.health.connect.backuprestore as apk-in-apex of com.android.healthfitness
01-01 08:00:10.011 970 970 I PackageManager: Finished scanning system apps. Time: 557 ms, packageCount: 226 , timePerPackage: 2 , cached: 229
01-01 08:00:10.033 970 970 W PackageManager: Relax SCAN_REQUIRE_KNOWN requirement for package com.publicos.bluetoothphone
01-01 08:00:10.036 970 970 I PackageManager: Finished scanning non-system apps. Time: 24 ms, packageCount: 1 , timePerPackage: 24 , cached: 0
01-01 08:00:10.036 970 970 W PackageManager: There should probably be a verifier, but, none were found
01-01 08:00:10.039 970 970 W PackageManager: Missing required system package: .
01-01 08:00:10.039 970 970 W PackageManager: Missing required system package: .
01-01 08:00:10.039 970 970 W PackageManager: Missing required system package: com.android.car.carlauncher.
01-01 08:00:10.048 970 970 I PackageManager: Time to scan packages: 0.593 seconds
01-01 08:00:10.048 970 970 I PermissionManager: Permission ownership changed. Updating all permissions.
01-01 08:00:10.053 970 970 W PermissionManager: Package com.android.adservices.api is an APK in APEX, but has permission allowlist on the system image. Please bundle the allowlist in the com.android.adservices APEX instead.
01-01 08:00:10.056 351 358 D VehicleRTKHal: In[setValues][512]
01-01 08:00:10.056 351 358 D VehicleRTKHardware: Set value for property ID: 291504901
01-01 08:00:10.056 351 359 D VehicleRTKHardware: In[setValue][799] prop =291504901 ,289408515
01-01 08:00:10.056 351 359 D VehicleRTKHardware: In[setValue][825].. wirte success...
01-01 08:00:10.057 351 358 D VehicleRTKHal: In[setValues][512]
01-01 08:00:10.057 351 358 D VehicleRTKHardware: Set value for property ID: 291504647
01-01 08:00:10.057 351 359 D VehicleRTKHardware: In[setValue][799] prop =291504647 ,289408515
01-01 08:00:10.057 351 359 D VehicleRTKHardware: In[setValue][825].. wirte success...
01-01 08:00:10.057 351 358 D VehicleRTKHal: In[setValues][512]
01-01 08:00:10.057 351 358 D VehicleRTKHardware: Set value for property ID: 291504903
01-01 08:00:10.057 351 359 D VehicleRTKHardware: In[setValue][799] prop =291504903 ,289408515
01-01 08:00:10.057 351 359 D VehicleRTKHardware: In[setValue][825].. wirte success...
01-01 08:00:10.057 351 358 D VehicleRTKHal: In[setValues][512]
01-01 08:00:10.057 351 358 D VehicleRTKHardware: Set value for property ID: 291504897
01-01 08:00:10.057 351 359 D VehicleRTKHardware: In[setValue][799] prop =291504897 ,289408515
01-01 08:00:10.057 351 359 D VehicleRTKHardware: In[setValue][825].. wirte success...
01-01 08:00:10.058 351 358 D VehicleRTKHal: In[setValues][512]
01-01 08:00:10.058 351 358 D VehicleRTKHardware: Set value for property ID: 289408000
01-01 08:00:10.058 351 359 D VehicleRTKHardware: In[setValue][799] prop =289408000 ,289408515
01-01 08:00:10.058 351 359 D VehicleRTKHardware: In[setValue][825].. wirte success...
01-01 08:00:10.058 351 358 D VehicleRTKHal: In[setValues][512]
01-01 08:00:10.058 351 358 D VehicleRTKHardware: Set value for property ID: 287310855
01-01 08:00:10.058 351 359 D VehicleRTKHardware: In[setValue][799] prop =287310855 ,289408515
01-01 08:00:10.058 351 359 D VehicleRTKHardware: In[setValue][825].. wirte success...
01-01 08:00:10.058 351 358 D VehicleRTKHal: In[setValues][512]
01-01 08:00:10.058 351 358 D VehicleRTKHardware: Set value for property ID: 291504644
01-01 08:00:10.058 351 359 D VehicleRTKHardware: In[setValue][799] prop =291504644 ,289408515
01-01 08:00:10.058 351 359 D VehicleRTKHardware: In[setValue][825].. wirte success...
01-01 08:00:10.059 351 358 D VehicleRTKHal: In[setValues][512]
01-01 08:00:10.059 351 358 D VehicleRTKHardware: Set value for property ID: 291504904
01-01 08:00:10.059 351 359 D VehicleRTKHardware: In[setValue][799] prop =291504904 ,289408515
01-01 08:00:10.059 351 359 D VehicleRTKHardware: In[setValue][825].. wirte success...
01-01 08:00:10.059 351 358 D VehicleRTKHal: In[setValues][512]
01-01 08:00:10.059 351 358 D VehicleRTKHardware: Set value for property ID: 291505923
01-01 08:00:10.059 351 359 D VehicleRTKHardware: In[setValue][799] prop =291505923 ,289408515
01-01 08:00:10.059 351 359 D VehicleRTKHardware: In[setValue][825].. wirte success...
01-01 08:00:10.074 842 859 D BootAnimation: Playing files = /system/media/bootanimation.zip/part2, Requested repeat = 0, playUntilComplete = true
01-01 08:00:21.849 324 324 E realtek-i2c 9801ba00.i2c-4: rtk_i2c_handle_tx_abort: slave address not acknowledged (7bit mode)
01-01 08:00:21.852 324 324 E realtek-i2c 9801ba00.i2c-4: rtk_i2c_handle_tx_abort: slave address not acknowledged (7bit mode)
01-01 08:00:21.855 324 324 E realtek-i2c 9801ba00.i2c-4: rtk_i2c_handle_tx_abort: slave address not acknowledged (7bit mode)
01-01 08:00:21.857 324 324 E realtek-i2c 9801ba00.i2c-4: rtk_i2c_handle_tx_abort: slave address not acknowledged (7bit mode)
01-01 08:00:21.860 324 324 E realtek-i2c 9801ba00.i2c-4: rtk_i2c_handle_tx_abort: slave address not acknowledged (7bit mode)
01-01 08:00:21.863 324 324 E realtek-i2c 9801ba00.i2c-4: rtk_i2c_handle_tx_abort: slave address not acknowledged (7bit mode)
01-01 08:00:10.117 970 970 W PermissionManager: Package com.android.providers.media.module is an APK in APEX, but has permission allowlist on the system image. Please bundle the allowlist in the com.android.mediaprovider APEX instead.
01-01 08:00:10.117 970 970 W PermissionManager: Package com.android.providers.media.module is an APK in APEX, but has permission allowlist on the system image. Please bundle the allowlist in the com.android.mediaprovider APEX instead.
01-01 08:00:10.117 970 970 W PermissionManager: Package com.android.providers.media.module is an APK in APEX, but has permission allowlist on the system image. Please bundle the allowlist in the com.android.mediaprovider APEX instead.
01-01 08:00:10.117 970 970 W PermissionManager: Package com.android.providers.media.module is an APK in APEX, but has permission allowlist on the system image. Please bundle the allowlist in the com.android.mediaprovider APEX instead.
01-01 08:00:10.117 970 970 W PermissionManager: Package com.android.providers.media.module is an APK in APEX, but has permission allowlist on the system image. Please bundle the allowlist in the com.android.mediaprovider APEX instead.
01-01 08:00:10.117 970 970 W PermissionManager: Package com.android.providers.media.module is an APK in APEX, but has permission allowlist on the system image. Please bundle the allowlist in the com.android.mediaprovider APEX instead.
01-01 08:00:10.117 970 970 W PermissionManager: Package com.android.providers.media.module is an APK in APEX, but has permission allowlist on the system image. Please bundle the allowlist in the com.android.mediaprovider APEX instead.
01-01 08:00:10.117 970 970 W PermissionManager: Package com.android.providers.media.module is an APK in APEX, but has permission allowlist on the system image. Please bundle the allowlist in the com.android.mediaprovider APEX instead.
01-01 08:00:10.117 970 970 W PermissionManager: Package com.android.providers.media.module is an APK in APEX, but has permission allowlist on the system image. Please bundle the allowlist in the com.android.mediaprovider APEX instead.
01-01 08:00:10.117 970 970 W PermissionManager: Package com.android.providers.media.module is an APK in APEX, but has permission allowlist on the system image. Please bundle the allowlist in the com.android.mediaprovider APEX instead.
01-01 08:00:10.117 970 970 W PermissionManager: Package com.android.providers.media.module is an APK in APEX, but has permission allowlist on the system image. Please bundle the allowlist in the com.android.mediaprovider APEX instead.
01-01 08:00:10.117 970 970 W PermissionManager: Package com.android.providers.media.module is an APK in APEX, but has permission allowlist on the system image. Please bundle the allowlist in the com.android.mediaprovider APEX instead.
01-01 08:00:10.117 970 970 W PermissionManager: Package com.android.providers.media.module is an APK in APEX, but has permission allowlist on the system image. Please bundle the allowlist in the com.android.mediaprovider APEX instead.
01-01 08:00:21.866 324 324 E realtek-i2c 9801ba00.i2c-4: rtk_i2c_handle_tx_abort: slave address not acknowledged (7bit mode)
01-01 08:00:21.868 324 324 E realtek-i2c 9801ba00.i2c-4: rtk_i2c_handle_tx_abort: slave address not acknowledged (7bit mode)
01-01 08:00:21.871 324 324 E realtek-i2c 9801ba00.i2c-4: rtk_i2c_handle_tx_abort: slave address not acknowledged (7bit mode)
01-01 08:00:10.124 970 970 W PermissionManager: Package com.android.bluetooth is an APK in APEX, but has permission allowlist on the system image. Please bundle the allowlist in the com.android.btservices APEX instead.
01-01 08:00:21.874 324 324 E realtek-i2c 9801ba00.i2c-4: rtk_i2c_handle_tx_abort: slave address not acknowledged (7bit mode)
01-01 08:00:21.877 324 324 E realtek-i2c 9801ba00.i2c-4: rtk_i2c_handle_tx_abort: slave address not acknowledged (7bit mode)
01-01 08:00:21.880 324 324 E realtek-i2c 9801ba00.i2c-4: rtk_i2c_handle_tx_abort: slave address not acknowledged (7bit mode)
01-01 08:00:10.127 970 970 V PackageManager: reconcileAppsData for null u0 0x1 migrateAppData=true
01-01 08:00:21.882 324 324 E realtek-i2c 9801ba00.i2c-4: rtk_i2c_handle_tx_abort: slave address not acknowledged (7bit mode)
01-01 08:00:21.885 324 324 E realtek-i2c 9801ba00.i2c-4: rtk_i2c_handle_tx_abort: slave address not acknowledged (7bit mode)
01-01 08:00:21.888 324 324 E realtek-i2c 9801ba00.i2c-4: rtk_i2c_handle_tx_abort: slave address not acknowledged (7bit mode)
01-01 08:00:21.890 324 324 E realtek-i2c 9801ba00.i2c-4: rtk_i2c_handle_tx_abort: slave address not acknowledged (7bit mode)
01-01 08:00:10.139 855 864 I SELinux: SELinux: Loaded file context from:
01-01 08:00:10.139 855 864 I SELinux: /system/etc/selinux/plat_file_contexts
01-01 08:00:10.139 855 864 I SELinux: /product/etc/selinux/product_file_contexts
01-01 08:00:10.139 855 864 I SELinux: /vendor/etc/selinux/vendor_file_contexts
01-01 08:00:21.893 324 324 E realtek-i2c 9801ba00.i2c-4: rtk_i2c_handle_tx_abort: slave address not acknowledged (7bit mode)
01-01 08:00:21.896 324 324 E realtek-i2c 9801ba00.i2c-4: rtk_i2c_handle_tx_abort: slave address not acknowledged (7bit mode)
01-01 08:00:21.899 324 324 E realtek-i2c 9801ba00.i2c-4: rtk_i2c_handle_tx_abort: slave address not acknowledged (7bit mode)
01-01 08:00:21.902 324 324 E realtek-i2c 9801ba00.i2c-4: rtk_i2c_handle_tx_abort: slave address not acknowledged (7bit mode)
01-01 08:00:21.905 324 324 E realtek-i2c 9801ba00.i2c-4: rtk_i2c_handle_tx_abort: slave address not acknowledged (7bit mode)
01-01 08:00:21.907 324 324 E realtek-i2c 9801ba00.i2c-4: rtk_i2c_handle_tx_abort: slave address not acknowledged (7bit mode)
01-01 08:00:21.910 324 324 E realtek-i2c 9801ba00.i2c-4: rtk_i2c_handle_tx_abort: slave address not acknowledged (7bit mode)
01-01 08:00:21.913 324 324 E realtek-i2c 9801ba00.i2c-4: rtk_i2c_handle_tx_abort: slave address not acknowledged (7bit mode)
01-01 08:00:21.916 324 324 E realtek-i2c 9801ba00.i2c-4: rtk_i2c_handle_tx_abort: slave address not acknowledged (7bit mode)
01-01 08:00:21.919 324 324 E realtek-i2c 9801ba00.i2c-4: rtk_i2c_handle_tx_abort: slave address not acknowledged (7bit mode)
01-01 08:00:21.921 324 324 E realtek-i2c 9801ba00.i2c-4: rtk_i2c_handle_tx_abort: slave address not acknowledged (7bit mode)
01-01 08:00:21.924 324 324 E realtek-i2c 9801ba00.i2c-4: rtk_i2c_handle_tx_abort: slave address not acknowledged (7bit mode)
01-01 08:00:21.927 324 324 E realtek-i2c 9801ba00.i2c-4: rtk_i2c_handle_tx_abort: slave address not acknowledged (7bit mode)
01-01 08:00:21.929 324 324 E realtek-i2c 9801ba00.i2c-4: rtk_i2c_handle_tx_abort: slave address not acknowledged (7bit mode)
01-01 08:00:21.932 324 324 E realtek-i2c 9801ba00.i2c-4: rtk_i2c_handle_tx_abort: slave address not acknowledged (7bit mode)
01-01 08:00:10.186 970 970 V PackageManager: reconcileAppsData finished 27 packages
01-01 08:00:10.187 970 970 D PackageManagerTiming: write settings
01-01 08:00:10.187 970 1028 D SystemServerTimingAsync: InitThreadPoolExec:prepareAppData
01-01 08:00:10.187 970 1028 D SystemServerInitThreadPool: Started executing prepareAppData
01-01 08:00:10.188 855 864 D installd: Found valid user 10
01-01 08:00:21.935 324 324 E realtek-i2c 9801ba00.i2c-4: rtk_i2c_handle_tx_abort: slave address not acknowledged (7bit mode)
01-01 08:00:21.938 324 324 E realtek-i2c 9801ba00.i2c-4: rtk_i2c_handle_tx_abort: slave address not acknowledged (7bit mode)
01-01 08:00:21.940 324 324 E realtek-i2c 9801ba00.i2c-4: rtk_i2c_handle_tx_abort: slave address not acknowledged (7bit mode)
01-01 08:00:21.943 324 324 E realtek-i2c 9801ba00.i2c-4: rtk_i2c_handle_tx_abort: slave address not acknowledged (7bit mode)
01-01 08:00:21.946 324 324 E realtek-i2c 9801ba00.i2c-4: rtk_i2c_handle_tx_abort: slave address not acknowledged (7bit mode)
01-01 08:00:21.949 324 324 E realtek-i2c 9801ba00.i2c-4: rtk_i2c_handle_tx_abort: slave address not acknowledged (7bit mode)
01-01 08:00:21.952 324 324 E realtek-i2c 9801ba00.i2c-4: rtk_i2c_handle_tx_abort: slave address not acknowledged (7bit mode)
01-01 08:00:21.955 324 324 E realtek-i2c 9801ba00.i2c-4: rtk_i2c_handle_tx_abort: slave address not acknowledged (7bit mode)
01-01 08:00:21.957 324 324 E realtek-i2c 9801ba00.i2c-4: rtk_i2c_handle_tx_abort: slave address not acknowledged (7bit mode)
01-01 08:00:21.960 324 324 E realtek-i2c 9801ba00.i2c-4: rtk_i2c_handle_tx_abort: slave address not acknowledged (7bit mode)
01-01 08:00:21.963 324 324 E realtek-i2c 9801ba00.i2c-4: rtk_i2c_handle_tx_abort: slave address not acknowledged (7bit mode)
01-01 08:00:21.966 324 324 E realtek-i2c 9801ba00.i2c-4: rtk_i2c_handle_tx_abort: slave address not acknowledged (7bit mode)
01-01 08:00:21.969 324 324 E realtek-i2c 9801ba00.i2c-4: rtk_i2c_handle_tx_abort: slave address not acknowledged (7bit mode)
01-01 08:00:21.973 324 324 E realtek-i2c 9801ba00.i2c-4: rtk_i2c_handle_tx_abort: slave address not acknowledged (7bit mode)
01-01 08:00:10.225 970 970 I SELinux: SELinux: Loaded file context from:
01-01 08:00:10.225 970 970 I SELinux: /system/etc/selinux/plat_file_contexts
01-01 08:00:10.225 970 970 I SELinux: /product/etc/selinux/product_file_contexts
01-01 08:00:10.225 970 970 I SELinux: /vendor/etc/selinux/vendor_file_contexts
01-01 08:00:21.976 324 324 E realtek-i2c 9801ba00.i2c-4: rtk_i2c_handle_tx_abort: slave address not acknowledged (7bit mode)
01-01 08:00:21.979 324 324 E realtek-i2c 9801ba00.i2c-4: rtk_i2c_handle_tx_abort: slave address not acknowledged (7bit mode)
01-01 08:00:21.982 324 324 E realtek-i2c 9801ba00.i2c-4: rtk_i2c_handle_tx_abort: slave address not acknowledged (7bit mode)
01-01 08:00:21.984 324 324 E realtek-i2c 9801ba00.i2c-4: rtk_i2c_handle_tx_abort: slave address not acknowledged (7bit mode)
01-01 08:00:10.233 970 970 V PackageManagerTiming: write settings took to complete: 47ms
01-01 08:00:10.234 970 970 W PackageManager: Domain verification agent not found
01-01 08:00:10.236 970 970 D PackageManager: Ephemeral resolver NOT found; no matching intent filters
01-01 08:00:10.236 970 970 D PackageManager: Instant App installer not found with android.intent.action.INSTALL_INSTANT_APP_PACKAGE
01-01 08:00:10.236 970 970 D PackageManager: Clear ephemeral installer activity
01-01 08:00:21.987 324 324 E realtek-i2c 9801ba00.i2c-4: rtk_i2c_handle_tx_abort: slave address not acknowledged (7bit mode)
01-01 08:00:21.990 324 324 E realtek-i2c 9801ba00.i2c-4: rtk_i2c_handle_tx_abort: slave address not acknowledged (7bit mode)
01-01 08:00:21.993 324 324 E realtek-i2c 9801ba00.i2c-4: rtk_i2c_handle_tx_abort: slave address not acknowledged (7bit mode)
01-01 08:00:10.242 970 970 D PackageManagerTiming: GC
01-01 08:00:21.997 324 324 E realtek-i2c 9801ba00.i2c-4: rtk_i2c_handle_tx_abort: slave address not acknowledged (7bit mode)
01-01 08:00:10.248 970 970 V PackageManagerTiming: GC took to complete: 6ms
01-01 08:00:10.248 970 970 I PackageManager: Fix for b/169414761 is applied
01-01 08:00:10.248 970 970 V PackageManagerTiming: create package manager took to complete: 1113ms
01-01 08:00:10.249 970 970 V UserSystemPackageInstaller: Checking that all system packages are whitelisted.
01-01 08:00:22.000 324 324 E realtek-i2c 9801ba00.i2c-4: rtk_i2c_handle_tx_abort: slave address not acknowledged (7bit mode)
01-01 08:00:10.250 970 970 W UserSystemPackageInstaller: checkWhitelistedSystemPackages(mode=ENFORCE|IMPLICIT_WHITELIST) has 107 warnings:
01-01 08:00:10.250 970 970 W UserSystemPackageInstaller: com.android.car.companiondevicesupport is allowlisted but not present.
01-01 08:00:10.250 970 970 W UserSystemPackageInstaller: com.android.car.calendar is allowlisted but not present.
01-01 08:00:10.250 970 970 W UserSystemPackageInstaller: com.android.theme.color.amethyst is allowlisted but not present.
01-01 08:00:10.250 970 970 W UserSystemPackageInstaller: com.android.theme.icon.pebble is allowlisted but not present.
01-01 08:00:10.250 970 970 W UserSystemPackageInstaller: com.android.car.rotaryime is allowlisted but not present.
01-01 08:00:10.250 970 970 W UserSystemPackageInstaller: com.android.theme.color.sand is allowlisted but not present.
01-01 08:00:10.250 970 970 W UserSystemPackageInstaller: com.android.telephony.qns is allowlisted but not present.
01-01 08:00:10.250 970 970 W UserSystemPackageInstaller: com.android.car.media is allowlisted but not present.
01-01 08:00:10.250 970 970 W UserSystemPackageInstaller: com.android.car.shell is allowlisted but not present.
01-01 08:00:10.250 970 970 W UserSystemPackageInstaller: com.android.theme.icon.vessel is allowlisted but not present.
01-01 08:00:10.250 970 970 W UserSystemPackageInstaller: com.android.car.cluster.home is allowlisted but not present.
01-01 08:00:10.250 970 970 W UserSystemPackageInstaller: com.android.theme.color.cinnamon is allowlisted but not present.
01-01 08:00:10.250 970 970 W UserSystemPackageInstaller: com.android.theme.icon_pack.victor.settings is allowlisted but not present.
01-01 08:00:10.250 970 970 W UserSystemPackageInstaller: com.android.federatedcompute is allowlisted but not present.
01-01 08:00:10.250 970 970 W UserSystemPackageInstaller: com.android.theme.icon_pack.rounded.systemui is allowlisted but not present.
01-01 08:00:10.250 970 970 W UserSystemPackageInstaller: com.android.theme.icon.taperedrect is allowlisted but not present.
01-01 08:00:10.250 970 970 W UserSystemPackageInstaller: com.android.messaging is allowlisted but not present.
01-01 08:00:10.250 970 970 W UserSystemPackageInstaller: com.android.theme.icon_pack.rounded.android is allowlisted but not present.
01-01 08:00:10.250 970 970 W UserSystemPackageInstaller: com.android.car.voicecontrol is allowlisted but not present.
01-01 08:00:10.250 970 970 W UserSystemPackageInstaller: com.android.internal.systemui.onehanded.gestural is allowlisted but not present.
01-01 08:00:10.250 970 970 W UserSystemPackageInstaller: com.android.car.retaildemo is allowlisted but not present.
01-01 08:00:10.250 970 970 W UserSystemPackageInstaller: com.android.theme.icon_pack.victor.systemui is allowlisted but not present.
01-01 08:00:10.250 970 970 W UserSystemPackageInstaller: com.android.theme.icon_pack.circular.themepicker is allowlisted but not present.
01-01 08:00:10.250 970 970 W UserSystemPackageInstaller: com.android.gbaservice is allowlisted but not present.
01-01 08:00:10.250 970 970 W UserSystemPackageInstaller: com.android.soundrecorder is allowlisted but not present.
01-01 08:00:10.250 970 970 W UserSystemPackageInstaller: com.android.theme.color.tangerine is allowlisted but not present.
01-01 08:00:10.250 970 970 W UserSystemPackageInstaller: com.android.timezone.updater is allowlisted but not present.
01-01 08:00:10.250 970 970 W UserSystemPackageInstaller: com.android.theme.color.aquamarine is allowlisted but not present.
01-01 08:00:10.250 970 970 W UserSystemPackageInstaller: com.android.theme.color.black is allowlisted but not present.
01-01 08:00:10.250 970 970 W UserSystemPackageInstaller: com.android.theme.color.green is allowlisted but not present.
01-01 08:00:10.251 970 970 W UserSystemPackageInstaller: com.android.theme.color.ocean is allowlisted but not present.
01-01 08:00:10.251 970 970 W UserSystemPackageInstaller: com.android.theme.color.space is allowlisted but not present.
01-01 08:00:10.251 970 970 W UserSystemPackageInstaller: com.android.theme.icon_pack.rounded.launcher is allowlisted but not present.
01-01 08:00:10.251 970 970 W UserSystemPackageInstaller: com.android.car.scriptexecutor is allowlisted but not present.
01-01 08:00:10.251 970 970 W UserSystemPackageInstaller: com.android.theme.icon_pack.kai.settings is allowlisted but not present.
01-01 08:00:10.251 970 970 W UserSystemPackageInstaller: com.android.nfc is allowlisted but not present.
01-01 08:00:10.251 970 970 W UserSystemPackageInstaller: com.android.ons is allowlisted but not present.
01-01 08:00:10.251 970 970 W UserSystemPackageInstaller: com.android.stk is allowlisted but not present.
01-01 08:00:10.251 970 970 W UserSystemPackageInstaller: com.android.internal.systemui.navbar.twobutton is allowlisted but not present.
01-01 08:00:10.251 970 970 W UserSystemPackageInstaller: com.android.telephony.resources is allowlisted but not present.
01-01 08:00:10.251 970 970 W UserSystemPackageInstaller: com.google.android.car.rvc is allowlisted but not present.
01-01 08:00:10.251 970 970 W UserSystemPackageInstaller: com.android.systemui.md.passenger.car.rro is allowlisted but not present.
01-01 08:00:10.251 970 970 W UserSystemPackageInstaller: com.android.theme.icon_pack.sam.settings is allowlisted but not present.
01-01 08:00:10.251 970 970 W UserSystemPackageInstaller: com.android.theme.icon_pack.kai.themepicker is allowlisted but not present.
01-01 08:00:10.251 970 970 W UserSystemPackageInstaller: com.android.emulator.radio.config is allowlisted but not present.
01-01 08:00:10.251 970 970 W UserSystemPackageInstaller: com.android.theme.icon_pack.victor.launcher is allowlisted but not present.
01-01 08:00:10.251 970 970 W UserSystemPackageInstaller: com.android.theme.icon_pack.filled.settings is allowlisted but not present.
01-01 08:00:10.251 970 970 W UserSystemPackageInstaller: com.android.theme.icon_pack.kai.systemui is allowlisted but not present.
01-01 08:00:10.251 970 970 W UserSystemPackageInstaller: com.android.car.hidecameraapps is allowlisted but not present.
01-01 08:00:10.251 970 970 W UserSystemPackageInstaller: com.android.theme.icon_pack.circular.settings is allowlisted but not present.
01-01 08:00:10.251 970 970 W UserSystemPackageInstaller: com.android.sdksetup is allowlisted but not present.
01-01 08:00:10.251 970 970 W UserSystemPackageInstaller: com.android.theme.icon_pack.sam.systemui is allowlisted but not present.
01-01 08:00:10.251 970 970 W UserSystemPackageInstaller: com.android.car.linkviewer is allowlisted but not present.
01-01 08:00:10.251 970 970 W UserSystemPackageInstaller: com.android.car.module is allowlisted but not present.
01-01 08:00:10.251 970 970 W UserSystemPackageInstaller: com.android.cellbroadcastreceiver is allowlisted but not present.
01-01 08:00:10.251 970 970 W UserSystemPackageInstaller: com.android.theme.icon.teardrop is allowlisted but not present.
01-01 08:00:10.251 970 970 W UserSystemPackageInstaller: com.android.cellbroadcastservice is allowlisted but not present.
01-01 08:00:10.251 970 970 W UserSystemPackageInstaller: com.android.theme.icon_pack.rounded.themepicker is allowlisted but not present.
01-01 08:00:10.251 970 970 W UserSystemPackageInstaller: com.android.service.ims is allowlisted but not present.
01-01 08:00:10.251 970 970 W UserSystemPackageInstaller: com.android.car.themeplayground is allowlisted but not present.
01-01 08:00:10.251 970 970 W UserSystemPackageInstaller: com.android.dialer is allowlisted but not present.
01-01 08:00:10.251 970 970 W UserSystemPackageInstaller: com.android.car.ui.sharedlibrary is allowlisted but not present.
01-01 08:00:10.251 970 970 W UserSystemPackageInstaller: com.android.theme.icon_pack.filled.systemui is allowlisted but not present.
01-01 08:00:10.251 970 970 W UserSystemPackageInstaller: com.android.safetyregulatoryinfo is allowlisted but not present.
01-01 08:00:10.251 970 970 W UserSystemPackageInstaller: com.auto.avatar is allowlisted but not present.
01-01 08:00:10.251 970 970 W UserSystemPackageInstaller: com.android.carrierdefaultapp is allowlisted but not present.
01-01 08:00:10.251 970 970 W UserSystemPackageInstaller: com.android.theme.icon_pack.sam.android is allowlisted but not present.
01-01 08:00:10.251 970 970 W UserSystemPackageInstaller: com.android.theme.icon_pack.filled.android is allowlisted but not present.
01-01 08:00:10.251 970 970 W UserSystemPackageInstaller: com.android.supplemental.process is allowlisted but not present.
01-01 08:00:10.251 970 970 W UserSystemPackageInstaller: com.android.theme.icon_pack.circular.systemui is allowlisted but not present.
01-01 08:00:10.251 970 970 W UserSystemPackageInstaller: com.android.car.carlauncher is allowlisted but not present.
01-01 08:00:10.251 970 970 W UserSystemPackageInstaller: com.android.voicetrigger is allowlisted but not present.
01-01 08:00:10.251 970 970 W UserSystemPackageInstaller: com.android.theme.icon_pack.kai.android is allowlisted but not present.
01-01 08:00:10.251 970 970 W UserSystemPackageInstaller: com.example.android.multiclientinputmethod is allowlisted but not present.
01-01 08:00:10.251 970 970 W UserSystemPackageInstaller: com.android.theme.icon_pack.kai.launcher is allowlisted but not present.
01-01 08:00:10.251 970 970 W UserSystemPackageInstaller: com.android.emulator.multidisplay is allowlisted but not present.
01-01 08:00:10.251 970 970 W UserSystemPackageInstaller: com.android.providers.partnerbookmarks is allowlisted but not present.
01-01 08:00:10.251 970 970 W UserSystemPackageInstaller: com.android.service.ims.presence is allowlisted but not present.
01-01 08:00:10.251 970 970 W UserSystemPackageInstaller: com.android.cellbroadcastreceiver.module is allowlisted but not present.
01-01 08:00:10.251 970 970 W UserSystemPackageInstaller: com.android.apps.tag is allowlisted but not present.
01-01 08:00:10.251 970 970 W UserSystemPackageInstaller: com.android.theme.icon_pack.sam.launcher is allowlisted but not present.
01-01 08:00:10.251 970 970 W UserSystemPackageInstaller: com.android.theme.icon.squircle is allowlisted but not present.
01-01 08:00:10.251 970 970 W UserSystemPackageInstaller: com.android.theme.icon_pack.victor.android is allowlisted but not present.
01-01 08:00:10.251 970 970 W UserSystemPackageInstaller: com.android.theme.color.palette is allowlisted but not present.
01-01 08:00:10.251 970 970 W UserSystemPackageInstaller: com.android.settings is allowlisted but not present.
01-01 08:00:10.251 970 970 W UserSystemPackageInstaller: com.android.theme.icon_pack.filled.launcher is allowlisted but not present.
01-01 08:00:10.251 970 970 W UserSystemPackageInstaller: com.android.theme.color.carbon is allowlisted but not present.
01-01 08:00:10.251 970 970 W UserSystemPackageInstaller: com.android.remoteprovisioner is allowlisted but not present.
01-01 08:00:10.251 970 970 W UserSystemPackageInstaller: com.android.theme.icon_pack.circular.launcher is allowlisted but not present.
01-01 08:00:10.251 970 970 W UserSystemPackageInstaller: com.google.android.telephony.satellite is allowlisted but not present.
01-01 08:00:10.251 970 970 W UserSystemPackageInstaller: com.android.permissioncontroller.car.rro is allowlisted unnecessarily since it's a static overlay.
01-01 08:00:10.251 970 970 W UserSystemPackageInstaller: com.android.angle is allowlisted but not present.
01-01 08:00:10.251 970 970 W UserSystemPackageInstaller: com.android.theme.icon_pack.filled.themepicker is allowlisted but not present.
01-01 08:00:10.251 970 970 W UserSystemPackageInstaller: com.android.car.goldilocks is allowlisted but not present.
01-01 08:00:10.251 970 970 W UserSystemPackageInstaller: com.android.car.rotaryplayground is allowlisted but not present.
01-01 08:00:10.251 970 970 W UserSystemPackageInstaller: com.android.theme.icon_pack.victor.themepicker is allowlisted but not present.
01-01 08:00:10.251 970 970 W UserSystemPackageInstaller: com.android.theme.color.orchid is allowlisted but not present.
01-01 08:00:10.251 970 970 W UserSystemPackageInstaller: com.android.car.multidisplay is allowlisted but not present.
01-01 08:00:10.251 970 970 W UserSystemPackageInstaller: com.android.theme.color.purple is allowlisted but not present.
01-01 08:00:10.251 970 970 W UserSystemPackageInstaller: com.google.android.car.hideapps is allowlisted but not present.
01-01 08:00:10.251 970 970 W UserSystemPackageInstaller: com.android.theme.icon_pack.sam.themepicker is allowlisted but not present.
01-01 08:00:10.251 970 970 W UserSystemPackageInstaller: com.android.theme.icon.roundedrect is allowlisted but not present.
01-01 08:00:10.251 970 970 W UserSystemPackageInstaller: com.android.car.speedbump is allowlisted but not present.
01-01 08:00:10.251 970 970 W UserSystemPackageInstaller: com.google.android.car.multidisplaytest is allowlisted but not present.
01-01 08:00:10.251 970 970 W UserSystemPackageInstaller: com.android.theme.icon_pack.rounded.settings is allowlisted but not present.
01-01 08:00:10.251 970 970 W UserSystemPackageInstaller: com.android.car.resources.vendor is allowlisted but not present.
01-01 08:00:10.251 970 970 W UserSystemPackageInstaller: com.android.theme.icon_pack.circular.android is allowlisted but not present.
01-01 08:00:10.253 970 970 I Watchdog: Resuming HandlerChecker: main thread for reason: packagemanagermain. Pause count: 0
01-01 08:00:10.253 970 970 V SystemServerTiming: StartPackageManagerService took to complete: 1120ms
01-01 08:00:10.253 970 970 D SystemServerTiming: DexUseManagerLocal
01-01 08:00:22.004 324 324 E realtek-i2c 9801ba00.i2c-4: rtk_i2c_handle_tx_abort: slave address not acknowledged (7bit mode)
01-01 08:00:22.008 324 324 E realtek-i2c 9801ba00.i2c-4: rtk_i2c_handle_tx_abort: slave address not acknowledged (7bit mode)
01-01 08:00:10.260 351 358 D VehicleRTKHal: In[setValues][512]
01-01 08:00:10.260 351 358 D VehicleRTKHardware: Set value for property ID: 291504901
01-01 08:00:10.260 351 359 D VehicleRTKHardware: In[setValue][799] prop =291504901 ,289408515
01-01 08:00:10.260 351 359 D VehicleRTKHardware: In[setValue][825].. wirte success...
01-01 08:00:10.263 351 358 D VehicleRTKHal: In[setValues][512]
01-01 08:00:10.263 351 358 D VehicleRTKHardware: Set value for property ID: 291504647
01-01 08:00:10.263 351 359 D VehicleRTKHardware: In[setValue][799] prop =291504647 ,289408515
01-01 08:00:10.264 351 359 D VehicleRTKHardware: In[setValue][825].. wirte success...
01-01 08:00:10.264 351 358 D VehicleRTKHal: In[setValues][512]
01-01 08:00:10.264 351 358 D VehicleRTKHardware: Set value for property ID: 291504903
01-01 08:00:10.264 351 359 D VehicleRTKHardware: In[setValue][799] prop =291504903 ,289408515
01-01 08:00:10.264 351 359 D VehicleRTKHardware: In[setValue][825].. wirte success...
01-01 08:00:10.264 351 358 D VehicleRTKHal: In[setValues][512]
01-01 08:00:10.264 351 358 D VehicleRTKHardware: Set value for property ID: 291504897
01-01 08:00:10.265 351 359 D VehicleRTKHardware: In[setValue][799] prop =291504897 ,289408515
01-01 08:00:10.265 351 359 D VehicleRTKHardware: In[setValue][825].. wirte success...
01-01 08:00:10.265 351 358 D VehicleRTKHal: In[setValues][512]
01-01 08:00:10.265 351 358 D VehicleRTKHardware: Set value for property ID: 289408000
01-01 08:00:10.265 351 359 D VehicleRTKHardware: In[setValue][799] prop =289408000 ,289408515
01-01 08:00:10.265 351 359 D VehicleRTKHardware: In[setValue][825].. wirte success...
01-01 08:00:10.265 351 358 D VehicleRTKHal: In[setValues][512]
01-01 08:00:10.265 351 358 D VehicleRTKHardware: Set value for property ID: 287310855
01-01 08:00:10.265 351 359 D VehicleRTKHardware: In[setValue][799] prop =287310855 ,289408515
01-01 08:00:10.265 351 359 D VehicleRTKHardware: In[setValue][825].. wirte success...
01-01 08:00:10.266 351 358 D VehicleRTKHal: In[setValues][512]
01-01 08:00:10.266 351 358 D VehicleRTKHardware: Set value for property ID: 291504644
01-01 08:00:10.266 351 359 D VehicleRTKHardware: In[setValue][799] prop =291504644 ,289408515
01-01 08:00:10.266 351 359 D VehicleRTKHardware: In[setValue][825].. wirte success...
01-01 08:00:10.266 351 358 D VehicleRTKHal: In[setValues][512]
01-01 08:00:10.266 351 358 D VehicleRTKHardware: Set value for property ID: 291504904
01-01 08:00:10.266 351 359 D VehicleRTKHardware: In[setValue][799] prop =291504904 ,289408515
01-01 08:00:10.266 351 359 D VehicleRTKHardware: In[setValue][825].. wirte success...
01-01 08:00:10.266 351 358 D VehicleRTKHal: In[setValues][512]
01-01 08:00:10.266 351 358 D VehicleRTKHardware: Set value for property ID: 291505923
01-01 08:00:10.266 351 359 D VehicleRTKHardware: In[setValue][799] prop =291505923 ,289408515
01-01 08:00:10.266 351 359 D VehicleRTKHardware: In[setValue][825].. wirte success...
01-01 08:00:10.269 970 970 V SystemServerTiming: DexUseManagerLocal took to complete: 15ms
01-01 08:00:10.269 970 970 D SystemServerTiming: StartOtaDexOptService
01-01 08:00:10.269 970 970 I Watchdog: Pausing HandlerChecker: main thread for reason: moveab. Pause count: 1
01-01 08:00:22.022 324 324 E realtek-i2c 9801ba00.i2c-4: rtk_i2c_handle_tx_abort: slave address not acknowledged (7bit mode)
01-01 08:00:22.025 324 324 E realtek-i2c 9801ba00.i2c-4: rtk_i2c_handle_tx_abort: slave address not acknowledged (7bit mode)
01-01 08:00:10.273 970 970 D OTADexopt: No upgrade, skipping A/B artifacts check.
01-01 08:00:10.273 970 970 I Watchdog: Resuming HandlerChecker: main thread for reason: moveab. Pause count: 0
01-01 08:00:10.273 970 970 V SystemServerTiming: StartOtaDexOptService took to complete: 4ms
01-01 08:00:10.273 970 970 D SystemServerTiming: StartUserManagerService
01-01 08:00:10.273 970 970 I SystemServiceManager: Starting com.android.server.pm.UserManagerService$LifeCycle
01-01 08:00:10.273 970 970 V SystemServerTiming: StartUserManagerService took to complete: 1ms
01-01 08:00:10.273 970 970 D SystemServerTiming: InitAttributerCache
01-01 08:00:10.274 970 970 V SystemServerTiming: InitAttributerCache took to complete: 0ms
01-01 08:00:10.274 970 970 D SystemServerTiming: SetSystemProcess
01-01 08:00:10.276 970 986 V HistoricalRegistry: Interaction before persistence initialized
01-01 08:00:10.277 970 985 V HistoricalRegistry: Interaction before persistence initialized
01-01 08:00:22.032 324 324 E realtek-i2c 9801ba00.i2c-4: rtk_i2c_handle_tx_abort: slave address not acknowledged (7bit mode)
01-01 08:00:10.282 343 375 I keystore2: system/security/keystore2/src/watchdog.rs:319 - Watchdog thread idle -> terminating. Have a great day.
01-01 08:00:22.035 324 324 E realtek-i2c 9801ba00.i2c-4: rtk_i2c_handle_tx_abort: slave address not acknowledged (7bit mode)
01-01 08:00:22.039 324 324 E realtek-i2c 9801ba00.i2c-4: rtk_i2c_handle_tx_abort: slave address not acknowledged (7bit mode)
01-01 08:00:22.042 324 324 E realtek-i2c 9801ba00.i2c-4: rtk_i2c_handle_tx_abort: slave address not acknowledged (7bit mode)
01-01 08:00:10.294 970 1002 I ActivityManager: Connection with lmkd established
01-01 08:00:10.294 271 271 I lowmemorykiller: lmkd data connection established
01-01 08:00:22.045 324 324 E realtek-i2c 9801ba00.i2c-4: rtk_i2c_handle_tx_abort: slave address not acknowledged (7bit mode)
01-01 08:00:22.049 324 324 E realtek-i2c 9801ba00.i2c-4: rtk_i2c_handle_tx_abort: slave address not acknowledged (7bit mode)
01-01 08:00:10.299 970 970 V SystemServerTiming: SetSystemProcess took to complete: 26ms
01-01 08:00:10.300 970 1030 V HistoricalRegistry: Interaction before persistence initialized
01-01 08:00:10.301 713 713 I audioserver: Waiting for sensor privacy service
01-01 08:00:10.301 970 970 D CompatibilityChangeReporter: Compat change id reported: 161145287; UID 1000; state: DISABLED
01-01 08:00:10.302 970 970 D CompatibilityChangeReporter: Compat change id reported: 161145287; UID 1000; state: ENABLED
01-01 08:00:10.303 970 970 D SystemServerTiming: InitWatchdog
01-01 08:00:10.303 970 970 V SystemServerTiming: InitWatchdog took to complete: 0ms
01-01 08:00:10.304 970 970 D SystemServerTiming: StartOverlayManagerService
01-01 08:00:22.053 324 324 E realtek-i2c 9801ba00.i2c-4: rtk_i2c_handle_tx_abort: slave address not acknowledged (7bit mode)
01-01 08:00:22.057 324 324 E realtek-i2c 9801ba00.i2c-4: rtk_i2c_handle_tx_abort: slave address not acknowledged (7bit mode)
01-01 08:00:22.060 324 324 E realtek-i2c 9801ba00.i2c-4: rtk_i2c_handle_tx_abort: slave address not acknowledged (7bit mode)
01-01 08:00:22.065 324 324 E realtek-i2c 9801ba00.i2c-4: rtk_i2c_handle_tx_abort: slave address not acknowledged (7bit mode)
01-01 08:00:22.068 324 324 E realtek-i2c 9801ba00.i2c-4: rtk_i2c_handle_tx_abort: slave address not acknowledged (7bit mode)
01-01 08:00:22.087 1 1 I init: service 'idmap2d' requested start, but it is already running (flags: 4)
01-01 08:00:22.089 1 1 I init: Control message: Processed ctl.start for 'idmap2d' from pid: 970 (system_server)
01-01 08:00:10.348 888 888 I ServiceManagerCppClient: Waiting for service 'package_native' on '/dev/binder' successful after waiting 4569ms
01-01 08:00:10.349 970 981 I system_server: Background concurrent copying GC freed 478249(23MB) AllocSpace objects, 140(6656KB) LOS objects, 49% free, 8973KB/17MB, paused 194us,52us total 106.490ms
01-01 08:00:10.351 888 888 W BpBinder: Linking to death on android.hardware.health.IHealth but there are no threads (yet?) listening to incoming transactions. See ProcessState::startThreadPool and ProcessState::setThreadPoolMaxThreadCount. Generally you should setup the binder threadpool before other initialization steps.
01-01 08:00:10.351 888 1032 I storaged: storaged: Start
01-01 08:00:10.353 913 913 I update_engine: [INFO:cleanup_previous_update_action.cc(112)] Executing task 3
01-01 08:00:10.353 861 875 I ServiceManagerCppClient: Waiting for service 'package_native' on '/dev/binder' successful after waiting 4699ms
01-01 08:00:10.357 913 913 I update_engine: [INFO:cleanup_previous_update_action.cc(124)] CleanupPreviousUpdateAction scheduled task ID 4 for WaitBootCompleted
01-01 08:00:10.364 970 983 W System: A resource was acquired at attached stack trace but never released. See java.io.Closeable for information on avoiding resource leaks.
01-01 08:00:10.365 970 983 W System: java.lang.Throwable: Explicit termination method 'close' not called
at dalvik.system.CloseGuard.openWithCallSite(CloseGuard.java:288)
at dalvik.system.CloseGuard.open(CloseGuard.java:257)
at java.io.FileInputStream.(FileInputStream.java:176)
at android.util.AtomicFile.openRead(AtomicFile.java:260)
at com.android.server.appop.AppOpsCheckingServiceImpl.readState(AppOpsCheckingServiceImpl.java:839)
at com.android.server.appop.AppOpsCheckingServiceTracingDecorator.readState(AppOpsCheckingServiceTracingDecorator.java:59)
at com.android.server.appop.AppOpsService.(AppOpsService.java:954)
at com.android.server.am.ActivityManagerService$Injector.getAppOpsService(ActivityManagerService.java:19727)
at com.android.server.am.ActivityManagerService.(ActivityManagerService.java:2579)
at com.android.server.am.ActivityManagerService$Lifecycle.(ActivityManagerService.java:2259)
at java.lang.reflect.Constructor.newInstance0(Native Method)
at java.lang.reflect.Constructor.newInstance(Constructor.java:343)
at com.android.server.SystemServiceManager.startService(SystemServiceManager.java:218)
at com.android.server.am.ActivityManagerService$Lifecycle.startService(ActivityManagerService.java:2265)
at com.android.server.SystemServer.startBootstrapServices(SystemServer.java:1162)
at com.android.server.SystemServer.run(SystemServer.java:944)
at com.android.server.SystemServer.main(SystemServer.java:668)
at java.lang.reflect.Method.invoke(Native Method)
at com.android.internal.os.RuntimeInit$MethodAndArgsCaller.run(RuntimeInit.java:552)
at com.android.internal.os.ZygoteInit.main(ZygoteInit.java:949)
01-01 08:00:22.177 324 324 E realtek-i2c 9801ba00.i2c-4: rtk_i2c_handle_tx_abort: slave address not acknowledged (7bit mode)
01-01 08:00:22.180 324 324 E realtek-i2c 9801ba00.i2c-4: rtk_i2c_handle_tx_abort: slave address not acknowledged (7bit mode)
01-01 08:00:22.183 324 324 E realtek-i2c 9801ba00.i2c-4: rtk_i2c_handle_tx_abort: slave address not acknowledged (7bit mode)
01-01 08:00:22.186 324 324 E realtek-i2c 9801ba00.i2c-4: rtk_i2c_handle_tx_abort: slave address not acknowledged (7bit mode)
01-01 08:00:22.188 324 324 E realtek-i2c 9801ba00.i2c-4: rtk_i2c_handle_tx_abort: slave address not acknowledged (7bit mode)
01-01 08:00:22.191 324 324 E realtek-i2c 9801ba00.i2c-4: rtk_i2c_handle_tx_abort: slave address not acknowledged (7bit mode)
