01-01 08:00:22.194 324 324 E realtek-i2c 9801ba00.i2c-4: rtk_i2c_handle_tx_abort: slave address not acknowledged (7bit mode)
01-01 08:00:22.198 324 324 E realtek-i2c 9801ba00.i2c-4: rtk_i2c_handle_tx_abort: slave address not acknowledged (7bit mode)
01-01 08:00:22.201 324 324 E realtek-i2c 9801ba00.i2c-4: rtk_i2c_handle_tx_abort: slave address not acknowledged (7bit mode)
01-01 08:00:22.204 324 324 E realtek-i2c 9801ba00.i2c-4: rtk_i2c_handle_tx_abort: slave address not acknowledged (7bit mode)
01-01 08:00:22.207 324 324 E realtek-i2c 9801ba00.i2c-4: rtk_i2c_handle_tx_abort: slave address not acknowledged (7bit mode)
01-01 08:00:22.210 324 324 E realtek-i2c 9801ba00.i2c-4: rtk_i2c_handle_tx_abort: slave address not acknowledged (7bit mode)
01-01 08:00:22.213 324 324 E realtek-i2c 9801ba00.i2c-4: rtk_i2c_handle_tx_abort: slave address not acknowledged (7bit mode)
01-01 08:00:22.216 324 324 E realtek-i2c 9801ba00.i2c-4: rtk_i2c_handle_tx_abort: slave address not acknowledged (7bit mode)
01-01 08:00:22.219 324 324 E realtek-i2c 9801ba00.i2c-4: rtk_i2c_handle_tx_abort: slave address not acknowledged (7bit mode)
01-01 08:00:10.469 351 358 D VehicleRTKHal: In[setValues][512]
01-01 08:00:10.469 351 358 D VehicleRTKHardware: Set value for property ID: 291504901
01-01 08:00:10.469 351 359 D VehicleRTKHardware: In[setValue][799] prop =291504901 ,289408515
01-01 08:00:10.469 351 359 D VehicleRTKHardware: In[setValue][825].. wirte success...
01-01 08:00:10.470 351 358 D VehicleRTKHal: In[setValues][512]
01-01 08:00:10.470 351 358 D VehicleRTKHardware: Set value for property ID: 291504647
01-01 08:00:10.470 351 359 D VehicleRTKHardware: In[setValue][799] prop =291504647 ,289408515
01-01 08:00:10.471 351 359 D VehicleRTKHardware: In[setValue][825].. wirte success...
01-01 08:00:10.471 351 358 D VehicleRTKHal: In[setValues][512]
01-01 08:00:10.471 351 358 D VehicleRTKHardware: Set value for property ID: 291504903
01-01 08:00:10.471 351 359 D VehicleRTKHardware: In[setValue][799] prop =291504903 ,289408515
01-01 08:00:10.471 351 359 D VehicleRTKHardware: In[setValue][825].. wirte success...
01-01 08:00:10.471 351 358 D VehicleRTKHal: In[setValues][512]
01-01 08:00:10.471 351 358 D VehicleRTKHardware: Set value for property ID: 291504897
01-01 08:00:10.471 351 359 D VehicleRTKHardware: In[setValue][799] prop =291504897 ,289408515
01-01 08:00:10.471 351 359 D VehicleRTKHardware: In[setValue][825].. wirte success...
01-01 08:00:10.471 351 358 D VehicleRTKHal: In[setValues][512]
01-01 08:00:10.471 351 358 D VehicleRTKHardware: Set value for property ID: 289408000
01-01 08:00:10.471 351 359 D VehicleRTKHardware: In[setValue][799] prop =289408000 ,289408515
01-01 08:00:10.471 351 359 D VehicleRTKHardware: In[setValue][825].. wirte success...
01-01 08:00:10.471 351 358 D VehicleRTKHal: In[setValues][512]
01-01 08:00:10.471 351 358 D VehicleRTKHardware: Set value for property ID: 287310855
01-01 08:00:10.472 351 359 D VehicleRTKHardware: In[setValue][799] prop =287310855 ,289408515
01-01 08:00:10.472 351 359 D VehicleRTKHardware: In[setValue][825].. wirte success...
01-01 08:00:10.472 351 358 D VehicleRTKHal: In[setValues][512]
01-01 08:00:10.472 351 358 D VehicleRTKHardware: Set value for property ID: 291504644
01-01 08:00:10.472 351 359 D VehicleRTKHardware: In[setValue][799] prop =291504644 ,289408515
01-01 08:00:10.472 351 359 D VehicleRTKHardware: In[setValue][825].. wirte success...
01-01 08:00:10.472 351 358 D VehicleRTKHal: In[setValues][512]
01-01 08:00:10.472 351 358 D VehicleRTKHardware: Set value for property ID: 291504904
01-01 08:00:22.222 324 324 E realtek-i2c 9801ba00.i2c-4: rtk_i2c_handle_tx_abort: slave address not acknowledged (7bit mode)
01-01 08:00:22.225 324 324 E realtek-i2c 9801ba00.i2c-4: rtk_i2c_handle_tx_abort: slave address not acknowledged (7bit mode)
01-01 08:00:10.475 351 359 D VehicleRTKHardware: In[setValue][799] prop =291504904 ,289408515
01-01 08:00:10.475 351 359 D VehicleRTKHardware: In[setValue][825].. wirte success...
01-01 08:00:10.475 351 358 D VehicleRTKHal: In[setValues][512]
01-01 08:00:10.475 351 358 D VehicleRTKHardware: Set value for property ID: 291505923
01-01 08:00:10.475 351 359 D VehicleRTKHardware: In[setValue][799] prop =291505923 ,289408515
01-01 08:00:10.475 351 359 D VehicleRTKHardware: In[setValue][825].. wirte success...
01-01 08:00:22.228 324 324 E realtek-i2c 9801ba00.i2c-4: rtk_i2c_handle_tx_abort: slave address not acknowledged (7bit mode)
01-01 08:00:22.232 324 324 E realtek-i2c 9801ba00.i2c-4: rtk_i2c_handle_tx_abort: slave address not acknowledged (7bit mode)
01-01 08:00:22.235 324 324 E realtek-i2c 9801ba00.i2c-4: rtk_i2c_handle_tx_abort: slave address not acknowledged (7bit mode)
01-01 08:00:10.488 970 1028 V SystemServerTimingAsync: AppDataFixup took to complete: 301ms
01-01 08:00:10.489 970 1028 W PackageManager: Skipping preparing app data for com.android.configinfrastructure
01-01 08:00:10.489 970 1028 W PackageManager: Skipping preparing app data for com.android.appsearch
01-01 08:00:10.489 970 1028 W PackageManager: Skipping preparing app data for com.android.adservices
01-01 08:00:10.489 970 1028 W PackageManager: Skipping preparing app data for com.android.scheduling
01-01 08:00:10.489 970 1028 W PackageManager: Skipping preparing app data for com.android.permission
01-01 08:00:10.489 970 1028 W PackageManager: Skipping preparing app data for com.android.art
01-01 08:00:10.489 970 1028 W PackageManager: Skipping preparing app data for com.android.uwb
01-01 08:00:10.490 970 1028 W PackageManager: Skipping preparing app data for com.android.tethering
01-01 08:00:10.490 970 1028 W PackageManager: Skipping preparing app data for com.android.btservices
01-01 08:00:10.490 970 1028 W PackageManager: Skipping preparing app data for com.android.media.swcodec
01-01 08:00:10.490 970 1028 W PackageManager: Skipping preparing app data for com.android.conscrypt
01-01 08:00:10.490 970 1028 W PackageManager: Skipping preparing app data for com.android.adbd
01-01 08:00:10.490 970 1028 W PackageManager: Skipping preparing app data for com.android.i18n
01-01 08:00:10.490 970 1028 W PackageManager: Skipping preparing app data for com.android.rkpd
01-01 08:00:10.490 970 1028 W PackageManager: Skipping preparing app data for com.android.virt
01-01 08:00:10.490 970 1028 W PackageManager: Skipping preparing app data for com.android.wifi
01-01 08:00:10.490 970 1028 W PackageManager: Skipping preparing app data for com.android.runtime
01-01 08:00:10.490 970 1028 W PackageManager: Skipping preparing app data for com.android.devicelock
01-01 08:00:10.490 970 1028 W PackageManager: Skipping preparing app data for com.android.apex.cts.shim
01-01 08:00:10.490 970 1028 W PackageManager: Skipping preparing app data for com.android.neuralnetworks
01-01 08:00:10.490 970 1028 W PackageManager: Skipping preparing app data for com.android.healthfitness
01-01 08:00:10.490 970 1028 W PackageManager: Skipping preparing app data for com.android.resolv
01-01 08:00:10.490 970 1028 W PackageManager: Skipping preparing app data for com.android.sdkext
01-01 08:00:10.490 970 1028 W PackageManager: Skipping preparing app data for com.android.tzdata
01-01 08:00:10.490 970 1028 W PackageManager: Skipping preparing app data for com.android.vndk.v34
01-01 08:00:10.490 970 1028 W PackageManager: Skipping preparing app data for com.android.os.statsd
01-01 08:00:10.490 970 1028 W PackageManager: Skipping preparing app data for com.android.extservices
01-01 08:00:10.491 970 1028 W PackageManager: Skipping preparing app data for com.android.ipsec
01-01 08:00:10.491 970 1028 W PackageManager: Skipping preparing app data for com.android.media
01-01 08:00:10.491 970 1028 W PackageManager: Skipping preparing app data for com.android.sdksandbox
01-01 08:00:10.491 970 1028 W PackageManager: Skipping preparing app data for com.android.mediaprovider
01-01 08:00:10.491 970 1028 W PackageManager: Skipping preparing app data for com.android.ondevicepersonalization
01-01 08:00:22.239 324 324 E realtek-i2c 9801ba00.i2c-4: rtk_i2c_handle_tx_abort: slave address not acknowledged (7bit mode)
01-01 08:00:22.242 324 324 E realtek-i2c 9801ba00.i2c-4: rtk_i2c_handle_tx_abort: slave address not acknowledged (7bit mode)
01-01 08:00:22.245 324 324 E realtek-i2c 9801ba00.i2c-4: rtk_i2c_handle_tx_abort: slave address not acknowledged (7bit mode)
01-01 08:00:22.248 324 324 E realtek-i2c 9801ba00.i2c-4: rtk_i2c_handle_tx_abort: slave address not acknowledged (7bit mode)
01-01 08:00:22.251 324 324 E realtek-i2c 9801ba00.i2c-4: rtk_i2c_handle_tx_abort: slave address not acknowledged (7bit mode)
01-01 08:00:22.255 324 324 E realtek-i2c 9801ba00.i2c-4: rtk_i2c_handle_tx_abort: slave address not acknowledged (7bit mode)
01-01 08:00:22.258 324 324 E realtek-i2c 9801ba00.i2c-4: rtk_i2c_handle_tx_abort: slave address not acknowledged (7bit mode)
01-01 08:00:22.261 324 324 E realtek-i2c 9801ba00.i2c-4: rtk_i2c_handle_tx_abort: slave address not acknowledged (7bit mode)
01-01 08:00:22.264 324 324 E realtek-i2c 9801ba00.i2c-4: rtk_i2c_handle_tx_abort: slave address not acknowledged (7bit mode)
01-01 08:00:22.267 324 324 E realtek-i2c 9801ba00.i2c-4: rtk_i2c_handle_tx_abort: slave address not acknowledged (7bit mode)
01-01 08:00:22.270 324 324 E realtek-i2c 9801ba00.i2c-4: rtk_i2c_handle_tx_abort: slave address not acknowledged (7bit mode)
01-01 08:00:22.273 324 324 E realtek-i2c 9801ba00.i2c-4: rtk_i2c_handle_tx_abort: slave address not acknowledged (7bit mode)
01-01 08:00:22.276 324 324 E realtek-i2c 9801ba00.i2c-4: rtk_i2c_handle_tx_abort: slave address not acknowledged (7bit mode)
01-01 08:00:10.526 851 856 W idmap2d: idmap '/data/resource-cache/product@overlay@NetworkStackOverlayRRO.apk@idmap' not up to date : bad target crc: idmap version 0xb448d8b1, file system version 0x137e6ade
01-01 08:00:22.279 324 324 E realtek-i2c 9801ba00.i2c-4: rtk_i2c_handle_tx_abort: slave address not acknowledged (7bit mode)
01-01 08:00:22.282 324 324 E realtek-i2c 9801ba00.i2c-4: rtk_i2c_handle_tx_abort: slave address not acknowledged (7bit mode)
01-01 08:00:22.285 324 324 E realtek-i2c 9801ba00.i2c-4: rtk_i2c_handle_tx_abort: slave address not acknowledged (7bit mode)
01-01 08:00:22.287 324 324 E realtek-i2c 9801ba00.i2c-4: rtk_i2c_handle_tx_abort: slave address not acknowledged (7bit mode)
01-01 08:00:22.290 324 324 E realtek-i2c 9801ba00.i2c-4: rtk_i2c_handle_tx_abort: slave address not acknowledged (7bit mode)
01-01 08:00:22.293 324 324 E realtek-i2c 9801ba00.i2c-4: rtk_i2c_handle_tx_abort: slave address not acknowledged (7bit mode)
01-01 08:00:22.296 324 324 E realtek-i2c 9801ba00.i2c-4: rtk_i2c_handle_tx_abort: slave address not acknowledged (7bit mode)
01-01 08:00:22.299 324 324 E realtek-i2c 9801ba00.i2c-4: rtk_i2c_handle_tx_abort: slave address not acknowledged (7bit mode)
01-01 08:00:22.302 324 324 E realtek-i2c 9801ba00.i2c-4: rtk_i2c_handle_tx_abort: slave address not acknowledged (7bit mode)
01-01 08:00:22.306 324 324 E realtek-i2c 9801ba00.i2c-4: rtk_i2c_handle_tx_abort: slave address not acknowledged (7bit mode)
01-01 08:00:22.308 324 324 E realtek-i2c 9801ba00.i2c-4: rtk_i2c_handle_tx_abort: slave address not acknowledged (7bit mode)
01-01 08:00:22.311 324 324 E realtek-i2c 9801ba00.i2c-4: rtk_i2c_handle_tx_abort: slave address not acknowledged (7bit mode)
01-01 08:00:22.314 324 324 E realtek-i2c 9801ba00.i2c-4: rtk_i2c_handle_tx_abort: slave address not acknowledged (7bit mode)
01-01 08:00:22.317 324 324 E realtek-i2c 9801ba00.i2c-4: rtk_i2c_handle_tx_abort: slave address not acknowledged (7bit mode)
01-01 08:00:22.320 324 324 E realtek-i2c 9801ba00.i2c-4: rtk_i2c_handle_tx_abort: slave address not acknowledged (7bit mode)
01-01 08:00:22.322 324 324 E realtek-i2c 9801ba00.i2c-4: rtk_i2c_handle_tx_abort: slave address not acknowledged (7bit mode)
01-01 08:00:22.325 324 324 E realtek-i2c 9801ba00.i2c-4: rtk_i2c_handle_tx_abort: slave address not acknowledged (7bit mode)
01-01 08:00:22.328 324 324 E realtek-i2c 9801ba00.i2c-4: rtk_i2c_handle_tx_abort: slave address not acknowledged (7bit mode)
01-01 08:00:22.331 324 324 E realtek-i2c 9801ba00.i2c-4: rtk_i2c_handle_tx_abort: slave address not acknowledged (7bit mode)
01-01 08:00:22.334 324 324 E realtek-i2c 9801ba00.i2c-4: rtk_i2c_handle_tx_abort: slave address not acknowledged (7bit mode)
01-01 08:00:22.338 324 324 E realtek-i2c 9801ba00.i2c-4: rtk_i2c_handle_tx_abort: slave address not acknowledged (7bit mode)
01-01 08:00:22.341 324 324 E realtek-i2c 9801ba00.i2c-4: rtk_i2c_handle_tx_abort: slave address not acknowledged (7bit mode)
01-01 08:00:22.344 324 324 E realtek-i2c 9801ba00.i2c-4: rtk_i2c_handle_tx_abort: slave address not acknowledged (7bit mode)
01-01 08:00:22.347 324 324 E realtek-i2c 9801ba00.i2c-4: rtk_i2c_handle_tx_abort: slave address not acknowledged (7bit mode)
01-01 08:00:22.350 324 324 E realtek-i2c 9801ba00.i2c-4: rtk_i2c_handle_tx_abort: slave address not acknowledged (7bit mode)
01-01 08:00:22.353 324 324 E realtek-i2c 9801ba00.i2c-4: rtk_i2c_handle_tx_abort: slave address not acknowledged (7bit mode)
01-01 08:00:22.356 324 324 E realtek-i2c 9801ba00.i2c-4: rtk_i2c_handle_tx_abort: slave address not acknowledged (7bit mode)
01-01 08:00:10.608 970 970 V SystemServerTiming: StartOverlayManagerService took to complete: 304ms
01-01 08:00:10.608 970 970 D SystemServerTiming: StartResourcesManagerService
01-01 08:00:10.608 970 989 W ActivityTaskManager: Skip updateConfiguration because mWindowManager isn't set
01-01 08:00:22.358 324 324 E realtek-i2c 9801ba00.i2c-4: rtk_i2c_handle_tx_abort: slave address not acknowledged (7bit mode)
01-01 08:00:22.361 324 324 E realtek-i2c 9801ba00.i2c-4: rtk_i2c_handle_tx_abort: slave address not acknowledged (7bit mode)
01-01 08:00:10.609 970 970 V SystemServerTiming: StartResourcesManagerService took to complete: 1ms
01-01 08:00:10.609 970 970 D SystemServerTiming: StartSensorPrivacyService
01-01 08:00:10.609 970 989 W BroadcastLoopers: Found previously unknown looper Thread[android.fg,5,main]
01-01 08:00:22.364 324 324 E realtek-i2c 9801ba00.i2c-4: rtk_i2c_handle_tx_abort: slave address not acknowledged (7bit mode)
01-01 08:00:22.367 324 324 E realtek-i2c 9801ba00.i2c-4: rtk_i2c_handle_tx_abort: slave address not acknowledged (7bit mode)
01-01 08:00:10.614 970 970 V SystemServerTiming: StartSensorPrivacyService took to complete: 6ms
01-01 08:00:10.614 970 970 D SystemServerTiming: StartSensorService
01-01 08:00:10.614 970 970 I SystemServiceManager: Starting com.android.server.sensors.SensorService
01-01 08:00:10.615 970 970 V SystemServerTiming: StartSensorService took to complete: 0ms
01-01 08:00:10.615 970 970 V SystemServerTiming: startBootstrapServices took to complete: 1759ms
01-01 08:00:10.615 970 970 D SystemServerTiming: startCoreServices
01-01 08:00:10.615 970 970 D SystemServerTiming: StartSystemConfigService
01-01 08:00:10.615 970 970 I SystemServiceManager: Starting com.android.server.SystemConfigService
01-01 08:00:10.616 970 1038 D SystemServerTimingAsync: InitThreadPoolExec:StartNativeSensorService
01-01 08:00:10.616 970 1038 D SystemServerInitThreadPool: Started executing StartNativeSensorService
01-01 08:00:10.616 970 1038 D SystemServerTimingAsync: StartNativeSensorService
01-01 08:00:10.616 970 970 V SystemServerTiming: StartSystemConfigService took to complete: 0ms
01-01 08:00:10.616 970 970 D SystemServerTiming: StartBatteryService
01-01 08:00:10.616 970 970 I SystemServiceManager: Starting com.android.server.BatteryService
01-01 08:00:10.617 970 1038 D SensorService: nuSensorService starting...
01-01 08:00:22.369 324 324 E realtek-i2c 9801ba00.i2c-4: rtk_i2c_handle_tx_abort: slave address not acknowledged (7bit mode)
01-01 08:00:22.371 273 273 I servicemanager: Found android.hardware.health.IHealth/default in device VINTF manifest.
01-01 08:00:22.373 324 324 E realtek-i2c 9801ba00.i2c-4: rtk_i2c_handle_tx_abort: slave address not acknowledged (7bit mode)
01-01 08:00:22.375 273 273 I servicemanager: Found android.hardware.sensors.ISensors/default in device VINTF manifest.
01-01 08:00:22.377 324 324 E realtek-i2c 9801ba00.i2c-4: rtk_i2c_handle_tx_abort: slave address not acknowledged (7bit mode)
01-01 08:00:10.629 970 1028 V SystemServerTimingAsync: AppDataPrepare took to complete: 140ms
01-01 08:00:10.629 970 1028 I PackageManager: Deferred reconcileAppsData finished 123 packages
01-01 08:00:10.629 970 1028 D SystemServerInitThreadPool: Finished executing prepareAppData
01-01 08:00:10.629 970 1028 V SystemServerTimingAsync: InitThreadPoolExec:prepareAppData took to complete: 441ms
01-01 08:00:10.633 278 278 I hwservicemanager: getTransport: Cannot find entry android.hardware.light@2.0::ILight/default in either framework or device VINTF manifest.
01-01 08:00:22.382 324 324 E realtek-i2c 9801ba00.i2c-4: rtk_i2c_handle_tx_abort: slave address not acknowledged (7bit mode)
01-01 08:00:22.383 654 654 W healthd: battery none chg=a
01-01 08:00:22.385 324 324 E realtek-i2c 9801ba00.i2c-4: rtk_i2c_handle_tx_abort: slave address not acknowledged (7bit mode)
01-01 08:00:10.638 970 970 I HealthServiceWrapperAidl: health: HealthServiceWrapper listening to AIDL HAL
01-01 08:00:10.638 713 713 D audioserver: main: AudioPolicy created
01-01 08:00:10.638 970 970 I BatteryService: health: Waited 0ms and received the update.
01-01 08:00:10.639 861 1037 W AudioAnalytics: onAudioServerStart: (key=audio.policy) AudioPolicy ctor, loadTimeMs:5000.145996
01-01 08:00:10.640 970 1043 D SensorService: nuSensorService thread starting...
01-01 08:00:10.640 970 1038 V HistoricalRegistry: Interaction before persistence initialized
01-01 08:00:10.641 713 713 I audioserver: main: initialization done in 6516.949 ms, joining thread pool
01-01 08:00:10.642 970 970 V SystemServerTiming: StartBatteryService took to complete: 26ms
01-01 08:00:10.642 970 970 D SystemServerTiming: StartUsageService
01-01 08:00:10.642 970 1038 V SystemServerTimingAsync: StartNativeSensorService took to complete: 26ms
01-01 08:00:10.642 970 1038 D SystemServerInitThreadPool: Finished executing StartNativeSensorService
01-01 08:00:10.642 970 1038 V SystemServerTimingAsync: InitThreadPoolExec:StartNativeSensorService took to complete: 26ms
01-01 08:00:10.644 970 970 I SystemServiceManager: Starting com.android.server.usage.UsageStatsService
01-01 08:00:10.644 970 1042 D SensorService: new thread SensorEventAckReceiver
01-01 08:00:10.658 970 970 V SystemServerTiming: StartUsageService took to complete: 16ms
01-01 08:00:10.658 970 970 D SystemServerTiming: StartWebViewUpdateService
01-01 08:00:10.658 970 970 I SystemServiceManager: Starting com.android.server.webkit.WebViewUpdateService
01-01 08:00:10.660 970 970 V SystemServerTiming: StartWebViewUpdateService took to complete: 2ms
01-01 08:00:10.660 970 970 D SystemServerTiming: StartCachedDeviceStateService
01-01 08:00:10.660 970 970 I SystemServiceManager: Starting com.android.server.CachedDeviceStateService
01-01 08:00:10.660 970 970 V SystemServerTiming: StartCachedDeviceStateService took to complete: 1ms
01-01 08:00:10.660 970 970 D SystemServerTiming: StartBinderCallsStatsService
01-01 08:00:10.660 970 970 I SystemServiceManager: Starting com.android.server.BinderCallsStatsService$LifeCycle
01-01 08:00:10.661 970 970 V SystemServerTiming: StartBinderCallsStatsService took to complete: 1ms
01-01 08:00:10.661 970 970 D SystemServerTiming: StartLooperStatsService
01-01 08:00:10.661 970 970 I SystemServiceManager: Starting com.android.server.LooperStatsService$Lifecycle
01-01 08:00:10.662 970 970 V SystemServerTiming: StartLooperStatsService took to complete: 1ms
01-01 08:00:10.662 970 970 D SystemServerTiming: StartRollbackManagerService
01-01 08:00:10.662 970 970 I SystemServiceManager: Starting com.android.server.rollback.RollbackManagerService
01-01 08:00:10.664 855 864 D installd: Found quota mount /dev/block/by-name/metadata at /metadata
01-01 08:00:10.664 855 864 D installd: Found quota mount /dev/block/dm-70 at /data
01-01 08:00:10.665 855 864 D installd: Found quota mount /dev/block/dm-70 at /data/user/0
01-01 08:00:10.659 855 855 W binder:855_1: type=1400 audit(0.0:120): avc: denied { read } for name="av_fw_b" dev="tmpfs" ino=21 scontext=u:r:installd:s0 tcontext=u:object_r:tmpfs:s0 tclass=lnk_file permissive=0
01-01 08:00:10.659 855 855 W binder:855_1: type=1400 audit(0.0:121): avc: denied { read } for name="ta_b" dev="tmpfs" ino=57 scontext=u:r:installd:s0 tcontext=u:object_r:tmpfs:s0 tclass=lnk_file permissive=0
01-01 08:00:10.674 970 970 I PackageWatchdog: Syncing state, reason: added new observer
01-01 08:00:10.674 970 970 I PackageWatchdog: Not pruning observers, elapsed time: 0ms
01-01 08:00:10.675 970 970 I PackageWatchdog: Cancelling state sync, nothing to sync
01-01 08:00:10.676 351 358 D VehicleRTKHal: In[setValues][512]
01-01 08:00:10.676 970 999 I PackageWatchdog: Saving observer state to file
01-01 08:00:10.676 351 358 D VehicleRTKHardware: Set value for property ID: 291504901
01-01 08:00:10.676 351 359 D VehicleRTKHardware: In[setValue][799] prop =291504901 ,289408515
01-01 08:00:10.676 351 359 D VehicleRTKHardware: In[setValue][825].. wirte success...
01-01 08:00:10.677 351 358 D VehicleRTKHal: In[setValues][512]
01-01 08:00:10.677 351 358 D VehicleRTKHardware: Set value for property ID: 291504647
01-01 08:00:10.677 351 359 D VehicleRTKHardware: In[setValue][799] prop =291504647 ,289408515
01-01 08:00:10.677 351 359 D VehicleRTKHardware: In[setValue][825].. wirte success...
01-01 08:00:10.677 351 358 D VehicleRTKHal: In[setValues][512]
01-01 08:00:10.677 351 358 D VehicleRTKHardware: Set value for property ID: 291504903
01-01 08:00:10.678 351 359 D VehicleRTKHardware: In[setValue][799] prop =291504903 ,289408515
01-01 08:00:10.678 351 359 D VehicleRTKHardware: In[setValue][825].. wirte success...
01-01 08:00:10.678 351 358 D VehicleRTKHal: In[setValues][512]
01-01 08:00:10.678 351 358 D VehicleRTKHardware: Set value for property ID: 291504897
01-01 08:00:10.678 351 359 D VehicleRTKHardware: In[setValue][799] prop =291504897 ,289408515
01-01 08:00:10.678 351 359 D VehicleRTKHardware: In[setValue][825].. wirte success...
01-01 08:00:10.678 351 358 D VehicleRTKHal: In[setValues][512]
01-01 08:00:10.678 351 358 D VehicleRTKHardware: Set value for property ID: 289408000
01-01 08:00:10.678 351 359 D VehicleRTKHardware: In[setValue][799] prop =289408000 ,289408515
01-01 08:00:10.678 351 359 D VehicleRTKHardware: In[setValue][825].. wirte success...
01-01 08:00:10.678 351 358 D VehicleRTKHal: In[setValues][512]
01-01 08:00:10.678 351 358 D VehicleRTKHardware: Set value for property ID: 287310855
01-01 08:00:10.679 351 359 D VehicleRTKHardware: In[setValue][799] prop =287310855 ,289408515
01-01 08:00:10.679 351 359 D VehicleRTKHardware: In[setValue][825].. wirte success...
01-01 08:00:10.679 351 358 D VehicleRTKHal: In[setValues][512]
01-01 08:00:10.679 351 358 D VehicleRTKHardware: Set value for property ID: 291504644
01-01 08:00:10.679 351 359 D VehicleRTKHardware: In[setValue][799] prop =291504644 ,289408515
01-01 08:00:10.679 351 359 D VehicleRTKHardware: In[setValue][825].. wirte success...
01-01 08:00:10.679 351 358 D VehicleRTKHal: In[setValues][512]
01-01 08:00:10.679 351 358 D VehicleRTKHardware: Set value for property ID: 291504904
01-01 08:00:10.679 351 359 D VehicleRTKHardware: In[setValue][799] prop =291504904 ,289408515
01-01 08:00:10.679 351 359 D VehicleRTKHardware: In[setValue][825].. wirte success...
01-01 08:00:10.679 351 358 D VehicleRTKHal: In[setValues][512]
01-01 08:00:10.679 351 358 D VehicleRTKHardware: Set value for property ID: 291505923
01-01 08:00:10.679 351 359 D VehicleRTKHardware: In[setValue][799] prop =291505923 ,289408515
01-01 08:00:10.679 351 359 D VehicleRTKHardware: In[setValue][825].. wirte success...
01-01 08:00:10.683 970 970 V SystemServerTiming: StartRollbackManagerService took to complete: 20ms
01-01 08:00:10.683 970 970 D SystemServerTiming: StartNativeTombstoneManagerService
01-01 08:00:10.683 970 970 I SystemServiceManager: Starting com.android.server.os.NativeTombstoneManagerService
01-01 08:00:10.684 970 970 V SystemServerTiming: StartNativeTombstoneManagerService took to complete: 1ms
01-01 08:00:10.684 970 970 D SystemServerTiming: StartBugreportManagerService
01-01 08:00:10.684 970 970 I SystemServiceManager: Starting com.android.server.os.BugreportManagerService
01-01 08:00:10.685 970 970 V SystemServerTiming: StartBugreportManagerService took to complete: 1ms
01-01 08:00:10.685 970 970 D SystemServerTiming: GpuService
01-01 08:00:10.685 970 970 I SystemServiceManager: Starting com.android.server.gpu.GpuService
01-01 08:00:10.685 970 970 V SystemServerTiming: GpuService took to complete: 0ms
01-01 08:00:10.685 970 970 D SystemServerTiming: StartRemoteProvisioningService
01-01 08:00:10.685 970 970 I SystemServiceManager: Starting com.android.server.security.rkp.RemoteProvisioningService
01-01 08:00:10.686 970 970 V SystemServerTiming: StartRemoteProvisioningService took to complete: 1ms
01-01 08:00:10.686 970 970 D SystemServerTiming: CpuMonitorService
01-01 08:00:10.686 970 970 I SystemServiceManager: Starting com.android.server.cpu.CpuMonitorService
01-01 08:00:10.692 970 970 I CpuMonitorService: Starting debug monitoring
01-01 08:00:10.692 970 970 V SystemServerTiming: CpuMonitorService took to complete: 6ms
01-01 08:00:10.692 970 970 V SystemServerTiming: startCoreServices took to complete: 76ms
01-01 08:00:10.692 970 970 D SystemServerTiming: startOtherServices
01-01 08:00:10.692 970 1048 W CpuMonitorService: Skipping reading from device and returning the last read CpuInfos. Last read was 3 ms ago, min read interval is 500 ms
01-01 08:00:10.693 970 970 D SystemServerTiming: StartKeyAttestationApplicationIdProviderService
01-01 08:00:10.693 970 1049 D SystemServerTimingAsync: InitThreadPoolExec:SecondaryZygotePreload
01-01 08:00:10.693 970 970 V SystemServerTiming: StartKeyAttestationApplicationIdProviderService took to complete: 1ms
01-01 08:00:10.693 970 970 D SystemServerTiming: StartKeyChainSystemService
01-01 08:00:10.693 970 1049 D SystemServerInitThreadPool: Started executing SecondaryZygotePreload
01-01 08:00:10.694 970 1049 I SystemServer: SecondaryZygotePreload
01-01 08:00:10.694 970 970 I SystemServiceManager: Starting com.android.server.security.KeyChainSystemService
01-01 08:00:10.694 970 1049 D SystemServerTimingAsync: SecondaryZygotePreload
01-01 08:00:10.694 970 970 V SystemServerTiming: StartKeyChainSystemService took to complete: 0ms
01-01 08:00:10.694 970 970 D SystemServerTiming: StartBinaryTransparencyService
01-01 08:00:10.694 970 970 I SystemServiceManager: Starting com.android.server.BinaryTransparencyService
01-01 08:00:10.696 970 970 I TransparencyService: Started BinaryTransparencyService
01-01 08:00:10.696 970 970 V SystemServerTiming: StartBinaryTransparencyService took to complete: 2ms
01-01 08:00:10.696 970 970 D SystemServerTiming: StartSchedulingPolicyService
01-01 08:00:10.696 970 996 D SystemServerTimingAsync: InitThreadPoolExec:SchedulingPolicyService.
01-01 08:00:10.696 970 996 D SystemServerInitThreadPool: Started executing SchedulingPolicyService.
01-01 08:00:10.696 970 970 V SystemServerTiming: StartSchedulingPolicyService took to complete: 1ms
01-01 08:00:10.696 970 970 D SystemServerTiming: StartTelecomLoaderService
01-01 08:00:10.697 970 970 I SystemServiceManager: Starting com.android.server.telecom.TelecomLoaderService
01-01 08:00:10.697 970 970 V SystemServerTiming: StartTelecomLoaderService took to complete: 0ms
01-01 08:00:10.697 970 970 D SystemServerTiming: StartTelephonyRegistry
01-01 08:00:10.700 970 970 V SystemServerTiming: StartTelephonyRegistry took to complete: 3ms
01-01 08:00:10.700 970 970 D SystemServerTiming: StartEntropyMixer
01-01 08:00:10.700 639 639 I Zygote: Lazily preloading resources.
01-01 08:00:10.700 639 639 D Zygote: begin preload
01-01 08:00:10.700 639 639 I Zygote: Calling ZygoteHooks.beginPreload()
01-01 08:00:10.701 970 970 I EntropyMixer: Loaded existing seed file
01-01 08:00:10.705 970 970 I EntropyMixer: Updated seed file
01-01 08:00:10.705 970 996 I SchedulingPolicyService: Moving 903 back to group default
01-01 08:00:10.706 970 996 D SystemServerInitThreadPool: Finished executing SchedulingPolicyService.
01-01 08:00:10.706 970 996 V SystemServerTimingAsync: InitThreadPoolExec:SchedulingPolicyService. took to complete: 10ms
01-01 08:00:10.706 970 970 V SystemServerTiming: StartEntropyMixer took to complete: 6ms
01-01 08:00:10.706 970 970 D SystemServerTiming: StartAccountManagerService
01-01 08:00:10.706 970 970 I SystemServiceManager: Starting com.android.server.accounts.AccountManagerService$Lifecycle
01-01 08:00:10.710 970 970 D CompatibilityChangeReporter: Compat change id reported: 148180766; UID 1000; state: ENABLED
01-01 08:00:10.711 970 970 V SystemServerTiming: StartAccountManagerService took to complete: 6ms
01-01 08:00:10.711 970 970 D SystemServerTiming: StartContentService
01-01 08:00:10.712 970 970 I SystemServiceManager: Starting com.android.server.content.ContentService$Lifecycle
01-01 08:00:10.713 970 970 V SystemServerTiming: StartContentService took to complete: 1ms
01-01 08:00:10.713 970 970 D SystemServerTiming: InstallSystemProviders
01-01 08:00:10.727 970 970 D nativeloader: Configuring clns-shared-14 for other apk /system/priv-app/SettingsProvider/SettingsProvider.apk. target_sdk_version=34, uses_libraries=, library_path=/system/priv-app/SettingsProvider/lib/arm64:/system/priv-app/SettingsProvider/SettingsProvider.apk!/lib/arm64-v8a:/system/lib64:/system_ext/lib64, permitted_path=/data:/mnt/expand:/data/user_de/0/com.android.providers.settings:/system/priv-app/SettingsProvider:/system/lib64:/system_ext/lib64
01-01 08:00:10.749 970 970 W SettingsState: No settings state /data/system/users/0/settings_config.xml
01-01 08:00:22.497 324 324 E realtek-i2c 9801ba00.i2c-4: rtk_i2c_handle_tx_abort: slave address not acknowledged (7bit mode)
01-01 08:00:22.500 324 324 E realtek-i2c 9801ba00.i2c-4: rtk_i2c_handle_tx_abort: slave address not acknowledged (7bit mode)
01-01 08:00:22.503 324 324 E realtek-i2c 9801ba00.i2c-4: rtk_i2c_handle_tx_abort: slave address not acknowledged (7bit mode)
01-01 08:00:10.754 970 970 W SettingsState: No settings state /data/system/users/0/settings_ssaid.xml
01-01 08:00:10.758 970 970 W SettingsState: No settings state /data/system/users/10/settings_ssaid.xml
01-01 08:00:22.506 324 324 E realtek-i2c 9801ba00.i2c-4: rtk_i2c_handle_tx_abort: slave address not acknowledged (7bit mode)
01-01 08:00:22.509 324 324 E realtek-i2c 9801ba00.i2c-4: rtk_i2c_handle_tx_abort: slave address not acknowledged (7bit mode)
01-01 08:00:22.511 324 324 E realtek-i2c 9801ba00.i2c-4: rtk_i2c_handle_tx_abort: slave address not acknowledged (7bit mode)
01-01 08:00:22.514 324 324 E realtek-i2c 9801ba00.i2c-4: rtk_i2c_handle_tx_abort: slave address not acknowledged (7bit mode)
01-01 08:00:22.517 324 324 E realtek-i2c 9801ba00.i2c-4: rtk_i2c_handle_tx_abort: slave address not acknowledged (7bit mode)
01-01 08:00:22.520 324 324 E realtek-i2c 9801ba00.i2c-4: rtk_i2c_handle_tx_abort: slave address not acknowledged (7bit mode)
01-01 08:00:22.523 324 324 E realtek-i2c 9801ba00.i2c-4: rtk_i2c_handle_tx_abort: slave address not acknowledged (7bit mode)
01-01 08:00:22.526 324 324 E realtek-i2c 9801ba00.i2c-4: rtk_i2c_handle_tx_abort: slave address not acknowledged (7bit mode)
01-01 08:00:22.529 324 324 E realtek-i2c 9801ba00.i2c-4: rtk_i2c_handle_tx_abort: slave address not acknowledged (7bit mode)
01-01 08:00:10.779 639 639 V ZygoteInitTiming_lazy: BeginPreload took to complete: 79ms
01-01 08:00:10.779 639 639 I Zygote: Preloading classes...
01-01 08:00:22.532 324 324 E realtek-i2c 9801ba00.i2c-4: rtk_i2c_handle_tx_abort: slave address not acknowledged (7bit mode)
01-01 08:00:22.535 324 324 E realtek-i2c 9801ba00.i2c-4: rtk_i2c_handle_tx_abort: slave address not acknowledged (7bit mode)
01-01 08:00:22.538 324 324 E realtek-i2c 9801ba00.i2c-4: rtk_i2c_handle_tx_abort: slave address not acknowledged (7bit mode)
01-01 08:00:22.541 324 324 E realtek-i2c 9801ba00.i2c-4: rtk_i2c_handle_tx_abort: slave address not acknowledged (7bit mode)
01-01 08:00:10.795 970 970 D nativeloader: Configuring clns-shared-15 for other apk /system/priv-app/Telecom/Telecom.apk. target_sdk_version=34, uses_libraries=, library_path=/system/priv-app/Telecom/lib/arm64:/system/priv-app/Telecom/Telecom.apk!/lib/arm64-v8a:/system/lib64:/system_ext/lib64, permitted_path=/data:/mnt/expand:/data/user_de/0/com.android.server.telecom:/system/priv-app/Telecom:/system/lib64:/system_ext/lib64
01-01 08:00:22.545 324 324 E realtek-i2c 9801ba00.i2c-4: rtk_i2c_handle_tx_abort: slave address not acknowledged (7bit mode)
01-01 08:00:22.548 324 324 E realtek-i2c 9801ba00.i2c-4: rtk_i2c_handle_tx_abort: slave address not acknowledged (7bit mode)
01-01 08:00:22.551 324 324 E realtek-i2c 9801ba00.i2c-4: rtk_i2c_handle_tx_abort: slave address not acknowledged (7bit mode)
01-01 08:00:10.799 639 639 W Zygote: Class not found for preloading: android.app.SharedPreferencesImpl$2
01-01 08:00:10.801 639 639 W Zygote: Class not found for preloading: android.app.SystemServiceRegistry$140
01-01 08:00:10.801 639 639 W Zygote: Class not found for preloading: android.app.SystemServiceRegistry$18$$ExternalSyntheticLambda0
01-01 08:00:22.554 324 324 E realtek-i2c 9801ba00.i2c-4: rtk_i2c_handle_tx_abort: slave address not acknowledged (7bit mode)
01-01 08:00:22.557 324 324 E realtek-i2c 9801ba00.i2c-4: rtk_i2c_handle_tx_abort: slave address not acknowledged (7bit mode)
01-01 08:00:22.560 324 324 E realtek-i2c 9801ba00.i2c-4: rtk_i2c_handle_tx_abort: slave address not acknowledged (7bit mode)
01-01 08:00:10.810 639 639 W Zygote: Class not found for preloading: android.app.UiModeManager$1
01-01 08:00:22.563 324 324 E realtek-i2c 9801ba00.i2c-4: rtk_i2c_handle_tx_abort: slave address not acknowledged (7bit mode)
01-01 08:00:22.566 324 324 E realtek-i2c 9801ba00.i2c-4: rtk_i2c_handle_tx_abort: slave address not acknowledged (7bit mode)
01-01 08:00:10.816 970 970 D ActivityManager: Checking cgroup freezer: /sys/fs/cgroup/uid_0/pid_638/cgroup.freeze
01-01 08:00:10.817 970 970 D ActivityManager: Checking binder freezer ioctl
01-01 08:00:10.817 970 970 D ActivityManager: Checking freezer profiles
01-01 08:00:10.817 970 970 D ActivityManager: Freezer supported: true
01-01 08:00:10.817 970 970 D ActivityManager: Freezer timeout set to 10000
01-01 08:00:10.817 970 970 D ActivityManager: Freezer exemption set to true
01-01 08:00:10.818 970 970 I SystemServiceManager: Starting com.android.server.deviceconfig.DeviceConfigInit$Lifecycle
01-01 08:00:10.818 970 970 V SystemServerTiming: InstallSystemProviders took to complete: 105ms
01-01 08:00:10.818 970 970 D SystemServerTiming: StartDropBoxManager
01-01 08:00:22.569 324 324 E realtek-i2c 9801ba00.i2c-4: rtk_i2c_handle_tx_abort: slave address not acknowledged (7bit mode)
01-01 08:00:10.819 970 1000 D ActivityManager: Freezer enabled
01-01 08:00:10.819 970 1000 D ActivityManager: freezer override set to false
01-01 08:00:10.819 970 970 I SystemServiceManager: Starting com.android.server.DropBoxManagerService
01-01 08:00:10.820 970 970 V SystemServerTiming: StartDropBoxManager took to complete: 1ms
01-01 08:00:10.820 970 970 D SystemServerTiming: StartRoleManagerService
01-01 08:00:10.821 970 970 I SystemServiceManager: Starting com.android.role.RoleService
01-01 08:00:22.572 324 324 E realtek-i2c 9801ba00.i2c-4: rtk_i2c_handle_tx_abort: slave address not acknowledged (7bit mode)
01-01 08:00:22.575 324 324 E realtek-i2c 9801ba00.i2c-4: rtk_i2c_handle_tx_abort: slave address not acknowledged (7bit mode)
01-01 08:00:10.823 970 970 V SystemServerTiming: StartRoleManagerService took to complete: 3ms
01-01 08:00:10.824 970 970 D SystemServerTiming: StartVibratorManagerService
01-01 08:00:10.824 970 970 I SystemServiceManager: Starting com.android.server.vibrator.VibratorManagerService$Lifecycle
01-01 08:00:22.578 324 324 E realtek-i2c 9801ba00.i2c-4: rtk_i2c_handle_tx_abort: slave address not acknowledged (7bit mode)
01-01 08:00:22.580 273 273 I servicemanager: Could not find android.hardware.vibrator.IVibratorManager/default in the VINTF manifest.
01-01 08:00:22.583 324 324 E realtek-i2c 9801ba00.i2c-4: rtk_i2c_handle_tx_abort: slave address not acknowledged (7bit mode)
01-01 08:00:22.584 273 273 I servicemanager: Could not find android.hardware.vibrator.IVibrator/default in the VINTF manifest.
01-01 08:00:22.586 324 324 E realtek-i2c 9801ba00.i2c-4: rtk_i2c_handle_tx_abort: slave address not acknowledged (7bit mode)
01-01 08:00:10.837 278 278 I hwservicemanager: getTransport: Cannot find entry android.hardware.vibrator@1.0::IVibrator/default in either framework or device VINTF manifest.
01-01 08:00:10.838 970 970 V SystemServerTiming: StartVibratorManagerService took to complete: 14ms
01-01 08:00:10.838 970 970 D SystemServerTiming: StartDynamicSystemService
01-01 08:00:10.839 970 970 V SystemServerTiming: StartDynamicSystemService took to complete: 1ms
01-01 08:00:10.839 970 970 D SystemServerTiming: StartResourceEconomy
01-01 08:00:10.840 970 970 I SystemServiceManager: Starting com.android.server.tare.InternalResourceService
01-01 08:00:22.592 324 324 E realtek-i2c 9801ba00.i2c-4: rtk_i2c_handle_tx_abort: slave address not acknowledged (7bit mode)
01-01 08:00:22.595 324 324 E realtek-i2c 9801ba00.i2c-4: rtk_i2c_handle_tx_abort: slave address not acknowledged (7bit mode)
01-01 08:00:10.849 970 970 V SystemServerTiming: StartResourceEconomy took to complete: 10ms
01-01 08:00:10.849 970 970 D SystemServerTiming: StartAlarmManagerService
01-01 08:00:10.849 970 970 I SystemServiceManager: Starting com.android.server.alarm.AlarmManagerService
01-01 08:00:22.598 324 324 E realtek-i2c 9801ba00.i2c-4: rtk_i2c_handle_tx_abort: slave address not acknowledged (7bit mode)
01-01 08:00:22.601 324 324 E realtek-i2c 9801ba00.i2c-4: rtk_i2c_handle_tx_abort: slave address not acknowledged (7bit mode)
01-01 08:00:22.604 324 324 E realtek-i2c 9801ba00.i2c-4: rtk_i2c_handle_tx_abort: slave address not acknowledged (7bit mode)
01-01 08:00:10.853 651 743 I Camera-Pvdr-car: handleUevent: data:0xb400007a5183a650 msg:add@/devices/virtual/wakeup/wakeup9 len:1023
01-01 08:00:10.853 651 743 I Camera-Pvdr-car: handleSwitchEvent
01-01 08:00:10.853 651 743 I Camera-Pvdr-car: handleUevent: data:0xb400007a5183a650 msg:add@/devices/virtual/wakeup/wakeup10 len:1023
01-01 08:00:10.853 651 743 I Camera-Pvdr-car: handleSwitchEvent
01-01 08:00:10.853 651 743 I Camera-Pvdr-car: handleUevent: data:0xb400007a5183a650 msg:add@/devices/virtual/wakeup/wakeup11 len:1023
01-01 08:00:10.853 651 743 I Camera-Pvdr-car: handleSwitchEvent
01-01 08:00:10.853 651 743 I Camera-Pvdr-car: handleUevent: data:0xb400007a5183a650 msg:add@/devices/virtual/wakeup/wakeup12 len:1023
01-01 08:00:10.853 651 743 I Camera-Pvdr-car: handleSwitchEvent
01-01 08:00:10.853 651 743 I Camera-Pvdr-car: handleUevent: data:0xb400007a5183a650 msg:add@/devices/virtual/wakeup/wakeup13 len:1023
01-01 08:00:10.853 651 743 I Camera-Pvdr-car: handleSwitchEvent
01-01 08:00:10.853 651 743 I Camera-Pvdr-car: handleUevent: data:0xb400007a5183a650 msg:add@/devices/virtual/wakeup/wakeup14 len:1023
01-01 08:00:10.853 651 743 I Camera-Pvdr-car: handleSwitchEvent
01-01 08:00:10.853 651 743 I Camera-Pvdr-car: handleUevent: data:0xb400007a5183a650 msg:add@/devices/virtual/wakeup/wakeup15 len:1023
01-01 08:00:10.853 651 743 I Camera-Pvdr-car: handleSwitchEvent
01-01 08:00:10.854 970 970 I SystemClockTime: Current time only 1577836810854, advancing to build time 1780898042000
01-01 08:00:10.855 970 970 D SystemClockTime: Setting time of day to sec=1780898042
01-01 08:00:22.607 324 324 E realtek-i2c 9801ba00.i2c-4: rtk_i2c_handle_tx_abort: slave address not acknowledged (7bit mode)
01-01 08:00:22.609 324 324 E realtek-i2c 9801ba00.i2c-4: rtk_i2c_handle_tx_abort: slave address not acknowledged (7bit mode)
01-01 08:00:22.612 324 324 E realtek-i2c 9801ba00.i2c-4: rtk_i2c_handle_tx_abort: slave address not acknowledged (7bit mode)
06-08 13:54:02.010 970 970 D CompatibilityChangeReporter: Compat change id reported: 160794467; UID 1000; state: ENABLED
06-08 13:54:02.013 970 970 V SystemServerTiming: StartAlarmManagerService took to complete: 19ms
06-08 13:54:02.013 970 970 D SystemServerTiming: StartInputManagerService
06-08 13:54:02.000 678 678 W binder:678_2: type=1400 audit(0.0:122): avc: denied { getattr } for path="/sys/devices/platform/soc@0/98000000.rbus/98007088.rtk-usb-manager/9800773c.usb-phy/extcon/extcon0/state" dev="sysfs" ino=53074 scontext=u:r:hal_graphics_composer_default:s0 tcontext=u:object_r:sysfs:s0 tclass=file permissive=0
01-01 08:00:22.622 324 324 E realtek-i2c 9801ba00.i2c-4: rtk_i2c_handle_tx_abort: slave address not acknowledged (7bit mode)
06-08 13:54:02.018 639 639 W Zygote: Class not found for preloading: android.content.res.AssetFileDescriptor$AutoCloseInputStream$OffsetCorrectFileChannel
06-08 13:54:02.022 651 743 I Camera-Pvdr-car: handleUevent: data:0xb400007a5183a650 msg:add@/devices/virtual/wakeup/wakeup16 len:1023
06-08 13:54:02.022 651 743 I Camera-Pvdr-car: handleSwitchEvent
06-08 13:54:02.000 678 678 W binder:678_2: type=1400 audit(0.0:123): avc: denied { getattr } for path="/sys/devices/platform/soc@0/98000000.rbus/98007088.rtk-usb-manager/98007220.type-c/extcon/extcon1/state" dev="sysfs" ino=55415 scontext=u:r:hal_graphics_composer_default:s0 tcontext=u:object_r:sysfs:s0 tclass=file permissive=0
01-01 08:00:22.633 324 324 E realtek-i2c 9801ba00.i2c-4: rtk_i2c_handle_tx_abort: slave address not acknowledged (7bit mode)
06-08 13:54:02.024 651 743 I Camera-Pvdr-car: handleUevent: data:0xb400007a5183a650 msg:add@/devices/virtual/wakeup/wakeup17 len:1023
06-08 13:54:02.024 651 743 I Camera-Pvdr-car: handleSwitchEvent
06-08 13:54:02.025 351 358 D VehicleRTKHal: In[setValues][512]
06-08 13:54:02.025 351 358 D VehicleRTKHardware: Set value for property ID: 291504901
06-08 13:54:02.025 351 359 D VehicleRTKHardware: In[setValue][799] prop =291504901 ,289408515
06-08 13:54:02.025 351 359 D VehicleRTKHardware: In[setValue][825].. wirte success...
06-08 13:54:02.025 651 743 I Camera-Pvdr-car: handleUevent: data:0xb400007a5183a650 msg:add@/devices/virtual/wakeup/wakeup18 len:1023
06-08 13:54:02.025 651 743 I Camera-Pvdr-car: handleSwitchEvent
06-08 13:54:02.027 351 358 D VehicleRTKHal: In[setValues][512]
06-08 13:54:02.027 351 358 D VehicleRTKHardware: Set value for property ID: 291504647
06-08 13:54:02.027 351 359 D VehicleRTKHardware: In[setValue][799] prop =291504647 ,289408515
06-08 13:54:02.027 351 359 D VehicleRTKHardware: In[setValue][825].. wirte success...
06-08 13:54:02.028 351 358 D VehicleRTKHal: In[setValues][512]
06-08 13:54:02.028 639 639 I Typeface: Preloading /system/fonts/Roboto-Regular.ttf
06-08 13:54:02.028 351 358 D VehicleRTKHardware: Set value for property ID: 291504903
06-08 13:54:02.028 351 359 D VehicleRTKHardware: In[setValue][799] prop =291504903 ,289408515
06-08 13:54:02.028 351 359 D VehicleRTKHardware: In[setValue][825].. wirte success...
06-08 13:54:02.028 351 358 D VehicleRTKHal: In[setValues][512]
06-08 13:54:02.028 351 358 D VehicleRTKHardware: Set value for property ID: 291504897
06-08 13:54:02.028 351 359 D VehicleRTKHardware: In[setValue][799] prop =291504897 ,289408515
06-08 13:54:02.028 351 359 D VehicleRTKHardware: In[setValue][825].. wirte success...
06-08 13:54:02.028 351 358 D VehicleRTKHal: In[setValues][512]
06-08 13:54:02.028 351 358 D VehicleRTKHardware: Set value for property ID: 289408000
06-08 13:54:02.028 351 359 D VehicleRTKHardware: In[setValue][799] prop =289408000 ,289408515
06-08 13:54:02.028 351 359 D VehicleRTKHardware: In[setValue][825].. wirte success...
06-08 13:54:02.028 351 358 D VehicleRTKHal: In[setValues][512]
06-08 13:54:02.028 351 358 D VehicleRTKHardware: Set value for property ID: 287310855
06-08 13:54:02.028 351 359 D VehicleRTKHardware: In[setValue][799] prop =287310855 ,289408515
06-08 13:54:02.029 351 359 D VehicleRTKHardware: In[setValue][825].. wirte success...
06-08 13:54:02.030 351 358 D VehicleRTKHal: In[setValues][512]
06-08 13:54:02.030 351 358 D VehicleRTKHardware: Set value for property ID: 291504644
06-08 13:54:02.030 351 359 D VehicleRTKHardware: In[setValue][799] prop =291504644 ,289408515
06-08 13:54:02.030 351 359 D VehicleRTKHardware: In[setValue][825].. wirte success...
06-08 13:54:02.032 351 358 D VehicleRTKHal: In[setValues][512]
06-08 13:54:02.032 351 358 D VehicleRTKHardware: Set value for property ID: 291504904
06-08 13:54:02.032 351 359 D VehicleRTKHardware: In[setValue][799] prop =291504904 ,289408515
06-08 13:54:02.032 351 359 D VehicleRTKHardware: In[setValue][825].. wirte success...
06-08 13:54:02.032 351 358 D VehicleRTKHal: In[setValues][512]
06-08 13:54:02.032 351 358 D VehicleRTKHardware: Set value for property ID: 291505923
06-08 13:54:02.033 351 359 D VehicleRTKHardware: In[setValue][799] prop =291505923 ,289408515
06-08 13:54:02.033 351 359 D VehicleRTKHardware: In[setValue][825].. wirte success...
06-08 13:54:02.000 678 678 W binder:678_2: type=1400 audit(0.0:124): avc: denied { getattr } for path="/sys/devices/platform/soc@0/98000000.rbus/98007088.rtk-usb-manager/9800773c.usb-phy/extcon/extcon0/state" dev="sysfs" ino=53074 scontext=u:r:hal_graphics_composer_default:s0 tcontext=u:object_r:sysfs:s0 tclass=file permissive=0
01-01 08:00:22.642 324 324 E realtek-i2c 9801ba00.i2c-4: rtk_i2c_handle_tx_abort: slave address not acknowledged (7bit mode)
06-08 13:54:02.035 970 970 I InputManager: Initializing input manager, mUseDevInputEventForAudioJack=false
06-08 13:54:02.035 970 970 V SystemServerTiming: StartInputManagerService took to complete: 23ms
06-08 13:54:02.035 970 970 D SystemServerTiming: DeviceStateManagerService
06-08 13:54:02.036 970 970 I SystemServiceManager: Starting com.android.server.devicestate.DeviceStateManagerService
06-08 13:54:02.042 637 642 I ServiceManagerCppClient: Waiting for service 'statscompanion' on '/dev/binder'...
06-08 13:54:02.000 678 678 W binder:678_2: type=1400 audit(0.0:125): avc: denied { getattr } for path="/sys/devices/platform/soc@0/98000000.rbus/98007088.rtk-usb-manager/98007220.type-c/extcon/extcon1/state" dev="sysfs" ino=55415 scontext=u:r:hal_graphics_composer_default:s0 tcontext=u:object_r:sysfs:s0 tclass=file permissive=0
01-01 08:00:22.652 324 324 E realtek-i2c 9801ba00.i2c-4: rtk_i2c_handle_tx_abort: slave address not acknowledged (7bit mode)
06-08 13:54:02.047 639 639 I Typeface: Preloading /system/fonts/RobotoStatic-Regular.ttf
06-08 13:54:02.000 678 678 W binder:678_2: type=1400 audit(0.0:126): avc: denied { getattr } for path="/sys/devices/platform/soc@0/98000000.rbus/98007088.rtk-usb-manager/9800773c.usb-phy/extcon/extcon0/state" dev="sysfs" ino=53074 scontext=u:r:hal_graphics_composer_default:s0 tcontext=u:object_r:sysfs:s0 tclass=file permissive=0
06-08 13:54:02.054 639 639 W System: No Compatibility callbacks set! Querying change 247079863
06-08 13:54:02.054 639 639 W System: No Compatibility callbacks set! Querying change 247079863
06-08 13:54:02.054 639 639 W System: No Compatibility callbacks set! Querying change 247079863
06-08 13:54:02.055 639 639 W System: No Compatibility callbacks set! Querying change 247079863
06-08 13:54:02.055 639 639 W System: No Compatibility callbacks set! Querying change 247079863
06-08 13:54:02.055 639 639 W System: No Compatibility callbacks set! Querying change 247079863
06-08 13:54:02.055 639 639 W System: No Compatibility callbacks set! Querying change 247079863
06-08 13:54:02.055 639 639 W System: No Compatibility callbacks set! Querying change 247079863
06-08 13:54:02.055 639 639 W System: No Compatibility callbacks set! Querying change 247079863
06-08 13:54:02.055 639 639 W System: No Compatibility callbacks set! Querying change 247079863
06-08 13:54:02.055 639 639 W System: No Compatibility callbacks set! Querying change 247079863
06-08 13:54:02.056 639 639 W System: No Compatibility callbacks set! Querying change 247079863
06-08 13:54:02.056 639 639 W System: No Compatibility callbacks set! Querying change 247079863
06-08 13:54:02.056 639 639 W System: No Compatibility callbacks set! Querying change 247079863
06-08 13:54:02.056 639 639 W System: No Compatibility callbacks set! Querying change 247079863
06-08 13:54:02.056 639 639 W System: No Compatibility callbacks set! Querying change 247079863
06-08 13:54:02.056 639 639 W System: No Compatibility callbacks set! Querying change 247079863
06-08 13:54:02.056 639 639 W System: No Compatibility callbacks set! Querying change 247079863
06-08 13:54:02.057 639 639 W System: No Compatibility callbacks set! Querying change 247079863
06-08 13:54:02.057 639 639 W System: No Compatibility callbacks set! Querying change 247079863
06-08 13:54:02.057 639 639 W System: No Compatibility callbacks set! Querying change 247079863
06-08 13:54:02.057 639 639 W System: No Compatibility callbacks set! Querying change 247079863
06-08 13:54:02.057 639 639 W System: No Compatibility callbacks set! Querying change 247079863
06-08 13:54:02.057 639 639 W System: No Compatibility callbacks set! Querying change 247079863
06-08 13:54:02.057 639 639 W System: No Compatibility callbacks set! Querying change 247079863
06-08 13:54:02.057 639 639 W System: No Compatibility callbacks set! Querying change 247079863
06-08 13:54:02.057 639 639 W System: No Compatibility callbacks set! Querying change 247079863
06-08 13:54:02.058 639 639 W System: No Compatibility callbacks set! Querying change 247079863
06-08 13:54:02.058 639 639 W System: No Compatibility callbacks set! Querying change 247079863
06-08 13:54:02.058 639 639 W System: No Compatibility callbacks set! Querying change 247079863
06-08 13:54:02.058 639 639 W System: No Compatibility callbacks set! Querying change 247079863
06-08 13:54:02.058 639 639 W System: No Compatibility callbacks set! Querying change 247079863
