06-08 13:54:02.814 639 639 W System: No Compatibility callbacks set! Querying change 247079863
06-08 13:54:02.814 639 639 W System: No Compatibility callbacks set! Querying change 247079863
06-08 13:54:02.814 639 639 W System: No Compatibility callbacks set! Querying change 247079863
06-08 13:54:02.814 639 639 W System: No Compatibility callbacks set! Querying change 247079863
06-08 13:54:02.814 639 639 W System: No Compatibility callbacks set! Querying change 247079863
06-08 13:54:02.814 639 639 W System: No Compatibility callbacks set! Querying change 247079863
06-08 13:54:02.814 639 639 W System: No Compatibility callbacks set! Querying change 247079863
06-08 13:54:02.814 639 639 W System: No Compatibility callbacks set! Querying change 247079863
06-08 13:54:02.814 639 639 W System: No Compatibility callbacks set! Querying change 247079863
06-08 13:54:02.814 639 639 W System: No Compatibility callbacks set! Querying change 247079863
06-08 13:54:02.814 639 639 W System: No Compatibility callbacks set! Querying change 247079863
06-08 13:54:02.814 639 639 W System: No Compatibility callbacks set! Querying change 247079863
06-08 13:54:02.814 639 639 W System: No Compatibility callbacks set! Querying change 247079863
06-08 13:54:02.814 639 639 W System: No Compatibility callbacks set! Querying change 247079863
06-08 13:54:02.815 639 639 W System: No Compatibility callbacks set! Querying change 247079863
06-08 13:54:02.815 639 639 W System: No Compatibility callbacks set! Querying change 247079863
06-08 13:54:02.815 639 639 W System: No Compatibility callbacks set! Querying change 247079863
06-08 13:54:02.815 639 639 W System: No Compatibility callbacks set! Querying change 247079863
06-08 13:54:02.815 639 639 W System: No Compatibility callbacks set! Querying change 247079863
06-08 13:54:02.815 639 639 W System: No Compatibility callbacks set! Querying change 247079863
06-08 13:54:02.815 639 639 W System: No Compatibility callbacks set! Querying change 247079863
06-08 13:54:02.815 639 639 W System: No Compatibility callbacks set! Querying change 247079863
06-08 13:54:02.815 639 639 W System: No Compatibility callbacks set! Querying change 247079863
06-08 13:54:02.815 639 639 W System: No Compatibility callbacks set! Querying change 247079863
06-08 13:54:02.815 639 639 W System: No Compatibility callbacks set! Querying change 247079863
06-08 13:54:02.815 639 639 W System: No Compatibility callbacks set! Querying change 247079863
06-08 13:54:02.815 639 639 W System: No Compatibility callbacks set! Querying change 247079863
06-08 13:54:02.815 639 639 W System: No Compatibility callbacks set! Querying change 247079863
06-08 13:54:02.815 639 639 W System: No Compatibility callbacks set! Querying change 247079863
06-08 13:54:02.815 639 639 W System: No Compatibility callbacks set! Querying change 247079863
06-08 13:54:02.815 639 639 W System: No Compatibility callbacks set! Querying change 247079863
06-08 13:54:02.815 639 639 W System: No Compatibility callbacks set! Querying change 247079863
06-08 13:54:02.815 639 639 W System: No Compatibility callbacks set! Querying change 247079863
06-08 13:54:02.815 639 639 W System: No Compatibility callbacks set! Querying change 247079863
06-08 13:54:02.815 639 639 W System: No Compatibility callbacks set! Querying change 247079863
06-08 13:54:02.815 639 639 W System: No Compatibility callbacks set! Querying change 247079863
06-08 13:54:02.815 639 639 W System: No Compatibility callbacks set! Querying change 247079863
06-08 13:54:02.815 639 639 W System: No Compatibility callbacks set! Querying change 247079863
06-08 13:54:02.815 639 639 W System: No Compatibility callbacks set! Querying change 247079863
06-08 13:54:02.815 639 639 W System: No Compatibility callbacks set! Querying change 247079863
06-08 13:54:02.815 639 639 W System: No Compatibility callbacks set! Querying change 247079863
06-08 13:54:02.815 639 639 W System: No Compatibility callbacks set! Querying change 247079863
06-08 13:54:02.815 639 639 W System: No Compatibility callbacks set! Querying change 247079863
06-08 13:54:02.815 639 639 W System: No Compatibility callbacks set! Querying change 247079863
06-08 13:54:02.815 639 639 W System: No Compatibility callbacks set! Querying change 247079863
06-08 13:54:02.815 639 639 W System: No Compatibility callbacks set! Querying change 247079863
01-01 08:00:23.418 324 324 E realtek-i2c 9801ba00.i2c-4: rtk_i2c_handle_tx_abort: slave address not acknowledged (7bit mode)
01-01 08:00:23.421 324 324 E realtek-i2c 9801ba00.i2c-4: rtk_i2c_handle_tx_abort: slave address not acknowledged (7bit mode)
01-01 08:00:23.424 324 324 E realtek-i2c 9801ba00.i2c-4: rtk_i2c_handle_tx_abort: slave address not acknowledged (7bit mode)
01-01 08:00:23.427 324 324 E realtek-i2c 9801ba00.i2c-4: rtk_i2c_handle_tx_abort: slave address not acknowledged (7bit mode)
01-01 08:00:23.430 324 324 E realtek-i2c 9801ba00.i2c-4: rtk_i2c_handle_tx_abort: slave address not acknowledged (7bit mode)
01-01 08:00:23.433 324 324 E realtek-i2c 9801ba00.i2c-4: rtk_i2c_handle_tx_abort: slave address not acknowledged (7bit mode)
01-01 08:00:23.436 324 324 E realtek-i2c 9801ba00.i2c-4: rtk_i2c_handle_tx_abort: slave address not acknowledged (7bit mode)
01-01 08:00:23.439 324 324 E realtek-i2c 9801ba00.i2c-4: rtk_i2c_handle_tx_abort: slave address not acknowledged (7bit mode)
01-01 08:00:23.444 324 324 E realtek-i2c 9801ba00.i2c-4: rtk_i2c_handle_tx_abort: slave address not acknowledged (7bit mode)
06-08 13:54:02.841 970 970 V SystemServerTiming: StartFontManagerService took to complete: 146ms
06-08 13:54:02.841 970 970 D SystemServerTiming: StartTextServicesManager
06-08 13:54:02.841 970 970 I SystemServiceManager: Starting com.android.server.textservices.TextServicesManagerService$Lifecycle
06-08 13:54:02.842 970 970 V SystemServerTiming: StartTextServicesManager took to complete: 2ms
06-08 13:54:02.842 970 970 D SystemServerTiming: StartNetworkScoreService
06-08 13:54:02.842 970 970 I SystemServiceManager: Starting com.android.server.NetworkScoreService$Lifecycle
06-08 13:54:02.844 970 970 I NetworkScoreService: Registering network_score
06-08 13:54:02.844 970 970 V SystemServerTiming: StartNetworkScoreService took to complete: 2ms
06-08 13:54:02.844 970 970 D SystemServerTiming: StartNetworkStatsService
06-08 13:54:02.845 970 970 I SystemServiceManager: Starting com.android.server.NetworkStatsServiceInitializer
01-01 08:00:23.447 324 324 E realtek-i2c 9801ba00.i2c-4: rtk_i2c_handle_tx_abort: slave address not acknowledged (7bit mode)
01-01 08:00:23.449 324 324 E realtek-i2c 9801ba00.i2c-4: rtk_i2c_handle_tx_abort: slave address not acknowledged (7bit mode)
01-01 08:00:23.452 324 324 E realtek-i2c 9801ba00.i2c-4: rtk_i2c_handle_tx_abort: slave address not acknowledged (7bit mode)
01-01 08:00:23.456 324 324 E realtek-i2c 9801ba00.i2c-4: rtk_i2c_handle_tx_abort: slave address not acknowledged (7bit mode)
01-01 08:00:23.459 324 324 E realtek-i2c 9801ba00.i2c-4: rtk_i2c_handle_tx_abort: slave address not acknowledged (7bit mode)
06-08 13:54:02.857 351 358 D VehicleRTKHal: In[setValues][512]
06-08 13:54:02.857 351 358 D VehicleRTKHardware: Set value for property ID: 291504901
06-08 13:54:02.857 351 359 D VehicleRTKHardware: In[setValue][799] prop =291504901 ,289408515
06-08 13:54:02.857 351 359 D VehicleRTKHardware: In[setValue][825].. wirte success...
06-08 13:54:02.858 351 358 D VehicleRTKHal: In[setValues][512]
06-08 13:54:02.858 351 358 D VehicleRTKHardware: Set value for property ID: 291504647
06-08 13:54:02.858 351 359 D VehicleRTKHardware: In[setValue][799] prop =291504647 ,289408515
06-08 13:54:02.858 351 359 D VehicleRTKHardware: In[setValue][825].. wirte success...
06-08 13:54:02.858 351 358 D VehicleRTKHal: In[setValues][512]
06-08 13:54:02.858 351 358 D VehicleRTKHardware: Set value for property ID: 291504903
06-08 13:54:02.858 351 359 D VehicleRTKHardware: In[setValue][799] prop =291504903 ,289408515
06-08 13:54:02.858 351 359 D VehicleRTKHardware: In[setValue][825].. wirte success...
06-08 13:54:02.858 351 358 D VehicleRTKHal: In[setValues][512]
06-08 13:54:02.858 351 358 D VehicleRTKHardware: Set value for property ID: 291504897
06-08 13:54:02.858 351 359 D VehicleRTKHardware: In[setValue][799] prop =291504897 ,289408515
06-08 13:54:02.858 351 359 D VehicleRTKHardware: In[setValue][825].. wirte success...
06-08 13:54:02.858 351 358 D VehicleRTKHal: In[setValues][512]
06-08 13:54:02.858 351 358 D VehicleRTKHardware: Set value for property ID: 289408000
06-08 13:54:02.858 351 359 D VehicleRTKHardware: In[setValue][799] prop =289408000 ,289408515
06-08 13:54:02.858 351 359 D VehicleRTKHardware: In[setValue][825].. wirte success...
06-08 13:54:02.859 351 358 D VehicleRTKHal: In[setValues][512]
06-08 13:54:02.859 351 358 D VehicleRTKHardware: Set value for property ID: 287310855
06-08 13:54:02.859 351 359 D VehicleRTKHardware: In[setValue][799] prop =287310855 ,289408515
06-08 13:54:02.859 351 359 D VehicleRTKHardware: In[setValue][825].. wirte success...
06-08 13:54:02.859 351 358 D VehicleRTKHal: In[setValues][512]
06-08 13:54:02.859 351 358 D VehicleRTKHardware: Set value for property ID: 291504644
06-08 13:54:02.859 351 359 D VehicleRTKHardware: In[setValue][799] prop =291504644 ,289408515
06-08 13:54:02.859 351 359 D VehicleRTKHardware: In[setValue][825].. wirte success...
06-08 13:54:02.859 351 358 D VehicleRTKHal: In[setValues][512]
06-08 13:54:02.859 351 358 D VehicleRTKHardware: Set value for property ID: 291504904
06-08 13:54:02.859 351 359 D VehicleRTKHardware: In[setValue][799] prop =291504904 ,289408515
06-08 13:54:02.859 351 359 D VehicleRTKHardware: In[setValue][825].. wirte success...
06-08 13:54:02.859 351 358 D VehicleRTKHal: In[setValues][512]
06-08 13:54:02.860 351 358 D VehicleRTKHardware: Set value for property ID: 291505923
06-08 13:54:02.860 351 359 D VehicleRTKHardware: In[setValue][799] prop =291505923 ,289408515
06-08 13:54:02.860 351 359 D VehicleRTKHardware: In[setValue][825].. wirte success...
01-01 08:00:23.462 324 324 E realtek-i2c 9801ba00.i2c-4: rtk_i2c_handle_tx_abort: slave address not acknowledged (7bit mode)
01-01 08:00:23.465 324 324 E realtek-i2c 9801ba00.i2c-4: rtk_i2c_handle_tx_abort: slave address not acknowledged (7bit mode)
01-01 08:00:23.468 324 324 E realtek-i2c 9801ba00.i2c-4: rtk_i2c_handle_tx_abort: slave address not acknowledged (7bit mode)
06-08 13:54:02.864 970 970 D BpfNetMaps: BpfNetMaps is initialized with sEnableJavaBpfMap=true
01-01 08:00:23.471 324 324 E realtek-i2c 9801ba00.i2c-4: rtk_i2c_handle_tx_abort: slave address not acknowledged (7bit mode)
06-08 13:54:02.869 970 970 I TrafficController: initMaps successfully
01-01 08:00:23.473 324 324 E realtek-i2c 9801ba00.i2c-4: rtk_i2c_handle_tx_abort: slave address not acknowledged (7bit mode)
01-01 08:00:23.476 324 324 E realtek-i2c 9801ba00.i2c-4: rtk_i2c_handle_tx_abort: slave address not acknowledged (7bit mode)
06-08 13:54:02.873 970 970 I NetworkStatsServiceInitializer: Registering netstats
06-08 13:54:02.873 617 662 I netd: registerUnsolicitedEventListener(interface:0xb4000073b6c18b90) <0.02ms>
06-08 13:54:02.874 970 970 I NetworkStatsServiceInitializer: Initializing network tracing hooks
06-08 13:54:02.874 617 662 I netd: interfaceGetList() -> {[sit0, ip6gre0, ifb1, tunl0, gretap0, wlan0, ap0, ip6_vti0, erspan0, dummy0, eth0, gre0, p2p0, lo, ip6tnl0, ip_vti0, ifb0]} <0.13ms>
06-08 13:54:02.879 639 639 W Zygote: Class not found for preloading: sun.misc.SharedSecrets
01-01 08:00:23.479 324 324 E realtek-i2c 9801ba00.i2c-4: rtk_i2c_handle_tx_abort: slave address not acknowledged (7bit mode)
01-01 08:00:23.482 324 324 E realtek-i2c 9801ba00.i2c-4: rtk_i2c_handle_tx_abort: slave address not acknowledged (7bit mode)
01-01 08:00:23.485 324 324 E realtek-i2c 9801ba00.i2c-4: rtk_i2c_handle_tx_abort: slave address not acknowledged (7bit mode)
01-01 08:00:23.488 324 324 E realtek-i2c 9801ba00.i2c-4: rtk_i2c_handle_tx_abort: slave address not acknowledged (7bit mode)
01-01 08:00:23.491 324 324 E realtek-i2c 9801ba00.i2c-4: rtk_i2c_handle_tx_abort: slave address not acknowledged (7bit mode)
01-01 08:00:23.494 324 324 E realtek-i2c 9801ba00.i2c-4: rtk_i2c_handle_tx_abort: slave address not acknowledged (7bit mode)
01-01 08:00:23.497 324 324 E realtek-i2c 9801ba00.i2c-4: rtk_i2c_handle_tx_abort: slave address not acknowledged (7bit mode)
01-01 08:00:23.500 324 324 E realtek-i2c 9801ba00.i2c-4: rtk_i2c_handle_tx_abort: slave address not acknowledged (7bit mode)
01-01 08:00:23.502 324 324 E realtek-i2c 9801ba00.i2c-4: rtk_i2c_handle_tx_abort: slave address not acknowledged (7bit mode)
01-01 08:00:23.505 324 324 E realtek-i2c 9801ba00.i2c-4: rtk_i2c_handle_tx_abort: slave address not acknowledged (7bit mode)
01-01 08:00:23.508 324 324 E realtek-i2c 9801ba00.i2c-4: rtk_i2c_handle_tx_abort: slave address not acknowledged (7bit mode)
06-08 13:54:02.903 970 970 D NetworkTrace: Registering Perfetto data source
06-08 13:54:02.904 970 970 V SystemServerTiming: StartNetworkStatsService took to complete: 59ms
06-08 13:54:02.904 970 970 D SystemServerTiming: StartNetworkPolicyManagerService
06-08 13:54:02.914 639 865 W zygote: Suspending all threads took: 10.658ms
06-08 13:54:02.914 970 1101 D CompatibilityChangeReporter: Compat change id reported: 170188668; UID 1000; state: ENABLED
06-08 13:54:02.915 970 970 V SystemServerTiming: StartNetworkPolicyManagerService took to complete: 11ms
06-08 13:54:02.915 970 970 D SystemServerTiming: StartWifi
06-08 13:54:02.916 970 970 I SystemServiceManager: Starting com.android.server.wifi.WifiService
06-08 13:54:02.918 639 639 I Zygote: ...preloaded 17298 classes in 994ms.
06-08 13:54:02.918 639 639 V ZygoteInitTiming_lazy: PreloadClasses took to complete: 995ms
06-08 13:54:02.918 639 865 I zygote: Background young concurrent copying GC freed 29402(1574KB) AllocSpace objects, 2(40KB) LOS objects, 16% free, 8621KB/10MB, paused 112us,11.215ms total 42.312ms
01-01 08:00:23.522 324 324 E realtek-i2c 9801ba00.i2c-4: rtk_i2c_handle_tx_abort: slave address not acknowledged (7bit mode)
01-01 08:00:23.525 324 324 E realtek-i2c 9801ba00.i2c-4: rtk_i2c_handle_tx_abort: slave address not acknowledged (7bit mode)
01-01 08:00:23.528 324 324 E realtek-i2c 9801ba00.i2c-4: rtk_i2c_handle_tx_abort: slave address not acknowledged (7bit mode)
06-08 13:54:02.923 639 639 D nativeloader: InitApexLibraries: com_android_art: libnativehelper.so com_android_i18n: libicui18n.so:libicuuc.so:libicu.so com_android_neuralnetworks: libneuralnetworks.so
06-08 13:54:02.923 639 639 D nativeloader: InitDefaultPublicLibraries for_preload=0: libandroid.so:libaaudio.so:libamidi.so:libbinder_ndk.so:libc.so:libcamera2ndk.so:libdl.so:libEGL.so:libGLESv1_CM.so:libGLESv2.so:libGLESv3.so:libjnigraphics.so:liblog.so:libmediandk.so:libm.so:libnativewindow.so:libOpenMAXAL.so:libOpenSLES.so:libRS.so:libstdc++.so:libsync.so:libvulkan.so:libwebviewchromium_plat_support.so:libz.so
06-08 13:54:02.923 639 639 D nativeloader: Configuring clns-shared-1 for other apk /system/framework/android.hidl.base-V1.0-java.jar. target_sdk_version=34, uses_libraries=, library_path=, permitted_path=/data:/mnt/expand
06-08 13:54:02.923 639 639 D nativeloader: InitExtendedPublicLibraries:
06-08 13:54:02.924 639 639 I nativeloader: InitVendorPublicLibraries skipped: No such file or directory
06-08 13:54:02.924 639 639 D nativeloader: InitProductPublicLibraries:
06-08 13:54:02.924 639 639 D ApplicationLoaders: Created zygote-cached class loader: /system/framework/android.hidl.base-V1.0-java.jar
06-08 13:54:02.924 970 970 D ScanMetrics: Settings package: com.android.car.settings
06-08 13:54:02.924 970 970 E ScanMetrics: Can't get GMS uid
06-08 13:54:02.925 970 970 I WifiContext: Got resolveInfos for com.android.server.wifi.intent.action.SERVICE_WIFI_RESOURCES_APK: [ResolveInfo{5a3d68b com.android.wifi.resources/android.app.Activity m=0x108000 userHandle=UserHandle{0}}]
06-08 13:54:02.925 970 970 I WifiContext: Found Wifi Resources APK at: com.android.wifi.resources
01-01 08:00:23.531 324 324 E realtek-i2c 9801ba00.i2c-4: rtk_i2c_handle_tx_abort: slave address not acknowledged (7bit mode)
06-08 13:54:02.926 639 639 D nativeloader: Configuring clns-shared-2 for other apk /system/framework/android.hidl.manager-V1.0-java.jar. target_sdk_version=34, uses_libraries=, library_path=, permitted_path=/data:/mnt/expand
06-08 13:54:02.927 639 639 D ApplicationLoaders: Created zygote-cached class loader: /system/framework/android.hidl.manager-V1.0-java.jar
06-08 13:54:02.928 639 639 D nativeloader: Configuring clns-shared-3 for other apk /system/framework/android.test.base.jar. target_sdk_version=34, uses_libraries=, library_path=, permitted_path=/data:/mnt/expand
06-08 13:54:02.929 639 639 D ApplicationLoaders: Created zygote-cached class loader: /system/framework/android.test.base.jar
01-01 08:00:23.534 324 324 E realtek-i2c 9801ba00.i2c-4: rtk_i2c_handle_tx_abort: slave address not acknowledged (7bit mode)
06-08 13:54:02.932 639 639 D nativeloader: Configuring clns-shared-4 for other apk /system_ext/framework/androidx.window.extensions.jar. target_sdk_version=34, uses_libraries=, library_path=, permitted_path=/data:/mnt/expand
01-01 08:00:23.538 324 324 E realtek-i2c 9801ba00.i2c-4: rtk_i2c_handle_tx_abort: slave address not acknowledged (7bit mode)
06-08 13:54:02.934 639 639 D ApplicationLoaders: Created zygote-cached class loader: /system_ext/framework/androidx.window.extensions.jar
01-01 08:00:23.542 324 324 E realtek-i2c 9801ba00.i2c-4: rtk_i2c_handle_tx_abort: slave address not acknowledged (7bit mode)
06-08 13:54:02.937 639 639 D nativeloader: Configuring clns-shared-5 for other apk /system_ext/framework/androidx.window.sidecar.jar. target_sdk_version=34, uses_libraries=, library_path=, permitted_path=/data:/mnt/expand
06-08 13:54:02.938 639 639 D ApplicationLoaders: Created zygote-cached class loader: /system_ext/framework/androidx.window.sidecar.jar
06-08 13:54:02.938 639 639 V ZygoteInitTiming_lazy: CacheNonBootClasspathClassLoaders took to complete: 19ms
06-08 13:54:02.938 639 639 I Zygote: Preloading resources...
06-08 13:54:02.941 970 970 I android_os_HwBinder: HwBinder: Starting thread pool for getting: android.hidl.manager@1.2::IServiceManager/default
06-08 13:54:02.942 278 278 I hwservicemanager: getTransport: Cannot find entry android.hardware.wifi@1.0::IWifi/default in either framework or device VINTF manifest.
01-01 08:00:23.545 324 324 E realtek-i2c 9801ba00.i2c-4: rtk_i2c_handle_tx_abort: slave address not acknowledged (7bit mode)
01-01 08:00:23.549 324 324 E realtek-i2c 9801ba00.i2c-4: rtk_i2c_handle_tx_abort: slave address not acknowledged (7bit mode)
01-01 08:00:23.551 273 273 I servicemanager: Found android.hardware.wifi.IWifi/default in device VINTF manifest.
06-08 13:54:02.944 639 639 W Resources: Preloaded drawable resource #0x10802a1 (android:drawable/dialog_background_material) that varies with configuration!!
06-08 13:54:02.946 970 970 I WifiHalAidlImpl: Creating the Wifi HAL using the AIDL implementation
01-01 08:00:23.552 324 324 E realtek-i2c 9801ba00.i2c-4: rtk_i2c_handle_tx_abort: slave address not acknowledged (7bit mode)
01-01 08:00:23.556 273 273 I servicemanager: Found android.hardware.wifi.supplicant.ISupplicant/default in device VINTF manifest.
06-08 13:54:02.951 970 970 I SupplicantStaIfaceHal: Initializing SupplicantStaIfaceHal using AIDL implementation.
01-01 08:00:23.557 324 324 E realtek-i2c 9801ba00.i2c-4: rtk_i2c_handle_tx_abort: slave address not acknowledged (7bit mode)
01-01 08:00:23.560 273 273 I servicemanager: Found android.hardware.wifi.supplicant.ISupplicant/default in device VINTF manifest.
06-08 13:54:02.956 970 970 I SupplicantP2pIfaceHal: Initializing SupplicantP2pIfaceHal using AIDL implementation.
06-08 13:54:02.957 970 970 I WifiCoexManager: Default coex algorithm is disabled.
01-01 08:00:23.562 324 324 E realtek-i2c 9801ba00.i2c-4: rtk_i2c_handle_tx_abort: slave address not acknowledged (7bit mode)
06-08 13:54:02.959 639 639 I Zygote: ...preloaded 64 resources in 20ms.
01-01 08:00:23.567 324 324 E realtek-i2c 9801ba00.i2c-4: rtk_i2c_handle_tx_abort: slave address not acknowledged (7bit mode)
01-01 08:00:23.570 324 324 E realtek-i2c 9801ba00.i2c-4: rtk_i2c_handle_tx_abort: slave address not acknowledged (7bit mode)
06-08 13:54:02.962 639 639 I Zygote: ...preloaded 41 resources in 4ms.
06-08 13:54:02.962 639 639 V ZygoteInitTiming_lazy: PreloadResources took to complete: 25ms
01-01 08:00:23.573 324 324 E realtek-i2c 9801ba00.i2c-4: rtk_i2c_handle_tx_abort: slave address not acknowledged (7bit mode)
01-01 08:00:23.577 324 324 E realtek-i2c 9801ba00.i2c-4: rtk_i2c_handle_tx_abort: slave address not acknowledged (7bit mode)
01-01 08:00:23.580 324 324 E realtek-i2c 9801ba00.i2c-4: rtk_i2c_handle_tx_abort: slave address not acknowledged (7bit mode)
01-01 08:00:23.583 324 324 E realtek-i2c 9801ba00.i2c-4: rtk_i2c_handle_tx_abort: slave address not acknowledged (7bit mode)
06-08 13:54:02.976 970 970 D WifiOpenNetworkNotifier: Settings toggle enabled=true
06-08 13:54:02.977 889 889 I wificond: New wificond event callback registered
06-08 13:54:02.978 970 970 D WifiNl80211Manager: registerCountryCodeEventListener called
06-08 13:54:02.978 970 970 D WifiCountryCode: Default country code from system property ro.boot.wificountrycode is CN
01-01 08:00:23.586 324 324 E realtek-i2c 9801ba00.i2c-4: rtk_i2c_handle_tx_abort: slave address not acknowledged (7bit mode)
06-08 13:54:02.984 639 639 I Zygote: Preloading shared libraries...
06-08 13:54:02.985 970 970 D WakeupController: WifiWake enabled
06-08 13:54:02.986 970 970 V HistoricalRegistry: Interaction before persistence initialized
06-08 13:54:02.986 970 970 V HistoricalRegistry: Interaction before persistence initialized
01-01 08:00:23.589 324 324 E realtek-i2c 9801ba00.i2c-4: rtk_i2c_handle_tx_abort: slave address not acknowledged (7bit mode)
01-01 08:00:23.592 324 324 E realtek-i2c 9801ba00.i2c-4: rtk_i2c_handle_tx_abort: slave address not acknowledged (7bit mode)
06-08 13:54:02.988 639 639 E zygote: Unable to find pattern file or unable to map it for am
06-08 13:54:02.989 970 970 I WifiService: Registering wifi
01-01 08:00:23.595 324 324 E realtek-i2c 9801ba00.i2c-4: rtk_i2c_handle_tx_abort: slave address not acknowledged (7bit mode)
06-08 13:54:02.990 970 970 V SystemServerTiming: StartWifi took to complete: 74ms
06-08 13:54:02.990 970 970 D SystemServerTiming: StartWifiScanning
06-08 13:54:02.990 639 639 I Zygote: Called ZygoteHooks.endPreload()
06-08 13:54:02.990 970 970 I SystemServiceManager: Starting com.android.server.wifi.scanner.WifiScanningService
06-08 13:54:02.990 970 970 I WifiScanningService: Creating wifiscanner
06-08 13:54:02.990 639 639 I Zygote: Installed AndroidKeyStoreProvider in 0ms.
06-08 13:54:02.992 970 970 I WifiScanningService: Publishing wifiscanner
06-08 13:54:02.992 970 970 V SystemServerTiming: StartWifiScanning took to complete: 3ms
06-08 13:54:02.992 970 970 D SystemServerTiming: StartWifiP2P
06-08 13:54:02.992 639 639 I Zygote: Warmed up JCA providers in 2ms.
06-08 13:54:02.992 639 639 D Zygote: end preload
06-08 13:54:02.992 970 1049 V SystemServerTimingAsync: SecondaryZygotePreload took to complete: 1154ms
06-08 13:54:02.992 970 1049 D SystemServerInitThreadPool: Finished executing SecondaryZygotePreload
06-08 13:54:02.992 970 1049 V SystemServerTimingAsync: InitThreadPoolExec:SecondaryZygotePreload took to complete: 1154ms
06-08 13:54:02.993 970 970 I SystemServiceManager: Starting com.android.server.wifi.p2p.WifiP2pService
01-01 08:00:23.598 324 324 E realtek-i2c 9801ba00.i2c-4: rtk_i2c_handle_tx_abort: slave address not acknowledged (7bit mode)
01-01 08:00:23.601 324 324 E realtek-i2c 9801ba00.i2c-4: rtk_i2c_handle_tx_abort: slave address not acknowledged (7bit mode)
06-08 13:54:02.996 970 970 D CompatibilityChangeReporter: Compat change id reported: 183155436; UID 1000; state: ENABLED
06-08 13:54:02.997 970 970 I WifiP2pService: Registering wifip2p
06-08 13:54:02.997 970 970 V SystemServerTiming: StartWifiP2P took to complete: 5ms
06-08 13:54:02.997 970 970 D SystemServerTiming: StartPacProxyService
01-01 08:00:23.604 324 324 E realtek-i2c 9801ba00.i2c-4: rtk_i2c_handle_tx_abort: slave address not acknowledged (7bit mode)
06-08 13:54:02.999 970 970 V SystemServerTiming: StartPacProxyService took to complete: 1ms
06-08 13:54:02.999 970 970 D SystemServerTiming: StartConnectivityService
06-08 13:54:02.999 970 970 I SystemServiceManager: Starting com.android.server.ConnectivityServiceInitializer
01-01 08:00:23.607 324 324 E realtek-i2c 9801ba00.i2c-4: rtk_i2c_handle_tx_abort: slave address not acknowledged (7bit mode)
01-01 08:00:23.610 324 324 E realtek-i2c 9801ba00.i2c-4: rtk_i2c_handle_tx_abort: slave address not acknowledged (7bit mode)
01-01 08:00:23.613 324 324 E realtek-i2c 9801ba00.i2c-4: rtk_i2c_handle_tx_abort: slave address not acknowledged (7bit mode)
06-08 13:54:03.008 970 970 D ConnectivityService: ConnectivityService starting up
01-01 08:00:23.616 324 324 E realtek-i2c 9801ba00.i2c-4: rtk_i2c_handle_tx_abort: slave address not acknowledged (7bit mode)
01-01 08:00:23.619 324 324 E realtek-i2c 9801ba00.i2c-4: rtk_i2c_handle_tx_abort: slave address not acknowledged (7bit mode)
06-08 13:54:03.019 617 662 I netd: registerUnsolicitedEventListener(interface:0xb4000073b6c18da0) <0.08ms>
06-08 13:54:03.029 970 970 D CompatibilityChangeReporter: Compat change id reported: 182478738; UID 1000; state: ENABLED
06-08 13:54:03.037 970 970 D ConnectivityNativeService: Attached BPF_CGROUP_INET4_BIND and BPF_CGROUP_INET6_BIND programs
06-08 13:54:03.039 970 1116 W BroadcastLoopers: Found previously unknown looper Thread[NsdService,5,main]
06-08 13:54:03.049 970 970 W system_server: Core platform API violation: Llibcore/io/Memory;->pokeByte(JB)V from Landroid/net/connectivity/com/google/protobuf/UnsafeUtil; using reflection
06-08 13:54:03.049 970 970 W system_server: Core platform API violation: Llibcore/io/Memory;->peekByte(J)B from Landroid/net/connectivity/com/google/protobuf/UnsafeUtil; using reflection
06-08 13:54:03.053 970 970 V NearbyService: DiscoveryProviderManagerLegacy:
06-08 13:54:03.053 970 970 I ConnectivityServiceInitializer: Registering ethernet
06-08 13:54:03.053 970 970 I ConnectivityServiceInitializer: Registering connectivity
06-08 13:54:03.054 970 970 I ConnectivityServiceInitializer: Registering ipsec
06-08 13:54:03.054 970 970 I ConnectivityServiceInitializer: Registering connectivity_native
06-08 13:54:03.055 970 970 I ConnectivityServiceInitializer: Registering servicediscovery
06-08 13:54:03.055 970 970 I ConnectivityServiceInitializer: Registering nearby
06-08 13:54:03.056 970 970 V SystemServerTiming: StartConnectivityService took to complete: 56ms
06-08 13:54:03.056 970 970 D SystemServerTiming: StartVpnManagerService
06-08 13:54:03.059 970 970 D VpnManagerService: VpnManagerService starting up
06-08 13:54:03.059 970 970 V SystemServerTiming: StartVpnManagerService took to complete: 4ms
06-08 13:54:03.059 970 970 D SystemServerTiming: StartVcnManagementService
06-08 13:54:03.060 351 358 D VehicleRTKHal: In[setValues][512]
06-08 13:54:03.060 351 358 D VehicleRTKHardware: Set value for property ID: 291504901
06-08 13:54:03.061 351 359 D VehicleRTKHardware: In[setValue][799] prop =291504901 ,289408515
06-08 13:54:03.061 351 359 D VehicleRTKHardware: In[setValue][825].. wirte success...
06-08 13:54:03.061 351 358 D VehicleRTKHal: In[setValues][512]
06-08 13:54:03.061 351 358 D VehicleRTKHardware: Set value for property ID: 291504647
06-08 13:54:03.061 351 359 D VehicleRTKHardware: In[setValue][799] prop =291504647 ,289408515
06-08 13:54:03.061 351 359 D VehicleRTKHardware: In[setValue][825].. wirte success...
06-08 13:54:03.062 351 351 D VehicleRTKHal: In[setValues][512]
06-08 13:54:03.062 351 351 D VehicleRTKHardware: Set value for property ID: 291504903
06-08 13:54:03.062 351 359 D VehicleRTKHardware: In[setValue][799] prop =291504903 ,289408515
06-08 13:54:03.063 351 359 D VehicleRTKHardware: In[setValue][825].. wirte success...
06-08 13:54:03.063 351 351 D VehicleRTKHal: In[setValues][512]
06-08 13:54:03.063 351 351 D VehicleRTKHardware: Set value for property ID: 291504897
06-08 13:54:03.063 351 359 D VehicleRTKHardware: In[setValue][799] prop =291504897 ,289408515
06-08 13:54:03.063 351 359 D VehicleRTKHardware: In[setValue][825].. wirte success...
06-08 13:54:03.063 970 970 V SystemServerTiming: StartVcnManagementService took to complete: 4ms
06-08 13:54:03.063 970 970 D SystemServerTiming: StartSystemUpdateManagerService
06-08 13:54:03.064 351 351 D VehicleRTKHal: In[setValues][512]
06-08 13:54:03.064 351 351 D VehicleRTKHardware: Set value for property ID: 289408000
06-08 13:54:03.064 351 359 D VehicleRTKHardware: In[setValue][799] prop =289408000 ,289408515
06-08 13:54:03.064 351 359 D VehicleRTKHardware: In[setValue][825].. wirte success...
06-08 13:54:03.064 970 970 I SystemUpdateManagerService: No existing info file /data/system/system-update-info.xml
06-08 13:54:03.064 351 351 D VehicleRTKHal: In[setValues][512]
06-08 13:54:03.064 351 351 D VehicleRTKHardware: Set value for property ID: 287310855
06-08 13:54:03.064 351 359 D VehicleRTKHardware: In[setValue][799] prop =287310855 ,289408515
06-08 13:54:03.064 351 359 D VehicleRTKHardware: In[setValue][825].. wirte success...
06-08 13:54:03.065 970 970 V SystemServerTiming: StartSystemUpdateManagerService took to complete: 1ms
06-08 13:54:03.065 970 970 D SystemServerTiming: StartUpdateLockService
06-08 13:54:03.065 351 351 D VehicleRTKHal: In[setValues][512]
06-08 13:54:03.065 351 351 D VehicleRTKHardware: Set value for property ID: 291504644
06-08 13:54:03.065 351 359 D VehicleRTKHardware: In[setValue][799] prop =291504644 ,289408515
06-08 13:54:03.065 351 359 D VehicleRTKHardware: In[setValue][825].. wirte success...
06-08 13:54:03.065 970 970 W BroadcastLoopers: Found previously unknown looper Thread[main,5,main]
06-08 13:54:03.065 351 351 D VehicleRTKHal: In[setValues][512]
06-08 13:54:03.065 351 351 D VehicleRTKHardware: Set value for property ID: 291504904
06-08 13:54:03.065 351 359 D VehicleRTKHardware: In[setValue][799] prop =291504904 ,289408515
06-08 13:54:03.066 351 359 D VehicleRTKHardware: In[setValue][825].. wirte success...
06-08 13:54:03.066 970 970 V SystemServerTiming: StartUpdateLockService took to complete: 1ms
06-08 13:54:03.066 970 970 D SystemServerTiming: StartNotificationManager
06-08 13:54:03.066 351 351 D VehicleRTKHal: In[setValues][512]
06-08 13:54:03.066 351 351 D VehicleRTKHardware: Set value for property ID: 291505923
06-08 13:54:03.066 351 359 D VehicleRTKHardware: In[setValue][799] prop =291505923 ,289408515
06-08 13:54:03.066 351 359 D VehicleRTKHardware: In[setValue][825].. wirte success...
06-08 13:54:03.066 970 970 I SystemServiceManager: Starting com.android.server.notification.NotificationManagerService
06-08 13:54:03.078 970 970 D ConditionProviders.SCP: new ScheduleConditionProvider()
06-08 13:54:03.089 970 970 D ConditionProviders: Subscribing to condition://android/event?userId=-10000&calendar=&reply=1 with ComponentInfo{android/com.android.server.notification.EventConditionProvider}
06-08 13:54:03.089 970 970 D ConditionProviders: Subscribing to condition://android/schedule?days=1.2.3.4.5.6.7&start=22.0&end=7.0&exitAtAlarm=true with ComponentInfo{android/com.android.server.notification.ScheduleConditionProvider}
06-08 13:54:03.091 970 970 E NotificationPrefHelper: createDefaultChannelIfNeededLocked - Exception: android.content.pm.PackageManager$NameNotFoundException: com.auto.avatar
06-08 13:54:03.110 970 970 E NotificationPrefHelper: createDefaultChannelIfNeededLocked - Exception: android.content.pm.PackageManager$NameNotFoundException: com.abaltatech.WLClientApp
06-08 13:54:03.115 970 970 E NotificationPrefHelper: createDefaultChannelIfNeededLocked - Exception: android.content.pm.PackageManager$NameNotFoundException: com.abaltatech.WLClientApp
06-08 13:54:03.117 970 970 I NotificationAssistants: Read notification assistant permissions from xml
06-08 13:54:03.117 970 970 I NotificationAssistants: Read notification assistant permissions from xml
06-08 13:54:03.117 970 970 I ConditionProviders: Read condition provider permissions from xml
06-08 13:54:03.117 970 970 I ConditionProviders: Read condition provider permissions from xml
06-08 13:54:03.117 970 970 I ConditionProviders: Read condition provider permissions from xml
06-08 13:54:03.117 970 970 I ConditionProviders: Read condition provider permissions from xml
06-08 13:54:03.118 970 970 D NotificationAssistants: Approving default notification assistant for user 0
06-08 13:54:03.118 970 970 I ConditionProviders: Allowing condition provider android.ext.services/android.ext.services.notification.Assistant (userSet: true)
06-08 13:54:03.118 970 970 D NotificationAssistants: Approving default notification assistant for user 10
06-08 13:54:03.119 970 970 I ConditionProviders: Allowing condition provider android.ext.services/android.ext.services.notification.Assistant (userSet: true)
06-08 13:54:03.119 970 970 W ActivityManager: Skipping broadcast of Intent { act=android.app.action.NOTIFICATION_POLICY_ACCESS_GRANTED_CHANGED flg=0x40000010 pkg=android.ext.services }: user 10 and its parent (if any) are stopped
06-08 13:54:03.121 970 970 D CompatibilityChangeReporter: Compat change id reported: 147600208; UID 1000; state: ENABLED
06-08 13:54:03.121 970 970 D CompatibilityChangeReporter: Compat change id reported: 157233955; UID 1000; state: ENABLED
06-08 13:54:03.124 970 970 W SystemServiceManager: Service com.android.server.notification.NotificationManagerService took 55 ms in onStart
01-01 08:00:23.729 324 324 E realtek-i2c 9801ba00.i2c-4: rtk_i2c_handle_tx_abort: slave address not acknowledged (7bit mode)
01-01 08:00:23.732 324 324 E realtek-i2c 9801ba00.i2c-4: rtk_i2c_handle_tx_abort: slave address not acknowledged (7bit mode)
06-08 13:54:03.127 970 970 V SystemServerTiming: StartNotificationManager took to complete: 62ms
06-08 13:54:03.127 970 970 D SystemServerTiming: StartDeviceMonitor
06-08 13:54:03.127 970 970 I SystemServiceManager: Starting com.android.server.storage.DeviceStorageMonitorService
06-08 13:54:03.129 970 970 V SystemServerTiming: StartDeviceMonitor took to complete: 1ms
06-08 13:54:03.129 970 970 D SystemServerTiming: StartTimeDetectorService
06-08 13:54:03.129 970 970 I SystemServiceManager: Starting com.android.server.timedetector.TimeDetectorService$Lifecycle
01-01 08:00:23.735 324 324 E realtek-i2c 9801ba00.i2c-4: rtk_i2c_handle_tx_abort: slave address not acknowledged (7bit mode)
06-08 13:54:03.133 970 970 V SystemServerTiming: StartTimeDetectorService took to complete: 4ms
06-08 13:54:03.133 970 970 D SystemServerTiming: StartLocationManagerService
06-08 13:54:03.133 970 970 I SystemServiceManager: Starting com.android.server.location.LocationManagerService$Lifecycle
01-01 08:00:23.738 324 324 E realtek-i2c 9801ba00.i2c-4: rtk_i2c_handle_tx_abort: slave address not acknowledged (7bit mode)
01-01 08:00:23.741 324 324 E realtek-i2c 9801ba00.i2c-4: rtk_i2c_handle_tx_abort: slave address not acknowledged (7bit mode)
01-01 08:00:23.744 324 324 E realtek-i2c 9801ba00.i2c-4: rtk_i2c_handle_tx_abort: slave address not acknowledged (7bit mode)
06-08 13:54:03.139 970 970 V SystemServerTiming: StartLocationManagerService took to complete: 7ms
06-08 13:54:03.139 970 970 D SystemServerTiming: StartCountryDetectorService
06-08 13:54:03.140 970 970 V SystemServerTiming: StartCountryDetectorService took to complete: 1ms
06-08 13:54:03.140 970 970 D SystemServerTiming: StartTimeZoneDetectorService
06-08 13:54:03.140 970 970 I SystemServiceManager: Starting com.android.server.timezonedetector.TimeZoneDetectorService$Lifecycle
06-08 13:54:03.144 970 970 V SystemServerTiming: StartTimeZoneDetectorService took to complete: 3ms
06-08 13:54:03.144 970 970 D SystemServerTiming: StartAltitudeService
06-08 13:54:03.144 970 970 I SystemServiceManager: Starting com.android.server.location.altitude.AltitudeService$Lifecycle
01-01 08:00:23.747 324 324 E realtek-i2c 9801ba00.i2c-4: rtk_i2c_handle_tx_abort: slave address not acknowledged (7bit mode)
01-01 08:00:23.749 324 324 E realtek-i2c 9801ba00.i2c-4: rtk_i2c_handle_tx_abort: slave address not acknowledged (7bit mode)
01-01 08:00:23.752 324 324 E realtek-i2c 9801ba00.i2c-4: rtk_i2c_handle_tx_abort: slave address not acknowledged (7bit mode)
01-01 08:00:23.753 273 273 I servicemanager: Found android.frameworks.location.altitude.IAltitudeService/default in framework VINTF manifest.
01-01 08:00:23.755 324 324 E realtek-i2c 9801ba00.i2c-4: rtk_i2c_handle_tx_abort: slave address not acknowledged (7bit mode)
06-08 13:54:03.150 970 970 V SystemServerTiming: StartAltitudeService took to complete: 7ms
06-08 13:54:03.150 970 970 D SystemServerTiming: StartLocationTimeZoneManagerService
06-08 13:54:03.150 970 970 I SystemServiceManager: Starting com.android.server.timezonedetector.location.LocationTimeZoneManagerService$Lifecycle
06-08 13:54:03.151 970 970 V SystemServerTiming: StartLocationTimeZoneManagerService took to complete: 1ms
06-08 13:54:03.151 970 970 D SystemServerTiming: StartGnssTimeUpdateService
06-08 13:54:03.151 970 970 I SystemServiceManager: Starting com.android.server.timedetector.GnssTimeUpdateService$Lifecycle
06-08 13:54:03.152 970 970 V SystemServerTiming: StartGnssTimeUpdateService took to complete: 1ms
06-08 13:54:03.152 970 970 D SystemServerTiming: StartSearchManagerService
06-08 13:54:03.152 970 970 I SystemServiceManager: Starting com.android.server.search.SearchManagerService$Lifecycle
06-08 13:54:03.153 970 970 V SystemServerTiming: StartSearchManagerService took to complete: 1ms
06-08 13:54:03.153 970 970 D SystemServerTiming: StartWallpaperManagerService
06-08 13:54:03.154 970 970 I SystemServiceManager: Starting com.android.server.wallpaper.WallpaperManagerService$Lifecycle
06-08 13:54:03.154 970 970 D WallpaperManager: No CMF wallpaper config
06-08 13:54:03.155 970 970 V SystemServerTiming: StartWallpaperManagerService took to complete: 2ms
06-08 13:54:03.155 970 970 D SystemServerTiming: StartWallpaperEffectsGenerationService
01-01 08:00:23.761 324 324 E realtek-i2c 9801ba00.i2c-4: rtk_i2c_handle_tx_abort: slave address not acknowledged (7bit mode)
01-01 08:00:23.763 324 324 E realtek-i2c 9801ba00.i2c-4: rtk_i2c_handle_tx_abort: slave address not acknowledged (7bit mode)
06-08 13:54:03.155 970 970 I SystemServiceManager: Starting com.android.server.wallpapereffectsgeneration.WallpaperEffectsGenerationManagerService
06-08 13:54:03.156 970 970 V SystemServerTiming: StartWallpaperEffectsGenerationService took to complete: 1ms
06-08 13:54:03.156 970 970 D SystemServerTiming: StartAudioService
06-08 13:54:03.156 970 970 I SystemServiceManager: Starting com.android.server.audio.AudioService$Lifecycle
01-01 08:00:23.766 324 324 E realtek-i2c 9801ba00.i2c-4: rtk_i2c_handle_tx_abort: slave address not acknowledged (7bit mode)
01-01 08:00:23.769 324 324 E realtek-i2c 9801ba00.i2c-4: rtk_i2c_handle_tx_abort: slave address not acknowledged (7bit mode)
01-01 08:00:23.772 324 324 E realtek-i2c 9801ba00.i2c-4: rtk_i2c_handle_tx_abort: slave address not acknowledged (7bit mode)
06-08 13:54:03.165 713 918 W AudioFlinger: no wake lock to update, system not ready yet
06-08 13:54:03.165 713 933 W AudioFlinger: no wake lock to update, system not ready yet
06-08 13:54:03.165 713 909 W AudioFlinger: no wake lock to update, system not ready yet
06-08 13:54:03.165 713 926 W AudioFlinger: no wake lock to update, system not ready yet
06-08 13:54:03.166 644 950 D audio_hw_primary_v5.12.20: info AudioFlinger out_get_latency delay 101 usecase 0 device 0x1000000 mA2dpOpenCnt 0
06-08 13:54:03.166 644 711 D audio_hw_primary_v5.12.20: info AudioFlinger out_get_latency delay 101 usecase 0 device 0x1000000 mA2dpOpenCnt 0
06-08 13:54:03.166 644 945 D audio_hw_primary_v5.12.20: info AudioFlinger out_get_latency delay 101 usecase 0 device 0x1000000 mA2dpOpenCnt 0
06-08 13:54:03.166 644 703 D audio_hw_primary_v5.12.20: info AudioFlinger out_get_latency delay 101 usecase 0 device 0x1000000 mA2dpOpenCnt 0
06-08 13:54:03.166 713 944 W AudioFlinger: no wake lock to update, system not ready yet
06-08 13:54:03.166 713 952 W AudioFlinger: no wake lock to update, system not ready yet
06-08 13:54:03.166 713 956 W AudioFlinger: no wake lock to update, system not ready yet
06-08 13:54:03.167 644 945 D audio_hw_primary_v5.12.20: info AudioFlinger out_get_latency delay 101 usecase 0 device 0x1000000 mA2dpOpenCnt 0
06-08 13:54:03.166 644 703 D audio_hw_primary_v5.12.20: info AudioFlinger out_get_latency delay 101 usecase 0 device 0x1000000 mA2dpOpenCnt 0
06-08 13:54:03.168 644 711 D audio_hw_primary_v5.12.20: info AudioFlinger out_get_latency delay 101 usecase 0 device 0x1000000 mA2dpOpenCnt 0
06-08 13:54:03.169 713 749 D PermissionCache: checking android.permission.MODIFY_AUDIO_SETTINGS for uid=1000 => granted (2790 us)
01-01 08:00:23.775 324 324 E realtek-i2c 9801ba00.i2c-4: rtk_i2c_handle_tx_abort: slave address not acknowledged (7bit mode)
06-08 13:54:03.170 644 711 D audio_hw_primary_v5.12.20: adev_set_parameters BT_SCO=off
06-08 13:54:03.170 644 711 D audio_hw_primary_v5.12.20: [set_aux_in_type:9428] enter
06-08 13:54:03.170 644 711 D AudioUtil: SetAudioAuxInMode, mode=14
01-01 08:00:23.778 324 324 E realtek-i2c 9801ba00.i2c-4: rtk_i2c_handle_tx_abort: slave address not acknowledged (7bit mode)
06-08 13:54:03.174 644 711 D audio_hw_primary_v5.12.20: [set_analog_in_2:9390] enter
06-08 13:54:03.174 644 711 D audio_hw_primary_v5.12.20: [set_analog_in_2:9419] exit
06-08 13:54:03.174 644 711 D audio_hw_primary_v5.12.20: [set_aux_in_type:9467] exit
06-08 13:54:03.174 644 711 D AudioUtil: [vendor/realtek/common-stb/libs/hardware/AudioUtil_alsa/AudioUtil.cpp:2638] GetAudioBTPcmPassthroughSelftestEnableValue(), BTPcmPassthrough selftest enable=0
06-08 13:54:03.174 644 711 E audio_hw_hfp: audio_extn_hfp_set_parameters
06-08 13:54:03.175 644 711 D audio_hw_primary_v5.12.20: adev_set_parameters A2dpSuspended=false
06-08 13:54:03.175 644 711 D audio_hw_primary_v5.12.20: [set_aux_in_type:9428] enter
06-08 13:54:03.175 644 711 D AudioUtil: SetAudioAuxInMode, mode=14
06-08 13:54:03.178 644 711 D audio_hw_primary_v5.12.20: [set_analog_in_2:9390] enter
06-08 13:54:03.178 644 711 D audio_hw_primary_v5.12.20: [set_analog_in_2:9419] exit
06-08 13:54:03.178 644 711 D audio_hw_primary_v5.12.20: [set_aux_in_type:9467] exit
06-08 13:54:03.178 644 711 D AudioUtil: [vendor/realtek/common-stb/libs/hardware/AudioUtil_alsa/AudioUtil.cpp:2638] GetAudioBTPcmPassthroughSelftestEnableValue(), BTPcmPassthrough selftest enable=0
06-08 13:54:03.178 644 711 E audio_hw_hfp: audio_extn_hfp_set_parameters
01-01 08:00:23.781 324 324 E realtek-i2c 9801ba00.i2c-4: rtk_i2c_handle_tx_abort: slave address not acknowledged (7bit mode)
01-01 08:00:23.784 324 324 E realtek-i2c 9801ba00.i2c-4: rtk_i2c_handle_tx_abort: slave address not acknowledged (7bit mode)
06-08 13:54:03.180 644 711 D audio_hw_primary_v5.12.20: adev_set_parameters LeAudioSuspended=false
06-08 13:54:03.180 644 711 D audio_hw_primary_v5.12.20: [set_aux_in_type:9428] enter
06-08 13:54:03.180 644 711 D AudioUtil: SetAudioAuxInMode, mode=14
01-01 08:00:23.787 324 324 E realtek-i2c 9801ba00.i2c-4: rtk_i2c_handle_tx_abort: slave address not acknowledged (7bit mode)
06-08 13:54:03.182 644 711 D audio_hw_primary_v5.12.20: [set_analog_in_2:9390] enter
06-08 13:54:03.182 644 711 D audio_hw_primary_v5.12.20: [set_analog_in_2:9419] exit
06-08 13:54:03.182 644 711 D audio_hw_primary_v5.12.20: [set_aux_in_type:9467] exit
06-08 13:54:03.182 644 711 D AudioUtil: [vendor/realtek/common-stb/libs/hardware/AudioUtil_alsa/AudioUtil.cpp:2638] GetAudioBTPcmPassthroughSelftestEnableValue(), BTPcmPassthrough selftest enable=0
06-08 13:54:03.182 644 711 E audio_hw_hfp: audio_extn_hfp_set_parameters
01-01 08:00:23.791 324 324 E realtek-i2c 9801ba00.i2c-4: rtk_i2c_handle_tx_abort: slave address not acknowledged (7bit mode)
06-08 13:54:03.186 713 749 I APM::AudioPolicyEngine: getDevicesForStrategyInt no device found for strategy 1
01-01 08:00:23.794 324 324 E realtek-i2c 9801ba00.i2c-4: rtk_i2c_handle_tx_abort: slave address not acknowledged (7bit mode)
06-08 13:54:03.194 970 970 I AS.AudioService: Stream 5: using max vol of 7
01-01 08:00:23.797 324 324 E realtek-i2c 9801ba00.i2c-4: rtk_i2c_handle_tx_abort: slave address not acknowledged (7bit mode)
01-01 08:00:23.800 324 324 E realtek-i2c 9801ba00.i2c-4: rtk_i2c_handle_tx_abort: slave address not acknowledged (7bit mode)
06-08 13:54:03.195 970 970 I AS.AudioService: Stream 5: using default vol of 5
06-08 13:54:03.195 970 970 I AS.AudioService: Stream 2: using max vol of 7
06-08 13:54:03.195 970 970 I AS.AudioService: Stream 2: using default vol of 5
01-01 08:00:23.803 324 324 E realtek-i2c 9801ba00.i2c-4: rtk_i2c_handle_tx_abort: slave address not acknowledged (7bit mode)
06-08 13:54:03.199 970 970 I android_os_HwBinder: HwBinder: Starting thread pool for getting: android.hidl.manager@1.0::IServiceManager/default
01-01 08:00:23.806 324 324 E realtek-i2c 9801ba00.i2c-4: rtk_i2c_handle_tx_abort: slave address not acknowledged (7bit mode)
01-01 08:00:23.808 324 324 E realtek-i2c 9801ba00.i2c-4: rtk_i2c_handle_tx_abort: slave address not acknowledged (7bit mode)
06-08 13:54:03.204 713 749 D PermissionCache: checking android.permission.MODIFY_AUDIO_ROUTING for uid=1000 => granted (148 us)
06-08 13:54:03.206 644 945 D AudioUtil: [vendor/realtek/common-stb/libs/hardware/AudioUtil_alsa/AudioUtil.cpp:2547] GetAudioBTPcmPassthroughInputIndexValue(), BTPcmPassthroughInput Index=3
06-08 13:54:03.206 644 945 D audio_hw_hfp: MIC_Type is 3, set mute_status (2) mic_channel 0 param 2 adev 0xb400007c170df9c0
06-08 13:54:03.206 644 945 D AudioMixerControll: set_mic_input_mute_status 1292: card (0), param_number(2)
06-08 13:54:03.206 644 945 D AudioMixerControll: array_mic_type_mute_value:
06-08 13:54:03.206 644 945 D AudioMixerControll: 3
06-08 13:54:03.206 644 945 D AudioMixerControll: 2
06-08 13:54:03.206 644 945 D AudioMixerControll:
06-08 13:54:03.206 713 747 I APM::AudioPolicyEngine: getDevicesForStrategyInt no device found for strategy 1
06-08 13:54:03.207 713 747 I APM::AudioPolicyEngine: getDevicesForStrategyInt no device found for strategy 2
06-08 13:54:03.207 713 747 I APM::AudioPolicyEngine: getDevicesForStrategyInt no device found for strategy 5
06-08 13:54:03.207 713 747 I APM::AudioPolicyEngine: getDevicesForStrategyInt no device found for strategy 7
06-08 13:54:03.208 713 747 I APM::AudioPolicyEngine: getDevicesForStrategyInt no device found for strategy 3
06-08 13:54:03.208 713 747 I APM::AudioPolicyEngine: getDevicesForStrategyInt no device found for strategy 0
06-08 13:54:03.208 713 747 I APM::AudioPolicyEngine: getDevicesForStrategyInt no device found for strategy 4
06-08 13:54:03.209 713 747 I APM::AudioPolicyEngine: getDevicesForStrategyInt no device found for strategy 6
06-08 13:54:03.209 713 747 I APM::AudioPolicyEngine: getDevicesForStrategyInt no device found for strategy 8
01-01 08:00:23.811 324 324 E realtek-i2c 9801ba00.i2c-4: rtk_i2c_handle_tx_abort: slave address not acknowledged (7bit mode)
06-08 13:54:03.209 713 747 I APM::AudioPolicyEngine: getDevicesForStrategyInt no device found for strategy 8
06-08 13:54:03.210 713 747 I APM::AudioPolicyEngine: getDevicesForStrategyInt no device found for strategy 1
06-08 13:54:03.210 713 747 I APM::AudioPolicyEngine: getDevicesForStrategyInt no device found for strategy 2
06-08 13:54:03.210 713 747 I APM::AudioPolicyEngine: getDevicesForStrategyInt no device found for strategy 5
06-08 13:54:03.210 713 747 I APM::AudioPolicyEngine: getDevicesForStrategyInt no device found for strategy 7
06-08 13:54:03.210 713 747 I APM::AudioPolicyEngine: getDevicesForStrategyInt no device found for strategy 3
06-08 13:54:03.211 713 747 I APM::AudioPolicyEngine: getDevicesForStrategyInt no device found for strategy 0
06-08 13:54:03.211 713 747 I APM::AudioPolicyEngine: getDevicesForStrategyInt no device found for strategy 4
06-08 13:54:03.211 970 970 D FileUtils: Rounded bytes from 5400895488 to 8000000000
06-08 13:54:03.211 713 747 I APM::AudioPolicyEngine: getDevicesForStrategyInt no device found for strategy 6
06-08 13:54:03.211 713 713 D AudioFlinger: isLowRamDevice:false totalMemory:5400895488 mClientSharedHeapSize:33554432
06-08 13:54:03.211 713 747 I APM::AudioPolicyEngine: getDevicesForStrategyInt no device found for strategy 8
06-08 13:54:03.211 713 747 I APM::AudioPolicyEngine: getDevicesForStrategyInt no device found for strategy 8
01-01 08:00:23.817 324 324 E realtek-i2c 9801ba00.i2c-4: rtk_i2c_handle_tx_abort: slave address not acknowledged (7bit mode)
01-01 08:00:23.820 324 324 E realtek-i2c 9801ba00.i2c-4: rtk_i2c_handle_tx_abort: slave address not acknowledged (7bit mode)
06-08 13:54:03.212 713 747 I APM::AudioPolicyEngine: getDevicesForStrategyInt no device found for strategy 1
06-08 13:54:03.213 713 747 I APM::AudioPolicyEngine: getDevicesForStrategyInt no device found for strategy 2
06-08 13:54:03.213 713 747 I APM::AudioPolicyEngine: getDevicesForStrategyInt no device found for strategy 5
06-08 13:54:03.213 713 747 I APM::AudioPolicyEngine: getDevicesForStrategyInt no device found for strategy 7
06-08 13:54:03.213 713 747 I APM::AudioPolicyEngine: getDevicesForStrategyInt no device found for strategy 3
06-08 13:54:03.213 713 747 I APM::AudioPolicyEngine: getDevicesForStrategyInt no device found for strategy 0
06-08 13:54:03.213 713 747 I APM::AudioPolicyEngine: getDevicesForStrategyInt no device found for strategy 4
06-08 13:54:03.214 713 747 I APM::AudioPolicyEngine: getDevicesForStrategyInt no device found for strategy 6
06-08 13:54:03.214 713 747 I APM::AudioPolicyEngine: getDevicesForStrategyInt no device found for strategy 8
06-08 13:54:03.214 713 747 I APM::AudioPolicyEngine: getDevicesForStrategyInt no device found for strategy 8
