01-01 08:00:13.095 558 558 I : rpc_ion_alloc_handler alloc_size=0x11 ion_alloc_flags=0x80
01-01 08:00:13.101 266 266 D : Loaded kernel module cfg80211.ko
01-01 08:00:13.102 619 619 I LibBpfLoader: map /sys/fs/bpf/tethering/map_test_tether_downstream6_map id 1
01-01 08:00:13.102 619 619 D LibBpfLoader: bpf_create_map name bitmap, ret: 8
01-01 08:00:01.356 624 624 D WifiModMapper: i======0 s
01-01 08:00:01.356 624 624 D WifiModMapper: wifi_mod_mapper start
01-01 08:00:01.356 624 624 D WifiModMapper: init_wifi_mod_mapper
01-01 08:00:01.356 624 624 D WifiModMapper: wifi_module_list.cfg open failed
01-01 08:00:01.356 624 624 D WifiModMapper: begin createMapTable
01-01 08:00:01.357 624 624 D WifiModMapper: end createMapTable
01-01 08:00:01.357 624 624 D WifiModMapper: use auto insert list
01-01 08:00:01.357 624 624 D WifiModMapper: all_dev_count=13
01-01 08:00:01.331 620 620 W modprobe: type=1400 audit(0.0:18): avc: denied { write } for scontext=u:r:init-insmod-sh:s0 tcontext=u:r:init-insmod-sh:s0 tclass=key permissive=0
01-01 08:00:01.331 620 620 W modprobe: type=1400 audit(0.0:19): avc: denied { write } for scontext=u:r:init-insmod-sh:s0 tcontext=u:r:init-insmod-sh:s0 tclass=key permissive=0
01-01 08:00:13.115 35 35 I : rpc_ion_alloc_handler alloc_size=0x11 ion_alloc_flags=0x80
01-01 08:00:13.115 619 619 I LibBpfLoader: map /sys/fs/bpf/tethering/map_test_bitmap id 2
01-01 08:00:01.364 624 624 D WifiModMapper: begin get_insmod_names
01-01 08:00:01.364 624 624 D WifiModMapper: g_mod_alias_count=7
01-01 08:00:01.364 624 624 D WifiModMapper: get_module_name_by_mod_alias get:8821cs
01-01 08:00:01.365 624 624 D WifiModMapper: end get_insmod_names
01-01 08:00:01.365 624 624 D WifiModMapper: wifiModCount=1
01-01 08:00:01.365 624 624 D WifiModMapper: module name: 8821cs
01-01 08:00:01.365 624 624 D WifiModMapper: Show vendor.rtk.wifi.keep.power: -533645184
01-01 08:00:01.365 624 624 D WifiModMapper: insmod rtw_sdio_pm_keep_power = 0
01-01 08:00:01.377 351 358 D VehicleRTKHal: In[setValues][512]
01-01 08:00:01.377 351 358 D VehicleRTKHardware: Set value for property ID: 291504901
01-01 08:00:01.378 351 359 D VehicleRTKHardware: In[setValue][799] prop =291504901 ,289408515
01-01 08:00:01.378 351 359 D VehicleRTKHardware: In[setValue][825].. wirte success...
01-01 08:00:01.378 351 358 D VehicleRTKHal: In[setValues][512]
01-01 08:00:01.378 351 358 D VehicleRTKHardware: Set value for property ID: 291504647
01-01 08:00:01.379 351 359 D VehicleRTKHardware: In[setValue][799] prop =291504647 ,289408515
01-01 08:00:01.379 351 359 D VehicleRTKHardware: In[setValue][825].. wirte success...
01-01 08:00:01.380 351 358 D VehicleRTKHal: In[setValues][512]
01-01 08:00:01.380 351 358 D VehicleRTKHardware: Set value for property ID: 291504903
01-01 08:00:01.380 351 359 D VehicleRTKHardware: In[setValue][799] prop =291504903 ,289408515
01-01 08:00:01.380 351 359 D VehicleRTKHardware: In[setValue][825].. wirte success...
01-01 08:00:01.383 351 358 D VehicleRTKHal: In[setValues][512]
01-01 08:00:01.383 351 358 D VehicleRTKHardware: Set value for property ID: 291504897
01-01 08:00:01.383 351 359 D VehicleRTKHardware: In[setValue][799] prop =291504897 ,289408515
01-01 08:00:01.383 351 359 D VehicleRTKHardware: In[setValue][825].. wirte success...
01-01 08:00:01.383 351 358 D VehicleRTKHal: In[setValues][512]
01-01 08:00:01.383 351 358 D VehicleRTKHardware: Set value for property ID: 289408000
01-01 08:00:01.383 351 359 D VehicleRTKHardware: In[setValue][799] prop =289408000 ,289408515
01-01 08:00:01.383 351 359 D VehicleRTKHardware: In[setValue][825].. wirte success...
01-01 08:00:01.384 351 358 D VehicleRTKHal: In[setValues][512]
01-01 08:00:01.384 351 358 D VehicleRTKHardware: Set value for property ID: 287310855
01-01 08:00:01.384 351 359 D VehicleRTKHardware: In[setValue][799] prop =287310855 ,289408515
01-01 08:00:01.384 351 359 D VehicleRTKHardware: In[setValue][825].. wirte success...
01-01 08:00:01.384 351 358 D VehicleRTKHal: In[setValues][512]
01-01 08:00:01.384 351 358 D VehicleRTKHardware: Set value for property ID: 291504644
01-01 08:00:01.384 351 359 D VehicleRTKHardware: In[setValue][799] prop =291504644 ,289408515
01-01 08:00:01.384 351 359 D VehicleRTKHardware: In[setValue][825].. wirte success...
01-01 08:00:01.384 351 358 D VehicleRTKHal: In[setValues][512]
01-01 08:00:01.384 351 358 D VehicleRTKHardware: Set value for property ID: 291504904
01-01 08:00:01.384 351 359 D VehicleRTKHardware: In[setValue][799] prop =291504904 ,289408515
01-01 08:00:01.384 351 359 D VehicleRTKHardware: In[setValue][825].. wirte success...
01-01 08:00:01.385 351 358 D VehicleRTKHal: In[setValues][512]
01-01 08:00:01.385 351 358 D VehicleRTKHardware: Set value for property ID: 291505923
01-01 08:00:01.385 351 359 D VehicleRTKHardware: In[setValue][799] prop =291505923 ,289408515
01-01 08:00:01.385 351 359 D VehicleRTKHardware: In[setValue][825].. wirte success...
01-01 08:00:01.385 617 617 I netdClient: Skipping libnetd_client init since *we* are netd
01-01 08:00:01.405 617 617 I netd: netd 1.0 starting
01-01 08:00:01.406 617 617 I netd: Pid file removed
01-01 08:00:01.406 617 617 I netd: SIGPIPE is blocked
01-01 08:00:01.406 617 617 I netd: setCloseOnExec(dnsproxyd)
01-01 08:00:01.406 617 617 I netd: setCloseOnExec(fwmarkd)
01-01 08:00:01.406 617 617 I netd: setCloseOnExec(mdns)
01-01 08:00:01.407 617 617 I NetdUpdatable: libnetd_updatable_init: Initializing
01-01 08:00:13.211 624 624 W RTW: module init start
01-01 08:00:13.213 619 619 D LibBpfLoader: map_fd found at 0 is 6 in /apex/com.android.tethering/etc/bpf/test@btf.o
01-01 08:00:13.219 35 35 I : rpc_ion_alloc_handler alloc_size=0x11 ion_alloc_flags=0x80
01-01 08:00:13.223 324 324 E realtek-i2c 9801ba00.i2c-4: rtk_i2c_handle_tx_abort: slave address not acknowledged (7bit mode)
01-01 08:00:13.224 624 624 W RTW: rtl8821cs v5.15.9.6-1-g3fe4f4b91.20250327_COEX20230331-5d5d_v0.45_20251017
01-01 08:00:13.224 324 324 E realtek-i2c 9801ba00.i2c-4: rtk_i2c_handle_tx_abort: slave address not acknowledged (7bit mode)
01-01 08:00:13.224 382 382 I realtek-npp 98084000.npu-pp: drv_npp_open_capture Open capture device success
01-01 08:00:13.224 382 382 I realtek-npp 98084000.npu-pp: drv_npp_release_capture npp_activate =0
01-01 08:00:13.225 382 382 I realtek-npp 98084000.npu-pp: drv_npp_release_capture done
01-01 08:00:13.226 324 324 E realtek-i2c 9801ba00.i2c-4: rtk_i2c_handle_tx_abort: slave address not acknowledged (7bit mode)
01-01 08:00:13.226 619 619 D LibBpfLoader: map_fd found at 1 is 8 in /apex/com.android.tethering/etc/bpf/test@btf.o
01-01 08:00:13.226 619 619 D LibBpfLoader: cs[0].name:xdp_drop_ipv4_udp_ether min_kver:5090000 .max_kver:ffffffff (kvers:50f00c0)
01-01 08:00:13.226 619 619 D LibBpfLoader: cs[0].name:xdp_drop_ipv4_udp_ether requires bpfloader version [0x00019,0x10000)
01-01 08:00:13.228 619 619 D LibBpfLoader: bpf_prog_load lib call for /apex/com.android.tethering/etc/bpf/test@btf.o (xdp_drop_ipv4_udp_ether) returned fd: 7 (no error)
01-01 08:00:13.228 624 624 W RTW: build time: Mar 28 2026 11:43:49
01-01 08:00:13.228 624 624 W RTW: rtl8821cs BT-Coex version = COEX20230331-5d5d
01-01 08:00:13.228 624 624 W RTW: rtw_inetaddr_notifier_register
01-01 08:00:13.229 624 624 W RTW: DBG_MEM_ALLOC devobj_init:2768 dbg_rtw_zmalloc(8288)
01-01 08:00:13.235 21 21 I : rpc_ion_alloc_handler alloc_size=0x11 ion_alloc_flags=0x80
01-01 08:00:13.239 324 324 E realtek-i2c 9801ba00.i2c-4: rtk_i2c_handle_tx_abort: slave address not acknowledged (7bit mode)
01-01 08:00:13.239 619 619 I LibBpfLoader: prog /sys/fs/bpf/tethering/prog_test_xdp_drop_ipv4_udp_ether id 1
01-01 08:00:13.241 324 324 E realtek-i2c 9801ba00.i2c-4: rtk_i2c_handle_tx_abort: slave address not acknowledged (7bit mode)
01-01 08:00:13.248 552 552 I : rpc_ion_alloc_handler alloc_size=0x11 ion_alloc_flags=0x80
01-01 08:00:13.252 619 619 I bpfloader: Loaded object: /apex/com.android.tethering/etc/bpf/test@btf.o
01-01 08:00:13.253 324 324 E realtek-i2c 9801ba00.i2c-4: rtk_i2c_handle_tx_abort: slave address not acknowledged (7bit mode)
01-01 08:00:13.259 552 552 I : rpc_ion_alloc_handler alloc_size=0x11 ion_alloc_flags=0x80
01-01 08:00:13.262 624 624 W RTW: == SDIO Card Info ==
01-01 08:00:13.264 324 324 E realtek-i2c 9801ba00.i2c-4: rtk_i2c_handle_tx_abort: slave address not acknowledged (7bit mode)
01-01 08:00:13.271 552 552 I : rpc_ion_alloc_handler alloc_size=0x11 ion_alloc_flags=0x80
01-01 08:00:13.274 624 624 W RTW: card: 00000000c39be7f4
01-01 08:00:13.275 619 619 D LibBpfLoader: Loading critical for Connectivity (Tethering) ELF object /apex/com.android.tethering/etc/bpf/offload@btf.o with license Apache 2.0
01-01 08:00:13.275 619 619 I LibBpfLoader: Section bpfloader_min_ver value is 25 [0x19]
01-01 08:00:13.275 619 619 I LibBpfLoader: Section bpfloader_max_ver value is 65536 [0x10000]
01-01 08:00:13.275 619 619 D LibBpfLoader: Couldn't find section bpfloader_min_required_ver (defaulting to 0 [0x0]).
01-01 08:00:13.275 619 619 I LibBpfLoader: Section size_of_bpf_map_def value is 120 [0x78]
01-01 08:00:13.275 619 619 I LibBpfLoader: Section size_of_bpf_prog_def value is 92 [0x5c]
01-01 08:00:13.275 619 619 I LibBpfLoader: BpfLoader version 0x00026 processing ELF object /apex/com.android.tethering/etc/bpf/offload@btf.o with ver [0x00019,0x10000)
01-01 08:00:13.277 619 619 D LibBpfLoader: Loaded code section 3 (schedcls_tether_downstream6_ether)
01-01 08:00:13.277 619 619 D LibBpfLoader: Loaded relo section 3 (.relschedcls/tether_downstream6_ether)
01-01 08:00:13.277 619 619 D LibBpfLoader: Adding section 3 to cs list
01-01 08:00:13.277 619 619 D LibBpfLoader: Loaded code section 5 (schedcls_tether_upstream6_ether)
01-01 08:00:13.277 619 619 D LibBpfLoader: Loaded relo section 5 (.relschedcls/tether_upstream6_ether)
01-01 08:00:13.277 324 324 E realtek-i2c 9801ba00.i2c-4: rtk_i2c_handle_tx_abort: slave address not acknowledged (7bit mode)
01-01 08:00:13.277 324 324 E realtek-i2c 9801ba00.i2c-4: rtk_i2c_handle_tx_abort: slave address not acknowledged (7bit mode)
01-01 08:00:13.283 21 21 I : rpc_ion_alloc_handler alloc_size=0x11 ion_alloc_flags=0x80
01-01 08:00:13.287 324 324 E realtek-i2c 9801ba00.i2c-4: rtk_i2c_handle_tx_abort: slave address not acknowledged (7bit mode)
01-01 08:00:13.287 624 624 W RTW: clock: 100000000 Hz
01-01 08:00:13.287 324 324 E realtek-i2c 9801ba00.i2c-4: rtk_i2c_handle_tx_abort: slave address not acknowledged (7bit mode)
01-01 08:00:13.290 619 619 D LibBpfLoader: Adding section 5 to cs list
01-01 08:00:13.297 552 552 I : rpc_ion_alloc_handler alloc_size=0x11 ion_alloc_flags=0x80
01-01 08:00:13.301 324 324 E realtek-i2c 9801ba00.i2c-4: rtk_i2c_handle_tx_abort: slave address not acknowledged (7bit mode)
01-01 08:00:13.301 624 624 W RTW: timing spec:
01-01 08:00:13.303 619 619 D LibBpfLoader: Loaded code section 7 (schedcls_tether_downstream6_rawip$4_14)
01-01 08:00:13.310 552 552 I : rpc_ion_alloc_handler alloc_size=0x11 ion_alloc_flags=0x80
01-01 08:00:13.313 324 324 E realtek-i2c 9801ba00.i2c-4: rtk_i2c_handle_tx_abort: slave address not acknowledged (7bit mode)
01-01 08:00:13.313 624 624 W : sd uhs SDR50
01-01 08:00:13.313 624 624 W RTW: sd3_bus_mode: TRUE
01-01 08:00:13.313 624 624 W RTW: func num: 1
01-01 08:00:13.313 624 624 W RTW: func1: 00000000be17457c (*)
01-01 08:00:13.313 624 624 W RTW: max_byte_size: 512
01-01 08:00:13.314 324 324 E realtek-i2c 9801ba00.i2c-4: rtk_i2c_handle_tx_abort: slave address not acknowledged (7bit mode)
01-01 08:00:13.315 619 619 D LibBpfLoader: Loaded relo section 7 (.relschedcls/tether_downstream6_rawip$4_14)
01-01 08:00:13.315 619 619 D LibBpfLoader: Adding section 7 to cs list
01-01 08:00:13.315 619 619 D LibBpfLoader: Loaded code section 9 (schedcls_tether_upstream6_rawip$4_14)
01-01 08:00:13.315 619 619 D LibBpfLoader: Loaded relo section 9 (.relschedcls/tether_upstream6_rawip$4_14)
01-01 08:00:13.315 619 619 D LibBpfLoader: Adding section 9 to cs list
01-01 08:00:13.315 619 619 D LibBpfLoader: Loaded code section 11 (schedcls_tether_downstream6_rawip$stub)
01-01 08:00:13.315 619 619 D LibBpfLoader: Adding section 11 to cs list
01-01 08:00:13.315 619 619 D LibBpfLoader: Loaded code section 12 (schedcls_tether_upstream6_rawip$stub)
01-01 08:00:13.315 619 619 D LibBpfLoader: Adding section 12 to cs list
01-01 08:00:13.315 619 619 D LibBpfLoader: Loaded code section 13 (schedcls_tether_downstream4_rawip$5_8)
01-01 08:00:13.316 619 619 D LibBpfLoader: Loaded relo section 13 (.relschedcls/tether_downstream4_rawip$5_8)
01-01 08:00:13.316 619 619 D LibBpfLoader: Adding section 13 to cs list
01-01 08:00:13.316 619 619 D LibBpfLoader: Loaded code section 15 (schedcls_tether_upstream4_rawip$5_8)
01-01 08:00:13.316 619 619 D LibBpfLoader: Loaded relo section 15 (.relschedcls/tether_upstream4_rawip$5_8)
01-01 08:00:13.316 619 619 D LibBpfLoader: Adding section 15 to cs list
01-01 08:00:13.316 619 619 D LibBpfLoader: Loaded code section 17 (schedcls_tether_downstream4_ether$5_8)
01-01 08:00:13.316 619 619 D LibBpfLoader: Loaded relo section 17 (.relschedcls/tether_downstream4_ether$5_8)
01-01 08:00:13.316 619 619 D LibBpfLoader: Adding section 17 to cs list
01-01 08:00:13.316 619 619 D LibBpfLoader: Loaded code section 19 (schedcls_tether_upstream4_ether$5_8)
01-01 08:00:13.317 619 619 D LibBpfLoader: Loaded relo section 19 (.relschedcls/tether_upstream4_ether$5_8)
01-01 08:00:13.317 619 619 D LibBpfLoader: Adding section 19 to cs list
01-01 08:00:13.317 619 619 D LibBpfLoader: Loaded code section 21 (schedcls_tether_downstream4_rawip$opt)
01-01 08:00:13.317 619 619 D LibBpfLoader: Loaded relo section 21 (.relschedcls/tether_downstream4_rawip$opt)
01-01 08:00:13.317 619 619 D LibBpfLoader: Adding section 21 to cs list
01-01 08:00:13.317 619 619 D LibBpfLoader: Loaded code section 23 (schedcls_tether_upstream4_rawip$opt)
01-01 08:00:13.318 619 619 D LibBpfLoader: Loaded relo section 23 (.relschedcls/tether_upstream4_rawip$opt)
01-01 08:00:13.318 619 619 D LibBpfLoader: Adding section 23 to cs list
01-01 08:00:13.318 619 619 D LibBpfLoader: Loaded code section 25 (schedcls_tether_downstream4_ether$opt)
01-01 08:00:13.318 624 624 W RTW: ================
01-01 08:00:13.318 624 624 W RTW: CHIP TYPE: RTL8821C
01-01 08:00:13.318 624 624 W RTW: [DEBUG] registry_par->rtw_sdio_pm_keep_power=0
01-01 08:00:13.318 619 619 D LibBpfLoader: Loaded relo section 25 (.relschedcls/tether_downstream4_ether$opt)
01-01 08:00:13.318 619 619 D LibBpfLoader: Adding section 25 to cs list
01-01 08:00:13.318 619 619 D LibBpfLoader: Loaded code section 27 (schedcls_tether_upstream4_ether$opt)
01-01 08:00:13.319 619 619 D LibBpfLoader: Loaded relo section 27 (.relschedcls/tether_upstream4_ether$opt)
01-01 08:00:13.319 619 619 D LibBpfLoader: Adding section 27 to cs list
01-01 08:00:13.319 619 619 D LibBpfLoader: Loaded code section 29 (schedcls_tether_downstream4_rawip$5_4)
01-01 08:00:13.319 619 619 D LibBpfLoader: Loaded relo section 29 (.relschedcls/tether_downstream4_rawip$5_4)
01-01 08:00:13.319 619 619 D LibBpfLoader: Adding section 29 to cs list
01-01 08:00:13.319 619 619 D LibBpfLoader: Loaded code section 31 (schedcls_tether_upstream4_rawip$5_4)
01-01 08:00:13.320 619 619 D LibBpfLoader: Loaded relo section 31 (.relschedcls/tether_upstream4_rawip$5_4)
01-01 08:00:13.320 619 619 D LibBpfLoader: Adding section 31 to cs list
01-01 08:00:13.320 619 619 D LibBpfLoader: Loaded code section 33 (schedcls_tether_downstream4_rawip$4_14)
01-01 08:00:13.320 324 324 E realtek-i2c 9801ba00.i2c-4: rtk_i2c_handle_tx_abort: slave address not acknowledged (7bit mode)
01-01 08:00:13.320 619 619 D LibBpfLoader: Loaded relo section 33 (.relschedcls/tether_downstream4_rawip$4_14)
01-01 08:00:13.320 619 619 D LibBpfLoader: Adding section 33 to cs list
01-01 08:00:13.320 619 619 D LibBpfLoader: Loaded code section 35 (schedcls_tether_upstream4_rawip$4_14)
01-01 08:00:13.321 619 619 D LibBpfLoader: Loaded relo section 35 (.relschedcls/tether_upstream4_rawip$4_14)
01-01 08:00:13.321 619 619 D LibBpfLoader: Adding section 35 to cs list
01-01 08:00:13.321 619 619 D LibBpfLoader: Loaded code section 37 (schedcls_tether_downstream4_ether$4_14)
01-01 08:00:13.321 619 619 D LibBpfLoader: Loaded relo section 37 (.relschedcls/tether_downstream4_ether$4_14)
01-01 08:00:13.321 619 619 D LibBpfLoader: Adding section 37 to cs list
01-01 08:00:13.321 619 619 D LibBpfLoader: Loaded code section 39 (schedcls_tether_upstream4_ether$4_14)
01-01 08:00:13.322 619 619 D LibBpfLoader: Loaded relo section 39 (.relschedcls/tether_upstream4_ether$4_14)
01-01 08:00:13.322 619 619 D LibBpfLoader: Adding section 39 to cs list
01-01 08:00:13.322 619 619 D LibBpfLoader: Loaded code section 41 (schedcls_tether_downstream4_rawip$stub)
01-01 08:00:13.322 619 619 D LibBpfLoader: Adding section 41 to cs list
01-01 08:00:13.322 619 619 D LibBpfLoader: Loaded code section 42 (schedcls_tether_upstream4_rawip$stub)
01-01 08:00:13.323 619 619 D LibBpfLoader: Adding section 42 to cs list
01-01 08:00:13.323 619 619 D LibBpfLoader: Loaded code section 43 (schedcls_tether_downstream4_ether$stub)
01-01 08:00:13.324 619 619 D LibBpfLoader: Adding section 43 to cs list
01-01 08:00:13.324 619 619 D LibBpfLoader: Loaded code section 44 (schedcls_tether_upstream4_ether$stub)
01-01 08:00:13.324 619 619 D LibBpfLoader: Adding section 44 to cs list
01-01 08:00:13.324 619 619 D LibBpfLoader: Loaded code section 45 (xdp_tether_downstream_ether)
01-01 08:00:13.325 619 619 D LibBpfLoader: Adding section 45 to cs list
01-01 08:00:13.325 619 619 D LibBpfLoader: Loaded code section 46 (xdp_tether_downstream_rawip)
01-01 08:00:13.326 619 619 D LibBpfLoader: Adding section 46 to cs list
01-01 08:00:13.326 619 619 D LibBpfLoader: Loaded code section 47 (xdp_tether_upstream_ether)
01-01 08:00:13.326 21 21 I : rpc_ion_alloc_handler alloc_size=0x11 ion_alloc_flags=0x80
01-01 08:00:13.326 619 619 D LibBpfLoader: Adding section 47 to cs list
01-01 08:00:13.326 619 619 D LibBpfLoader: Loaded code section 48 (xdp_tether_upstream_rawip)
01-01 08:00:13.327 619 619 D LibBpfLoader: Adding section 48 to cs list
01-01 08:00:13.328 619 619 D LibBpfLoader: Couldn't find section btf_min_bpfloader_ver (defaulting to 0 [0x0]).
01-01 08:00:13.328 619 619 D LibBpfLoader: Couldn't find section btf_min_kernel_ver (defaulting to 0 [0x0]).
01-01 08:00:13.329 624 624 W RTW: loadparam, Select P2P interface: iface_id:1
01-01 08:00:01.585 351 358 D VehicleRTKHal: In[setValues][512]
01-01 08:00:01.585 351 358 D VehicleRTKHardware: Set value for property ID: 291504901
01-01 08:00:01.591 351 359 D VehicleRTKHardware: In[setValue][799] prop =291504901 ,289408515
01-01 08:00:01.591 351 359 D VehicleRTKHardware: In[setValue][825].. wirte success...
01-01 08:00:01.592 351 358 D VehicleRTKHal: In[setValues][512]
01-01 08:00:01.592 351 358 D VehicleRTKHardware: Set value for property ID: 291504647
01-01 08:00:01.592 351 359 D VehicleRTKHardware: In[setValue][799] prop =291504647 ,289408515
01-01 08:00:01.592 351 359 D VehicleRTKHardware: In[setValue][825].. wirte success...
01-01 08:00:01.592 351 358 D VehicleRTKHal: In[setValues][512]
01-01 08:00:01.592 351 358 D VehicleRTKHardware: Set value for property ID: 291504903
01-01 08:00:13.338 21 21 I : rpc_ion_alloc_handler alloc_size=0x11 ion_alloc_flags=0x80
01-01 08:00:13.342 624 624 W RTW: [HALMAC]55772M
01-01 08:00:13.342 624 624 W : HALMAC_MAJOR_VER = 1
01-01 08:00:13.342 624 624 W : HALMAC_PROTOTYPE_VER = 6
01-01 08:00:13.342 624 624 W : HALMAC_MINOR_VER = 7
01-01 08:00:13.342 624 624 W : HALMAC_PATCH_VER = 15
01-01 08:00:13.343 324 324 E realtek-i2c 9801ba00.i2c-4: rtk_i2c_handle_tx_abort: slave address not acknowledged (7bit mode)
01-01 08:00:13.344 324 324 E realtek-i2c 9801ba00.i2c-4: rtk_i2c_handle_tx_abort: slave address not acknowledged (7bit mode)
01-01 08:00:01.592 351 359 D VehicleRTKHardware: In[setValue][799] prop =291504903 ,289408515
01-01 08:00:01.592 351 359 D VehicleRTKHardware: In[setValue][825].. wirte success...
01-01 08:00:01.593 351 358 D VehicleRTKHal: In[setValues][512]
01-01 08:00:01.593 351 358 D VehicleRTKHardware: Set value for property ID: 291504897
01-01 08:00:01.593 351 359 D VehicleRTKHardware: In[setValue][799] prop =291504897 ,289408515
01-01 08:00:01.593 351 359 D VehicleRTKHardware: In[setValue][825].. wirte success...
01-01 08:00:01.593 351 358 D VehicleRTKHal: In[setValues][512]
01-01 08:00:01.593 351 358 D VehicleRTKHardware: Set value for property ID: 289408000
01-01 08:00:01.593 351 359 D VehicleRTKHardware: In[setValue][799] prop =289408000 ,289408515
01-01 08:00:01.593 351 359 D VehicleRTKHardware: In[setValue][825].. wirte success...
01-01 08:00:01.593 351 358 D VehicleRTKHal: In[setValues][512]
01-01 08:00:01.593 351 358 D VehicleRTKHardware: Set value for property ID: 287310855
01-01 08:00:01.593 351 359 D VehicleRTKHardware: In[setValue][799] prop =287310855 ,289408515
01-01 08:00:01.593 351 359 D VehicleRTKHardware: In[setValue][825].. wirte success...
01-01 08:00:01.593 351 358 D VehicleRTKHal: In[setValues][512]
01-01 08:00:01.593 351 358 D VehicleRTKHardware: Set value for property ID: 291504644
01-01 08:00:01.594 351 359 D VehicleRTKHardware: In[setValue][799] prop =291504644 ,289408515
01-01 08:00:01.594 351 359 D VehicleRTKHardware: In[setValue][825].. wirte success...
01-01 08:00:01.594 351 358 D VehicleRTKHal: In[setValues][512]
01-01 08:00:01.594 351 358 D VehicleRTKHardware: Set value for property ID: 291504904
01-01 08:00:01.594 351 359 D VehicleRTKHardware: In[setValue][799] prop =291504904 ,289408515
01-01 08:00:01.594 351 359 D VehicleRTKHardware: In[setValue][825].. wirte success...
01-01 08:00:01.594 351 358 D VehicleRTKHal: In[setValues][512]
01-01 08:00:01.594 351 358 D VehicleRTKHardware: Set value for property ID: 291505923
01-01 08:00:01.594 351 359 D VehicleRTKHardware: In[setValue][799] prop =291505923 ,289408515
01-01 08:00:01.594 351 359 D VehicleRTKHardware: In[setValue][825].. wirte success...
01-01 08:00:13.347 619 619 D LibBpfLoader: bpf_create_map name tether_error_map, ret: 6
01-01 08:00:13.349 324 324 E realtek-i2c 9801ba00.i2c-4: rtk_i2c_handle_tx_abort: slave address not acknowledged (7bit mode)
01-01 08:00:13.355 552 552 I : rpc_ion_alloc_handler alloc_size=0x11 ion_alloc_flags=0x80
01-01 08:00:13.358 619 619 I LibBpfLoader: map /sys/fs/bpf/tethering/map_offload_tether_error_map id 3
01-01 08:00:13.360 624 624 W RTW: Chip Version Info: CHIP_8821C_U5_1T1R_RomVer(4)
01-01 08:00:13.366 580 580 I : rpc_ion_alloc_handler alloc_size=0x11 ion_alloc_flags=0x80
01-01 08:00:13.368 619 619 D LibBpfLoader: bpf_create_map name tether_stats_map, ret: 8
01-01 08:00:13.368 324 324 E realtek-i2c 9801ba00.i2c-4: rtk_i2c_handle_tx_abort: slave address not acknowledged (7bit mode)
01-01 08:00:13.371 324 324 E realtek-i2c 9801ba00.i2c-4: rtk_i2c_handle_tx_abort: slave address not acknowledged (7bit mode)
01-01 08:00:13.377 552 552 I : rpc_ion_alloc_handler alloc_size=0x11 ion_alloc_flags=0x80
01-01 08:00:13.381 619 619 I LibBpfLoader: map /sys/fs/bpf/tethering/map_offload_tether_stats_map id 4
01-01 08:00:13.383 324 324 E realtek-i2c 9801ba00.i2c-4: rtk_i2c_handle_tx_abort: slave address not acknowledged (7bit mode)
01-01 08:00:13.392 552 552 I : rpc_ion_alloc_handler alloc_size=0x11 ion_alloc_flags=0x80
01-01 08:00:13.394 619 619 D LibBpfLoader: bpf_create_map name tether_limit_map, ret: 9
01-01 08:00:13.396 324 324 E realtek-i2c 9801ba00.i2c-4: rtk_i2c_handle_tx_abort: slave address not acknowledged (7bit mode)
01-01 08:00:13.403 552 552 I : rpc_ion_alloc_handler alloc_size=0x11 ion_alloc_flags=0x80
01-01 08:00:13.407 619 619 I LibBpfLoader: map /sys/fs/bpf/tethering/map_offload_tether_limit_map id 5
01-01 08:00:13.409 324 324 E realtek-i2c 9801ba00.i2c-4: rtk_i2c_handle_tx_abort: slave address not acknowledged (7bit mode)
01-01 08:00:13.416 580 580 I : rpc_ion_alloc_handler alloc_size=0x11 ion_alloc_flags=0x80
01-01 08:00:13.420 619 619 D LibBpfLoader: bpf_create_map name tether_downstream6_map, ret: 10
01-01 08:00:13.421 324 324 E realtek-i2c 9801ba00.i2c-4: rtk_i2c_handle_tx_abort: slave address not acknowledged (7bit mode)
01-01 08:00:13.428 552 552 I : rpc_ion_alloc_handler alloc_size=0x11 ion_alloc_flags=0x80
01-01 08:00:13.430 619 619 I LibBpfLoader: map /sys/fs/bpf/tethering/map_offload_tether_downstream6_map id 6
01-01 08:00:13.431 324 324 E realtek-i2c 9801ba00.i2c-4: rtk_i2c_handle_tx_abort: slave address not acknowledged (7bit mode)
01-01 08:00:13.438 552 552 I : rpc_ion_alloc_handler alloc_size=0x11 ion_alloc_flags=0x80
01-01 08:00:13.441 619 619 D LibBpfLoader: bpf_create_map name tether_downstream64_map, ret: 11
01-01 08:00:13.444 324 324 E realtek-i2c 9801ba00.i2c-4: rtk_i2c_handle_tx_abort: slave address not acknowledged (7bit mode)
01-01 08:00:13.455 619 619 I LibBpfLoader: map /sys/fs/bpf/tethering/map_offload_tether_downstream64_map id 7
01-01 08:00:13.457 324 324 E realtek-i2c 9801ba00.i2c-4: rtk_i2c_handle_tx_abort: slave address not acknowledged (7bit mode)
01-01 08:00:13.459 619 619 D LibBpfLoader: bpf_create_map name tether_upstream6_map, ret: 12
01-01 08:00:13.461 324 324 E realtek-i2c 9801ba00.i2c-4: rtk_i2c_handle_tx_abort: slave address not acknowledged (7bit mode)
01-01 08:00:13.464 619 619 I LibBpfLoader: map /sys/fs/bpf/tethering/map_offload_tether_upstream6_map id 8
01-01 08:00:13.466 324 324 E realtek-i2c 9801ba00.i2c-4: rtk_i2c_handle_tx_abort: slave address not acknowledged (7bit mode)
01-01 08:00:13.468 619 619 D LibBpfLoader: bpf_create_map name tether_downstream4_map, ret: 13
01-01 08:00:13.470 324 324 E realtek-i2c 9801ba00.i2c-4: rtk_i2c_handle_tx_abort: slave address not acknowledged (7bit mode)
01-01 08:00:13.471 619 619 I LibBpfLoader: map /sys/fs/bpf/tethering/map_offload_tether_downstream4_map id 9
01-01 08:00:13.475 324 324 E realtek-i2c 9801ba00.i2c-4: rtk_i2c_handle_tx_abort: slave address not acknowledged (7bit mode)
01-01 08:00:13.477 619 619 D LibBpfLoader: bpf_create_map name tether_upstream4_map, ret: 14
01-01 08:00:13.481 624 624 W RTW: SetHwReg: bMacPwrCtrlOn=1
01-01 08:00:13.483 619 619 I LibBpfLoader: map /sys/fs/bpf/tethering/map_offload_tether_upstream4_map id 10
01-01 08:00:13.483 324 324 E realtek-i2c 9801ba00.i2c-4: rtk_i2c_handle_tx_abort: slave address not acknowledged (7bit mode)
01-01 08:00:13.485 324 324 E realtek-i2c 9801ba00.i2c-4: rtk_i2c_handle_tx_abort: slave address not acknowledged (7bit mode)
01-01 08:00:13.531 1 1 I init: Service 'evs_app' (pid 294) exited with status 0 oneshot service took 5.419000 seconds in background
01-01 08:00:13.532 324 324 E realtek-i2c 9801ba00.i2c-4: rtk_i2c_handle_tx_abort: slave address not acknowledged (7bit mode)
01-01 08:00:13.533 1 1 I init: Sending signal 9 to service 'evs_app' (pid 294) process group...
01-01 08:00:13.534 324 324 E realtek-i2c 9801ba00.i2c-4: rtk_i2c_handle_tx_abort: slave address not acknowledged (7bit mode)
01-01 08:00:13.535 1 1 I libprocessgroup: Successfully killed process cgroup uid 1062 pid 294 in 0ms
01-01 08:00:13.540 324 324 E realtek-i2c 9801ba00.i2c-4: rtk_i2c_handle_tx_abort: slave address not acknowledged (7bit mode)
01-01 08:00:01.795 351 358 D VehicleRTKHal: In[setValues][512]
01-01 08:00:01.795 351 358 D VehicleRTKHardware: Set value for property ID: 291504901
01-01 08:00:01.795 351 359 D VehicleRTKHardware: In[setValue][799] prop =291504901 ,289408515
01-01 08:00:01.795 351 359 D VehicleRTKHardware: In[setValue][825].. wirte success...
01-01 08:00:01.795 351 358 D VehicleRTKHal: In[setValues][512]
01-01 08:00:01.795 351 358 D VehicleRTKHardware: Set value for property ID: 291504647
01-01 08:00:01.795 351 359 D VehicleRTKHardware: In[setValue][799] prop =291504647 ,289408515
01-01 08:00:01.795 351 359 D VehicleRTKHardware: In[setValue][825].. wirte success...
01-01 08:00:01.795 351 358 D VehicleRTKHal: In[setValues][512]
01-01 08:00:01.795 351 358 D VehicleRTKHardware: Set value for property ID: 291504903
01-01 08:00:01.795 351 359 D VehicleRTKHardware: In[setValue][799] prop =291504903 ,289408515
01-01 08:00:01.795 351 359 D VehicleRTKHardware: In[setValue][825].. wirte success...
01-01 08:00:01.796 351 358 D VehicleRTKHal: In[setValues][512]
01-01 08:00:01.796 351 358 D VehicleRTKHardware: Set value for property ID: 291504897
01-01 08:00:01.796 351 359 D VehicleRTKHardware: In[setValue][799] prop =291504897 ,289408515
01-01 08:00:01.796 351 359 D VehicleRTKHardware: In[setValue][825].. wirte success...
01-01 08:00:01.796 351 358 D VehicleRTKHal: In[setValues][512]
01-01 08:00:01.796 351 358 D VehicleRTKHardware: Set value for property ID: 289408000
01-01 08:00:01.796 351 359 D VehicleRTKHardware: In[setValue][799] prop =289408000 ,289408515
01-01 08:00:01.796 351 359 D VehicleRTKHardware: In[setValue][825].. wirte success...
01-01 08:00:01.796 351 358 D VehicleRTKHal: In[setValues][512]
01-01 08:00:01.796 351 358 D VehicleRTKHardware: Set value for property ID: 287310855
01-01 08:00:01.796 351 359 D VehicleRTKHardware: In[setValue][799] prop =287310855 ,289408515
01-01 08:00:01.796 351 359 D VehicleRTKHardware: In[setValue][825].. wirte success...
01-01 08:00:01.796 351 358 D VehicleRTKHal: In[setValues][512]
01-01 08:00:01.796 351 358 D VehicleRTKHardware: Set value for property ID: 291504644
01-01 08:00:01.796 351 359 D VehicleRTKHardware: In[setValue][799] prop =291504644 ,289408515
01-01 08:00:01.796 351 359 D VehicleRTKHardware: In[setValue][825].. wirte success...
01-01 08:00:01.797 351 358 D VehicleRTKHal: In[setValues][512]
01-01 08:00:01.797 351 358 D VehicleRTKHardware: Set value for property ID: 291504904
01-01 08:00:01.797 351 359 D VehicleRTKHardware: In[setValue][799] prop =291504904 ,289408515
01-01 08:00:01.797 351 359 D VehicleRTKHardware: In[setValue][825].. wirte success...
01-01 08:00:01.797 351 358 D VehicleRTKHal: In[setValues][512]
01-01 08:00:01.797 351 358 D VehicleRTKHardware: Set value for property ID: 291505923
01-01 08:00:01.797 351 359 D VehicleRTKHardware: In[setValue][799] prop =291505923 ,289408515
01-01 08:00:01.797 351 359 D VehicleRTKHardware: In[setValue][825].. wirte success...
01-01 08:00:13.609 624 624 W RTW: is_valid_id_status: HALMAC_FEATURE_DUMP_LOGICAL_EFUSE
01-01 08:00:01.860 351 358 D VehicleRTKHal: In[setValues][512]
01-01 08:00:01.860 351 358 D VehicleRTKHardware: Set value for property ID: 289475120
01-01 08:00:01.860 351 359 D VehicleRTKHardware: In[setValue][799] prop =289475120 ,289408515
01-01 08:00:01.860 351 359 D VehicleRTKHal: In[onPropertyChangeEvent][238] prop= 289475120
01-01 08:00:01.860 351 359 D VehicleRTKHardware: In[setValue][825].. wirte success...
01-01 08:00:13.615 324 324 E realtek-i2c 9801ba00.i2c-4: rtk_i2c_handle_tx_abort: slave address not acknowledged (7bit mode)
01-01 08:00:13.617 624 624 W RTW:
01-01 08:00:13.618 619 619 D LibBpfLoader: bpf_create_map name tether_dev_map, ret: 15
01-01 08:00:13.618 619 619 I LibBpfLoader: map /sys/fs/bpf/tethering/map_offload_tether_dev_map id 11
01-01 08:00:13.618 619 619 D LibBpfLoader: map_fd found at 0 is 6 in /apex/com.android.tethering/etc/bpf/offload@btf.o
01-01 08:00:13.618 619 619 D LibBpfLoader: map_fd found at 1 is 8 in /apex/com.android.tethering/etc/bpf/offload@btf.o
01-01 08:00:13.618 619 619 D LibBpfLoader: map_fd found at 2 is 9 in /apex/com.android.tethering/etc/bpf/offload@btf.o
01-01 08:00:13.618 619 619 D LibBpfLoader: map_fd found at 3 is 10 in /apex/com.android.tethering/etc/bpf/offload@btf.o
01-01 08:00:13.618 619 619 D LibBpfLoader: map_fd found at 4 is 11 in /apex/com.android.tethering/etc/bpf/offload@btf.o
01-01 08:00:13.618 619 619 D LibBpfLoader: map_fd found at 5 is 12 in /apex/com.android.tethering/etc/bpf/offload@btf.o
01-01 08:00:13.618 619 619 D LibBpfLoader: map_fd found at 6 is 13 in /apex/com.android.tethering/etc/bpf/offload@btf.o
01-01 08:00:13.618 619 619 D LibBpfLoader: map_fd found at 7 is 14 in /apex/com.android.tethering/etc/bpf/offload@btf.o
01-01 08:00:13.618 619 619 D LibBpfLoader: map_fd found at 8 is 15 in /apex/com.android.tethering/etc/bpf/offload@btf.o
01-01 08:00:13.621 324 324 E realtek-i2c 9801ba00.i2c-4: rtk_i2c_handle_tx_abort: slave address not acknowledged (7bit mode)
01-01 08:00:13.623 624 624 W : HW EFUSE
01-01 08:00:13.625 324 324 E realtek-i2c 9801ba00.i2c-4: rtk_i2c_handle_tx_abort: slave address not acknowledged (7bit mode)
01-01 08:00:13.628 619 619 D LibBpfLoader: cs[0].name:schedcls_tether_downstream6_ether min_kver:0 .max_kver:ffffffff (kvers:50f00c0)
01-01 08:00:13.628 619 619 D LibBpfLoader: cs[0].name:schedcls_tether_downstream6_ether requires bpfloader version [0x00019,0x10000)
01-01 08:00:13.630 619 619 D LibBpfLoader: bpf_prog_load lib call for /apex/com.android.tethering/etc/bpf/offload@btf.o (schedcls_tether_downstream6_ether) returned fd: 7 (no error)
01-01 08:00:13.632 624 624 W RTW: 0x000: 29 81
01-01 08:00:13.635 324 324 E realtek-i2c 9801ba00.i2c-4: rtk_i2c_handle_tx_abort: slave address not acknowledged (7bit mode)
01-01 08:00:13.635 619 619 I LibBpfLoader: prog /sys/fs/bpf/tethering/prog_offload_schedcls_tether_downstream6_ether id 2
01-01 08:00:13.637 624 624 W : 00 BC 09 10 28 00
01-01 08:00:13.639 324 324 E realtek-i2c 9801ba00.i2c-4: rtk_i2c_handle_tx_abort: slave address not acknowledged (7bit mode)
01-01 08:00:13.639 619 619 D LibBpfLoader: cs[1].name:schedcls_tether_upstream6_ether min_kver:0 .max_kver:ffffffff (kvers:50f00c0)
01-01 08:00:13.641 624 624 W : AA
01-01 08:00:13.641 324 324 E realtek-i2c 9801ba00.i2c-4: rtk_i2c_handle_tx_abort: slave address not acknowledged (7bit mode)
01-01 08:00:13.644 619 619 D LibBpfLoader: cs[1].name:schedcls_tether_upstream6_ether requires bpfloader version [0x00019,0x10000)
01-01 08:00:13.644 324 324 E realtek-i2c 9801ba00.i2c-4: rtk_i2c_handle_tx_abort: slave address not acknowledged (7bit mode)
01-01 08:00:13.645 624 624 W : 04
01-01 08:00:13.645 324 324 E realtek-i2c 9801ba00.i2c-4: rtk_i2c_handle_tx_abort: slave address not acknowledged (7bit mode)
01-01 08:00:13.645 624 624 W : AD 75 10 8E
01-01 08:00:13.648 324 324 E realtek-i2c 9801ba00.i2c-4: rtk_i2c_handle_tx_abort: slave address not acknowledged (7bit mode)
01-01 08:00:13.651 624 624 W : 30 0B
01-01 08:00:13.651 624 624 W RTW: 0x010: 28 28 28 28 28 28 28 28 28 28 28 02 FF FF FF FF
01-01 08:00:13.651 624 624 W RTW: 0x020: FF FF
01-01 08:00:13.651 619 619 D LibBpfLoader: bpf_prog_load lib call for /apex/com.android.tethering/etc/bpf/offload@btf.o (schedcls_tether_upstream6_ether) returned fd: 16 (no error)
01-01 08:00:13.651 619 619 I LibBpfLoader: prog /sys/fs/bpf/tethering/prog_offload_schedcls_tether_upstream6_ether id 3
01-01 08:00:13.651 619 619 D LibBpfLoader: cs[2].name:schedcls_tether_downstream6_rawip$4_14 min_kver:40e0000 .max_kver:ffffffff (kvers:50f00c0)
01-01 08:00:13.651 619 619 D LibBpfLoader: cs[2].name:schedcls_tether_downstream6_rawip$4_14 requires bpfloader version [0x00019,0x10000)
01-01 08:00:13.653 619 619 D LibBpfLoader: bpf_prog_load lib call for /apex/com.android.tethering/etc/bpf/offload@btf.o (schedcls_tether_downstream6_rawip$4_14) returned fd: 17 (no error)
01-01 08:00:13.655 624 624 W : 22 22 22 22 1B 1B 1B
01-01 08:00:13.655 324 324 E realtek-i2c 9801ba00.i2c-4: rtk_i2c_handle_tx_abort: slave address not acknowledged (7bit mode)
01-01 08:00:13.658 324 324 E realtek-i2c 9801ba00.i2c-4: rtk_i2c_handle_tx_abort: slave address not acknowledged (7bit mode)
01-01 08:00:13.658 619 619 I LibBpfLoader: prog /sys/fs/bpf/tethering/prog_offload_schedcls_tether_downstream6_rawip id 4
01-01 08:00:13.658 619 619 D LibBpfLoader: cs[3].name:schedcls_tether_upstream6_rawip$4_14 min_kver:40e0000 .max_kver:ffffffff (kvers:50f00c0)
01-01 08:00:13.658 619 619 D LibBpfLoader: cs[3].name:schedcls_tether_upstream6_rawip$4_14 requires bpfloader version [0x00019,0x10000)
01-01 08:00:13.659 624 624 W : 1B
01-01 08:00:13.660 619 619 D LibBpfLoader: bpf_prog_load lib call for /apex/com.android.tethering/etc/bpf/offload@btf.o (schedcls_tether_upstream6_rawip$4_14) returned fd: 18 (no error)
01-01 08:00:13.660 619 619 I LibBpfLoader: prog /sys/fs/bpf/tethering/prog_offload_schedcls_tether_upstream6_rawip id 5
01-01 08:00:13.660 619 619 D LibBpfLoader: cs[4].name:schedcls_tether_downstream6_rawip$stub min_kver:0 .max_kver:40e0000 (kvers:50f00c0)
01-01 08:00:13.660 619 619 D LibBpfLoader: cs[5].name:schedcls_tether_upstream6_rawip$stub min_kver:0 .max_kver:40e0000 (kvers:50f00c0)
01-01 08:00:13.660 619 619 D LibBpfLoader: cs[6].name:schedcls_tether_downstream4_rawip$5_8 min_kver:5080000 .max_kver:ffffffff (kvers:50f00c0)
01-01 08:00:13.660 619 619 D LibBpfLoader: cs[6].name:schedcls_tether_downstream4_rawip$5_8 requires bpfloader version [0x00019,0x10000)
01-01 08:00:13.662 619 619 D LibBpfLoader: bpf_prog_load lib call for /apex/com.android.tethering/etc/bpf/offload@btf.o (schedcls_tether_downstream4_rawip$5_8) returned fd: 19 (no error)
01-01 08:00:13.665 624 624 W : 1B 1B 2B 2B 2C 2D
01-01 08:00:13.665 624 624 W RTW: 0x030: 17 FF FF
01-01 08:00:13.668 324 324 E realtek-i2c 9801ba00.i2c-4: rtk_i2c_handle_tx_abort: slave address not acknowledged (7bit mode)
01-01 08:00:13.668 619 619 I LibBpfLoader: prog /sys/fs/bpf/tethering/prog_offload_schedcls_tether_downstream4_rawip id 6
01-01 08:00:13.668 619 619 D LibBpfLoader: cs[7].name:schedcls_tether_upstream4_rawip$5_8 min_kver:5080000 .max_kver:ffffffff (kvers:50f00c0)
01-01 08:00:13.668 619 619 D LibBpfLoader: cs[7].name:schedcls_tether_upstream4_rawip$5_8 requires bpfloader version [0x00019,0x10000)
01-01 08:00:13.670 624 624 W : FF
01-01 08:00:13.672 619 619 D LibBpfLoader: bpf_prog_load lib call for /apex/com.android.tethering/etc/bpf/offload@btf.o (schedcls_tether_upstream4_rawip$5_8) returned fd: 20 (no error)
01-01 08:00:13.674 324 324 E realtek-i2c 9801ba00.i2c-4: rtk_i2c_handle_tx_abort: slave address not acknowledged (7bit mode)
01-01 08:00:13.674 624 624 W : FF
01-01 08:00:13.676 324 324 E realtek-i2c 9801ba00.i2c-4: rtk_i2c_handle_tx_abort: slave address not acknowledged (7bit mode)
01-01 08:00:13.676 619 619 I LibBpfLoader: prog /sys/fs/bpf/tethering/prog_offload_schedcls_tether_upstream4_rawip id 7
01-01 08:00:13.676 619 619 D LibBpfLoader: cs[8].name:schedcls_tether_downstream4_ether$5_8 min_kver:5080000 .max_kver:ffffffff (kvers:50f00c0)
01-01 08:00:13.676 619 619 D LibBpfLoader: cs[8].name:schedcls_tether_downstream4_ether$5_8 requires bpfloader version [0x00019,0x10000)
01-01 08:00:13.678 624 624 W : FF
01-01 08:00:13.678 619 619 D LibBpfLoader: bpf_prog_load lib call for /apex/com.android.tethering/etc/bpf/offload@btf.o (schedcls_tether_downstream4_ether$5_8) returned fd: 21 (no error)
01-01 08:00:13.678 619 619 I LibBpfLoader: prog /sys/fs/bpf/tethering/prog_offload_schedcls_tether_downstream4_ether id 8
01-01 08:00:13.678 619 619 D LibBpfLoader: cs[9].name:schedcls_tether_upstream4_ether$5_8 min_kver:5080000 .max_kver:ffffffff (kvers:50f00c0)
01-01 08:00:13.678 619 619 D LibBpfLoader: cs[9].name:schedcls_tether_upstream4_ether$5_8 requires bpfloader version [0x00019,0x10000)
01-01 08:00:13.680 619 619 D LibBpfLoader: bpf_prog_load lib call for /apex/com.android.tethering/etc/bpf/offload@btf.o (schedcls_tether_upstream4_ether$5_8) returned fd: 22 (no error)
01-01 08:00:13.682 624 624 W : D0 FF FF FF 1F 1F 1F 1F 1F 1F
01-01 08:00:13.682 624 624 W RTW: 0x040: 23 23 23
01-01 08:00:13.685 324 324 E realtek-i2c 9801ba00.i2c-4: rtk_i2c_handle_tx_abort: slave address not acknowledged (7bit mode)
01-01 08:00:13.685 619 619 I LibBpfLoader: prog /sys/fs/bpf/tethering/prog_offload_schedcls_tether_upstream4_ether id 9
01-01 08:00:13.685 619 619 D LibBpfLoader: cs[10].name:schedcls_tether_downstream4_rawip$opt min_kver:40e0000 .max_kver:5080000 (kvers:50f00c0)
01-01 08:00:13.685 619 619 D LibBpfLoader: cs[11].name:schedcls_tether_upstream4_rawip$opt min_kver:40e0000 .max_kver:5080000 (kvers:50f00c0)
01-01 08:00:13.685 619 619 D LibBpfLoader: cs[12].name:schedcls_tether_downstream4_ether$opt min_kver:40e0000 .max_kver:5080000 (kvers:50f00c0)
01-01 08:00:13.685 619 619 D LibBpfLoader: cs[13].name:schedcls_tether_upstream4_ether$opt min_kver:40e0000 .max_kver:5080000 (kvers:50f00c0)
01-01 08:00:13.685 619 619 D LibBpfLoader: cs[14].name:schedcls_tether_downstream4_rawip$5_4 min_kver:5040000 .max_kver:5080000 (kvers:50f00c0)
01-01 08:00:13.685 619 619 D LibBpfLoader: cs[15].name:schedcls_tether_upstream4_rawip$5_4 min_kver:5040000 .max_kver:5080000 (kvers:50f00c0)
01-01 08:00:13.685 619 619 D LibBpfLoader: cs[16].name:schedcls_tether_downstream4_rawip$4_14 min_kver:40e0000 .max_kver:5040000 (kvers:50f00c0)
01-01 08:00:13.685 619 619 D LibBpfLoader: cs[17].name:schedcls_tether_upstream4_rawip$4_14 min_kver:40e0000 .max_kver:5040000 (kvers:50f00c0)
01-01 08:00:13.685 619 619 D LibBpfLoader: cs[18].name:schedcls_tether_downstream4_ether$4_14 min_kver:40e0000 .max_kver:5080000 (kvers:50f00c0)
01-01 08:00:13.685 619 619 D LibBpfLoader: cs[19].name:schedcls_tether_upstream4_ether$4_14 min_kver:40e0000 .max_kver:5080000 (kvers:50f00c0)
01-01 08:00:13.685 619 619 D LibBpfLoader: cs[20].name:schedcls_tether_downstream4_rawip$stub min_kver:0 .max_kver:5040000 (kvers:50f00c0)
01-01 08:00:13.685 619 619 D LibBpfLoader: cs[21].name:schedcls_tether_upstream4_rawip$stub min_kver:0 .max_kver:5040000 (kvers:50f00c0)
01-01 08:00:13.685 619 619 D LibBpfLoader: cs[22].name:schedcls_tether_downstream4_ether$stub min_kver:0 .max_kver:40e0000 (kvers:50f00c0)
01-01 08:00:13.685 619 619 D LibBpfLoader: cs[23].name:schedcls_tether_upstream4_ether$stub min_kver:0 .max_kver:40e0000 (kvers:50f00c0)
01-01 08:00:13.685 619 619 D LibBpfLoader: cs[24].name:xdp_tether_downstream_ether min_kver:5090000 .max_kver:ffffffff (kvers:50f00c0)
01-01 08:00:13.685 619 619 D LibBpfLoader: cs[24].name:xdp_tether_downstream_ether requires bpfloader version [0x00019,0x10000)
01-01 08:00:13.686 624 624 W : 23
01-01 08:00:13.686 619 619 D LibBpfLoader: bpf_prog_load lib call for /apex/com.android.tethering/etc/bpf/offload@btf.o (xdp_tether_downstream_ether) returned fd: 23 (no error)
01-01 08:00:13.686 619 619 I LibBpfLoader: prog /sys/fs/bpf/tethering/prog_offload_xdp_tether_downstream_ether id 10
01-01 08:00:13.686 619 619 D LibBpfLoader: cs[25].name:xdp_tether_downstream_rawip min_kver:5090000 .max_kver:ffffffff (kvers:50f00c0)
01-01 08:00:13.686 619 619 D LibBpfLoader: cs[25].name:xdp_tether_downstream_rawip requires bpfloader version [0x00019,0x10000)
01-01 08:00:13.689 619 619 D LibBpfLoader: bpf_prog_load lib call for /apex/com.android.tethering/etc/bpf/offload@btf.o (xdp_tether_downstream_rawip) returned fd: 24 (no error)
01-01 08:00:13.691 624 624 W : 23 15
01-01 08:00:13.691 324 324 E realtek-i2c 9801ba00.i2c-4: rtk_i2c_handle_tx_abort: slave address not acknowledged (7bit mode)
01-01 08:00:13.691 624 624 W : FF FF FF FF FF FF FF FF FF
01-01 08:00:13.692 324 324 E realtek-i2c 9801ba00.i2c-4: rtk_i2c_handle_tx_abort: slave address not acknowledged (7bit mode)
01-01 08:00:13.693 619 619 I LibBpfLoader: prog /sys/fs/bpf/tethering/prog_offload_xdp_tether_downstream_rawip id 11
01-01 08:00:13.693 619 619 D LibBpfLoader: cs[26].name:xdp_tether_upstream_ether min_kver:5090000 .max_kver:ffffffff (kvers:50f00c0)
01-01 08:00:13.693 619 619 D LibBpfLoader: cs[26].name:xdp_tether_upstream_ether requires bpfloader version [0x00019,0x10000)
01-01 08:00:13.695 624 624 W : FF
01-01 08:00:13.695 619 619 D LibBpfLoader: bpf_prog_load lib call for /apex/com.android.tethering/etc/bpf/offload@btf.o (xdp_tether_upstream_ether) returned fd: 25 (no error)
01-01 08:00:13.695 619 619 I LibBpfLoader: prog /sys/fs/bpf/tethering/prog_offload_xdp_tether_upstream_ether id 12
01-01 08:00:13.695 619 619 D LibBpfLoader: cs[27].name:xdp_tether_upstream_rawip min_kver:5090000 .max_kver:ffffffff (kvers:50f00c0)
01-01 08:00:13.695 619 619 D LibBpfLoader: cs[27].name:xdp_tether_upstream_rawip requires bpfloader version [0x00019,0x10000)
01-01 08:00:13.697 619 619 D LibBpfLoader: bpf_prog_load lib call for /apex/com.android.tethering/etc/bpf/offload@btf.o (xdp_tether_upstream_rawip) returned fd: 26 (no error)
01-01 08:00:13.700 624 624 W RTW: 0x050: FF FF FF FF FF FF FF
01-01 08:00:13.702 324 324 E realtek-i2c 9801ba00.i2c-4: rtk_i2c_handle_tx_abort: slave address not acknowledged (7bit mode)
01-01 08:00:13.702 619 619 I LibBpfLoader: prog /sys/fs/bpf/tethering/prog_offload_xdp_tether_upstream_rawip id 13
01-01 08:00:13.702 619 619 I bpfloader: Loaded object: /apex/com.android.tethering/etc/bpf/offload@btf.o
01-01 08:00:13.704 624 624 W : FF
01-01 08:00:13.705 324 324 E realtek-i2c 9801ba00.i2c-4: rtk_i2c_handle_tx_abort: slave address not acknowledged (7bit mode)
01-01 08:00:13.708 624 624 W : FF FF FF FF FF FF FF FF
01-01 08:00:13.708 624 624 W RTW: 0x060: FF
01-01 08:00:13.708 619 619 D LibBpfLoader: Loading critical for Connectivity and netd ELF object /apex/com.android.tethering/etc/bpf/netd_shared/netd.o with license Apache 2.0
01-01 08:00:13.708 619 619 I LibBpfLoader: Section bpfloader_min_ver value is 13 [0xd]
01-01 08:00:13.708 619 619 I LibBpfLoader: Section bpfloader_max_ver value is 65536 [0x10000]
01-01 08:00:13.708 619 619 D LibBpfLoader: Couldn't find section bpfloader_min_required_ver (defaulting to 0 [0x0]).
01-01 08:00:13.708 619 619 I LibBpfLoader: Section size_of_bpf_map_def value is 120 [0x78]
01-01 08:00:13.708 619 619 I LibBpfLoader: Section size_of_bpf_prog_def value is 92 [0x5c]
01-01 08:00:13.708 619 619 I LibBpfLoader: BpfLoader version 0x00026 processing ELF object /apex/com.android.tethering/etc/bpf/netd_shared/netd.o with ver [0x0000d,0x10000)
01-01 08:00:13.709 619 619 D LibBpfLoader: Loaded code section 3 (cgroupskb_ingress_stats$trace)
01-01 08:00:13.709 619 619 D LibBpfLoader: Loaded relo section 3 (.relcgroupskb/ingress/stats$trace)
01-01 08:00:13.709 324 324 E realtek-i2c 9801ba00.i2c-4: rtk_i2c_handle_tx_abort: slave address not acknowledged (7bit mode)
01-01 08:00:13.711 624 624 W : FF FF FF
01-01 08:00:13.711 324 324 E realtek-i2c 9801ba00.i2c-4: rtk_i2c_handle_tx_abort: slave address not acknowledged (7bit mode)
01-01 08:00:13.711 324 324 E realtek-i2c 9801ba00.i2c-4: rtk_i2c_handle_tx_abort: slave address not acknowledged (7bit mode)
01-01 08:00:13.711 324 324 E realtek-i2c 9801ba00.i2c-4: rtk_i2c_handle_tx_abort: slave address not acknowledged (7bit mode)
01-01 08:00:13.711 324 324 E realtek-i2c 9801ba00.i2c-4: rtk_i2c_handle_tx_abort: slave address not acknowledged (7bit mode)
01-01 08:00:13.711 324 324 E realtek-i2c 9801ba00.i2c-4: rtk_i2c_handle_tx_abort: slave address not acknowledged (7bit mode)
01-01 08:00:13.712 324 324 E realtek-i2c 9801ba00.i2c-4: rtk_i2c_handle_tx_abort: slave address not acknowledged (7bit mode)
01-01 08:00:13.712 324 324 E realtek-i2c 9801ba00.i2c-4: rtk_i2c_handle_tx_abort: slave address not acknowledged (7bit mode)
01-01 08:00:13.712 324 324 E realtek-i2c 9801ba00.i2c-4: rtk_i2c_handle_tx_abort: slave address not acknowledged (7bit mode)
01-01 08:00:13.712 324 324 E realtek-i2c 9801ba00.i2c-4: rtk_i2c_handle_tx_abort: slave address not acknowledged (7bit mode)
01-01 08:00:13.712 324 324 E realtek-i2c 9801ba00.i2c-4: rtk_i2c_handle_tx_abort: slave address not acknowledged (7bit mode)
01-01 08:00:13.712 324 324 E realtek-i2c 9801ba00.i2c-4: rtk_i2c_handle_tx_abort: slave address not acknowledged (7bit mode)
01-01 08:00:13.712 324 324 E realtek-i2c 9801ba00.i2c-4: rtk_i2c_handle_tx_abort: slave address not acknowledged (7bit mode)
01-01 08:00:13.712 324 324 E realtek-i2c 9801ba00.i2c-4: rtk_i2c_handle_tx_abort: slave address not acknowledged (7bit mode)
01-01 08:00:13.715 619 619 D LibBpfLoader: Adding section 3 to cs list
01-01 08:00:13.716 624 624 W : FF FF FF FF FF FF FF FF FF FF FF FF
01-01 08:00:13.718 619 619 D LibBpfLoader: Loaded code section 5 (cgroupskb_ingress_stats$4_19)
01-01 08:00:13.720 624 624 W RTW:
01-01 08:00:13.724 619 619 D LibBpfLoader: Loaded relo section 5 (.relcgroupskb/ingress/stats$4_19)
01-01 08:00:13.726 624 624 W 0x070:
01-01 08:00:13.728 619 619 D LibBpfLoader: Adding section 5 to cs list
01-01 08:00:13.729 624 624 W : FF
01-01 08:00:13.731 619 619 D LibBpfLoader: Loaded code section 7 (cgroupskb_ingress_stats$4_14)
01-01 08:00:13.733 624 624 W : FF
01-01 08:00:13.736 619 619 D LibBpfLoader: Loaded relo section 7 (.relcgroupskb/ingress/stats$4_14)
01-01 08:00:13.738 624 624 W : FF
01-01 08:00:13.740 619 619 D LibBpfLoader: Adding section 7 to cs list
01-01 08:00:13.743 624 624 W : FF
01-01 08:00:13.745 619 619 D LibBpfLoader: Loaded code section 9 (cgroupskb_egress_stats$trace)
01-01 08:00:01.999 351 358 D VehicleRTKHal: In[setValues][512]
01-01 08:00:01.999 351 358 D VehicleRTKHardware: Set value for property ID: 291504901
01-01 08:00:01.999 351 359 D VehicleRTKHardware: In[setValue][799] prop =291504901 ,289408515
01-01 08:00:01.999 351 359 D VehicleRTKHardware: In[setValue][825].. wirte success...
01-01 08:00:01.999 351 358 D VehicleRTKHal: In[setValues][512]
01-01 08:00:01.999 351 358 D VehicleRTKHardware: Set value for property ID: 291504647
01-01 08:00:01.999 351 359 D VehicleRTKHardware: In[setValue][799] prop =291504647 ,289408515
01-01 08:00:01.999 351 359 D VehicleRTKHardware: In[setValue][825].. wirte success...
01-01 08:00:01.999 351 358 D VehicleRTKHal: In[setValues][512]
01-01 08:00:02.000 351 358 D VehicleRTKHardware: Set value for property ID: 291504903
01-01 08:00:02.000 351 359 D VehicleRTKHardware: In[setValue][799] prop =291504903 ,289408515
01-01 08:00:02.000 351 359 D VehicleRTKHardware: In[setValue][825].. wirte success...
01-01 08:00:02.000 351 358 D VehicleRTKHal: In[setValues][512]
01-01 08:00:02.000 351 358 D VehicleRTKHardware: Set value for property ID: 291504897
01-01 08:00:02.000 351 359 D VehicleRTKHardware: In[setValue][799] prop =291504897 ,289408515
01-01 08:00:02.000 351 359 D VehicleRTKHardware: In[setValue][825].. wirte success...
01-01 08:00:02.000 351 358 D VehicleRTKHal: In[setValues][512]
01-01 08:00:02.000 351 358 D VehicleRTKHardware: Set value for property ID: 289408000
01-01 08:00:02.000 351 359 D VehicleRTKHardware: In[setValue][799] prop =289408000 ,289408515
