01-01 08:00:14.198 619 619 D LibBpfLoader: bpf_create_map name clat_egress4_map, ret: 8
01-01 08:00:14.198 619 619 I LibBpfLoader: map /sys/fs/bpf/net_shared/map_clatd_clat_egress4_map id 29
01-01 08:00:14.198 619 619 D LibBpfLoader: map_fd found at 0 is 6 in /apex/com.android.tethering/etc/bpf/net_shared/clatd.o
01-01 08:00:14.198 619 619 D LibBpfLoader: map_fd found at 1 is 8 in /apex/com.android.tethering/etc/bpf/net_shared/clatd.o
01-01 08:00:14.199 619 619 D LibBpfLoader: cs[0].name:schedcls_ingress6_clat_ether$4_14 min_kver:40e0000 .max_kver:ffffffff (kvers:50f00c0)
01-01 08:00:14.199 619 619 D LibBpfLoader: cs[0].name:schedcls_ingress6_clat_ether$4_14 requires bpfloader version [0x0000d,0x10000)
01-01 08:00:14.203 624 624 W RTW: is_valid_id_status: HALMAC_FEATURE_DUMP_PHYSICAL_EFUSE
01-01 08:00:14.203 619 619 D LibBpfLoader: bpf_prog_load lib call for /apex/com.android.tethering/etc/bpf/net_shared/clatd.o (schedcls_ingress6_clat_ether$4_14) returned fd: 7 (no error)
01-01 08:00:14.203 619 619 I LibBpfLoader: prog /sys/fs/bpf/net_shared/prog_clatd_schedcls_ingress6_clat_ether id 25
01-01 08:00:14.203 619 619 D LibBpfLoader: cs[1].name:schedcls_ingress6_clat_ether$4_9 min_kver:0 .max_kver:40e0000 (kvers:50f00c0)
01-01 08:00:14.203 619 619 D LibBpfLoader: cs[2].name:schedcls_ingress6_clat_rawip$4_14 min_kver:40e0000 .max_kver:ffffffff (kvers:50f00c0)
01-01 08:00:14.203 619 619 D LibBpfLoader: cs[2].name:schedcls_ingress6_clat_rawip$4_14 requires bpfloader version [0x0000d,0x10000)
01-01 08:00:14.207 619 619 D LibBpfLoader: bpf_prog_load lib call for /apex/com.android.tethering/etc/bpf/net_shared/clatd.o (schedcls_ingress6_clat_rawip$4_14) returned fd: 9 (no error)
01-01 08:00:14.208 324 324 E realtek-i2c 9801ba00.i2c-4: rtk_i2c_handle_tx_abort: slave address not acknowledged (7bit mode)
01-01 08:00:14.210 624 624 W RTW: is_valid_id_status: HALMAC_FEATURE_DUMP_PHYSICAL_EFUSE
01-01 08:00:14.211 619 619 I LibBpfLoader: prog /sys/fs/bpf/net_shared/prog_clatd_schedcls_ingress6_clat_rawip id 26
01-01 08:00:14.211 619 619 D LibBpfLoader: cs[3].name:schedcls_ingress6_clat_rawip$4_9 min_kver:0 .max_kver:40e0000 (kvers:50f00c0)
01-01 08:00:14.211 619 619 D LibBpfLoader: cs[4].name:schedcls_egress4_clat_rawip min_kver:0 .max_kver:ffffffff (kvers:50f00c0)
01-01 08:00:14.211 619 619 D LibBpfLoader: cs[4].name:schedcls_egress4_clat_rawip requires bpfloader version [0x0000d,0x10000)
01-01 08:00:14.213 619 619 D LibBpfLoader: bpf_prog_load lib call for /apex/com.android.tethering/etc/bpf/net_shared/clatd.o (schedcls_egress4_clat_rawip) returned fd: 10 (no error)
01-01 08:00:14.213 324 324 E realtek-i2c 9801ba00.i2c-4: rtk_i2c_handle_tx_abort: slave address not acknowledged (7bit mode)
01-01 08:00:14.216 324 324 E realtek-i2c 9801ba00.i2c-4: rtk_i2c_handle_tx_abort: slave address not acknowledged (7bit mode)
01-01 08:00:14.219 624 624 W RTW: SetHwReg: bMacPwrCtrlOn=0
01-01 08:00:14.219 619 619 I LibBpfLoader: prog /sys/fs/bpf/net_shared/prog_clatd_schedcls_egress4_clat_rawip id 27
01-01 08:00:14.219 619 619 I bpfloader: Loaded object: /apex/com.android.tethering/etc/bpf/net_shared/clatd.o
01-01 08:00:14.219 619 619 D LibBpfLoader: Loading critical for BPF Ringbuf test ELF object /system/etc/bpf/bpfRingbufProg.o with license Apache 2.0
01-01 08:00:14.219 619 619 I LibBpfLoader: Section bpfloader_min_ver value is 28 [0x1c]
01-01 08:00:14.219 619 619 I LibBpfLoader: Section bpfloader_max_ver value is 65536 [0x10000]
01-01 08:00:14.219 619 619 D LibBpfLoader: Couldn't find section bpfloader_min_required_ver (defaulting to 0 [0x0]).
01-01 08:00:14.219 619 619 I LibBpfLoader: Section size_of_bpf_map_def value is 120 [0x78]
01-01 08:00:14.219 619 619 I LibBpfLoader: Section size_of_bpf_prog_def value is 92 [0x5c]
01-01 08:00:14.219 619 619 I LibBpfLoader: BpfLoader version 0x00026 processing ELF object /system/etc/bpf/bpfRingbufProg.o with ver [0x0001c,0x10000)
01-01 08:00:14.219 619 619 D LibBpfLoader: Loaded code section 3 (skfilter_ringbuf_test)
01-01 08:00:14.219 619 619 D LibBpfLoader: Loaded relo section 3 (.relskfilter/ringbuf_test)
01-01 08:00:14.219 619 619 D LibBpfLoader: Adding section 3 to cs list
01-01 08:00:14.220 619 619 D LibBpfLoader: Couldn't find section btf_min_bpfloader_ver (defaulting to 0 [0x0]).
01-01 08:00:14.220 619 619 D LibBpfLoader: Couldn't find section btf_min_kernel_ver (defaulting to 0 [0x0]).
01-01 08:00:14.220 619 619 D LibBpfLoader: bpf_create_map name test_ringbuf, ret: 6
01-01 08:00:14.220 619 619 I LibBpfLoader: map /sys/fs/bpf/map_bpfRingbufProg_test_ringbuf id 30
01-01 08:00:14.220 619 619 D LibBpfLoader: map_fd found at 0 is 6 in /system/etc/bpf/bpfRingbufProg.o
01-01 08:00:14.220 619 619 D LibBpfLoader: cs[0].name:skfilter_ringbuf_test min_kver:5080000 .max_kver:ffffffff (kvers:50f00c0)
01-01 08:00:14.220 619 619 D LibBpfLoader: cs[0].name:skfilter_ringbuf_test requires bpfloader version [0x0001c,0x10000)
01-01 08:00:14.221 619 619 D LibBpfLoader: bpf_prog_load lib call for /system/etc/bpf/bpfRingbufProg.o (skfilter_ringbuf_test) returned fd: 7 (no error)
01-01 08:00:14.221 324 324 E realtek-i2c 9801ba00.i2c-4: rtk_i2c_handle_tx_abort: slave address not acknowledged (7bit mode)
01-01 08:00:14.222 324 324 E realtek-i2c 9801ba00.i2c-4: rtk_i2c_handle_tx_abort: slave address not acknowledged (7bit mode)
01-01 08:00:14.222 324 324 E realtek-i2c 9801ba00.i2c-4: rtk_i2c_handle_tx_abort: slave address not acknowledged (7bit mode)
01-01 08:00:14.222 324 324 E realtek-i2c 9801ba00.i2c-4: rtk_i2c_handle_tx_abort: slave address not acknowledged (7bit mode)
01-01 08:00:14.222 324 324 E realtek-i2c 9801ba00.i2c-4: rtk_i2c_handle_tx_abort: slave address not acknowledged (7bit mode)
01-01 08:00:14.226 619 619 I LibBpfLoader: prog /sys/fs/bpf/prog_bpfRingbufProg_skfilter_ringbuf_test id 28
01-01 08:00:14.228 324 324 E realtek-i2c 9801ba00.i2c-4: rtk_i2c_handle_tx_abort: slave address not acknowledged (7bit mode)
01-01 08:00:14.231 619 619 I bpfloader: Loaded object: /system/etc/bpf/bpfRingbufProg.o
01-01 08:00:14.234 324 324 E realtek-i2c 9801ba00.i2c-4: rtk_i2c_handle_tx_abort: slave address not acknowledged (7bit mode)
01-01 08:00:14.237 619 619 D LibBpfLoader: Loading optional ELF object /system/etc/bpf/fuseMedia.o with license GPL
01-01 08:00:14.240 324 324 E realtek-i2c 9801ba00.i2c-4: rtk_i2c_handle_tx_abort: slave address not acknowledged (7bit mode)
01-01 08:00:14.244 619 619 I LibBpfLoader: Section bpfloader_min_ver value is 28 [0x1c]
01-01 08:00:14.245 324 324 E realtek-i2c 9801ba00.i2c-4: rtk_i2c_handle_tx_abort: slave address not acknowledged (7bit mode)
01-01 08:00:14.246 619 619 I LibBpfLoader: Section bpfloader_max_ver value is 65536 [0x10000]
01-01 08:00:14.249 324 324 E realtek-i2c 9801ba00.i2c-4: rtk_i2c_handle_tx_abort: slave address not acknowledged (7bit mode)
01-01 08:00:14.251 619 619 D LibBpfLoader: Couldn't find section bpfloader_min_required_ver (defaulting to 0 [0x0]).
01-01 08:00:14.254 324 324 E realtek-i2c 9801ba00.i2c-4: rtk_i2c_handle_tx_abort: slave address not acknowledged (7bit mode)
01-01 08:00:14.257 619 619 I LibBpfLoader: Section size_of_bpf_map_def value is 120 [0x78]
01-01 08:00:14.258 324 324 E realtek-i2c 9801ba00.i2c-4: rtk_i2c_handle_tx_abort: slave address not acknowledged (7bit mode)
01-01 08:00:14.261 619 619 I LibBpfLoader: Section size_of_bpf_prog_def value is 92 [0x5c]
01-01 08:00:14.264 324 324 E realtek-i2c 9801ba00.i2c-4: rtk_i2c_handle_tx_abort: slave address not acknowledged (7bit mode)
01-01 08:00:14.264 619 619 I LibBpfLoader: BpfLoader version 0x00026 processing ELF object /system/etc/bpf/fuseMedia.o with ver [0x0001c,0x10000)
01-01 08:00:14.267 324 324 E realtek-i2c 9801ba00.i2c-4: rtk_i2c_handle_tx_abort: slave address not acknowledged (7bit mode)
01-01 08:00:14.270 619 619 D LibBpfLoader: Loaded code section 3 (fuse_media)
01-01 08:00:14.273 324 324 E realtek-i2c 9801ba00.i2c-4: rtk_i2c_handle_tx_abort: slave address not acknowledged (7bit mode)
01-01 08:00:14.276 619 619 D LibBpfLoader: Adding section 3 to cs list
01-01 08:00:14.276 324 324 E realtek-i2c 9801ba00.i2c-4: rtk_i2c_handle_tx_abort: slave address not acknowledged (7bit mode)
01-01 08:00:14.280 619 619 W LibBpfLoader: No maps section could be found in elf object
01-01 08:00:14.283 324 324 E realtek-i2c 9801ba00.i2c-4: rtk_i2c_handle_tx_abort: slave address not acknowledged (7bit mode)
01-01 08:00:14.285 619 619 D LibBpfLoader: cs[0].name:fuse_media min_kver:0 .max_kver:ffffffff (kvers:50f00c0)
01-01 08:00:14.285 619 619 D LibBpfLoader: cs[0].name:fuse_media requires bpfloader version [0x0001c,0x10000)
01-01 08:00:14.288 324 324 E realtek-i2c 9801ba00.i2c-4: rtk_i2c_handle_tx_abort: slave address not acknowledged (7bit mode)
01-01 08:00:14.294 619 619 D LibBpfLoader: bpf_prog_load lib call for /system/etc/bpf/fuseMedia.o (fuse_media) returned fd: 6 (no error)
01-01 08:00:14.295 324 324 E realtek-i2c 9801ba00.i2c-4: rtk_i2c_handle_tx_abort: slave address not acknowledged (7bit mode)
01-01 08:00:14.297 619 619 I LibBpfLoader: prog /sys/fs/bpf/prog_fuseMedia_fuse_media id 29
01-01 08:00:14.300 324 324 E realtek-i2c 9801ba00.i2c-4: rtk_i2c_handle_tx_abort: slave address not acknowledged (7bit mode)
01-01 08:00:14.303 619 619 I bpfloader: Loaded object: /system/etc/bpf/fuseMedia.o
01-01 08:00:14.306 324 324 E realtek-i2c 9801ba00.i2c-4: rtk_i2c_handle_tx_abort: slave address not acknowledged (7bit mode)
01-01 08:00:14.309 619 619 D LibBpfLoader: Loading optional ELF object /system/etc/bpf/gpuMem.o with license Apache 2.0
01-01 08:00:14.312 324 324 E realtek-i2c 9801ba00.i2c-4: rtk_i2c_handle_tx_abort: slave address not acknowledged (7bit mode)
01-01 08:00:14.315 619 619 I LibBpfLoader: Section bpfloader_min_ver value is 28 [0x1c]
01-01 08:00:14.318 324 324 E realtek-i2c 9801ba00.i2c-4: rtk_i2c_handle_tx_abort: slave address not acknowledged (7bit mode)
01-01 08:00:14.321 619 619 I LibBpfLoader: Section bpfloader_max_ver value is 65536 [0x10000]
01-01 08:00:14.324 324 324 E realtek-i2c 9801ba00.i2c-4: rtk_i2c_handle_tx_abort: slave address not acknowledged (7bit mode)
01-01 08:00:14.327 619 619 D LibBpfLoader: Couldn't find section bpfloader_min_required_ver (defaulting to 0 [0x0]).
01-01 08:00:14.330 324 324 E realtek-i2c 9801ba00.i2c-4: rtk_i2c_handle_tx_abort: slave address not acknowledged (7bit mode)
01-01 08:00:14.332 619 619 I LibBpfLoader: Section size_of_bpf_map_def value is 120 [0x78]
01-01 08:00:14.335 324 324 E realtek-i2c 9801ba00.i2c-4: rtk_i2c_handle_tx_abort: slave address not acknowledged (7bit mode)
01-01 08:00:14.338 619 619 I LibBpfLoader: Section size_of_bpf_prog_def value is 92 [0x5c]
01-01 08:00:14.341 324 324 E realtek-i2c 9801ba00.i2c-4: rtk_i2c_handle_tx_abort: slave address not acknowledged (7bit mode)
01-01 08:00:14.344 619 619 I LibBpfLoader: BpfLoader version 0x00026 processing ELF object /system/etc/bpf/gpuMem.o with ver [0x0001c,0x10000)
01-01 08:00:14.347 324 324 E realtek-i2c 9801ba00.i2c-4: rtk_i2c_handle_tx_abort: slave address not acknowledged (7bit mode)
01-01 08:00:14.347 619 619 D LibBpfLoader: Loaded code section 3 (tracepoint_gpu_mem_gpu_mem_total)
01-01 08:00:14.351 324 324 E realtek-i2c 9801ba00.i2c-4: rtk_i2c_handle_tx_abort: slave address not acknowledged (7bit mode)
01-01 08:00:14.353 619 619 D LibBpfLoader: Loaded relo section 3 (.reltracepoint/gpu_mem/gpu_mem_total)
01-01 08:00:14.356 324 324 E realtek-i2c 9801ba00.i2c-4: rtk_i2c_handle_tx_abort: slave address not acknowledged (7bit mode)
01-01 08:00:14.359 619 619 D LibBpfLoader: Adding section 3 to cs list
01-01 08:00:02.609 351 358 D VehicleRTKHal: In[setValues][512]
01-01 08:00:02.609 351 358 D VehicleRTKHardware: Set value for property ID: 291504901
01-01 08:00:02.609 351 359 D VehicleRTKHardware: In[setValue][799] prop =291504901 ,289408515
01-01 08:00:02.609 351 359 D VehicleRTKHardware: In[setValue][825].. wirte success...
01-01 08:00:02.610 351 358 D VehicleRTKHal: In[setValues][512]
01-01 08:00:02.610 351 358 D VehicleRTKHardware: Set value for property ID: 291504647
01-01 08:00:02.610 351 359 D VehicleRTKHardware: In[setValue][799] prop =291504647 ,289408515
01-01 08:00:02.610 351 359 D VehicleRTKHardware: In[setValue][825].. wirte success...
01-01 08:00:02.610 351 358 D VehicleRTKHal: In[setValues][512]
01-01 08:00:02.610 351 358 D VehicleRTKHardware: Set value for property ID: 291504903
01-01 08:00:02.610 351 359 D VehicleRTKHardware: In[setValue][799] prop =291504903 ,289408515
01-01 08:00:02.610 351 359 D VehicleRTKHardware: In[setValue][825].. wirte success...
01-01 08:00:02.611 351 358 D VehicleRTKHal: In[setValues][512]
01-01 08:00:02.611 351 358 D VehicleRTKHardware: Set value for property ID: 291504897
01-01 08:00:02.611 351 359 D VehicleRTKHardware: In[setValue][799] prop =291504897 ,289408515
01-01 08:00:02.611 351 359 D VehicleRTKHardware: In[setValue][825].. wirte success...
01-01 08:00:02.611 351 358 D VehicleRTKHal: In[setValues][512]
01-01 08:00:02.611 351 358 D VehicleRTKHardware: Set value for property ID: 289408000
01-01 08:00:02.611 351 359 D VehicleRTKHardware: In[setValue][799] prop =289408000 ,289408515
01-01 08:00:02.611 351 359 D VehicleRTKHardware: In[setValue][825].. wirte success...
01-01 08:00:02.611 351 358 D VehicleRTKHal: In[setValues][512]
01-01 08:00:02.611 351 358 D VehicleRTKHardware: Set value for property ID: 287310855
01-01 08:00:02.611 351 359 D VehicleRTKHardware: In[setValue][799] prop =287310855 ,289408515
01-01 08:00:02.611 351 359 D VehicleRTKHardware: In[setValue][825].. wirte success...
01-01 08:00:02.611 351 358 D VehicleRTKHal: In[setValues][512]
01-01 08:00:02.611 351 358 D VehicleRTKHardware: Set value for property ID: 291504644
01-01 08:00:02.611 351 359 D VehicleRTKHardware: In[setValue][799] prop =291504644 ,289408515
01-01 08:00:02.611 351 359 D VehicleRTKHardware: In[setValue][825].. wirte success...
01-01 08:00:02.611 351 358 D VehicleRTKHal: In[setValues][512]
01-01 08:00:02.611 351 358 D VehicleRTKHardware: Set value for property ID: 291504904
01-01 08:00:02.611 351 359 D VehicleRTKHardware: In[setValue][799] prop =291504904 ,289408515
01-01 08:00:02.611 351 359 D VehicleRTKHardware: In[setValue][825].. wirte success...
01-01 08:00:02.611 351 358 D VehicleRTKHal: In[setValues][512]
01-01 08:00:02.611 351 358 D VehicleRTKHardware: Set value for property ID: 291505923
01-01 08:00:02.611 351 359 D VehicleRTKHardware: In[setValue][799] prop =291505923 ,289408515
01-01 08:00:02.611 351 359 D VehicleRTKHardware: In[setValue][825].. wirte success...
01-01 08:00:14.363 324 324 E realtek-i2c 9801ba00.i2c-4: rtk_i2c_handle_tx_abort: slave address not acknowledged (7bit mode)
01-01 08:00:14.363 619 619 D LibBpfLoader: Couldn't find section btf_min_bpfloader_ver (defaulting to 0 [0x0]).
01-01 08:00:14.366 324 324 E realtek-i2c 9801ba00.i2c-4: rtk_i2c_handle_tx_abort: slave address not acknowledged (7bit mode)
01-01 08:00:14.367 619 619 D LibBpfLoader: Couldn't find section btf_min_kernel_ver (defaulting to 0 [0x0]).
01-01 08:00:14.370 324 324 E realtek-i2c 9801ba00.i2c-4: rtk_i2c_handle_tx_abort: slave address not acknowledged (7bit mode)
01-01 08:00:14.372 624 624 W RTW: rtw_hal_read_chip_info in 1000 ms
01-01 08:00:14.375 324 324 E realtek-i2c 9801ba00.i2c-4: rtk_i2c_handle_tx_abort: slave address not acknowledged (7bit mode)
01-01 08:00:14.377 624 624 W RTW: [RF_PATH] ver_id.RF_TYPE:RF_1T1R
01-01 08:00:14.378 324 324 E realtek-i2c 9801ba00.i2c-4: rtk_i2c_handle_tx_abort: slave address not acknowledged (7bit mode)
01-01 08:00:14.380 619 619 D LibBpfLoader: bpf_create_map name gpu_mem_total_map, ret: 6
01-01 08:00:14.380 619 619 I LibBpfLoader: map /sys/fs/bpf/map_gpuMem_gpu_mem_total_map id 31
01-01 08:00:14.380 619 619 D LibBpfLoader: map_fd found at 0 is 6 in /system/etc/bpf/gpuMem.o
01-01 08:00:14.380 619 619 D LibBpfLoader: cs[0].name:tracepoint_gpu_mem_gpu_mem_total min_kver:0 .max_kver:ffffffff (kvers:50f00c0)
01-01 08:00:14.380 619 619 D LibBpfLoader: cs[0].name:tracepoint_gpu_mem_gpu_mem_total requires bpfloader version [0x0001c,0x10000)
01-01 08:00:14.382 624 624 W RTW: [RF_PATH] HALSPEC's rf_reg_trx_path_bmp:0x11, rf_reg_path_avail_num:1, max_tx_cnt:1
01-01 08:00:14.382 619 619 D LibBpfLoader: bpf_prog_load lib call for /system/etc/bpf/gpuMem.o (tracepoint_gpu_mem_gpu_mem_total) returned fd: 7 (no error)
01-01 08:00:14.382 619 619 I LibBpfLoader: prog /sys/fs/bpf/prog_gpuMem_tracepoint_gpu_mem_gpu_mem_total id 30
01-01 08:00:14.382 619 619 I bpfloader: Loaded object: /system/etc/bpf/gpuMem.o
01-01 08:00:14.382 619 619 D LibBpfLoader: Loading optional ELF object /system/etc/bpf/gpuWork.o with license Apache 2.0
01-01 08:00:14.382 619 619 I LibBpfLoader: Section bpfloader_min_ver value is 28 [0x1c]
01-01 08:00:14.382 619 619 I LibBpfLoader: Section bpfloader_max_ver value is 65536 [0x10000]
01-01 08:00:14.382 619 619 D LibBpfLoader: Couldn't find section bpfloader_min_required_ver (defaulting to 0 [0x0]).
01-01 08:00:14.382 619 619 I LibBpfLoader: Section size_of_bpf_map_def value is 120 [0x78]
01-01 08:00:14.382 619 619 I LibBpfLoader: Section size_of_bpf_prog_def value is 92 [0x5c]
01-01 08:00:14.382 619 619 I LibBpfLoader: BpfLoader version 0x00026 processing ELF object /system/etc/bpf/gpuWork.o with ver [0x0001c,0x10000)
01-01 08:00:14.382 619 619 D LibBpfLoader: Loaded code section 3 (tracepoint_power_gpu_work_period)
01-01 08:00:14.382 619 619 D LibBpfLoader: Loaded relo section 3 (.reltracepoint/power/gpu_work_period)
01-01 08:00:14.382 619 619 D LibBpfLoader: Adding section 3 to cs list
01-01 08:00:14.383 619 619 D LibBpfLoader: Couldn't find section btf_min_bpfloader_ver (defaulting to 0 [0x0]).
01-01 08:00:14.383 619 619 D LibBpfLoader: Couldn't find section btf_min_kernel_ver (defaulting to 0 [0x0]).
01-01 08:00:14.383 619 619 D LibBpfLoader: bpf_create_map name gpu_work_map, ret: 6
01-01 08:00:14.383 619 619 I LibBpfLoader: map /sys/fs/bpf/map_gpuWork_gpu_work_map id 32
01-01 08:00:14.383 619 619 D LibBpfLoader: bpf_create_map name gpu_work_global_data, ret: 7
01-01 08:00:14.383 619 619 I LibBpfLoader: map /sys/fs/bpf/map_gpuWork_gpu_work_global_data id 33
01-01 08:00:14.383 619 619 D LibBpfLoader: map_fd found at 0 is 6 in /system/etc/bpf/gpuWork.o
01-01 08:00:14.383 619 619 D LibBpfLoader: map_fd found at 1 is 7 in /system/etc/bpf/gpuWork.o
01-01 08:00:14.383 619 619 D LibBpfLoader: cs[0].name:tracepoint_power_gpu_work_period min_kver:0 .max_kver:ffffffff (kvers:50f00c0)
01-01 08:00:14.383 619 619 D LibBpfLoader: cs[0].name:tracepoint_power_gpu_work_period requires bpfloader version [0x0001c,0x10000)
01-01 08:00:14.384 324 324 E realtek-i2c 9801ba00.i2c-4: rtk_i2c_handle_tx_abort: slave address not acknowledged (7bit mode)
01-01 08:00:14.387 624 624 W RTW: [RF_PATH] PG's trx_path_bmp:0x00, max_tx_cnt:0
01-01 08:00:14.387 619 619 D LibBpfLoader: bpf_prog_load lib call for /system/etc/bpf/gpuWork.o (tracepoint_power_gpu_work_period) returned fd: 8 (no error)
01-01 08:00:14.387 619 619 I LibBpfLoader: prog /sys/fs/bpf/prog_gpuWork_tracepoint_power_gpu_work_period id 31
01-01 08:00:14.387 619 619 I bpfloader: Loaded object: /system/etc/bpf/gpuWork.o
01-01 08:00:14.387 619 619 D LibBpfLoader: Loading optional ELF object /system/etc/bpf/timeInState.o with license GPL
01-01 08:00:14.388 619 619 I LibBpfLoader: Section bpfloader_min_ver value is 28 [0x1c]
01-01 08:00:14.388 619 619 I LibBpfLoader: Section bpfloader_max_ver value is 65536 [0x10000]
01-01 08:00:14.388 619 619 D LibBpfLoader: Couldn't find section bpfloader_min_required_ver (defaulting to 0 [0x0]).
01-01 08:00:14.388 619 619 I LibBpfLoader: Section size_of_bpf_map_def value is 120 [0x78]
01-01 08:00:14.388 619 619 I LibBpfLoader: Section size_of_bpf_prog_def value is 92 [0x5c]
01-01 08:00:14.388 619 619 I LibBpfLoader: BpfLoader version 0x00026 processing ELF object /system/etc/bpf/timeInState.o with ver [0x0001c,0x10000)
01-01 08:00:14.388 619 619 D LibBpfLoader: Loaded code section 3 (tracepoint_sched_sched_switch)
01-01 08:00:14.388 619 619 D LibBpfLoader: Loaded relo section 3 (.reltracepoint/sched/sched_switch)
01-01 08:00:14.388 619 619 D LibBpfLoader: Adding section 3 to cs list
01-01 08:00:14.388 619 619 D LibBpfLoader: Loaded code section 5 (tracepoint_power_cpu_frequency)
01-01 08:00:14.388 619 619 D LibBpfLoader: Loaded relo section 5 (.reltracepoint/power/cpu_frequency)
01-01 08:00:14.388 619 619 D LibBpfLoader: Adding section 5 to cs list
01-01 08:00:14.388 619 619 D LibBpfLoader: Loaded code section 7 (tracepoint_sched_sched_process_free)
01-01 08:00:14.389 619 619 D LibBpfLoader: Loaded relo section 7 (.reltracepoint/sched/sched_process_free)
01-01 08:00:14.389 619 619 D LibBpfLoader: Adding section 7 to cs list
01-01 08:00:14.389 619 619 D LibBpfLoader: Couldn't find section btf_min_bpfloader_ver (defaulting to 0 [0x0]).
01-01 08:00:14.389 619 619 D LibBpfLoader: Couldn't find section btf_min_kernel_ver (defaulting to 0 [0x0]).
01-01 08:00:14.389 324 324 E realtek-i2c 9801ba00.i2c-4: rtk_i2c_handle_tx_abort: slave address not acknowledged (7bit mode)
01-01 08:00:14.393 624 624 W RTW: [RF_PATH] Registry's trx_path_bmp:0x00, tx_path_lmt:0, rx_path_lmt:0
01-01 08:00:14.394 324 324 E realtek-i2c 9801ba00.i2c-4: rtk_i2c_handle_tx_abort: slave address not acknowledged (7bit mode)
01-01 08:00:14.395 624 624 W RTW: [RF_PATH] HALDATA's trx_path_bmp:0x11, max_tx_cnt:1
01-01 08:00:14.398 324 324 E realtek-i2c 9801ba00.i2c-4: rtk_i2c_handle_tx_abort: slave address not acknowledged (7bit mode)
01-01 08:00:14.400 624 624 W RTW: [RF_PATH] HALDATA's rf_type:RF_1T1R, NumTotalRFPath:1
01-01 08:00:14.402 324 324 E realtek-i2c 9801ba00.i2c-4: rtk_i2c_handle_tx_abort: slave address not acknowledged (7bit mode)
01-01 08:00:14.403 624 624 W RTW: rtw_hal_rfpath_init trx_path_bmp:0x11(RF_1T1R), NumTotalRFPath:1, max_tx_cnt:1
01-01 08:00:14.405 619 619 D LibBpfLoader: bpf_create_map name total_time_in_state_map, ret: 6
01-01 08:00:14.405 619 619 I LibBpfLoader: map /sys/fs/bpf/map_timeInState_total_time_in_state_map id 34
01-01 08:00:14.405 324 324 E realtek-i2c 9801ba00.i2c-4: rtk_i2c_handle_tx_abort: slave address not acknowledged (7bit mode)
01-01 08:00:14.406 619 619 D LibBpfLoader: bpf_create_map name uid_time_in_state_map, ret: 8
01-01 08:00:14.406 619 619 I LibBpfLoader: map /sys/fs/bpf/map_timeInState_uid_time_in_state_map id 35
01-01 08:00:14.406 624 624 W RTW: [TRX_Nss] HALSPEC - tx_nss:1, rx_nss:1
01-01 08:00:14.407 619 619 D LibBpfLoader: bpf_create_map name uid_concurrent_times_map, ret: 9
01-01 08:00:14.407 619 619 I LibBpfLoader: map /sys/fs/bpf/map_timeInState_uid_concurrent_times_map id 36
01-01 08:00:14.407 619 619 D LibBpfLoader: bpf_create_map name uid_last_update_map, ret: 10
01-01 08:00:14.407 619 619 I LibBpfLoader: map /sys/fs/bpf/map_timeInState_uid_last_update_map id 37
01-01 08:00:14.407 619 619 D LibBpfLoader: bpf_create_map name cpu_last_update_map, ret: 11
01-01 08:00:14.407 619 619 I LibBpfLoader: map /sys/fs/bpf/map_timeInState_cpu_last_update_map id 38
01-01 08:00:14.407 619 619 D LibBpfLoader: bpf_create_map name cpu_last_pid_map, ret: 12
01-01 08:00:14.407 619 619 I LibBpfLoader: map /sys/fs/bpf/map_timeInState_cpu_last_pid_map id 39
01-01 08:00:14.407 619 619 D LibBpfLoader: bpf_create_map name cpu_policy_map, ret: 13
01-01 08:00:14.407 619 619 I LibBpfLoader: map /sys/fs/bpf/map_timeInState_cpu_policy_map id 40
01-01 08:00:14.407 619 619 D LibBpfLoader: bpf_create_map name policy_freq_idx_map, ret: 14
01-01 08:00:14.407 619 619 I LibBpfLoader: map /sys/fs/bpf/map_timeInState_policy_freq_idx_map id 41
01-01 08:00:14.407 619 619 D LibBpfLoader: bpf_create_map name freq_to_idx_map, ret: 15
01-01 08:00:14.407 619 619 I LibBpfLoader: map /sys/fs/bpf/map_timeInState_freq_to_idx_map id 42
01-01 08:00:14.407 619 619 D LibBpfLoader: bpf_create_map name nr_active_map, ret: 16
01-01 08:00:14.407 619 619 I LibBpfLoader: map /sys/fs/bpf/map_timeInState_nr_active_map id 43
01-01 08:00:14.407 619 619 D LibBpfLoader: bpf_create_map name policy_nr_active_map, ret: 17
01-01 08:00:14.407 619 619 I LibBpfLoader: map /sys/fs/bpf/map_timeInState_policy_nr_active_map id 44
01-01 08:00:14.407 619 619 D LibBpfLoader: bpf_create_map name pid_tracked_hash_map, ret: 18
01-01 08:00:14.407 324 324 E realtek-i2c 9801ba00.i2c-4: rtk_i2c_handle_tx_abort: slave address not acknowledged (7bit mode)
01-01 08:00:14.407 324 324 E realtek-i2c 9801ba00.i2c-4: rtk_i2c_handle_tx_abort: slave address not acknowledged (7bit mode)
01-01 08:00:14.408 324 324 E realtek-i2c 9801ba00.i2c-4: rtk_i2c_handle_tx_abort: slave address not acknowledged (7bit mode)
01-01 08:00:14.408 324 324 E realtek-i2c 9801ba00.i2c-4: rtk_i2c_handle_tx_abort: slave address not acknowledged (7bit mode)
01-01 08:00:14.408 324 324 E realtek-i2c 9801ba00.i2c-4: rtk_i2c_handle_tx_abort: slave address not acknowledged (7bit mode)
01-01 08:00:14.408 324 324 E realtek-i2c 9801ba00.i2c-4: rtk_i2c_handle_tx_abort: slave address not acknowledged (7bit mode)
01-01 08:00:14.408 324 324 E realtek-i2c 9801ba00.i2c-4: rtk_i2c_handle_tx_abort: slave address not acknowledged (7bit mode)
01-01 08:00:14.408 324 324 E realtek-i2c 9801ba00.i2c-4: rtk_i2c_handle_tx_abort: slave address not acknowledged (7bit mode)
01-01 08:00:14.408 324 324 E realtek-i2c 9801ba00.i2c-4: rtk_i2c_handle_tx_abort: slave address not acknowledged (7bit mode)
01-01 08:00:14.408 324 324 E realtek-i2c 9801ba00.i2c-4: rtk_i2c_handle_tx_abort: slave address not acknowledged (7bit mode)
01-01 08:00:14.408 324 324 E realtek-i2c 9801ba00.i2c-4: rtk_i2c_handle_tx_abort: slave address not acknowledged (7bit mode)
01-01 08:00:14.409 324 324 E realtek-i2c 9801ba00.i2c-4: rtk_i2c_handle_tx_abort: slave address not acknowledged (7bit mode)
01-01 08:00:14.411 624 624 W RTW: [TRX_Nss] Registry - tx_nss:0, rx_nss:0
01-01 08:00:14.413 619 619 I LibBpfLoader: map /sys/fs/bpf/map_timeInState_pid_tracked_hash_map id 45
01-01 08:00:14.415 624 624 W RTW: [TRX_Nss] HALDATA - tx_nss:1, rx_nss:1
01-01 08:00:14.415 624 624 W RTW: rtw_hal_trxnss_init tx_nss:1, rx_nss:1
01-01 08:00:14.417 619 619 D LibBpfLoader: bpf_create_map name pid_tracked_map, ret: 19
01-01 08:00:14.419 624 624 W RTW: txpath=0x1, rxpath=0x1
01-01 08:00:14.419 624 624 W RTW: txpath_1ss:0x1, num:1
01-01 08:00:14.419 624 624 W RTW: devobj_decide_init_chplan alpha2:{255,255}
01-01 08:00:14.419 624 624 W RTW: devobj_decide_init_chplan chplan:0x7f
01-01 08:00:14.419 624 624 W RTW: devobj_decide_init_chplan chplan_6g:0x00
01-01 08:00:14.419 624 624 W RTW: devobj_decide_init_chplan disable_sw_chplan:0
01-01 08:00:14.419 624 624 W RTW: rtw_rfctl_decide_init_chplan chplan:0x7F
01-01 08:00:14.419 624 624 W RTW: init_mlme_default_rate_set: support CCK
01-01 08:00:14.421 619 619 I LibBpfLoader: map /sys/fs/bpf/map_timeInState_pid_tracked_map id 46
01-01 08:00:14.424 624 624 W RTW: init_mlme_default_rate_set: support OFDM
01-01 08:00:14.427 619 619 D LibBpfLoader: bpf_create_map name pid_task_aggregation_map, ret: 20
01-01 08:00:14.428 624 624 W RTW: DBG_MEM_ALLOC rtw_os_xmit_resource_alloc:136 dbg_rtw_zmalloc(20992)
01-01 08:00:14.431 619 619 I LibBpfLoader: map /sys/fs/bpf/map_timeInState_pid_task_aggregation_map id 47
01-01 08:00:14.432 624 624 W RTW: DBG_MEM_ALLOC rtw_os_xmit_resource_alloc:136 dbg_rtw_zmalloc(20992)
01-01 08:00:14.435 619 619 D LibBpfLoader: bpf_create_map name pid_time_in_state_map, ret: 21
01-01 08:00:14.437 624 624 W RTW: DBG_MEM_ALLOC rtw_os_xmit_resource_alloc:136 dbg_rtw_zmalloc(20992)
01-01 08:00:14.440 619 619 I LibBpfLoader: map /sys/fs/bpf/map_timeInState_pid_time_in_state_map id 48
01-01 08:00:14.442 624 624 W RTW: DBG_MEM_ALLOC rtw_os_xmit_resource_alloc:136 dbg_rtw_zmalloc(20992)
01-01 08:00:14.445 619 619 D LibBpfLoader: map_fd found at 0 is 6 in /system/etc/bpf/timeInState.o
01-01 08:00:14.447 624 624 W RTW: DBG_MEM_ALLOC rtw_os_xmit_resource_alloc:136 dbg_rtw_zmalloc(20992)
01-01 08:00:14.450 619 619 D LibBpfLoader: map_fd found at 1 is 8 in /system/etc/bpf/timeInState.o
01-01 08:00:14.453 624 624 W RTW: DBG_MEM_ALLOC rtw_os_xmit_resource_alloc:136 dbg_rtw_zmalloc(20992)
01-01 08:00:14.455 619 619 D LibBpfLoader: map_fd found at 2 is 9 in /system/etc/bpf/timeInState.o
01-01 08:00:14.458 624 624 W RTW: DBG_MEM_ALLOC rtw_os_xmit_resource_alloc:136 dbg_rtw_zmalloc(20992)
01-01 08:00:14.460 619 619 D LibBpfLoader: map_fd found at 3 is 10 in /system/etc/bpf/timeInState.o
01-01 08:00:14.463 624 624 W RTW: DBG_MEM_ALLOC rtw_os_xmit_resource_alloc:136 dbg_rtw_zmalloc(20992)
01-01 08:00:14.465 619 619 D LibBpfLoader: map_fd found at 4 is 11 in /system/etc/bpf/timeInState.o
01-01 08:00:14.467 624 624 W RTW: DBG_MEM_ALLOC rtw_os_xmit_resource_alloc:136 dbg_rtw_zmalloc(20992)
01-01 08:00:14.468 619 619 D LibBpfLoader: map_fd found at 5 is 12 in /system/etc/bpf/timeInState.o
01-01 08:00:14.470 624 624 W RTW: DBG_MEM_ALLOC rtw_os_xmit_resource_alloc:136 dbg_rtw_zmalloc(20992)
01-01 08:00:14.471 619 619 D LibBpfLoader: map_fd found at 6 is 13 in /system/etc/bpf/timeInState.o
01-01 08:00:14.473 624 624 W RTW: DBG_MEM_ALLOC rtw_os_xmit_resource_alloc:136 dbg_rtw_zmalloc(20992)
01-01 08:00:14.474 619 619 D LibBpfLoader: map_fd found at 7 is 14 in /system/etc/bpf/timeInState.o
01-01 08:00:14.475 624 624 W RTW: DBG_MEM_ALLOC rtw_os_xmit_resource_alloc:136 dbg_rtw_zmalloc(20992)
01-01 08:00:14.476 619 619 D LibBpfLoader: map_fd found at 8 is 15 in /system/etc/bpf/timeInState.o
01-01 08:00:14.478 624 624 W RTW: DBG_MEM_ALLOC rtw_os_xmit_resource_alloc:136 dbg_rtw_zmalloc(20992)
01-01 08:00:14.478 619 619 D LibBpfLoader: map_fd found at 9 is 16 in /system/etc/bpf/timeInState.o
01-01 08:00:14.480 624 624 W RTW: DBG_MEM_ALLOC rtw_os_xmit_resource_alloc:136 dbg_rtw_zmalloc(20992)
01-01 08:00:14.481 619 619 D LibBpfLoader: map_fd found at 10 is 17 in /system/etc/bpf/timeInState.o
01-01 08:00:14.482 624 624 W RTW: DBG_MEM_ALLOC rtw_os_xmit_resource_alloc:136 dbg_rtw_zmalloc(20992)
01-01 08:00:14.483 619 619 D LibBpfLoader: map_fd found at 11 is 18 in /system/etc/bpf/timeInState.o
01-01 08:00:14.485 624 624 W RTW: DBG_MEM_ALLOC rtw_os_xmit_resource_alloc:136 dbg_rtw_zmalloc(20992)
01-01 08:00:14.485 619 619 D LibBpfLoader: map_fd found at 12 is 19 in /system/etc/bpf/timeInState.o
01-01 08:00:14.488 624 624 W RTW: DBG_MEM_ALLOC rtw_os_xmit_resource_alloc:136 dbg_rtw_zmalloc(5632)
01-01 08:00:14.488 619 619 D LibBpfLoader: map_fd found at 13 is 20 in /system/etc/bpf/timeInState.o
01-01 08:00:14.490 624 624 W RTW: DBG_MEM_ALLOC rtw_os_xmit_resource_alloc:136 dbg_rtw_zmalloc(5632)
01-01 08:00:14.490 619 619 D LibBpfLoader: map_fd found at 14 is 21 in /system/etc/bpf/timeInState.o
01-01 08:00:14.492 624 624 W RTW: rtw_alloc_macid((null)) if1, mac_addr:ff:ff:ff:ff:ff:ff macid:1
01-01 08:00:14.495 619 619 D LibBpfLoader: cs[0].name:tracepoint_sched_sched_switch min_kver:0 .max_kver:ffffffff (kvers:50f00c0)
01-01 08:00:14.495 624 624 W RTW: rtw_init_pwrctrl_priv: IPS_mode=1, LPS_mode=2, LPS_level=1
01-01 08:00:14.495 619 619 D LibBpfLoader: cs[0].name:tracepoint_sched_sched_switch requires bpfloader version [0x0001c,0x10000)
01-01 08:00:14.497 624 624 W RTW: Init_ODM_ComInfo bb_opmode set to 0
01-01 08:00:14.502 619 619 D LibBpfLoader: bpf_prog_load lib call for /system/etc/bpf/timeInState.o (tracepoint_sched_sched_switch) returned fd: 7 (no error)
01-01 08:00:14.503 624 624 W RTW: IQK FW offload:enable
01-01 08:00:14.505 619 619 I LibBpfLoader: prog /sys/fs/bpf/prog_timeInState_tracepoint_sched_sched_switch id 32
01-01 08:00:14.505 624 624 W RTW: init_phydm_cominfo: Fv=1 Cv=4
01-01 08:00:14.507 619 619 D LibBpfLoader: cs[1].name:tracepoint_power_cpu_frequency min_kver:0 .max_kver:ffffffff (kvers:50f00c0)
01-01 08:00:14.507 624 624 W RTW: rtw_regsty_chk_target_tx_power_valid return _FALSE for band:0, path:0, rs:0, t:-1
01-01 08:00:14.509 619 619 D LibBpfLoader: cs[1].name:tracepoint_power_cpu_frequency requires bpfloader version [0x0001c,0x10000)
01-01 08:00:14.510 624 624 W : (NULL device *): Direct firmware load for PHY_REG_PG.txt failed with error -2
01-01 08:00:14.513 619 619 D LibBpfLoader: bpf_prog_load lib call for /system/etc/bpf/timeInState.o (tracepoint_power_cpu_frequency) returned fd: 22 (no error)
01-01 08:00:14.514 624 624 W RTW: ERROR isFileReadable() request_firmware file : PHY_REG_PG.txt, error : -2
01-01 08:00:14.515 619 619 I LibBpfLoader: prog /sys/fs/bpf/prog_timeInState_tracepoint_power_cpu_frequency id 33
01-01 08:00:14.517 624 624 W RTW: phy_ConfigBBWithPgParaFile(): No File PHY_REG_PG.txt, Load from HWImg Array!
01-01 08:00:02.767 617 617 I BpfHandler: BPF programs are loaded
01-01 08:00:02.768 617 617 I BpfHandler: initMaps successfully
01-01 08:00:02.768 617 617 I netd: libnetd_updatable_init success
01-01 08:00:02.768 617 617 I netd: NetlinkManager instanced
01-01 08:00:02.768 617 617 I netd: enter NetworkController ctor
01-01 08:00:14.518 324 324 E realtek-i2c 9801ba00.i2c-4: rtk_i2c_handle_tx_abort: slave address not acknowledged (7bit mode)
01-01 08:00:02.769 617 617 E TcUtils: NLMSG_ERROR message return error: -2
01-01 08:00:02.769 617 617 E TcUtils: NLMSG_ERROR message return error: -2
01-01 08:00:14.518 619 619 D LibBpfLoader: cs[2].name:tracepoint_sched_sched_process_free min_kver:0 .max_kver:ffffffff (kvers:50f00c0)
01-01 08:00:14.518 619 619 D LibBpfLoader: cs[2].name:tracepoint_sched_sched_process_free requires bpfloader version [0x0001c,0x10000)
01-01 08:00:14.519 624 624 W RTW: default power by rate loaded
01-01 08:00:14.519 624 624 W RTW: phy_txpwr_by_rate_chk_for_path_dup duplicate 2.4G [A] to [B]
01-01 08:00:14.519 624 624 W RTW: rtw_chset_apply_from_rtk_priv chplan:0x7F chplan_6g:0x00
01-01 08:00:14.519 619 619 D LibBpfLoader: bpf_prog_load lib call for /system/etc/bpf/timeInState.o (tracepoint_sched_sched_process_free) returned fd: 23 (no error)
01-01 08:00:14.519 619 619 I LibBpfLoader: prog /sys/fs/bpf/prog_timeInState_tracepoint_sched_sched_process_free id 34
01-01 08:00:14.519 619 619 I bpfloader: Loaded object: /system/etc/bpf/timeInState.o
01-01 08:00:14.520 324 324 E realtek-i2c 9801ba00.i2c-4: rtk_i2c_handle_tx_abort: slave address not acknowledged (7bit mode)
01-01 08:00:14.522 624 624 W RTW: band:5G ch52 is NO_IR DFS while beacon hint not allowed
01-01 08:00:02.769 617 617 E TcUtils: NLMSG_ERROR message return error: -2
01-01 08:00:02.769 617 617 E TcUtils: NLMSG_ERROR message return error: -2
01-01 08:00:02.769 617 617 E TcUtils: NLMSG_ERROR message return error: -2
01-01 08:00:02.769 617 617 E TcUtils: NLMSG_ERROR message return error: -2
01-01 08:00:02.769 617 617 E TcUtils: NLMSG_ERROR message return error: -2
01-01 08:00:02.769 617 617 E TcUtils: NLMSG_ERROR message return error: -2
01-01 08:00:02.769 617 617 E TcUtils: NLMSG_ERROR message return error: -2
01-01 08:00:02.769 617 617 E TcUtils: NLMSG_ERROR message return error: -2
01-01 08:00:02.769 617 617 E TcUtils: NLMSG_ERROR message return error: -2
01-01 08:00:02.769 617 617 E TcUtils: NLMSG_ERROR message return error: -2
01-01 08:00:02.769 617 617 E TcUtils: NLMSG_ERROR message return error: -2
01-01 08:00:02.769 617 617 E TcUtils: NLMSG_ERROR message return error: -2
01-01 08:00:02.769 617 617 I netd: leave NetworkController ctor
01-01 08:00:02.769 617 617 I netd: enter TetherController ctor
01-01 08:00:02.770 617 617 D TetherController: Setting IP forward enable = 0
01-01 08:00:02.770 617 617 I netd: leave TetherController ctor
01-01 08:00:14.522 1 1 I init: Service 'bpfloader' (pid 619) exited with status 0 waiting took 1.533000 seconds
01-01 08:00:14.522 1 1 I init: Sending signal 9 to service 'bpfloader' (pid 619) process group...
01-01 08:00:14.522 1 1 I libprocessgroup: Successfully killed process cgroup uid 0 pid 619 in 0ms
01-01 08:00:14.523 324 324 E realtek-i2c 9801ba00.i2c-4: rtk_i2c_handle_tx_abort: slave address not acknowledged (7bit mode)
01-01 08:00:14.523 1 1 I init: processing action (ro.crypto.state=encrypted && ro.crypto.type=file && zygote-start) from (/system/etc/init/hw/init.rc:1090)
01-01 08:00:14.523 1 1 I init: start_waiting_for_property("odsign.verification.done", "1"): already set
01-01 08:00:14.523 1 1 I init: starting service 'update_verifier_nonencrypted'...
01-01 08:00:14.524 624 624 W RTW: band:5G ch56 is NO_IR DFS while beacon hint not allowed
01-01 08:00:14.525 324 324 E realtek-i2c 9801ba00.i2c-4: rtk_i2c_handle_tx_abort: slave address not acknowledged (7bit mode)
01-01 08:00:14.526 1 1 I init: ... started service 'update_verifier_nonencrypted' has pid 634
01-01 08:00:14.526 1 1 I init: SVC_EXEC service 'update_verifier_nonencrypted' pid 634 (uid 0 gid 2001+1 context default) started; waiting...
01-01 08:00:14.526 624 624 W RTW: band:5G ch60 is NO_IR DFS while beacon hint not allowed
01-01 08:00:14.527 324 324 E realtek-i2c 9801ba00.i2c-4: rtk_i2c_handle_tx_abort: slave address not acknowledged (7bit mode)
01-01 08:00:14.530 624 624 W RTW: band:5G ch64 is NO_IR DFS while beacon hint not allowed
01-01 08:00:14.530 624 624 W RTW: band:5G ch100 is NO_IR DFS while beacon hint not allowed
01-01 08:00:14.530 624 624 W RTW: band:5G ch104 is NO_IR DFS while beacon hint not allowed
01-01 08:00:14.530 624 624 W RTW: band:5G ch108 is NO_IR DFS while beacon hint not allowed
01-01 08:00:14.530 624 624 W RTW: band:5G ch112 is NO_IR DFS while beacon hint not allowed
01-01 08:00:14.530 624 624 W RTW: band:5G ch116 is NO_IR DFS while beacon hint not allowed
01-01 08:00:14.530 624 624 W RTW: band:5G ch120 is NO_IR DFS while beacon hint not allowed
01-01 08:00:14.530 624 624 W RTW: band:5G ch124 is NO_IR DFS while beacon hint not allowed
01-01 08:00:14.530 624 624 W RTW: band:5G ch128 is NO_IR DFS while beacon hint not allowed
01-01 08:00:14.535 324 324 E realtek-i2c 9801ba00.i2c-4: rtk_i2c_handle_tx_abort: slave address not acknowledged (7bit mode)
01-01 08:00:14.538 624 624 W RTW: band:5G ch132 is NO_IR DFS while beacon hint not allowed
01-01 08:00:14.540 634 634 I update_verifier: Started with arg 1: nonencrypted
01-01 08:00:14.541 624 624 W RTW: band:5G ch136 is NO_IR DFS while beacon hint not allowed
01-01 08:00:14.541 324 324 E realtek-i2c 9801ba00.i2c-4: rtk_i2c_handle_tx_abort: slave address not acknowledged (7bit mode)
01-01 08:00:14.543 324 324 E realtek-i2c 9801ba00.i2c-4: rtk_i2c_handle_tx_abort: slave address not acknowledged (7bit mode)
01-01 08:00:14.544 273 273 I servicemanager: getDeviceHalManifest: Reloading VINTF information.
01-01 08:00:14.544 273 273 I servicemanager: getDeviceHalManifest: Reading VINTF information.
01-01 08:00:14.545 624 624 W RTW: band:5G ch140 is NO_IR DFS while beacon hint not allowed
01-01 08:00:14.547 324 324 E realtek-i2c 9801ba00.i2c-4: rtk_i2c_handle_tx_abort: slave address not acknowledged (7bit mode)
01-01 08:00:14.547 273 273 I servicemanager: getDeviceHalManifest: Successfully processed VINTF information
01-01 08:00:14.547 273 273 I servicemanager: Found android.hardware.boot.IBootControl/default in device VINTF manifest.
01-01 08:00:14.548 624 624 W RTW: band:5G ch144 is NO_IR DFS while beacon hint not allowed
01-01 08:00:14.548 634 634 I update_verifier: Using AIDL version of IBootControl
01-01 08:00:02.801 617 617 I netd: Creating child chains: 24836us
01-01 08:00:02.801 617 617 I netd: Setting up OEM hooks: 131us
01-01 08:00:14.551 324 324 E realtek-i2c 9801ba00.i2c-4: rtk_i2c_handle_tx_abort: slave address not acknowledged (7bit mode)
01-01 08:00:14.552 624 624 W RTW: rtw_rfctl_chset_apply_regulatory ch num:41
01-01 08:00:14.552 634 634 I update_verifier: Booting slot 1: isSlotMarkedSuccessful=1
01-01 08:00:14.552 634 634 I update_verifier: Leaving update_verifier.
01-01 08:00:14.554 1 1 I init: Service 'update_verifier_nonencrypted' (pid 634) exited with status 0 waiting took 0.029000 seconds
01-01 08:00:14.554 1 1 I init: Sending signal 9 to service 'update_verifier_nonencrypted' (pid 634) process group...
01-01 08:00:14.554 1 1 I libprocessgroup: Successfully killed process cgroup uid 0 pid 634 in 0ms
01-01 08:00:02.802 617 617 I netd: Setting up FirewallController hooks: 514us
01-01 08:00:02.803 617 617 I netd: Setting up TetherController hooks: 1363us
01-01 08:00:14.555 324 324 E realtek-i2c 9801ba00.i2c-4: rtk_i2c_handle_tx_abort: slave address not acknowledged (7bit mode)
01-01 08:00:14.555 1 1 I init: starting service 'statsd'...
01-01 08:00:14.555 1 1 I init: Created socket '/dev/socket/statsdw', mode 222, user 1066, group 1066
01-01 08:00:14.557 624 624 W RTW: RM: rtw_init_rm
01-01 08:00:14.558 1 1 I init: ... started service 'statsd' has pid 637
01-01 08:00:14.558 1 1 I init: service 'netd' requested start, but it is already running (flags: 4)
01-01 08:00:14.558 1 1 I init: starting service 'zygote'...
01-01 08:00:14.559 1 1 I init: Created socket '/dev/socket/zygote', mode 660, user 0, group 1000
01-01 08:00:14.559 1 1 I init: Created socket '/dev/socket/usap_pool_primary', mode 660, user 0, group 1000
01-01 08:00:14.560 324 324 E realtek-i2c 9801ba00.i2c-4: rtk_i2c_handle_tx_abort: slave address not acknowledged (7bit mode)
01-01 08:00:14.560 624 624 W RTW: rtw_macaddr_cfg mac addr:dc:0d:30:06:3f:9a
01-01 08:00:14.561 1 1 I init: ... started service 'zygote' has pid 638
01-01 08:00:14.561 1 1 I init: starting service 'zygote_secondary'...
01-01 08:00:14.562 1 1 I init: Created socket '/dev/socket/zygote_secondary', mode 660, user 0, group 1000
01-01 08:00:14.562 1 1 I init: Created socket '/dev/socket/usap_pool_secondary', mode 660, user 0, group 1000
01-01 08:00:02.811 617 617 I netd: Setting up BandwidthController hooks: 7553us
01-01 08:00:02.811 617 617 I netd: Setting up IdletimerController hooks: 93us
01-01 08:00:02.813 351 358 D VehicleRTKHal: In[setValues][512]
01-01 08:00:02.813 351 358 D VehicleRTKHardware: Set value for property ID: 291504901
01-01 08:00:02.813 351 359 D VehicleRTKHardware: In[setValue][799] prop =291504901 ,289408515
01-01 08:00:02.813 351 359 D VehicleRTKHardware: In[setValue][825].. wirte success...
01-01 08:00:02.813 351 358 D VehicleRTKHal: In[setValues][512]
01-01 08:00:02.813 351 358 D VehicleRTKHardware: Set value for property ID: 291504647
01-01 08:00:02.813 351 359 D VehicleRTKHardware: In[setValue][799] prop =291504647 ,289408515
01-01 08:00:02.813 351 359 D VehicleRTKHardware: In[setValue][825].. wirte success...
01-01 08:00:02.813 351 358 D VehicleRTKHal: In[setValues][512]
01-01 08:00:02.813 351 358 D VehicleRTKHardware: Set value for property ID: 291504903
01-01 08:00:02.813 351 359 D VehicleRTKHardware: In[setValue][799] prop =291504903 ,289408515
01-01 08:00:02.813 351 359 D VehicleRTKHardware: In[setValue][825].. wirte success...
01-01 08:00:02.813 351 358 D VehicleRTKHal: In[setValues][512]
01-01 08:00:02.813 351 358 D VehicleRTKHardware: Set value for property ID: 291504897
01-01 08:00:02.813 351 359 D VehicleRTKHardware: In[setValue][799] prop =291504897 ,289408515
01-01 08:00:02.813 351 359 D VehicleRTKHardware: In[setValue][825].. wirte success...
01-01 08:00:02.814 351 358 D VehicleRTKHal: In[setValues][512]
01-01 08:00:02.814 351 358 D VehicleRTKHardware: Set value for property ID: 289408000
01-01 08:00:02.814 351 359 D VehicleRTKHardware: In[setValue][799] prop =289408000 ,289408515
01-01 08:00:02.814 351 359 D VehicleRTKHardware: In[setValue][825].. wirte success...
01-01 08:00:02.814 351 358 D VehicleRTKHal: In[setValues][512]
01-01 08:00:02.814 351 358 D VehicleRTKHardware: Set value for property ID: 287310855
01-01 08:00:02.814 351 359 D VehicleRTKHardware: In[setValue][799] prop =287310855 ,289408515
01-01 08:00:02.814 351 359 D VehicleRTKHardware: In[setValue][825].. wirte success...
01-01 08:00:14.563 324 324 E realtek-i2c 9801ba00.i2c-4: rtk_i2c_handle_tx_abort: slave address not acknowledged (7bit mode)
01-01 08:00:14.564 1 1 I init: ... started service 'zygote_secondary' has pid 639
01-01 08:00:02.814 351 358 D VehicleRTKHal: In[setValues][512]
01-01 08:00:02.814 351 358 D VehicleRTKHardware: Set value for property ID: 291504644
01-01 08:00:02.814 351 359 D VehicleRTKHardware: In[setValue][799] prop =291504644 ,289408515
01-01 08:00:02.814 351 359 D VehicleRTKHardware: In[setValue][825].. wirte success...
01-01 08:00:02.814 351 358 D VehicleRTKHal: In[setValues][512]
01-01 08:00:02.814 351 358 D VehicleRTKHardware: Set value for property ID: 291504904
01-01 08:00:02.814 351 359 D VehicleRTKHardware: In[setValue][799] prop =291504904 ,289408515
01-01 08:00:02.814 351 359 D VehicleRTKHardware: In[setValue][825].. wirte success...
01-01 08:00:02.814 351 358 D VehicleRTKHal: In[setValues][512]
01-01 08:00:02.814 351 358 D VehicleRTKHardware: Set value for property ID: 291505923
01-01 08:00:02.814 351 359 D VehicleRTKHardware: In[setValue][799] prop =291505923 ,289408515
01-01 08:00:02.814 351 359 D VehicleRTKHardware: In[setValue][825].. wirte success...
01-01 08:00:02.815 617 617 I netd: Setting up StrictController hooks: 3994us
01-01 08:00:14.567 324 324 E realtek-i2c 9801ba00.i2c-4: rtk_i2c_handle_tx_abort: slave address not acknowledged (7bit mode)
01-01 08:00:14.569 1 1 I init: processing action (zygote-start) from (/vendor/etc/init/init.kent.rc:175)
01-01 08:00:02.818 617 617 I netd: Enabling bandwidth control: 3350us
01-01 08:00:14.571 324 324 E realtek-i2c 9801ba00.i2c-4: rtk_i2c_handle_tx_abort: slave address not acknowledged (7bit mode)
01-01 08:00:14.572 624 624 W RTW: _rtw_mbid_cam_search_by_macaddr mac:dc:0d:30:06:3f:9a - cam_id:255
01-01 08:00:14.575 324 324 E realtek-i2c 9801ba00.i2c-4: rtk_i2c_handle_tx_abort: slave address not acknowledged (7bit mode)
01-01 08:00:14.578 624 624 W RTW: rtw_mbid_camid_alloc mac:dc:0d:30:06:3f:9a - cam_id:0
01-01 08:00:02.833 617 617 I netd: Initializing RouteController: 14241us
01-01 08:00:02.833 617 617 D XfrmController: XfrmController::ipSecAddXfrmInterface, line=1497
01-01 08:00:02.833 617 617 D XfrmController: XfrmController::ipSecRemoveTunnelInterface, line=1710
01-01 08:00:02.833 617 617 D XfrmController: deviceName=ipsec_test
01-01 08:00:14.583 324 324 E realtek-i2c 9801ba00.i2c-4: rtk_i2c_handle_tx_abort: slave address not acknowledged (7bit mode)
01-01 08:00:14.588 624 624 W RTW: disable_interrupt: update SDIO HIMR=0
01-01 08:00:14.590 324 324 E realtek-i2c 9801ba00.i2c-4: rtk_i2c_handle_tx_abort: slave address not acknowledged (7bit mode)
01-01 08:00:14.592 624 624 W RTW: bDriverStopped:True, bSurpriseRemoved:False, bup:0, hw_init_completed:0
01-01 08:00:14.595 324 324 E realtek-i2c 9801ba00.i2c-4: rtk_i2c_handle_tx_abort: slave address not acknowledged (7bit mode)
01-01 08:00:14.597 624 624 W RTW: [DEBUG] registry_par->rtw_sdio_pm_keep_power=0
01-01 08:00:14.597 1 1 I init: processing action (firmware_mounts_complete) from (/system/etc/init/hw/init.rc:528)
01-01 08:00:14.597 1 1 I init: processing action (early-boot) from (/system/etc/init/installd.rc:7)
01-01 08:00:14.599 324 324 E realtek-i2c 9801ba00.i2c-4: rtk_i2c_handle_tx_abort: slave address not acknowledged (7bit mode)
01-01 08:00:14.600 624 624 W RTW: loadparam, Select P2P interface: iface_id:1
01-01 08:00:14.604 324 324 E realtek-i2c 9801ba00.i2c-4: rtk_i2c_handle_tx_abort: slave address not acknowledged (7bit mode)
01-01 08:00:14.606 624 624 W RTW: init_mlme_default_rate_set: support CCK
01-01 08:00:14.608 324 324 E realtek-i2c 9801ba00.i2c-4: rtk_i2c_handle_tx_abort: slave address not acknowledged (7bit mode)
01-01 08:00:14.609 624 624 W RTW: init_mlme_default_rate_set: support OFDM
01-01 08:00:14.611 324 324 E realtek-i2c 9801ba00.i2c-4: rtk_i2c_handle_tx_abort: slave address not acknowledged (7bit mode)
01-01 08:00:14.614 624 624 W RTW: DBG_MEM_ALLOC rtw_os_xmit_resource_alloc:136 dbg_rtw_zmalloc(20992)
01-01 08:00:14.616 324 324 E realtek-i2c 9801ba00.i2c-4: rtk_i2c_handle_tx_abort: slave address not acknowledged (7bit mode)
01-01 08:00:14.618 624 624 W RTW: DBG_MEM_ALLOC rtw_os_xmit_resource_alloc:136 dbg_rtw_zmalloc(20992)
01-01 08:00:14.620 324 324 E realtek-i2c 9801ba00.i2c-4: rtk_i2c_handle_tx_abort: slave address not acknowledged (7bit mode)
01-01 08:00:14.622 624 624 W RTW: DBG_MEM_ALLOC rtw_os_xmit_resource_alloc:136 dbg_rtw_zmalloc(20992)
01-01 08:00:14.624 324 324 E realtek-i2c 9801ba00.i2c-4: rtk_i2c_handle_tx_abort: slave address not acknowledged (7bit mode)
01-01 08:00:14.626 624 624 W RTW: DBG_MEM_ALLOC rtw_os_xmit_resource_alloc:136 dbg_rtw_zmalloc(20992)
01-01 08:00:14.627 1 1 I init: processing action (boot) from (/system/etc/init/hw/init.rc:1104)
01-01 08:00:14.628 324 324 E realtek-i2c 9801ba00.i2c-4: rtk_i2c_handle_tx_abort: slave address not acknowledged (7bit mode)
01-01 08:00:14.630 624 624 W RTW: DBG_MEM_ALLOC rtw_os_xmit_resource_alloc:136 dbg_rtw_zmalloc(20992)
01-01 08:00:02.881 637 637 I ServiceManagerCppClient: Waiting for service 'statscompanion' on '/dev/binder'...
01-01 08:00:14.632 324 324 E realtek-i2c 9801ba00.i2c-4: rtk_i2c_handle_tx_abort: slave address not acknowledged (7bit mode)
01-01 08:00:14.632 1 1 I init: Command 'write /dev/sys/block/by-name/rootdisk/queue/discard_max_bytes 134217728' action=boot (/system/etc/init/hw/init.rc:1151) took 0ms and failed: Unable to write to file '/dev/sys/block/by-name/rootdisk/queue/discard_max_bytes': open() failed: Permission denied
01-01 08:00:14.634 624 624 W RTW: DBG_MEM_ALLOC rtw_os_xmit_resource_alloc:136 dbg_rtw_zmalloc(20992)
01-01 08:00:14.634 1 1 I init: starting service 'hidl_memory'...
01-01 08:00:14.636 324 324 E realtek-i2c 9801ba00.i2c-4: rtk_i2c_handle_tx_abort: slave address not acknowledged (7bit mode)
01-01 08:00:14.637 1 1 I init: ... started service 'hidl_memory' has pid 643
01-01 08:00:14.637 1 1 I init: service 'cardisplayproxyd' requested start, but it is already running (flags: 132)
01-01 08:00:14.637 1 1 I init: starting service 'vendor.audio-hal'...
01-01 08:00:02.875 1 1 W init: type=1400 audit(0.0:20): avc: denied { write } for name="discard_max_bytes" dev="sysfs" ino=34340 scontext=u:r:init:s0 tcontext=u:object_r:sysfs:s0 tclass=file permissive=0
01-01 08:00:02.889 617 617 D XfrmController: Sending Netlink XFRM Message: XFRM_MSG_FLUSHSA
01-01 08:00:02.889 617 617 D XfrmController: Sending Netlink XFRM Message: XFRM_MSG_FLUSHPOLICY
