01-01 08:00:03.703 273 273 W servicemanager: type=1400 audit(0.0:27): avc: denied { call } for scontext=u:r:servicemanager:s0 tcontext=u:r:hal_power_default:s0 tclass=binder permissive=0
01-01 08:00:15.461 273 273 I binder: 273:273 transaction async to 664:0 failed 1653/29201/-1, code 1 size 212-8 line 3288
01-01 08:00:15.463 1 1 I init: starting service 'gpu'...
01-01 08:00:03.716 659 659 I HidlServiceManagement: Registered android.hardware.media.c2@1.2::IComponentStore/default
01-01 08:00:03.726 678 678 D android.hardware.graphics.composer3-service.rtk: VoutHelper: call AutoInit
01-01 08:00:15.476 718 718 E BPF: [121970] Invalid name_offset:2213747
01-01 08:00:15.477 324 324 E realtek-i2c 9801ba00.i2c-4: rtk_i2c_handle_tx_abort: slave address not acknowledged (7bit mode)
01-01 08:00:15.481 324 324 E realtek-i2c 9801ba00.i2c-4: rtk_i2c_handle_tx_abort: slave address not acknowledged (7bit mode)
01-01 08:00:03.735 644 644 I BTAudioProviderA2dpSoftware: A2dpSoftwareAudioProvider - size of audio buffer 7680 byte(s)
01-01 08:00:15.484 273 273 I servicemanager: Since 'vendor.realtek.voututil.IVoutUtil/default' could not be found, trying to start it as a lazy AIDL service. (if it's not configured to be a lazy service, it may be stuck starting or still starting).
01-01 08:00:15.488 324 324 E realtek-i2c 9801ba00.i2c-4: rtk_i2c_handle_tx_abort: slave address not acknowledged (7bit mode)
01-01 08:00:15.489 1 1 I init: ... started service 'gpu' has pid 721
01-01 08:00:15.501 324 324 E realtek-i2c 9801ba00.i2c-4: rtk_i2c_handle_tx_abort: slave address not acknowledged (7bit mode)
01-01 08:00:15.503 1 1 I init: service 'lmkd' requested start, but it is already running (flags: 36)
01-01 08:00:15.509 324 324 E realtek-i2c 9801ba00.i2c-4: rtk_i2c_handle_tx_abort: slave address not acknowledged (7bit mode)
01-01 08:00:15.510 1 1 I init: service 'servicemanager' requested start, but it is already running (flags: 2084)
01-01 08:00:03.762 644 644 I BTAudioProviderHearingAid: HearingAidAudioProvider - size of audio buffer 3584 byte(s)
01-01 08:00:03.766 659 659 I HidlServiceManagement: Removing namespace from process name android.hardware.media.c2@1.2-rtk-service to c2@1.2-rtk-service.
01-01 08:00:03.767 659 659 D android.hardware.media.c2@1.2-service: Codec2's IComponentStore service registered.
01-01 08:00:15.523 266 266 D : Loaded kernel module usb_f_iap.ko
01-01 08:00:15.525 1 1 I init: starting service 'surfaceflinger'...
01-01 08:00:03.774 278 278 I hwservicemanager: getTransport: Cannot find entry android.hardware.bluetooth.audio@2.1::IBluetoothAudioProvidersFactory/default in either framework or device VINTF manifest.
01-01 08:00:03.775 644 644 E HidlServiceManagement: Service android.hardware.bluetooth.audio@2.1::IBluetoothAudioProvidersFactory/default must be in VINTF manifest in order to register/get.
01-01 08:00:03.775 644 644 E LegacySupport: Could not register service android.hardware.bluetooth.audio@2.1::IBluetoothAudioProvidersFactory/default (-2147483648).
01-01 08:00:15.527 266 266 D : Probing module rtk_aut_control.ko
01-01 08:00:15.532 1 1 I init: Could not create socket 'pdx/system/vr/display/client': Failed to bind socket 'pdx/system/vr/display/client': No such file or directory
01-01 08:00:03.781 278 278 I hwservicemanager: getTransport: Cannot find entry android.hardware.bluetooth.audio@2.0::IBluetoothAudioProvidersFactory/default in either framework or device VINTF manifest.
01-01 08:00:03.781 644 644 E LegacySupport: Could not get passthrough implementation for android.hardware.bluetooth.audio@2.0::IBluetoothAudioProvidersFactory/default.
01-01 08:00:03.782 644 644 W audiohalservice: Could not register Bluetooth Audio API
01-01 08:00:03.784 278 278 I hwservicemanager: getTransport: Cannot find entry android.hardware.bluetooth.a2dp@1.0::IBluetoothAudioOffload/default in either framework or device VINTF manifest.
01-01 08:00:03.785 644 644 E LegacySupport: Could not get passthrough implementation for android.hardware.bluetooth.a2dp@1.0::IBluetoothAudioOffload/default.
01-01 08:00:03.785 644 644 W audiohalservice: Could not register Bluetooth Audio Offload API
01-01 08:00:15.542 273 273 I servicemanager: Found android.hardware.bluetooth.audio.IBluetoothAudioProviderFactory/default in device VINTF manifest.
01-01 08:00:15.546 1 1 I init: Could not create socket 'pdx/system/vr/display/manager': Failed to bind socket 'pdx/system/vr/display/manager': No such file or directory
01-01 08:00:03.800 644 644 I audiohalservice: createIBluetoothAudioProviderFactory() from android.hardware.bluetooth.audio-impl success
01-01 08:00:03.801 644 644 E audiohalservice: Failed to dlopen android.hardware.audio.sounddose-vendor-impl.so: dlopen failed: library "android.hardware.audio.sounddose-vendor-impl.so" not found
01-01 08:00:03.801 644 644 W audiohalservice: createISoundDoseFactory() from android.hardware.audio.sounddose-vendor-impl failed
01-01 08:00:15.554 273 273 I servicemanager: Found android.hardware.automotive.audiocontrol.IAudioControl/default in device VINTF manifest.
01-01 08:00:15.562 1 1 I init: Could not create socket 'pdx/system/vr/display/vsync': Failed to bind socket 'pdx/system/vr/display/vsync': No such file or directory
01-01 08:00:03.816 721 725 I GpuWork: Initialized!
01-01 08:00:03.819 644 644 I audiohalservice: AudioControl status: status 0
01-01 08:00:03.821 644 729 I android.hardware.audio.service: Connected to power policy daemon
01-01 08:00:03.822 717 717 I credstore: Registered binder service
01-01 08:00:03.827 637 642 I ServiceManagerCppClient: Waiting for service 'statscompanion' on '/dev/binder'...
01-01 08:00:15.609 266 266 D : Loaded kernel module rtk_aut_control.ko
01-01 08:00:15.613 1 1 I init: ... started service 'surfaceflinger' has pid 735
01-01 08:00:15.616 266 266 D : Probing module goodix.ko
01-01 08:00:15.618 1 1 I init: service 'vold' requested start, but it is already running (flags: 2052)
01-01 08:00:15.629 324 324 E realtek-i2c 9801ba00.i2c-4: rtk_i2c_handle_tx_abort: slave address not acknowledged (7bit mode)
01-01 08:00:15.636 1 1 I init: starting service 'RtkKeyset'...
01-01 08:00:15.637 324 324 E realtek-i2c 9801ba00.i2c-4: rtk_i2c_handle_tx_abort: slave address not acknowledged (7bit mode)
01-01 08:00:15.643 1 1 I init: ... started service 'RtkKeyset' has pid 737
01-01 08:00:15.648 736 736 I : Gt9xx driver installing..
01-01 08:00:15.650 1 1 I init: starting service 'vendor.media.omx-rtk-hal'...
01-01 08:00:15.654 324 324 E realtek-i2c 9801ba00.i2c-4: rtk_i2c_handle_tx_abort: slave address not acknowledged (7bit mode)
01-01 08:00:15.655 736 736 E goodix-ts 1-0014: GTP Driver Version: V2.8.0.2<2017/12/14>
01-01 08:00:15.655 736 736 E goodix-ts 1-0014: GTP I2C Address: 0x14
01-01 08:00:15.655 736 736 I goodix-ts 1-0014: touch input parameters is [id x y w p]<11 1280 1600 512 512>
01-01 08:00:15.655 736 736 I goodix-ts 1-0014: int-sync enabled
01-01 08:00:15.655 736 736 I goodix-ts 1-0014: driver-send-cfg enabled
01-01 08:00:15.655 736 736 I goodix-ts 1-0014: key-map is [ac 9e 0 0]
01-01 08:00:15.655 736 736 W goodix-ts 1-0014: supply vdd_ana not found, using dummy regulator
01-01 08:00:15.656 736 736 W goodix-ts 1-0014: supply vcc_i2c not found, using dummy regulator
01-01 08:00:03.915 351 358 D VehicleRTKHal: In[setValues][512]
01-01 08:00:03.915 351 358 D VehicleRTKHardware: Set value for property ID: 291504901
01-01 08:00:03.915 351 359 D VehicleRTKHardware: In[setValue][799] prop =291504901 ,289408515
01-01 08:00:03.915 351 359 D VehicleRTKHardware: In[setValue][825].. wirte success...
01-01 08:00:15.665 324 324 E realtek-i2c 9801ba00.i2c-4: rtk_i2c_handle_tx_abort: slave address not acknowledged (7bit mode)
01-01 08:00:15.668 736 736 I goodix-ts 1-0014: gtp_request_io_port
01-01 08:00:03.922 351 358 D VehicleRTKHal: In[setValues][512]
01-01 08:00:03.922 351 358 D VehicleRTKHardware: Set value for property ID: 291504647
01-01 08:00:03.923 351 359 D VehicleRTKHardware: In[setValue][799] prop =291504647 ,289408515
01-01 08:00:03.923 351 359 D VehicleRTKHardware: In[setValue][825].. wirte success...
01-01 08:00:03.923 351 358 D VehicleRTKHal: In[setValues][512]
01-01 08:00:03.923 351 358 D VehicleRTKHardware: Set value for property ID: 291504903
01-01 08:00:03.923 351 359 D VehicleRTKHardware: In[setValue][799] prop =291504903 ,289408515
01-01 08:00:03.923 351 359 D VehicleRTKHardware: In[setValue][825].. wirte success...
01-01 08:00:03.923 351 358 D VehicleRTKHal: In[setValues][512]
01-01 08:00:03.923 351 358 D VehicleRTKHardware: Set value for property ID: 291504897
01-01 08:00:03.923 351 359 D VehicleRTKHardware: In[setValue][799] prop =291504897 ,289408515
01-01 08:00:03.923 351 359 D VehicleRTKHardware: In[setValue][825].. wirte success...
01-01 08:00:03.923 351 358 D VehicleRTKHal: In[setValues][512]
01-01 08:00:03.923 351 358 D VehicleRTKHardware: Set value for property ID: 289408000
01-01 08:00:03.923 351 359 D VehicleRTKHardware: In[setValue][799] prop =289408000 ,289408515
01-01 08:00:03.923 351 359 D VehicleRTKHardware: In[setValue][825].. wirte success...
01-01 08:00:15.671 737 737 D RtkKeyset: main:RtkKeyset ver:3. Android Version b23085.
01-01 08:00:15.676 324 324 E realtek-i2c 9801ba00.i2c-4: rtk_i2c_handle_tx_abort: slave address not acknowledged (7bit mode)
01-01 08:00:15.679 737 737 D RtkKeyset: main: extract key bag.
01-01 08:00:15.680 1 1 I init: ... started service 'vendor.media.omx-rtk-hal' has pid 738
01-01 08:00:15.680 1 1 I init: starting service 'sideband'...
01-01 08:00:03.928 351 358 D VehicleRTKHal: In[setValues][512]
01-01 08:00:03.929 351 358 D VehicleRTKHardware: Set value for property ID: 287310855
01-01 08:00:03.929 351 359 D VehicleRTKHardware: In[setValue][799] prop =287310855 ,289408515
01-01 08:00:03.929 351 359 D VehicleRTKHardware: In[setValue][825].. wirte success...
01-01 08:00:03.929 351 358 D VehicleRTKHal: In[setValues][512]
01-01 08:00:03.929 351 358 D VehicleRTKHardware: Set value for property ID: 291504644
01-01 08:00:03.929 351 359 D VehicleRTKHardware: In[setValue][799] prop =291504644 ,289408515
01-01 08:00:03.929 351 359 D VehicleRTKHardware: In[setValue][825].. wirte success...
01-01 08:00:03.929 351 358 D VehicleRTKHal: In[setValues][512]
01-01 08:00:03.929 351 358 D VehicleRTKHardware: Set value for property ID: 291504904
01-01 08:00:03.929 351 359 D VehicleRTKHardware: In[setValue][799] prop =291504904 ,289408515
01-01 08:00:03.929 351 359 D VehicleRTKHardware: In[setValue][825].. wirte success...
01-01 08:00:03.929 351 358 D VehicleRTKHal: In[setValues][512]
01-01 08:00:03.929 351 358 D VehicleRTKHardware: Set value for property ID: 291505923
01-01 08:00:03.929 351 359 D VehicleRTKHardware: In[setValue][799] prop =291505923 ,289408515
01-01 08:00:03.929 351 359 D VehicleRTKHardware: In[setValue][825].. wirte success...
01-01 08:00:15.683 1 1 I init: ... started service 'sideband' has pid 739
01-01 08:00:15.687 324 324 E realtek-i2c 9801ba00.i2c-4: rtk_i2c_handle_tx_abort: slave address not acknowledged (7bit mode)
01-01 08:00:15.687 737 737 D RtkKeyset: extract_keyset:key baag.bin not found.
01-01 08:00:15.692 1 1 I init: service 'tee' requested start, but it is already running (flags: 134)
01-01 08:00:15.695 736 736 E goodix-ts 1-0014: Guitar reset
01-01 08:00:15.700 1 1 I init: starting service 'tee_antirollback_clock'...
01-01 08:00:03.976 739 739 I Sideband: [Sideband] enable vendor Binder
01-01 08:00:15.713 324 324 E realtek-i2c 9801ba00.i2c-4: rtk_i2c_handle_tx_abort: slave address not acknowledged (7bit mode)
01-01 08:00:15.730 1 1 I init: ... started service 'tee_antirollback_clock' has pid 740
01-01 08:00:03.988 739 739 I Sideband: [Sideband] addSidebandService: Sideband
01-01 08:00:03.997 651 651 D RTKION-GBufHelper: GrallocBufferHelper()
01-01 08:00:04.000 651 651 D CarCam-FCH_DHSE: FormatConvertHelper()
01-01 08:00:04.000 651 651 D CarCam-IONPool: IONMemoryPool()
01-01 08:00:04.001 651 651 I android.hardware.camera.provider-service.aidl-car-rtk: realtek CarCameraProvider HAL AIDL Service is starting.
01-01 08:00:04.001 651 651 I android.hardware.camera.provider-service.aidl-car-rtk: version:[CARCAM-v1.3.5_kent_build-e20ca4e-18:30.11.Jun.2026/android-api_34/keystone-stb]
01-01 08:00:04.001 651 651 D CarCamUtils: [loadFromCfg]: internal camera confiuration is /vendor/etc/car_camera_config.xml
01-01 08:00:04.001 651 651 E CarCamUtils: loadFromCfg: Unable to load car camera config file '/vendor/etc/car_camera_config.xml'. Error: XML_ERROR_FILE_NOT_FOUND
01-01 08:00:04.001 651 651 I Camera-Pvdr-car: CarCameraProvider()
01-01 08:00:04.002 651 651 I Camera-Pvdr-car: avm HAL CAMID:4000200 Num:4 v4l2Ids:4 from:30 to 33
01-01 08:00:04.002 651 651 I Camera-Pvdr-car: virtualDeviceTypes size 0
01-01 08:00:04.002 651 651 I Camera-Pvdr-car: csiExtension size 0
01-01 08:00:15.759 736 736 E goodix-ts 1-0014: int gpio level=1
01-01 08:00:15.781 1 1 I init: service 'vndservicemanager' requested start, but it is already running (flags: 2052)
01-01 08:00:15.785 324 324 E realtek-i2c 9801ba00.i2c-4: rtk_i2c_handle_tx_abort: slave address not acknowledged (7bit mode)
01-01 08:00:15.785 1 1 I init: Command 'class_start core' action=boot (/system/etc/init/hw/init.rc:1212) took 523ms and succeeded
01-01 08:00:15.795 324 324 E realtek-i2c 9801ba00.i2c-4: rtk_i2c_handle_tx_abort: slave address not acknowledged (7bit mode)
01-01 08:00:15.805 1 1 I init: Service 'RtkKeyset' (pid 737) exited with status 1 oneshot service took 0.163000 seconds in background
01-01 08:00:15.831 324 324 E realtek-i2c 9801ba00.i2c-4: rtk_i2c_handle_tx_abort: slave address not acknowledged (7bit mode)
01-01 08:00:15.838 273 273 I servicemanager: Found android.hardware.camera.provider.ICameraProvider/car/0 in device VINTF manifest.
01-01 08:00:15.857 324 324 E realtek-i2c 9801ba00.i2c-4: rtk_i2c_handle_tx_abort: slave address not acknowledged (7bit mode)
01-01 08:00:15.858 1 1 I init: Sending signal 9 to service 'RtkKeyset' (pid 737) process group...
01-01 08:00:04.108 663 663 V NNAPI-VSI-SL: ANeuralNetworks_getSLDriverImpl
01-01 08:00:04.108 663 663 V NNAPI-VSI-SL: ANeuralNetworks_getDeviceCount
01-01 08:00:04.113 713 713 I FastMixerState: sMaxFastTracks = 8
01-01 08:00:15.863 324 324 E realtek-i2c 9801ba00.i2c-4: rtk_i2c_handle_tx_abort: slave address not acknowledged (7bit mode)
01-01 08:00:15.868 1 1 I libprocessgroup: Successfully killed process cgroup uid 0 pid 737 in 0ms
01-01 08:00:04.124 713 713 D audioserver: main: starting
01-01 08:00:04.124 713 713 V MediaUtils: physMem: 5400895488
01-01 08:00:04.124 713 713 V MediaUtils: requested limit: 536870912
01-01 08:00:04.124 713 713 I libc: malloc_limit: Allocation limit enabled, max size 536870912 bytes
01-01 08:00:04.126 638 638 D AndroidRuntime: >>>>>> START com.android.internal.os.ZygoteInit uid 0 <<<<<<
01-01 08:00:04.133 713 713 W BatteryNotifier: batterystats service unavailable!
01-01 08:00:04.136 664 664 W ServiceManagerCppClient: Waited one second for android.hardware.graphics.composer3.IComposer/default (is service started? Number of threads started in the threadpool: 0. Are binder threads started and available?)
01-01 08:00:04.136 351 358 D VehicleRTKHal: In[setValues][512]
01-01 08:00:04.136 351 358 D VehicleRTKHardware: Set value for property ID: 291504901
01-01 08:00:04.136 351 359 D VehicleRTKHardware: In[setValue][799] prop =291504901 ,289408515
01-01 08:00:04.136 351 359 D VehicleRTKHardware: In[setValue][825].. wirte success...
01-01 08:00:15.887 324 324 E realtek-i2c 9801ba00.i2c-4: rtk_i2c_handle_tx_abort: slave address not acknowledged (7bit mode)
01-01 08:00:15.889 273 273 I BpBinder: onLastStrongRef automatically unlinking death recipients:
01-01 08:00:15.897 324 324 E realtek-i2c 9801ba00.i2c-4: rtk_i2c_handle_tx_abort: slave address not acknowledged (7bit mode)
01-01 08:00:04.146 351 358 D VehicleRTKHal: In[setValues][512]
01-01 08:00:04.146 351 358 D VehicleRTKHardware: Set value for property ID: 291504647
01-01 08:00:04.146 351 359 D VehicleRTKHardware: In[setValue][799] prop =291504647 ,289408515
01-01 08:00:04.146 351 359 D VehicleRTKHardware: In[setValue][825].. wirte success...
01-01 08:00:04.147 351 358 D VehicleRTKHal: In[setValues][512]
01-01 08:00:04.147 351 358 D VehicleRTKHardware: Set value for property ID: 291504903
01-01 08:00:04.147 351 359 D VehicleRTKHardware: In[setValue][799] prop =291504903 ,289408515
01-01 08:00:04.147 351 359 D VehicleRTKHardware: In[setValue][825].. wirte success...
01-01 08:00:04.147 351 358 D VehicleRTKHal: In[setValues][512]
01-01 08:00:04.147 351 358 D VehicleRTKHardware: Set value for property ID: 291504897
01-01 08:00:04.147 351 359 D VehicleRTKHardware: In[setValue][799] prop =291504897 ,289408515
01-01 08:00:04.147 351 359 D VehicleRTKHardware: In[setValue][825].. wirte success...
01-01 08:00:04.147 351 358 D VehicleRTKHal: In[setValues][512]
01-01 08:00:04.147 351 358 D VehicleRTKHardware: Set value for property ID: 289408000
01-01 08:00:04.147 351 359 D VehicleRTKHardware: In[setValue][799] prop =289408000 ,289408515
01-01 08:00:04.147 351 359 D VehicleRTKHardware: In[setValue][825].. wirte success...
01-01 08:00:04.147 351 358 D VehicleRTKHal: In[setValues][512]
01-01 08:00:04.147 351 358 D VehicleRTKHardware: Set value for property ID: 287310855
01-01 08:00:04.147 735 735 I SurfaceFlinger: Using HWComposer service: default
01-01 08:00:04.147 351 359 D VehicleRTKHardware: In[setValue][799] prop =287310855 ,289408515
01-01 08:00:04.147 351 359 D VehicleRTKHardware: In[setValue][825].. wirte success...
01-01 08:00:04.147 735 735 I SurfaceFlinger: SurfaceFlinger is starting
01-01 08:00:04.147 351 358 D VehicleRTKHal: In[setValues][512]
01-01 08:00:04.147 351 358 D VehicleRTKHardware: Set value for property ID: 291504644
01-01 08:00:04.147 351 359 D VehicleRTKHardware: In[setValue][799] prop =291504644 ,289408515
01-01 08:00:04.147 351 359 D VehicleRTKHardware: In[setValue][825].. wirte success...
01-01 08:00:04.148 735 735 I SurfaceFlinger: Enabling backpressure for GPU composition
01-01 08:00:04.148 351 358 D VehicleRTKHal: In[setValues][512]
01-01 08:00:04.148 351 358 D VehicleRTKHardware: Set value for property ID: 291504904
01-01 08:00:04.148 351 359 D VehicleRTKHardware: In[setValue][799] prop =291504904 ,289408515
01-01 08:00:04.148 351 359 D VehicleRTKHardware: In[setValue][825].. wirte success...
01-01 08:00:04.148 351 358 D VehicleRTKHal: In[setValues][512]
01-01 08:00:04.148 351 358 D VehicleRTKHardware: Set value for property ID: 291505923
01-01 08:00:04.148 351 359 D VehicleRTKHardware: In[setValue][799] prop =291505923 ,289408515
01-01 08:00:04.148 351 359 D VehicleRTKHardware: In[setValue][825].. wirte success...
01-01 08:00:04.148 278 278 I hwservicemanager: getTransport: Cannot find entry android.hardware.audio@7.1::IDevicesFactory/default in either framework or device VINTF manifest.
01-01 08:00:04.149 278 278 I hwservicemanager: getTransport: Cannot find entry android.hardware.audio.effect@7.1::IEffectsFactory/default in either framework or device VINTF manifest.
01-01 08:00:04.152 735 735 I SurfaceFlinger: SurfaceFlinger's main thread ready to run. Initializing graphics H/W...
01-01 08:00:04.152 735 735 E SurfaceFlinger: Unrecognized RenderEngineType ; ignoring!
01-01 08:00:04.152 735 735 D RenderEngine: Threaded RenderEngine with SkiaGL Backend
01-01 08:00:04.167 663 663 W android.hardwar: type=1400 audit(0.0:28): avc: denied { search } for name="data" dev="dm-70" ino=270 scontext=u:r:hal_neuralnetworks_default:s0 tcontext=u:object_r:system_data_file:s0:c512,c768 tclass=dir permissive=0
01-01 08:00:04.179 273 672 W libc: Unable to set property "ctl.interface_start" to "aidl/vendor.realtek.rtkdeviceservice.IRtkDeviceService/default": error code: 0x20
01-01 08:00:15.906 1 1 E init: Control message: Could not find 'aidl/vendor.realtek.rtkdeviceservice.IRtkDeviceService/default' for ctl.interface_start from pid: 273 (/system/bin/servicemanager)
01-01 08:00:15.932 672 672 I servicemanager: Tried to start aidl service vendor.realtek.rtkdeviceservice.IRtkDeviceService/default as a lazy service, but was unable to. Usually this happens when a service is not installed, but if the service is intended to be used as a lazy service, then it may be configured incorrectly.
01-01 08:00:04.167 663 663 W android.hardwar: type=1400 audit(0.0:29): avc: denied { search } for name="data" dev="dm-70" ino=270 scontext=u:r:hal_neuralnetworks_default:s0 tcontext=u:object_r:system_data_file:s0:c512,c768 tclass=dir permissive=0
01-01 08:00:04.186 638 638 I AndroidRuntime: Using default boot image
01-01 08:00:04.186 638 638 I AndroidRuntime: Leaving lock profiling enabled
01-01 08:00:04.167 663 663 W android.hardwar: type=1400 audit(0.0:30): avc: denied { search } for name="data" dev="dm-70" ino=270 scontext=u:r:hal_neuralnetworks_default:s0 tcontext=u:object_r:system_data_file:s0:c512,c768 tclass=dir permissive=0
01-01 08:00:04.167 663 663 W android.hardwar: type=1400 audit(0.0:31): avc: denied { search } for name="data" dev="dm-70" ino=270 scontext=u:r:hal_neuralnetworks_default:s0 tcontext=u:object_r:system_data_file:s0:c512,c768 tclass=dir permissive=0
01-01 08:00:04.167 663 663 W android.hardwar: type=1400 audit(0.0:32): avc: denied { search } for name="data" dev="dm-70" ino=270 scontext=u:r:hal_neuralnetworks_default:s0 tcontext=u:object_r:system_data_file:s0:c512,c768 tclass=dir permissive=0
01-01 08:00:04.167 663 663 W android.hardwar: type=1400 audit(0.0:33): avc: denied { search } for name="data" dev="dm-70" ino=270 scontext=u:r:hal_neuralnetworks_default:s0 tcontext=u:object_r:system_data_file:s0:c512,c768 tclass=dir permissive=0
01-01 08:00:04.167 663 663 W android.hardwar: type=1400 audit(0.0:34): avc: denied { search } for name="data" dev="dm-70" ino=270 scontext=u:r:hal_neuralnetworks_default:s0 tcontext=u:object_r:system_data_file:s0:c512,c768 tclass=dir permissive=0
01-01 08:00:04.167 663 663 W android.hardwar: type=1400 audit(0.0:35): avc: denied { search } for name="data" dev="dm-70" ino=270 scontext=u:r:hal_neuralnetworks_default:s0 tcontext=u:object_r:system_data_file:s0:c512,c768 tclass=dir permissive=0
01-01 08:00:04.167 663 663 W android.hardwar: type=1400 audit(0.0:36): avc: denied { search } for name="data" dev="dm-70" ino=270 scontext=u:r:hal_neuralnetworks_default:s0 tcontext=u:object_r:system_data_file:s0:c512,c768 tclass=dir permissive=0
01-01 08:00:04.167 663 663 W android.hardwar: type=1400 audit(0.0:37): avc: denied { search } for name="data" dev="dm-70" ino=270 scontext=u:r:hal_neuralnetworks_default:s0 tcontext=u:object_r:system_data_file:s0:c512,c768 tclass=dir permissive=0
01-01 08:00:04.167 663 663 W android.hardwar: type=1400 audit(0.0:38): avc: denied { search } for name="data" dev="dm-70" ino=270 scontext=u:r:hal_neuralnetworks_default:s0 tcontext=u:object_r:system_data_file:s0:c512,c768 tclass=dir permissive=0
01-01 08:00:04.167 663 663 W android.hardwar: type=1400 audit(0.0:39): avc: denied { search } for name="data" dev="dm-70" ino=270 scontext=u:r:hal_neuralnetworks_default:s0 tcontext=u:object_r:system_data_file:s0:c512,c768 tclass=dir permissive=0
01-01 08:00:04.167 663 663 W android.hardwar: type=1400 audit(0.0:40): avc: denied { search } for name="data" dev="dm-70" ino=270 scontext=u:r:hal_neuralnetworks_default:s0 tcontext=u:object_r:system_data_file:s0:c512,c768 tclass=dir permissive=0
01-01 08:00:04.167 663 663 W android.hardwar: type=1400 audit(0.0:41): avc: denied { search } for name="data" dev="dm-70" ino=270 scontext=u:r:hal_neuralnetworks_default:s0 tcontext=u:object_r:system_data_file:s0:c512,c768 tclass=dir permissive=0
01-01 08:00:04.167 663 663 W android.hardwar: type=1400 audit(0.0:42): avc: denied { search } for name="data" dev="dm-70" ino=270 scontext=u:r:hal_neuralnetworks_default:s0 tcontext=u:object_r:system_data_file:s0:c512,c768 tclass=dir permissive=0
01-01 08:00:04.167 663 663 W android.hardwar: type=1400 audit(0.0:43): avc: denied { search } for name="data" dev="dm-70" ino=270 scontext=u:r:hal_neuralnetworks_default:s0 tcontext=u:object_r:system_data_file:s0:c512,c768 tclass=dir permissive=0
01-01 08:00:04.167 663 663 W android.hardwar: type=1400 audit(0.0:44): avc: denied { search } for name="data" dev="dm-70" ino=270 scontext=u:r:hal_neuralnetworks_default:s0 tcontext=u:object_r:system_data_file:s0:c512,c768 tclass=dir permissive=0
01-01 08:00:04.167 663 663 W android.hardwar: type=1400 audit(0.0:45): avc: denied { search } for name="data" dev="dm-70" ino=270 scontext=u:r:hal_neuralnetworks_default:s0 tcontext=u:object_r:system_data_file:s0:c512,c768 tclass=dir permissive=0
01-01 08:00:15.937 1 1 I init: processing action (persist.sys.usb.config=* && boot) from (/system/etc/init/hw/init.usb.rc:108)
01-01 08:00:15.944 1 1 I init: starting service 'vendor.realtek.voututil-service'...
01-01 08:00:15.945 324 324 E realtek-i2c 9801ba00.i2c-4: rtk_i2c_handle_tx_abort: slave address not acknowledged (7bit mode)
01-01 08:00:04.217 278 278 I hwservicemanager: getTransport: Cannot find entry android.hardware.audio.effect@7.1::IEffectsFactory/default in either framework or device VINTF manifest.
01-01 08:00:04.234 663 663 W libc: Access denied finding property "VIV_VX_ENABLE_SHADER"
01-01 08:00:04.234 663 663 W libc: Access denied finding property "VSI_NN_ENABLE_OPCHECK"
01-01 08:00:04.234 663 663 W libc: Access denied finding property "VSI_NN_ENABLE_CONCAT_OPTIMIZE"
01-01 08:00:04.234 663 663 W libc: Access denied finding property "VSI_NN_ENABLE_I8TOU8"
01-01 08:00:04.234 663 663 W libc: Access denied finding property "VSI_NN_ENABLE_DATACONVERT_OPTIMIZE"
01-01 08:00:04.234 663 663 W libc: Access denied finding property "VSI_VX_ENABLE_STREAM_PROCESSOR"
01-01 08:00:04.234 663 663 W libc: Access denied finding property "VSI_NN_FORCE_RGB888_OUT_NHWC"
01-01 08:00:04.234 663 663 W libc: Access denied finding property "VSI_NN_ENABLE_SLICE_OPTIMIZE"
01-01 08:00:04.234 663 663 W libc: Access denied finding property "VSI_VX_ENABLE_BATCH_OPT"
01-01 08:00:04.234 663 663 W libc: Access denied finding property "VSI_SAVE_FILE_TYPE"
01-01 08:00:04.235 663 663 W libc: Access denied finding property "VSI_USE_IMAGE_PROCESS"
01-01 08:00:04.235 663 663 W libc: Access denied finding property "VSI_USE_FROM_HANDLE"
01-01 08:00:15.952 1 1 I init: ... started service 'vendor.realtek.voututil-service' has pid 756
01-01 08:00:15.970 736 736 I goodix-ts 1-0014: I2C Addr is 14
01-01 08:00:15.987 324 324 E realtek-i2c 9801ba00.i2c-4: rtk_i2c_handle_tx_abort: slave address not acknowledged (7bit mode)
01-01 08:00:15.990 1 1 I init: Control message: Processed ctl.interface_start for 'aidl/vendor.realtek.voututil.IVoutUtil/default' from pid: 273 (/system/bin/servicemanager)
01-01 08:00:15.990 1 1 I init: processing action (boot) from (/system/etc/init/dumpstate.rc:1)
01-01 08:00:15.990 1 1 I init: Command 'chown root mount /sys/kernel/debug/mmc0/mmc0:0001/ext_csd' action=boot (/system/etc/init/dumpstate.rc:3) took 0ms and failed: lchown() failed: Permission denied
01-01 08:00:15.990 1 1 I init: Command 'chmod 0440 /sys/kernel/debug/mmc0/mmc0:0001/ext_csd' action=boot (/system/etc/init/dumpstate.rc:4) took 0ms and failed: fchmodat() failed: Permission denied
01-01 08:00:04.239 278 278 I hwservicemanager: getTransport: Cannot find entry android.hardware.audio@7.1::IDevicesFactory/default in either framework or device VINTF manifest.
01-01 08:00:04.243 638 638 I zygote64: option[0]=-Xzygote
01-01 08:00:04.243 638 638 I zygote64: option[1]=exit
01-01 08:00:04.243 638 638 I zygote64: option[2]=vfprintf
01-01 08:00:04.243 638 638 I zygote64: option[3]=sensitiveThread
01-01 08:00:04.243 638 638 I zygote64: option[4]=-verbose:gc
01-01 08:00:04.243 638 638 I zygote64: option[5]=-XX:PerfettoHprof=true
01-01 08:00:04.243 638 638 I zygote64: option[6]=-XX:PerfettoJavaHeapStackProf=true
01-01 08:00:04.243 638 638 I zygote64: option[7]=-Xprimaryzygote
01-01 08:00:04.243 638 638 I zygote64: option[8]=-Xms8m
01-01 08:00:04.243 638 638 I zygote64: option[9]=-Xmx384m
01-01 08:00:04.243 638 638 I zygote64: option[10]=-XX:HeapGrowthLimit=256m
01-01 08:00:04.243 638 638 I zygote64: option[11]=-XX:HeapMinFree=512k
01-01 08:00:04.243 638 638 I zygote64: option[12]=-XX:HeapMaxFree=8m
01-01 08:00:04.243 638 638 I zygote64: option[13]=-XX:HeapTargetUtilization=0.75
01-01 08:00:04.243 638 638 I zygote64: option[14]=-Xusejit:true
01-01 08:00:04.243 638 638 I zygote64: option[15]=-Xjitsaveprofilinginfo
01-01 08:00:04.243 638 638 I zygote64: option[16]=-XMadviseWillNeedVdexFileSize:104857600
01-01 08:00:04.243 638 638 I zygote64: option[17]=-XMadviseWillNeedOdexFileSize:104857600
01-01 08:00:04.243 638 638 I zygote64: option[18]=-XMadviseWillNeedArtFileSize:4294967295
01-01 08:00:04.243 638 638 I zygote64: option[19]=-XjdwpOptions:suspend=n,server=y
01-01 08:00:04.243 638 638 I zygote64: option[20]=-XjdwpProvider:default
01-01 08:00:04.243 638 638 I zygote64: option[21]=-Xopaque-jni-ids:swapable
01-01 08:00:04.243 638 638 I zygote64: option[22]=-Xlockprofthreshold:500
01-01 08:00:04.243 638 638 I zygote64: option[23]=-Xcompiler-option
01-01 08:00:04.243 638 638 I zygote64: option[24]=-j2
01-01 08:00:04.243 638 638 I zygote64: option[25]=-Xcompiler-option
01-01 08:00:04.243 638 638 I zygote64: option[26]=--cpu-set=0,1
01-01 08:00:04.243 638 638 I zygote64: option[27]=-Xcompiler-option
01-01 08:00:04.243 638 638 I zygote64: option[28]=--instruction-set-variant=cortex-a55
01-01 08:00:04.243 638 638 I zygote64: option[29]=-Xcompiler-option
01-01 08:00:04.243 638 638 I zygote64: option[30]=--instruction-set-features=default
01-01 08:00:04.243 638 638 I zygote64: option[31]=-Xcompiler-option
01-01 08:00:04.243 638 638 I zygote64: option[32]=--generate-mini-debug-info
01-01 08:00:04.243 638 638 I zygote64: option[33]=-Ximage-compiler-option
01-01 08:00:04.243 638 638 I zygote64: option[34]=--runtime-arg
01-01 08:00:04.243 638 638 I zygote64: option[35]=-Ximage-compiler-option
01-01 08:00:04.243 638 638 I zygote64: option[36]=-Xms64m
01-01 08:00:04.243 638 638 I zygote64: option[37]=-Ximage-compiler-option
01-01 08:00:04.243 638 638 I zygote64: option[38]=--runtime-arg
01-01 08:00:04.243 638 638 I zygote64: option[39]=-Ximage-compiler-option
01-01 08:00:04.243 638 638 I zygote64: option[40]=-Xmx64m
01-01 08:00:04.243 638 638 I zygote64: option[41]=-Ximage-compiler-option
01-01 08:00:04.243 638 638 I zygote64: option[42]=--dirty-image-objects=/system/etc/dirty-image-objects
01-01 08:00:04.243 638 638 I zygote64: option[43]=-Ximage-compiler-option
01-01 08:00:04.243 638 638 I zygote64: option[44]=--instruction-set-variant=cortex-a55
01-01 08:00:04.243 638 638 I zygote64: option[45]=-Ximage-compiler-option
01-01 08:00:04.243 638 638 I zygote64: option[46]=--instruction-set-features=default
01-01 08:00:04.243 638 638 I zygote64: option[47]=-Ximage-compiler-option
01-01 08:00:04.243 638 638 I zygote64: option[48]=--generate-mini-debug-info
01-01 08:00:04.243 638 638 I zygote64: option[49]=-Duser.locale=en-US
01-01 08:00:04.243 638 638 I zygote64: option[50]=--cpu-abilist=arm64-v8a
01-01 08:00:04.243 638 638 I zygote64: option[51]=-Xcore-platform-api-policy:just-warn
01-01 08:00:04.243 638 638 I zygote64: option[52]=-Xfingerprint:Realtek/Kent1861A/RTD1861A:14/UD2A.231203.054/260608134415:userdebug/test-keys
01-01 08:00:15.996 736 736 I goodix-ts 1-0014: IC Version: 9110_3003
01-01 08:00:15.997 324 324 E realtek-i2c 9801ba00.i2c-4: rtk_i2c_handle_tx_abort: slave address not acknowledged (7bit mode)
01-01 08:00:15.999 324 324 E realtek-i2c 9801ba00.i2c-4: rtk_i2c_handle_tx_abort: slave address not acknowledged (7bit mode)
01-01 08:00:16.001 1 1 I init: processing action (boot) from (/system/etc/init/gsid.rc:25)
01-01 08:00:04.227 663 663 W android.hardwar: type=1400 audit(0.0:46): avc: denied { read } for name="u:object_r:default_prop:s0" dev="tmpfs" ino=283 scontext=u:r:hal_neuralnetworks_default:s0 tcontext=u:object_r:default_prop:s0 tclass=file permissive=0
01-01 08:00:04.227 663 663 W android.hardwar: type=1400 audit(0.0:47): avc: denied { read } for name="u:object_r:default_prop:s0" dev="tmpfs" ino=283 scontext=u:r:hal_neuralnetworks_default:s0 tcontext=u:object_r:default_prop:s0 tclass=file permissive=0
01-01 08:00:16.003 1 1 I init: starting service 'exec 13 (/system/bin/gsid run-startup-tasks)'...
01-01 08:00:16.010 324 324 E realtek-i2c 9801ba00.i2c-4: rtk_i2c_handle_tx_abort: slave address not acknowledged (7bit mode)
01-01 08:00:16.013 1 1 I init: ... started service 'exec 13 (/system/bin/gsid run-startup-tasks)' has pid 760
01-01 08:00:04.263 350 396 W ServiceManagerCppClient: Waited one second for vendor.realtek.rtkdeviceservice.IRtkDeviceService/default (is service started? Number of threads started in the threadpool: 1. Are binder threads started and available?)
01-01 08:00:04.264 713 713 I ServiceManagerCppClient: Waiting for service 'media.metrics' on '/dev/binder'...
01-01 08:00:04.264 663 663 V NNAPI-VSI-SL: ANeuralNetworks_getDevice
01-01 08:00:04.227 663 663 W android.hardwar: type=1400 audit(0.0:48): avc: denied { read } for name="u:object_r:default_prop:s0" dev="tmpfs" ino=283 scontext=u:r:hal_neuralnetworks_default:s0 tcontext=u:object_r:default_prop:s0 tclass=file permissive=0
01-01 08:00:04.269 663 663 V NNAPI-VSI-SL: ANeuralNetworksDevice_getName
01-01 08:00:04.269 663 663 V NNAPI-VSI-SL: SL_ANeuralNetworksDevice_getPerformanceInfo
01-01 08:00:04.269 663 663 V NNAPI-VSI-SL: SL_ANeuralNetworksDevice_getPerformanceInfo
01-01 08:00:04.269 663 663 V NNAPI-VSI-SL: SL_ANeuralNetworksDevice_getPerformanceInfo
01-01 08:00:04.269 663 663 V NNAPI-VSI-SL: SL_ANeuralNetworksDevice_getPerformanceInfo
01-01 08:00:04.269 663 663 V NNAPI-VSI-SL: SL_ANeuralNetworksDevice_forEachOperandPerformanceInfo
01-01 08:00:04.269 663 663 V NNAPI-VSI-SL: SL_ANeuralNetworksDevice_getNumberOfCacheFilesNeeded
01-01 08:00:04.269 663 663 V NNAPI-VSI-SL: SL_ANeuralNetworksDevice_getVendorExtensionCount
01-01 08:00:04.269 663 663 I ShimDeviceManager: Attempting service registration for android.hardware.neuralnetworks.IDevice/nnapi-sample_sl_updatable
01-01 08:00:04.269 756 756 I AidlLazyServiceRegistrar: Registering service vendor.realtek.voututil.IVoutUtil/default
01-01 08:00:04.270 756 756 D aidl.vendor.realtek.voututil-service-lazy: Realtek VoutUtilImpl AIDL Service is started
01-01 08:00:04.270 663 663 I ShimDeviceManager: 1 NNAPI Devices/services registered, blocking
01-01 08:00:16.015 324 324 E realtek-i2c 9801ba00.i2c-4: rtk_i2c_handle_tx_abort: slave address not acknowledged (7bit mode)
01-01 08:00:16.016 273 273 I BpBinder: onLastStrongRef automatically unlinking death recipients:
01-01 08:00:16.017 1 1 I init: processing action (persist.device_config.profcollect_native_boot.enabled= && boot) from (/system/etc/init/profcollectd.rc:19)
01-01 08:00:16.022 273 273 I servicemanager: Found vendor.realtek.voututil.IVoutUtil/default in device VINTF manifest.
01-01 08:00:16.023 273 273 I servicemanager: Found android.hardware.neuralnetworks.IDevice/nnapi-sample_sl_updatable in device VINTF manifest.
01-01 08:00:16.025 1 1 I init: starting service 'exec 14 (/system/bin/profcollectctl reset)'...
01-01 08:00:04.227 663 663 W android.hardwar: type=1400 audit(0.0:49): avc: denied { read } for name="u:object_r:default_prop:s0" dev="tmpfs" ino=283 scontext=u:r:hal_neuralnetworks_default:s0 tcontext=u:object_r:default_prop:s0 tclass=file permissive=0
01-01 08:00:16.031 1 1 I init: ... started service 'exec 14 (/system/bin/profcollectctl reset)' has pid 761
01-01 08:00:04.227 663 663 W android.hardwar: type=1400 audit(0.0:50): avc: denied { read } for name="u:object_r:default_prop:s0" dev="tmpfs" ino=283 scontext=u:r:hal_neuralnetworks_default:s0 tcontext=u:object_r:default_prop:s0 tclass=file permissive=0
01-01 08:00:04.283 738 738 I android.hardware.media.omx@1.0-rtk-service: mediacodecservice-rtk starting
01-01 08:00:04.289 738 738 W android.hardware.media.omx@1.0-rtk-service: libminijail[738]: failed to get path of fd 4: No such file or directory
01-01 08:00:04.289 738 738 W android.hardware.media.omx@1.0-rtk-service: libminijail[738]: allowing syscall: clock_gettime
01-01 08:00:04.289 738 738 W android.hardware.media.omx@1.0-rtk-service: libminijail[738]: allowing syscall: connect
01-01 08:00:04.289 738 738 W android.hardware.media.omx@1.0-rtk-service: libminijail[738]: allowing syscall: fcntl64
01-01 08:00:04.289 738 738 W android.hardware.media.omx@1.0-rtk-service: libminijail[738]: allowing syscall: socket
01-01 08:00:04.289 738 738 W android.hardware.media.omx@1.0-rtk-service: libminijail[738]: allowing syscall: writev
01-01 08:00:04.289 738 738 W android.hardware.media.omx@1.0-rtk-service: libminijail[738]: compile_file: (59): syscall getrandom redefined here
01-01 08:00:04.289 738 738 W android.hardware.media.omx@1.0-rtk-service: libminijail[738]: compile_file: (15): previous definition here
01-01 08:00:04.294 738 738 W android.hardware.media.omx@1.0-rtk-service: libminijail[738]: compile_file: /system/etc/seccomp_policy/crash_dump.arm.policy(1): syscall read redefined here
01-01 08:00:04.294 738 738 W android.hardware.media.omx@1.0-rtk-service: libminijail[738]: compile_file: (9): previous definition here
01-01 08:00:04.294 738 738 W android.hardware.media.omx@1.0-rtk-service: libminijail[738]: compile_file: /system/etc/seccomp_policy/crash_dump.arm.policy(2): syscall write redefined here
01-01 08:00:04.294 738 738 W android.hardware.media.omx@1.0-rtk-service: libminijail[738]: compile_file: (5): previous definition here
01-01 08:00:04.294 738 738 W android.hardware.media.omx@1.0-rtk-service: libminijail[738]: compile_file: /system/etc/seccomp_policy/crash_dump.arm.policy(3): syscall exit redefined here
01-01 08:00:04.294 738 738 W android.hardware.media.omx@1.0-rtk-service: libminijail[738]: compile_file: (40): previous definition here
01-01 08:00:04.294 738 738 W android.hardware.media.omx@1.0-rtk-service: libminijail[738]: compile_file: /system/etc/seccomp_policy/crash_dump.arm.policy(4): syscall rt_sigreturn redefined here
01-01 08:00:04.294 738 738 W android.hardware.media.omx@1.0-rtk-service: libminijail[738]: compile_file: (45): previous definition here
01-01 08:00:04.294 738 738 W android.hardware.media.omx@1.0-rtk-service: libminijail[738]: compile_file: /system/etc/seccomp_policy/crash_dump.arm.policy(6): syscall exit_group redefined here
01-01 08:00:04.294 738 738 W android.hardware.media.omx@1.0-rtk-service: libminijail[738]: compile_file: (44): previous definition here
01-01 08:00:04.294 738 738 W android.hardware.media.omx@1.0-rtk-service: libminijail[738]: compile_file: /system/etc/seccomp_policy/crash_dump.arm.policy(7): syscall clock_gettime redefined here
01-01 08:00:04.294 738 738 W android.hardware.media.omx@1.0-rtk-service: libminijail[738]: compile_file: (7): previous definition here
01-01 08:00:04.294 738 738 W android.hardware.media.omx@1.0-rtk-service: libminijail[738]: compile_file: /system/etc/seccomp_policy/crash_dump.arm.policy(8): syscall gettimeofday redefined here
01-01 08:00:04.294 738 738 W android.hardware.media.omx@1.0-rtk-service: libminijail[738]: compile_file: (47): previous definition here
01-01 08:00:04.294 738 738 W android.hardware.media.omx@1.0-rtk-service: libminijail[738]: compile_file: /system/etc/seccomp_policy/crash_dump.arm.policy(9): syscall futex redefined here
01-01 08:00:04.294 738 738 W android.hardware.media.omx@1.0-rtk-service: libminijail[738]: compile_file: (3): previous definition here
01-01 08:00:04.294 738 738 W android.hardware.media.omx@1.0-rtk-service: libminijail[738]: compile_file: /system/etc/seccomp_policy/crash_dump.arm.policy(10): syscall getrandom redefined here
01-01 08:00:04.294 738 738 W android.hardware.media.omx@1.0-rtk-service: libminijail[738]: compile_file: (15): previous definition here
01-01 08:00:04.294 738 738 W android.hardware.media.omx@1.0-rtk-service: libminijail[738]: compile_file: /system/etc/seccomp_policy/crash_dump.arm.policy(13): syscall ppoll redefined here
01-01 08:00:04.294 738 738 W android.hardware.media.omx@1.0-rtk-service: libminijail[738]: compile_file: (13): previous definition here
01-01 08:00:04.294 738 738 W android.hardware.media.omx@1.0-rtk-service: libminijail[738]: compile_file: /system/etc/seccomp_policy/crash_dump.arm.policy(14): syscall pipe2 redefined here
01-01 08:00:04.294 738 738 W android.hardware.media.omx@1.0-rtk-service: libminijail[738]: compile_file: (46): previous definition here
01-01 08:00:04.294 738 738 W android.hardware.media.omx@1.0-rtk-service: libminijail[738]: compile_file: /system/etc/seccomp_policy/crash_dump.arm.policy(15): syscall openat redefined here
01-01 08:00:04.294 738 738 W android.hardware.media.omx@1.0-rtk-service: libminijail[738]: compile_file: (30): previous definition here
01-01 08:00:04.294 738 738 W android.hardware.media.omx@1.0-rtk-service: libminijail[738]: compile_file: /system/etc/seccomp_policy/crash_dump.arm.policy(16): syscall dup redefined here
01-01 08:00:04.294 738 738 W android.hardware.media.omx@1.0-rtk-service: libminijail[738]: compile_file: (12): previous definition here
01-01 08:00:04.294 738 738 W android.hardware.media.omx@1.0-rtk-service: libminijail[738]: compile_file: /system/etc/seccomp_policy/crash_dump.arm.policy(17): syscall close redefined here
01-01 08:00:04.294 738 738 W android.hardware.media.omx@1.0-rtk-service: libminijail[738]: compile_file: (10): previous definition here
01-01 08:00:04.294 738 738 W android.hardware.media.omx@1.0-rtk-service: libminijail[738]: compile_file: /system/etc/seccomp_policy/crash_dump.arm.policy(18): syscall lseek redefined here
01-01 08:00:04.294 738 738 W android.hardware.media.omx@1.0-rtk-service: libminijail[738]: compile_file: (50): previous definition here
01-01 08:00:04.294 738 738 W android.hardware.media.omx@1.0-rtk-service: libminijail[738]: compile_file: /system/etc/seccomp_policy/crash_dump.arm.policy(19): syscall getdents64 redefined here
01-01 08:00:04.294 738 738 W android.hardware.media.omx@1.0-rtk-service: libminijail[738]: compile_file: (58): previous definition here
01-01 08:00:04.294 738 738 W android.hardware.media.omx@1.0-rtk-service: libminijail[738]: compile_file: /system/etc/seccomp_policy/crash_dump.arm.policy(20): syscall faccessat redefined here
01-01 08:00:04.294 738 738 W android.hardware.media.omx@1.0-rtk-service: libminijail[738]: compile_file: (38): previous definition here
01-01 08:00:04.294 738 738 W android.hardware.media.omx@1.0-rtk-service: libminijail[738]: compile_file: /system/etc/seccomp_policy/crash_dump.arm.policy(26): syscall rt_sigprocmask redefined here
01-01 08:00:04.294 738 738 W android.hardware.media.omx@1.0-rtk-service: libminijail[738]: compile_file: (41): previous definition here
01-01 08:00:04.294 738 738 W android.hardware.media.omx@1.0-rtk-service: libminijail[738]: compile_file: /system/etc/seccomp_policy/crash_dump.arm.policy(29): syscall prctl redefined here
01-01 08:00:04.294 738 738 W android.hardware.media.omx@1.0-rtk-service: libminijail[738]: compile_file: (6): previous definition here
01-01 08:00:04.295 738 738 W android.hardware.media.omx@1.0-rtk-service: libminijail[738]: compile_file: /system/etc/seccomp_policy/crash_dump.arm.policy(30): syscall madvise redefined here
01-01 08:00:04.295 738 738 W android.hardware.media.omx@1.0-rtk-service: libminijail[738]: compile_file: (29): previous definition here
01-01 08:00:04.295 738 738 W android.hardware.media.omx@1.0-rtk-service: libminijail[738]: compile_file: /system/etc/seccomp_policy/crash_dump.arm.policy(31): syscall mprotect redefined here
01-01 08:00:04.295 738 738 W android.hardware.media.omx@1.0-rtk-service: libminijail[738]: compile_file: (28): previous definition here
01-01 08:00:04.295 738 738 W android.hardware.media.omx@1.0-rtk-service: libminijail[738]: compile_file: /system/etc/seccomp_policy/crash_dump.arm.policy(32): syscall munmap redefined here
01-01 08:00:04.295 738 738 W android.hardware.media.omx@1.0-rtk-service: libminijail[738]: compile_file: (27): previous definition here
01-01 08:00:04.295 738 738 W android.hardware.media.omx@1.0-rtk-service: libminijail[738]: compile_file: /system/etc/seccomp_policy/crash_dump.arm.policy(33): syscall getuid32 redefined here
01-01 08:00:04.299 760 760 I gsid: no DSU: No such file or directory
01-01 08:00:04.303 738 738 W android.hardware.media.omx@1.0-rtk-service: libminijail[738]: compile_file: (34): previous definition here
01-01 08:00:04.303 738 738 W android.hardware.media.omx@1.0-rtk-service: libminijail[738]: compile_file: /system/etc/seccomp_policy/crash_dump.arm.policy(34): syscall fstat64 redefined here
01-01 08:00:04.303 738 738 W android.hardware.media.omx@1.0-rtk-service: libminijail[738]: compile_file: (35): previous definition here
01-01 08:00:04.303 738 738 W android.hardware.media.omx@1.0-rtk-service: libminijail[738]: compile_file: /system/etc/seccomp_policy/crash_dump.arm.policy(35): syscall mmap2 redefined here
01-01 08:00:04.303 738 738 W android.hardware.media.omx@1.0-rtk-service: libminijail[738]: compile_file: (14): previous definition here
01-01 08:00:04.304 738 738 W android.hardware.media.omx@1.0-rtk-service: libminijail[738]: compile_file: (67): syscall recvfrom redefined here
01-01 08:00:04.304 738 738 W android.hardware.media.omx@1.0-rtk-service: libminijail[738]: compile_file: /system/etc/seccomp_policy/crash_dump.arm.policy(22): previous definition here
01-01 08:00:04.304 738 738 W android.hardware.media.omx@1.0-rtk-service: libminijail[738]: logging seccomp filter failures
01-01 08:00:16.056 1 1 I init: Service 'exec 13 (/system/bin/gsid run-startup-tasks)' (pid 760) exited with status 0 oneshot service took 0.044000 seconds in background
01-01 08:00:16.058 736 736 E goodix-ts 1-0014: Sensor_ID: 0
01-01 08:00:16.060 324 324 E realtek-i2c 9801ba00.i2c-4: rtk_i2c_handle_tx_abort: slave address not acknowledged (7bit mode)
01-01 08:00:16.061 736 736 E goodix-ts 1-0014: Config group0 used,length: 186
01-01 08:00:16.072 324 324 E realtek-i2c 9801ba00.i2c-4: rtk_i2c_handle_tx_abort: slave address not acknowledged (7bit mode)
01-01 08:00:16.074 1 1 I init: Sending signal 9 to service 'exec 13 (/system/bin/gsid run-startup-tasks)' (pid 760) process group...
01-01 08:00:04.227 663 663 W android.hardwar: type=1400 audit(0.0:51): avc: denied { read } for name="u:object_r:default_prop:s0" dev="tmpfs" ino=283 scontext=u:r:hal_neuralnetworks_default:s0 tcontext=u:object_r:default_prop:s0 tclass=file permissive=0
01-01 08:00:16.079 1 1 I libprocessgroup: Successfully killed process cgroup uid 0 pid 760 in 0ms
01-01 08:00:04.227 663 663 W android.hardwar: type=1400 audit(0.0:52): avc: denied { read } for name="u:object_r:default_prop:s0" dev="tmpfs" ino=283 scontext=u:r:hal_neuralnetworks_default:s0 tcontext=u:object_r:default_prop:s0 tclass=file permissive=0
01-01 08:00:04.231 663 663 W android.hardwar: type=1400 audit(0.0:53): avc: denied { read } for name="u:object_r:default_prop:s0" dev="tmpfs" ino=283 scontext=u:r:hal_neuralnetworks_default:s0 tcontext=u:object_r:default_prop:s0 tclass=file permissive=0
01-01 08:00:04.340 738 738 D RTK_omx_core: OMX core: OMX_Init...
01-01 08:00:16.084 1 1 I init: processing action (boot) from (/vendor/etc/init/init.kent.rc:217)
01-01 08:00:04.340 738 738 D RTK_omx_core: [+]firmware_init
01-01 08:00:04.340 738 738 D RPCProxy: InitRPCProxy start pid:738 tid:738 name:RPC_Thread_VCPU
01-01 08:00:04.343 639 639 D AndroidRuntime: >>>>>> START com.android.internal.os.ZygoteInit uid 0 <<<<<<
01-01 08:00:04.349 638 638 I zygote64: Core platform API reporting enabled, enforcing=false
01-01 08:00:16.085 324 324 E realtek-i2c 9801ba00.i2c-4: rtk_i2c_handle_tx_abort: slave address not acknowledged (7bit mode)
01-01 08:00:04.352 351 358 D VehicleRTKHal: In[setValues][512]
01-01 08:00:04.352 351 358 D VehicleRTKHardware: Set value for property ID: 291504901
01-01 08:00:04.353 351 359 D VehicleRTKHardware: In[setValue][799] prop =291504901 ,289408515
01-01 08:00:04.353 351 359 D VehicleRTKHardware: In[setValue][825].. wirte success...
01-01 08:00:04.354 351 358 D VehicleRTKHal: In[setValues][512]
01-01 08:00:04.354 351 358 D VehicleRTKHardware: Set value for property ID: 291504647
01-01 08:00:04.354 638 638 I zygote64: Using CollectorTypeCC GC.
01-01 08:00:04.231 663 663 W android.hardwar: type=1400 audit(0.0:54): avc: denied { read } for name="u:object_r:default_prop:s0" dev="tmpfs" ino=283 scontext=u:r:hal_neuralnetworks_default:s0 tcontext=u:object_r:default_prop:s0 tclass=file permissive=0
01-01 08:00:04.231 663 663 W android.hardwar: type=1400 audit(0.0:55): avc: denied { read } for name="u:object_r:default_prop:s0" dev="tmpfs" ino=283 scontext=u:r:hal_neuralnetworks_default:s0 tcontext=u:object_r:default_prop:s0 tclass=file permissive=0
01-01 08:00:04.231 663 663 W android.hardwar: type=1400 audit(0.0:56): avc: denied { read } for name="u:object_r:default_prop:s0" dev="tmpfs" ino=283 scontext=u:r:hal_neuralnetworks_default:s0 tcontext=u:object_r:default_prop:s0 tclass=file permissive=0
01-01 08:00:04.355 738 738 D RPCProxy: InitRPCProxy END
01-01 08:00:04.355 738 738 D vo_hifi_wrap_rpc: [_WRAP_VORPC_Register_HiFi][338] [WRAP]
01-01 08:00:04.355 738 738 D RPCProxy: InitRPCProxy start pid:738 tid:738 name:RPC_Thread_HIFI
01-01 08:00:04.364 351 359 D VehicleRTKHardware: In[setValue][799] prop =291504647 ,289408515
01-01 08:00:04.364 351 359 D VehicleRTKHardware: In[setValue][825].. wirte success...
01-01 08:00:04.364 351 358 D VehicleRTKHal: In[setValues][512]
01-01 08:00:04.364 351 358 D VehicleRTKHardware: Set value for property ID: 291504903
01-01 08:00:04.365 351 359 D VehicleRTKHardware: In[setValue][799] prop =291504903 ,289408515
01-01 08:00:04.365 351 359 D VehicleRTKHardware: In[setValue][825].. wirte success...
01-01 08:00:04.367 351 358 D VehicleRTKHal: In[setValues][512]
01-01 08:00:04.367 351 358 D VehicleRTKHardware: Set value for property ID: 291504897
