01-01 08:00:08.945 970 996 I SystemConfig: Reading permissions from /product/etc/sysconfig/preinstalled-packages-platform-aosp-product.xml
01-01 08:00:08.945 970 996 I SystemConfig: Reading permissions from /product/etc/sysconfig/preinstalled-packages-platform-handheld-product.xml
01-01 08:00:08.946 970 996 I SystemConfig: Reading permissions from /product/etc/sysconfig/preinstalled-packages-platform-overlays.xml
01-01 08:00:20.696 324 324 E realtek-i2c 9801ba00.i2c-4: rtk_i2c_handle_tx_abort: slave address not acknowledged (7bit mode)
01-01 08:00:08.947 970 996 I SystemConfig: Reading permissions from /product/etc/sysconfig/preinstalled-packages-platform-telephony-product.xml
01-01 08:00:08.947 970 996 I SystemConfig: Reading permissions from /product/etc/sysconfig/preinstalled-packages-product-car-emulator.xml
01-01 08:00:08.949 970 996 I SystemConfig: Reading permissions from /product/etc/sysconfig/preinstalled-packages-yrdata.xml
01-01 08:00:20.699 324 324 E realtek-i2c 9801ba00.i2c-4: rtk_i2c_handle_tx_abort: slave address not acknowledged (7bit mode)
01-01 08:00:08.949 970 996 I SystemConfig: Reading permissions from /product/etc/permissions/com.android.contacts.xml
01-01 08:00:08.950 970 996 I SystemConfig: Reading permissions from /product/etc/permissions/com.android.imsserviceentitlement.xml
01-01 08:00:08.950 970 996 I SystemConfig: Reading permissions from /product/etc/permissions/com.android.settings.intelligence.xml
01-01 08:00:08.951 970 996 I SystemConfig: Reading permissions from /product/etc/permissions/privapp-permissions-com.auto.audiochannel.xml
01-01 08:00:08.951 970 996 I SystemConfig: Reading permissions from /product/etc/permissions/privapp-permissions-com.auto.radio.xml
01-01 08:00:08.952 970 996 I SystemConfig: Reading permissions from /product/etc/permissions/privapp-permissions-com.publicos.auth.xml
01-01 08:00:08.952 970 996 I SystemConfig: Reading permissions from /product/etc/permissions/privapp-permissions-com.publicos.bluetoothphone.xml
01-01 08:00:08.952 970 996 I SystemConfig: Reading permissions from /product/etc/permissions/privapp-permissions-com.publicos.panorama.xml
01-01 08:00:08.953 970 996 I SystemConfig: Reading permissions from /product/etc/permissions/privapp-whitelist_com.publicos.music.xml
01-01 08:00:08.953 970 996 W SystemConfig: No directory /system_ext/etc/sysconfig, skipping
01-01 08:00:08.953 970 996 I SystemConfig: Reading permissions from /system_ext/etc/permissions/androidx.window.extensions.xml
01-01 08:00:08.953 970 996 I SystemConfig: Reading permissions from /system_ext/etc/permissions/androidx.window.sidecar.xml
01-01 08:00:08.954 970 996 I SystemConfig: Reading permissions from /system_ext/etc/permissions/com.android.car.developeroptions.xml
01-01 08:00:20.702 324 324 E realtek-i2c 9801ba00.i2c-4: rtk_i2c_handle_tx_abort: slave address not acknowledged (7bit mode)
01-01 08:00:20.705 324 324 E realtek-i2c 9801ba00.i2c-4: rtk_i2c_handle_tx_abort: slave address not acknowledged (7bit mode)
01-01 08:00:08.957 970 996 I SystemConfig: Reading permissions from /system_ext/etc/permissions/com.android.car.provision.xml
01-01 08:00:08.957 970 996 I SystemConfig: Reading permissions from /system_ext/etc/permissions/com.android.carrierconfig.xml
01-01 08:00:08.958 970 996 I SystemConfig: Reading permissions from /system_ext/etc/permissions/com.android.carsystemui.xml
01-01 08:00:08.958 970 996 I SystemConfig: Reading permissions from /system_ext/etc/permissions/com.android.emergency.xml
01-01 08:00:08.958 970 996 I SystemConfig: Reading permissions from /system_ext/etc/permissions/com.android.storagemanager.xml
01-01 08:00:08.959 970 996 I SystemConfig: Reading permissions from /system_ext/etc/permissions/com.android.systemui.xml
01-01 08:00:20.709 324 324 E realtek-i2c 9801ba00.i2c-4: rtk_i2c_handle_tx_abort: slave address not acknowledged (7bit mode)
01-01 08:00:20.712 324 324 E realtek-i2c 9801ba00.i2c-4: rtk_i2c_handle_tx_abort: slave address not acknowledged (7bit mode)
01-01 08:00:08.960 970 996 I SystemConfig: Reading permissions from /system_ext/etc/permissions/privapp-permissions-com.yrdata.dynamicwallpaper.xml
01-01 08:00:08.960 970 996 I SystemConfig: Reading permissions from /system_ext/etc/permissions/privapp-whitelist_com.auto.settings.xml
01-01 08:00:08.961 970 996 I SystemConfig: Reading permissions from /apex/com.android.tethering/etc/permissions/permissions.xml
01-01 08:00:08.962 970 996 I SystemConfig: Reading permissions from /apex/com.android.mediaprovider/etc/permissions/privapp_allowlist_com.android.providers.media.module.xml
01-01 08:00:08.963 970 996 I SystemConfig: Reading permissions from /apex/com.android.adservices/etc/permissions/privapp_allowlist_com.android.adservices.api.xml
01-01 08:00:08.964 970 996 I SystemConfig: Reading permissions from /apex/com.android.ipsec/etc/permissions/android.net.ipsec.ike.xml
01-01 08:00:08.964 970 996 I SystemConfig: Reading permissions from /apex/com.android.extservices/etc/permissions/privapp_allowlist_android.ext.services.xml
01-01 08:00:20.715 324 324 E realtek-i2c 9801ba00.i2c-4: rtk_i2c_handle_tx_abort: slave address not acknowledged (7bit mode)
01-01 08:00:08.965 970 996 I SystemConfig: Reading permissions from /apex/com.android.permission/etc/permissions/privapp_allowlist_com.android.permissioncontroller.xml
01-01 08:00:08.967 970 996 I SystemConfig: Reading permissions from /apex/com.android.devicelock/etc/permissions/privapp_allowlist_com.android.devicelockcontroller.xml
01-01 08:00:08.967 970 996 I SystemConfig: Reading permissions from /apex/com.android.healthfitness/etc/permissions/privapp_allowlist_com.android.healthconnect.controller.xml
01-01 08:00:08.968 970 996 I SystemConfig: Reading permissions from /apex/com.android.btservices/etc/permissions/privapp_allowlist_com.android.bluetooth.xml
01-01 08:00:20.718 324 324 E realtek-i2c 9801ba00.i2c-4: rtk_i2c_handle_tx_abort: slave address not acknowledged (7bit mode)
01-01 08:00:20.721 324 324 E realtek-i2c 9801ba00.i2c-4: rtk_i2c_handle_tx_abort: slave address not acknowledged (7bit mode)
01-01 08:00:20.723 324 324 E realtek-i2c 9801ba00.i2c-4: rtk_i2c_handle_tx_abort: slave address not acknowledged (7bit mode)
01-01 08:00:08.974 970 996 W SystemConfig: Failed to read public libraries file /vendor/etc/public.libraries.txt java.io.FileNotFoundException: /vendor/etc/public.libraries.txt: open failed: ENOENT (No such file or directory)
at libcore.io.IoBridge.open(IoBridge.java:574)
at java.io.FileInputStream.(FileInputStream.java:160)
at java.io.FileReader.(FileReader.java:75)
at com.android.server.SystemConfig.readPublicLibrariesListFile(SystemConfig.java:1818)
at com.android.server.SystemConfig.readPublicNativeLibrariesList(SystemConfig.java:1800)
at com.android.server.SystemConfig.(SystemConfig.java:565)
at com.android.server.SystemConfig.getInstance(SystemConfig.java:366)
at com.android.server.SystemServer$$ExternalSyntheticLambda3.run(R8$$SyntheticClass:0)
at com.android.server.SystemServerInitThreadPool.lambda$submitTask$0(SystemServerInitThreadPool.java:107)
at com.android.server.SystemServerInitThreadPool.$r8$lambda$iar571g8isa6ZrPZMHj1USmyX48(SystemServerInitThreadPool.java:0)
at com.android.server.SystemServerInitThreadPool$$ExternalSyntheticLambda0.run(R8$$SyntheticClass:0)
at java.util.concurrent.Executors$RunnableAdapter.call(Executors.java:487)
at java.util.concurrent.FutureTask.run(FutureTask.java:264)
at java.util.concurrent.ThreadPoolExecutor.runWorker(ThreadPoolExecutor.java:1145)
at java.util.concurrent.ThreadPoolExecutor$Worker.run(ThreadPoolExecutor.java:644)
at com.android.internal.util.ConcurrentUtils$1$1.run(ConcurrentUtils.java:65)
Caused by: android.system.ErrnoException: open failed: ENOENT (No such file or directory)
at libcore.io.Linux.open(Native Method)
at libcore.io.ForwardingOs.open(ForwardingOs.java:563)
at libcore.io.BlockGuardOs.open(BlockGuardOs.java:274)
at libcore.io.IoBridge.open(IoBridge.java:560)
... 15 more
01-01 08:00:08.974 970 996 V SystemConfig: readAllPermissions took to complete: 114ms
01-01 08:00:08.975 970 996 D SystemServerInitThreadPool: Finished executing ReadingSystemConfig
01-01 08:00:08.975 970 996 V SystemServerTimingAsync: InitThreadPoolExec:ReadingSystemConfig took to complete: 114ms
01-01 08:00:20.726 324 324 E realtek-i2c 9801ba00.i2c-4: rtk_i2c_handle_tx_abort: slave address not acknowledged (7bit mode)
01-01 08:00:20.729 324 324 E realtek-i2c 9801ba00.i2c-4: rtk_i2c_handle_tx_abort: slave address not acknowledged (7bit mode)
01-01 08:00:20.732 324 324 E realtek-i2c 9801ba00.i2c-4: rtk_i2c_handle_tx_abort: slave address not acknowledged (7bit mode)
01-01 08:00:20.734 324 324 E realtek-i2c 9801ba00.i2c-4: rtk_i2c_handle_tx_abort: slave address not acknowledged (7bit mode)
01-01 08:00:20.737 324 324 E realtek-i2c 9801ba00.i2c-4: rtk_i2c_handle_tx_abort: slave address not acknowledged (7bit mode)
01-01 08:00:20.740 324 324 E realtek-i2c 9801ba00.i2c-4: rtk_i2c_handle_tx_abort: slave address not acknowledged (7bit mode)
01-01 08:00:08.992 970 970 D BatteryStatsImpl: Reading daily items from /data/system/batterystats-daily.xml
01-01 08:00:20.744 324 324 E realtek-i2c 9801ba00.i2c-4: rtk_i2c_handle_tx_abort: slave address not acknowledged (7bit mode)
01-01 08:00:20.747 324 324 E realtek-i2c 9801ba00.i2c-4: rtk_i2c_handle_tx_abort: slave address not acknowledged (7bit mode)
01-01 08:00:20.750 324 324 E realtek-i2c 9801ba00.i2c-4: rtk_i2c_handle_tx_abort: slave address not acknowledged (7bit mode)
01-01 08:00:09.002 970 1007 E BatteryStatsService: Unable to load Power.Stats.HAL. Setting rail availability to false
01-01 08:00:09.003 970 1007 D CompatibilityChangeReporter: Compat change id reported: 263076149; UID 1000; state: ENABLED
01-01 08:00:20.753 324 324 E realtek-i2c 9801ba00.i2c-4: rtk_i2c_handle_tx_abort: slave address not acknowledged (7bit mode)
01-01 08:00:20.756 324 324 E realtek-i2c 9801ba00.i2c-4: rtk_i2c_handle_tx_abort: slave address not acknowledged (7bit mode)
01-01 08:00:20.759 324 324 E realtek-i2c 9801ba00.i2c-4: rtk_i2c_handle_tx_abort: slave address not acknowledged (7bit mode)
01-01 08:00:09.009 970 1007 E BluetoothAdapter: Bluetooth service is null
01-01 08:00:09.017 970 1007 W KernelMemoryBandwidthStats: No kernel memory bandwidth stats available
01-01 08:00:20.765 324 324 E realtek-i2c 9801ba00.i2c-4: rtk_i2c_handle_tx_abort: slave address not acknowledged (7bit mode)
01-01 08:00:20.768 324 324 E realtek-i2c 9801ba00.i2c-4: rtk_i2c_handle_tx_abort: slave address not acknowledged (7bit mode)
01-01 08:00:20.771 324 324 E realtek-i2c 9801ba00.i2c-4: rtk_i2c_handle_tx_abort: slave address not acknowledged (7bit mode)
01-01 08:00:09.021 351 358 D VehicleRTKHal: In[setValues][512]
01-01 08:00:09.021 351 358 D VehicleRTKHardware: Set value for property ID: 291504901
01-01 08:00:09.021 351 359 D VehicleRTKHardware: In[setValue][799] prop =291504901 ,289408515
01-01 08:00:09.021 351 359 D VehicleRTKHardware: In[setValue][825].. wirte success...
01-01 08:00:09.022 351 358 D VehicleRTKHal: In[setValues][512]
01-01 08:00:09.022 351 358 D VehicleRTKHardware: Set value for property ID: 291504647
01-01 08:00:09.022 351 359 D VehicleRTKHardware: In[setValue][799] prop =291504647 ,289408515
01-01 08:00:09.022 351 359 D VehicleRTKHardware: In[setValue][825].. wirte success...
01-01 08:00:09.023 351 358 D VehicleRTKHal: In[setValues][512]
01-01 08:00:09.023 351 358 D VehicleRTKHardware: Set value for property ID: 291504903
01-01 08:00:09.023 351 359 D VehicleRTKHardware: In[setValue][799] prop =291504903 ,289408515
01-01 08:00:09.023 351 359 D VehicleRTKHardware: In[setValue][825].. wirte success...
01-01 08:00:09.024 351 358 D VehicleRTKHal: In[setValues][512]
01-01 08:00:09.024 351 358 D VehicleRTKHardware: Set value for property ID: 291504897
01-01 08:00:09.024 351 359 D VehicleRTKHardware: In[setValue][799] prop =291504897 ,289408515
01-01 08:00:09.024 351 359 D VehicleRTKHardware: In[setValue][825].. wirte success...
01-01 08:00:09.024 351 358 D VehicleRTKHal: In[setValues][512]
01-01 08:00:09.024 351 358 D VehicleRTKHardware: Set value for property ID: 289408000
01-01 08:00:09.024 351 359 D VehicleRTKHardware: In[setValue][799] prop =289408000 ,289408515
01-01 08:00:09.024 351 359 D VehicleRTKHardware: In[setValue][825].. wirte success...
01-01 08:00:09.024 351 358 D VehicleRTKHal: In[setValues][512]
01-01 08:00:09.024 351 358 D VehicleRTKHardware: Set value for property ID: 287310855
01-01 08:00:09.024 351 359 D VehicleRTKHardware: In[setValue][799] prop =287310855 ,289408515
01-01 08:00:09.024 351 359 D VehicleRTKHardware: In[setValue][825].. wirte success...
01-01 08:00:09.025 351 358 D VehicleRTKHal: In[setValues][512]
01-01 08:00:09.025 351 358 D VehicleRTKHardware: Set value for property ID: 291504644
01-01 08:00:09.025 351 359 D VehicleRTKHardware: In[setValue][799] prop =291504644 ,289408515
01-01 08:00:09.025 351 359 D VehicleRTKHardware: In[setValue][825].. wirte success...
01-01 08:00:09.025 351 358 D VehicleRTKHal: In[setValues][512]
01-01 08:00:09.025 351 358 D VehicleRTKHardware: Set value for property ID: 291504904
01-01 08:00:09.025 351 359 D VehicleRTKHardware: In[setValue][799] prop =291504904 ,289408515
01-01 08:00:09.025 351 359 D VehicleRTKHardware: In[setValue][825].. wirte success...
01-01 08:00:09.025 351 358 D VehicleRTKHal: In[setValues][512]
01-01 08:00:09.025 351 358 D VehicleRTKHardware: Set value for property ID: 291505923
01-01 08:00:09.025 351 359 D VehicleRTKHardware: In[setValue][799] prop =291505923 ,289408515
01-01 08:00:09.025 351 359 D VehicleRTKHardware: In[setValue][825].. wirte success...
01-01 08:00:20.774 324 324 E realtek-i2c 9801ba00.i2c-4: rtk_i2c_handle_tx_abort: slave address not acknowledged (7bit mode)
01-01 08:00:20.777 324 324 E realtek-i2c 9801ba00.i2c-4: rtk_i2c_handle_tx_abort: slave address not acknowledged (7bit mode)
01-01 08:00:20.780 324 324 E realtek-i2c 9801ba00.i2c-4: rtk_i2c_handle_tx_abort: slave address not acknowledged (7bit mode)
01-01 08:00:20.783 324 324 E realtek-i2c 9801ba00.i2c-4: rtk_i2c_handle_tx_abort: slave address not acknowledged (7bit mode)
01-01 08:00:20.785 324 324 E realtek-i2c 9801ba00.i2c-4: rtk_i2c_handle_tx_abort: slave address not acknowledged (7bit mode)
01-01 08:00:20.788 324 324 E realtek-i2c 9801ba00.i2c-4: rtk_i2c_handle_tx_abort: slave address not acknowledged (7bit mode)
01-01 08:00:20.791 324 324 E realtek-i2c 9801ba00.i2c-4: rtk_i2c_handle_tx_abort: slave address not acknowledged (7bit mode)
01-01 08:00:20.794 324 324 E realtek-i2c 9801ba00.i2c-4: rtk_i2c_handle_tx_abort: slave address not acknowledged (7bit mode)
01-01 08:00:20.796 324 324 E realtek-i2c 9801ba00.i2c-4: rtk_i2c_handle_tx_abort: slave address not acknowledged (7bit mode)
01-01 08:00:20.799 324 324 E realtek-i2c 9801ba00.i2c-4: rtk_i2c_handle_tx_abort: slave address not acknowledged (7bit mode)
01-01 08:00:20.802 324 324 E realtek-i2c 9801ba00.i2c-4: rtk_i2c_handle_tx_abort: slave address not acknowledged (7bit mode)
01-01 08:00:20.805 324 324 E realtek-i2c 9801ba00.i2c-4: rtk_i2c_handle_tx_abort: slave address not acknowledged (7bit mode)
01-01 08:00:20.808 324 324 E realtek-i2c 9801ba00.i2c-4: rtk_i2c_handle_tx_abort: slave address not acknowledged (7bit mode)
01-01 08:00:09.059 970 970 I IntentFirewall: Read new rules (A:0 B:0 S:0)
01-01 08:00:09.061 970 970 D OomAdjuster: Not killing cached processes
01-01 08:00:09.063 970 970 D AppOps: AppOpsService published
01-01 08:00:09.064 970 986 W android.permission.PermissionManager: Missing ActivityManager; assuming 1047 does not hold android.permission.MANAGE_APP_OPS_MODES
01-01 08:00:09.064 970 970 V SystemServerTiming: StartActivityManager took to complete: 136ms
01-01 08:00:09.064 970 970 D SystemServerTiming: StartDataLoaderManagerService
01-01 08:00:09.064 970 970 I SystemServiceManager: Starting com.android.server.pm.DataLoaderManagerService
01-01 08:00:20.811 324 324 E realtek-i2c 9801ba00.i2c-4: rtk_i2c_handle_tx_abort: slave address not acknowledged (7bit mode)
01-01 08:00:20.814 324 324 E realtek-i2c 9801ba00.i2c-4: rtk_i2c_handle_tx_abort: slave address not acknowledged (7bit mode)
01-01 08:00:20.816 324 324 E realtek-i2c 9801ba00.i2c-4: rtk_i2c_handle_tx_abort: slave address not acknowledged (7bit mode)
01-01 08:00:09.067 970 970 V SystemServerTiming: StartDataLoaderManagerService took to complete: 2ms
01-01 08:00:09.067 970 970 D SystemServerTiming: StartIncrementalService
01-01 08:00:09.071 970 970 I incfs-mounts: [incfs] Loaded incremental-fs mount info: 0 instances, 0 mount points
01-01 08:00:09.071 970 970 V SystemServerTiming: StartIncrementalService took to complete: 5ms
01-01 08:00:09.071 970 970 D SystemServerTiming: StartPowerManager
01-01 08:00:09.071 970 970 I SystemServiceManager: Starting com.android.server.power.PowerManagerService
01-01 08:00:20.819 324 324 E realtek-i2c 9801ba00.i2c-4: rtk_i2c_handle_tx_abort: slave address not acknowledged (7bit mode)
01-01 08:00:20.822 324 324 E realtek-i2c 9801ba00.i2c-4: rtk_i2c_handle_tx_abort: slave address not acknowledged (7bit mode)
01-01 08:00:09.079 664 664 I android.hardware.power-service.rtk: Power mode INTERACTIVE isModeSupported: 1
01-01 08:00:20.829 273 273 I servicemanager: Found android.hardware.power.IPower/default in device VINTF manifest.
01-01 08:00:09.080 664 664 I android.hardware.power-service.rtk: Power mode DOUBLE_TAP_TO_WAKE isModeSupported: 0
01-01 08:00:09.081 970 970 V SystemServerTiming: StartPowerManager took to complete: 10ms
01-01 08:00:09.081 970 970 D SystemServerTiming: StartThermalManager
01-01 08:00:09.081 970 970 I SystemServiceManager: Starting com.android.server.power.ThermalManagerService
01-01 08:00:09.082 970 970 V SystemServerTiming: StartThermalManager took to complete: 0ms
01-01 08:00:09.082 970 970 D SystemServerTiming: StartHintManager
01-01 08:00:09.082 970 970 I SystemServiceManager: Starting com.android.server.power.hint.HintManagerService
01-01 08:00:09.083 970 970 V SystemServerTiming: StartHintManager took to complete: 0ms
01-01 08:00:09.083 970 970 D SystemServerTiming: InitPowerManagement
01-01 08:00:09.084 970 970 V SystemServerTiming: InitPowerManagement took to complete: 1ms
01-01 08:00:09.085 970 970 D SystemServerTiming: StartRecoverySystemService
01-01 08:00:09.085 970 970 I SystemServiceManager: Starting com.android.server.recoverysystem.RecoverySystemService$Lifecycle
01-01 08:00:09.087 970 970 V SystemServerTiming: StartRecoverySystemService took to complete: 2ms
01-01 08:00:09.087 970 970 I PackageWatchdog: Syncing state, reason: added new observer
01-01 08:00:09.087 970 970 I PackageWatchdog: Not pruning observers, elapsed time: 0ms
01-01 08:00:09.088 970 970 I PackageWatchdog: Cancelling state sync, nothing to sync
01-01 08:00:09.088 970 999 I PackageWatchdog: Saving observer state to file
01-01 08:00:09.089 970 970 D SystemServerTiming: StartLightsService
01-01 08:00:09.089 970 970 I SystemServiceManager: Starting com.android.server.lights.LightsService
01-01 08:00:09.093 970 970 V SystemServerTiming: StartLightsService took to complete: 4ms
01-01 08:00:09.094 970 970 D SystemServerTiming: StartDisplayOffloadService
01-01 08:00:09.094 970 970 V SystemServerTiming: StartDisplayOffloadService took to complete: 0ms
01-01 08:00:09.094 970 970 D SystemServerTiming: StartSidekickService
01-01 08:00:09.094 970 970 V SystemServerTiming: StartSidekickService took to complete: 0ms
01-01 08:00:09.094 970 970 D SystemServerTiming: StartDisplayManager
01-01 08:00:09.094 970 970 I SystemServiceManager: Starting com.android.server.display.DisplayManagerService
01-01 08:00:20.843 273 273 I servicemanager: Could not find android.hardware.light.ILights/default in the VINTF manifest.
01-01 08:00:09.101 678 678 D DRM2-hwc3-display: [DRMNR] GetPreferredBootConfig id=2 1280x1600p@59.999771 vic:VIC_NA
01-01 08:00:09.101 678 678 D DRM2-hwc3-display: [NHDR] GetPreferredBootConfig preferred_config_id:2 preferred_config_id_edid_auto:2 staged_mode_config_id_:2 active_config_id:2
01-01 08:00:09.101 970 970 V SystemServerTiming: StartDisplayManager took to complete: 8ms
01-01 08:00:09.101 970 970 D SystemServerTiming: WaitForDisplay
01-01 08:00:09.101 970 970 I SystemServiceManager: Starting phase 100
01-01 08:00:09.101 970 970 D SystemServerTiming: OnBootPhase_100
01-01 08:00:09.101 970 992 W LocalDisplayAdapter: DisplayModeSpecs base mode no longer available, using currently active mode.
01-01 08:00:09.101 970 970 D SystemServerTiming: OnBootPhase_100_com.android.server.security.FileIntegrityService
01-01 08:00:09.102 970 970 V SystemServerTiming: OnBootPhase_100_com.android.server.security.FileIntegrityService took to complete: 0ms
01-01 08:00:09.102 970 970 D SystemServerTiming: OnBootPhase_100_com.android.server.pm.Installer
01-01 08:00:09.102 970 970 V SystemServerTiming: OnBootPhase_100_com.android.server.pm.Installer took to complete: 0ms
01-01 08:00:09.102 970 970 D SystemServerTiming: OnBootPhase_100_com.android.server.os.DeviceIdentifiersPolicyService
01-01 08:00:09.102 970 970 V SystemServerTiming: OnBootPhase_100_com.android.server.os.DeviceIdentifiersPolicyService took to complete: 0ms
01-01 08:00:09.102 970 970 D SystemServerTiming: OnBootPhase_100_com.android.server.flags.FeatureFlagsService
01-01 08:00:09.102 970 970 V SystemServerTiming: OnBootPhase_100_com.android.server.flags.FeatureFlagsService took to complete: 0ms
01-01 08:00:09.102 970 970 D SystemServerTiming: OnBootPhase_100_com.android.server.uri.UriGrantsManagerService$Lifecycle
01-01 08:00:09.102 970 970 V SystemServerTiming: OnBootPhase_100_com.android.server.uri.UriGrantsManagerService$Lifecycle took to complete: 0ms
01-01 08:00:09.102 970 970 D SystemServerTiming: OnBootPhase_100_com.android.server.powerstats.PowerStatsService
01-01 08:00:09.102 970 970 V SystemServerTiming: OnBootPhase_100_com.android.server.powerstats.PowerStatsService took to complete: 0ms
01-01 08:00:09.102 970 970 D SystemServerTiming: OnBootPhase_100_com.android.server.permission.access.AccessCheckingService
01-01 08:00:09.102 970 970 V SystemServerTiming: OnBootPhase_100_com.android.server.permission.access.AccessCheckingService took to complete: 0ms
01-01 08:00:09.104 970 970 D SystemServerTiming: OnBootPhase_100_com.android.server.wm.ActivityTaskManagerService$Lifecycle
01-01 08:00:09.104 970 970 V SystemServerTiming: OnBootPhase_100_com.android.server.wm.ActivityTaskManagerService$Lifecycle took to complete: 0ms
01-01 08:00:09.104 970 970 D SystemServerTiming: OnBootPhase_100_com.android.server.am.ActivityManagerService$Lifecycle
01-01 08:00:09.104 970 970 V SystemServerTiming: OnBootPhase_100_com.android.server.am.ActivityManagerService$Lifecycle took to complete: 0ms
01-01 08:00:09.104 970 970 D SystemServerTiming: OnBootPhase_100_com.android.server.pm.DataLoaderManagerService
01-01 08:00:09.104 970 970 V SystemServerTiming: OnBootPhase_100_com.android.server.pm.DataLoaderManagerService took to complete: 0ms
01-01 08:00:09.104 970 970 D SystemServerTiming: OnBootPhase_100_com.android.server.power.PowerManagerService
01-01 08:00:09.104 970 970 V SystemServerTiming: OnBootPhase_100_com.android.server.power.PowerManagerService took to complete: 0ms
01-01 08:00:09.104 970 970 D SystemServerTiming: OnBootPhase_100_com.android.server.power.ThermalManagerService
01-01 08:00:09.104 970 970 V SystemServerTiming: OnBootPhase_100_com.android.server.power.ThermalManagerService took to complete: 0ms
01-01 08:00:09.104 970 970 D SystemServerTiming: OnBootPhase_100_com.android.server.power.hint.HintManagerService
01-01 08:00:09.104 970 970 V SystemServerTiming: OnBootPhase_100_com.android.server.power.hint.HintManagerService took to complete: 0ms
01-01 08:00:09.104 970 970 D SystemServerTiming: OnBootPhase_100_com.android.server.recoverysystem.RecoverySystemService$Lifecycle
01-01 08:00:09.104 970 970 V SystemServerTiming: OnBootPhase_100_com.android.server.recoverysystem.RecoverySystemService$Lifecycle took to complete: 0ms
01-01 08:00:09.104 970 970 D SystemServerTiming: OnBootPhase_100_com.android.server.lights.LightsService
01-01 08:00:09.104 970 970 V SystemServerTiming: OnBootPhase_100_com.android.server.lights.LightsService took to complete: 0ms
01-01 08:00:09.104 970 970 D SystemServerTiming: OnBootPhase_100_com.android.server.display.DisplayManagerService
01-01 08:00:09.120 970 992 I DisplayDeviceRepository: Display device added: DisplayDeviceInfo{"Built-in Screen": uniqueId="local:0", 1280 x 1600, modeId 1, renderFrameRate 59.99977, defaultModeId 1, supportedModes [{id=1, width=1280, height=1600, fps=59.99977, alternativeRefreshRates=[], supportedHdrTypes=[]}], colorMode 0, supportedColorModes [0], hdrCapabilities HdrCapabilities{mSupportedHdrTypes=[], mMaxLuminance=50.0, mMaxAverageLuminance=50.0, mMinLuminance=0.0}, allmSupported false, gameContentTypeSupported false, density 163, 199.46 x 333.114 dpi, appVsyncOff 1000000, presDeadline 16666730, touch INTERNAL, rotation 0, type INTERNAL, address {port=0}, deviceProductInfo null, state UNKNOWN, committedState UNKNOWN, frameRateOverride , brightnessMinimum 0.0, brightnessMaximum 1.0, brightnessDefault 0.39763778, hdrSdrRatio NaN, FLAG_ALLOWED_TO_BE_DEFAULT_DISPLAY, FLAG_ROTATES_WITH_CONTENT, FLAG_SECURE, FLAG_SUPPORTS_PROTECTED_BUFFERS, FLAG_TRUSTED, installOrientation 0, displayShape DisplayShape{ spec=360975523 displayWidth=1280 displayHeight=1600 physicalPixelDisplaySizeRatio=1.0 rotation=0 offsetX=0 offsetY=0 scale=1.0}}
01-01 08:00:09.122 970 992 I LogicalDisplayMapper: Applying layout: [{dispId: 0(ON), displayGroupName: , addr: {port=0}, mThermalBrightnessThrottlingMapId: null, mRefreshRateZoneId: null, mLeadDisplayId: -1, mLeadDisplayAddress: null, mThermalRefreshRateThrottlingMapId: null}], Previous layout: null
01-01 08:00:09.124 970 992 I LogicalDisplayMapper: Setting new display group 0 for display 0, from previous group: null
01-01 08:00:09.125 970 992 I LogicalDisplayMapper: Adding new display: 0: DisplayInfo{"Built-in Screen", displayId 0, displayGroupId 0, FLAG_SECURE, FLAG_SUPPORTS_PROTECTED_BUFFERS, FLAG_TRUSTED, real 1280 x 1600, largest app 1280 x 1600, smallest app 1280 x 1600, appVsyncOff 1000000, presDeadline 16666730, mode 159.99977, defaultMode 1, modes [{id=1, width=1280, height=1600, fps=59.99977, alternativeRefreshRates=[], supportedHdrTypes=[]}], hdrCapabilities HdrCapabilities{mSupportedHdrTypes=[], mMaxLuminance=50.0, mMaxAverageLuminance=50.0, mMinLuminance=0.0}, userDisabledHdrTypes [], minimalPostProcessingSupported false, rotation 0, state UNKNOWN, committedState UNKNOWN, type INTERNAL, uniqueId "local:0", app 1280 x 1600, density 163 (199.46 x 333.114) dpi, layerStack 0, colorMode 0, supportedColorModes [0], address {port=0}, deviceProductInfo null, removeMode 0, refreshRateOverride 0.0, brightnessMinimum 0.0, brightnessMaximum 1.0, brightnessDefault 0.39763778, installOrientation ROTATION_0, layoutLimitedRefreshRate null, hdrSdrRatio not_available, thermalRefreshRateThrottling {}, thermalBrightnessThrottlingDataId default}
01-01 08:00:09.125 970 992 W android.permission.PermissionManager: Missing ActivityManager; assuming 1000 holds android.permission.READ_DEVICE_CONFIG
01-01 08:00:09.131 970 970 V SystemServerTiming: OnBootPhase_100_com.android.server.display.DisplayManagerService took to complete: 26ms
01-01 08:00:09.131 970 970 V SystemServerTiming: OnBootPhase_100 took to complete: 29ms
01-01 08:00:09.131 970 970 V SystemServerTiming: WaitForDisplay took to complete: 29ms
01-01 08:00:09.131 970 970 D SystemServerTiming: StartDomainVerificationService
01-01 08:00:09.133 970 970 V SystemServerTiming: StartDomainVerificationService took to complete: 1ms
01-01 08:00:09.133 970 970 D SystemServerTiming: StartPackageManagerService
01-01 08:00:09.133 970 970 I Watchdog: Pausing HandlerChecker: main thread for reason: packagemanagermain. Pause count: 1
01-01 08:00:09.135 970 970 W system_server: 'extract' is an obsolete compiler filter name that will be removed in future releases, please use 'verify' instead.
01-01 08:00:09.135 970 970 W system_server: 'extract' is an obsolete compiler filter name that will be removed in future releases, please use 'verify' instead.
01-01 08:00:09.135 970 970 D PackageManagerTiming: create package manager
01-01 08:00:09.139 970 970 D PackageManagerTiming: createSubComponents
01-01 08:00:09.143 970 970 I UserTypeFactory: Customizing user type android.os.usertype.full.SECONDARY
01-01 08:00:09.144 970 970 I UserTypeFactory: Customizing user type android.os.usertype.full.GUEST
01-01 08:00:09.145 970 970 I UserTypeFactory: Customizing user type android.os.usertype.profile.CLONE
01-01 08:00:09.151 970 970 I UserManagerService: Upgrading users from userVersion 11 to 11
01-01 08:00:09.163 970 970 V PackageManagerTiming: createSubComponents took to complete: 23ms
01-01 08:00:09.163 970 970 D PackageManagerTiming: addSharedUsers
01-01 08:00:09.163 970 970 V PackageManagerTiming: addSharedUsers took to complete: 0ms
01-01 08:00:09.165 970 970 D PackageManagerTiming: get system config
01-01 08:00:09.165 970 970 V PackageManagerTiming: get system config took to complete: 0ms
01-01 08:00:09.168 970 970 D SELinuxMMAC: Using policy file /system/etc/selinux/plat_mac_permissions.xml
01-01 08:00:09.170 970 970 D SELinuxMMAC: Using policy file /product/etc/selinux/product_mac_permissions.xml
01-01 08:00:09.170 970 970 D SELinuxMMAC: Using policy file /vendor/etc/selinux/vendor_mac_permissions.xml
01-01 08:00:09.170 970 970 D PackageManagerTiming: loadFallbacks
01-01 08:00:09.171 970 970 D FallbackCategoryProvider: Found 1 fallback categories
01-01 08:00:09.172 970 970 V PackageManagerTiming: loadFallbacks took to complete: 1ms
01-01 08:00:09.172 970 970 D PackageManagerTiming: read user settings
01-01 08:00:20.937 324 324 E realtek-i2c 9801ba00.i2c-4: rtk_i2c_handle_tx_abort: slave address not acknowledged (7bit mode)
01-01 08:00:20.941 324 324 E realtek-i2c 9801ba00.i2c-4: rtk_i2c_handle_tx_abort: slave address not acknowledged (7bit mode)
01-01 08:00:20.944 324 324 E realtek-i2c 9801ba00.i2c-4: rtk_i2c_handle_tx_abort: slave address not acknowledged (7bit mode)
01-01 08:00:20.947 324 324 E realtek-i2c 9801ba00.i2c-4: rtk_i2c_handle_tx_abort: slave address not acknowledged (7bit mode)
01-01 08:00:20.949 324 324 E realtek-i2c 9801ba00.i2c-4: rtk_i2c_handle_tx_abort: slave address not acknowledged (7bit mode)
01-01 08:00:20.952 324 324 E realtek-i2c 9801ba00.i2c-4: rtk_i2c_handle_tx_abort: slave address not acknowledged (7bit mode)
01-01 08:00:20.955 324 324 E realtek-i2c 9801ba00.i2c-4: rtk_i2c_handle_tx_abort: slave address not acknowledged (7bit mode)
01-01 08:00:20.958 324 324 E realtek-i2c 9801ba00.i2c-4: rtk_i2c_handle_tx_abort: slave address not acknowledged (7bit mode)
01-01 08:00:20.960 324 324 E realtek-i2c 9801ba00.i2c-4: rtk_i2c_handle_tx_abort: slave address not acknowledged (7bit mode)
01-01 08:00:20.963 324 324 E realtek-i2c 9801ba00.i2c-4: rtk_i2c_handle_tx_abort: slave address not acknowledged (7bit mode)
01-01 08:00:20.966 324 324 E realtek-i2c 9801ba00.i2c-4: rtk_i2c_handle_tx_abort: slave address not acknowledged (7bit mode)
01-01 08:00:20.969 324 324 E realtek-i2c 9801ba00.i2c-4: rtk_i2c_handle_tx_abort: slave address not acknowledged (7bit mode)
01-01 08:00:20.971 324 324 E realtek-i2c 9801ba00.i2c-4: rtk_i2c_handle_tx_abort: slave address not acknowledged (7bit mode)
01-01 08:00:20.974 324 324 E realtek-i2c 9801ba00.i2c-4: rtk_i2c_handle_tx_abort: slave address not acknowledged (7bit mode)
01-01 08:00:20.977 324 324 E realtek-i2c 9801ba00.i2c-4: rtk_i2c_handle_tx_abort: slave address not acknowledged (7bit mode)
01-01 08:00:09.226 351 358 D VehicleRTKHal: In[setValues][512]
01-01 08:00:09.226 351 358 D VehicleRTKHardware: Set value for property ID: 291504901
01-01 08:00:09.226 351 359 D VehicleRTKHardware: In[setValue][799] prop =291504901 ,289408515
01-01 08:00:09.226 351 359 D VehicleRTKHardware: In[setValue][825].. wirte success...
01-01 08:00:09.226 351 358 D VehicleRTKHal: In[setValues][512]
01-01 08:00:09.226 351 358 D VehicleRTKHardware: Set value for property ID: 291504647
01-01 08:00:09.226 351 359 D VehicleRTKHardware: In[setValue][799] prop =291504647 ,289408515
01-01 08:00:09.226 351 359 D VehicleRTKHardware: In[setValue][825].. wirte success...
01-01 08:00:09.226 351 358 D VehicleRTKHal: In[setValues][512]
01-01 08:00:09.226 351 358 D VehicleRTKHardware: Set value for property ID: 291504903
01-01 08:00:09.226 351 359 D VehicleRTKHardware: In[setValue][799] prop =291504903 ,289408515
01-01 08:00:09.226 351 359 D VehicleRTKHardware: In[setValue][825].. wirte success...
01-01 08:00:09.227 351 358 D VehicleRTKHal: In[setValues][512]
01-01 08:00:09.227 351 358 D VehicleRTKHardware: Set value for property ID: 291504897
01-01 08:00:09.227 351 359 D VehicleRTKHardware: In[setValue][799] prop =291504897 ,289408515
01-01 08:00:09.227 351 359 D VehicleRTKHardware: In[setValue][825].. wirte success...
01-01 08:00:09.227 351 358 D VehicleRTKHal: In[setValues][512]
01-01 08:00:09.227 351 358 D VehicleRTKHardware: Set value for property ID: 289408000
01-01 08:00:09.227 351 359 D VehicleRTKHardware: In[setValue][799] prop =289408000 ,289408515
01-01 08:00:09.227 351 359 D VehicleRTKHardware: In[setValue][825].. wirte success...
01-01 08:00:09.227 351 358 D VehicleRTKHal: In[setValues][512]
01-01 08:00:09.227 351 358 D VehicleRTKHardware: Set value for property ID: 287310855
01-01 08:00:09.227 351 359 D VehicleRTKHardware: In[setValue][799] prop =287310855 ,289408515
01-01 08:00:09.227 351 359 D VehicleRTKHardware: In[setValue][825].. wirte success...
01-01 08:00:09.227 351 358 D VehicleRTKHal: In[setValues][512]
01-01 08:00:09.227 351 358 D VehicleRTKHardware: Set value for property ID: 291504644
01-01 08:00:09.227 351 359 D VehicleRTKHardware: In[setValue][799] prop =291504644 ,289408515
01-01 08:00:09.227 351 359 D VehicleRTKHardware: In[setValue][825].. wirte success...
01-01 08:00:09.228 351 358 D VehicleRTKHal: In[setValues][512]
01-01 08:00:09.228 351 358 D VehicleRTKHardware: Set value for property ID: 291504904
01-01 08:00:09.228 351 359 D VehicleRTKHardware: In[setValue][799] prop =291504904 ,289408515
01-01 08:00:09.228 351 359 D VehicleRTKHardware: In[setValue][825].. wirte success...
01-01 08:00:09.228 351 358 D VehicleRTKHal: In[setValues][512]
01-01 08:00:09.228 351 358 D VehicleRTKHardware: Set value for property ID: 291505923
01-01 08:00:09.228 351 359 D VehicleRTKHardware: In[setValue][799] prop =291505923 ,289408515
01-01 08:00:09.228 351 359 D VehicleRTKHardware: In[setValue][825].. wirte success...
01-01 08:00:20.980 324 324 E realtek-i2c 9801ba00.i2c-4: rtk_i2c_handle_tx_abort: slave address not acknowledged (7bit mode)
01-01 08:00:20.983 324 324 E realtek-i2c 9801ba00.i2c-4: rtk_i2c_handle_tx_abort: slave address not acknowledged (7bit mode)
01-01 08:00:20.985 324 324 E realtek-i2c 9801ba00.i2c-4: rtk_i2c_handle_tx_abort: slave address not acknowledged (7bit mode)
01-01 08:00:20.988 324 324 E realtek-i2c 9801ba00.i2c-4: rtk_i2c_handle_tx_abort: slave address not acknowledged (7bit mode)
01-01 08:00:20.991 324 324 E realtek-i2c 9801ba00.i2c-4: rtk_i2c_handle_tx_abort: slave address not acknowledged (7bit mode)
01-01 08:00:20.994 324 324 E realtek-i2c 9801ba00.i2c-4: rtk_i2c_handle_tx_abort: slave address not acknowledged (7bit mode)
01-01 08:00:20.996 324 324 E realtek-i2c 9801ba00.i2c-4: rtk_i2c_handle_tx_abort: slave address not acknowledged (7bit mode)
01-01 08:00:20.999 324 324 E realtek-i2c 9801ba00.i2c-4: rtk_i2c_handle_tx_abort: slave address not acknowledged (7bit mode)
01-01 08:00:21.002 324 324 E realtek-i2c 9801ba00.i2c-4: rtk_i2c_handle_tx_abort: slave address not acknowledged (7bit mode)
01-01 08:00:21.005 324 324 E realtek-i2c 9801ba00.i2c-4: rtk_i2c_handle_tx_abort: slave address not acknowledged (7bit mode)
01-01 08:00:21.008 324 324 E realtek-i2c 9801ba00.i2c-4: rtk_i2c_handle_tx_abort: slave address not acknowledged (7bit mode)
01-01 08:00:21.010 324 324 E realtek-i2c 9801ba00.i2c-4: rtk_i2c_handle_tx_abort: slave address not acknowledged (7bit mode)
01-01 08:00:21.013 324 324 E realtek-i2c 9801ba00.i2c-4: rtk_i2c_handle_tx_abort: slave address not acknowledged (7bit mode)
01-01 08:00:21.016 324 324 E realtek-i2c 9801ba00.i2c-4: rtk_i2c_handle_tx_abort: slave address not acknowledged (7bit mode)
01-01 08:00:09.266 970 970 W PackageManager: No package known for package restrictions com.android.configinfrastructure
01-01 08:00:09.267 970 970 W PackageManager: No package known for package restrictions com.android.appsearch
01-01 08:00:09.270 970 970 W PackageManager: No package known for package restrictions com.android.adservices
01-01 08:00:09.271 970 970 W PackageManager: No package known for package restrictions com.android.scheduling
01-01 08:00:09.271 970 970 W PackageManager: No package known for package restrictions com.android.permission
01-01 08:00:21.019 324 324 E realtek-i2c 9801ba00.i2c-4: rtk_i2c_handle_tx_abort: slave address not acknowledged (7bit mode)
01-01 08:00:21.021 324 324 E realtek-i2c 9801ba00.i2c-4: rtk_i2c_handle_tx_abort: slave address not acknowledged (7bit mode)
01-01 08:00:21.024 324 324 E realtek-i2c 9801ba00.i2c-4: rtk_i2c_handle_tx_abort: slave address not acknowledged (7bit mode)
01-01 08:00:21.027 324 324 E realtek-i2c 9801ba00.i2c-4: rtk_i2c_handle_tx_abort: slave address not acknowledged (7bit mode)
01-01 08:00:09.276 970 970 W PackageManager: No package known for package restrictions com.android.art
01-01 08:00:09.277 970 970 W PackageManager: No package known for package restrictions com.android.uwb
01-01 08:00:09.277 970 970 W PackageManager: No package known for package restrictions com.android.tethering
01-01 08:00:09.278 970 970 W PackageManager: No package known for package restrictions com.android.btservices
01-01 08:00:09.278 970 970 W PackageManager: No package known for package restrictions com.android.media.swcodec
01-01 08:00:09.278 970 970 W PackageManager: No package known for package restrictions com.android.conscrypt
01-01 08:00:09.282 970 970 W PackageManager: No package known for package restrictions com.android.adbd
01-01 08:00:21.030 324 324 E realtek-i2c 9801ba00.i2c-4: rtk_i2c_handle_tx_abort: slave address not acknowledged (7bit mode)
01-01 08:00:21.032 324 324 E realtek-i2c 9801ba00.i2c-4: rtk_i2c_handle_tx_abort: slave address not acknowledged (7bit mode)
01-01 08:00:21.035 324 324 E realtek-i2c 9801ba00.i2c-4: rtk_i2c_handle_tx_abort: slave address not acknowledged (7bit mode)
01-01 08:00:09.282 970 970 W PackageManager: No package known for package restrictions com.android.i18n
01-01 08:00:09.282 970 970 W PackageManager: No package known for package restrictions com.android.rkpd
01-01 08:00:09.282 970 970 W PackageManager: No package known for package restrictions com.android.virt
01-01 08:00:09.282 970 970 W PackageManager: No package known for package restrictions com.android.wifi
01-01 08:00:09.283 970 970 W PackageManager: No package known for package restrictions com.android.runtime
01-01 08:00:09.283 970 970 W PackageManager: No package known for package restrictions com.android.devicelock
01-01 08:00:09.284 970 970 W PackageManager: No package known for package restrictions com.android.apex.cts.shim
01-01 08:00:09.285 970 970 W PackageManager: No package known for package restrictions com.android.neuralnetworks
01-01 08:00:09.286 970 970 W PackageManager: No package known for package restrictions com.android.healthfitness
01-01 08:00:09.290 970 970 W PackageManager: No package known for package restrictions com.android.resolv
01-01 08:00:09.290 970 970 W PackageManager: No package known for package restrictions com.android.sdkext
01-01 08:00:09.290 970 970 W PackageManager: No package known for package restrictions com.android.tzdata
01-01 08:00:21.038 324 324 E realtek-i2c 9801ba00.i2c-4: rtk_i2c_handle_tx_abort: slave address not acknowledged (7bit mode)
01-01 08:00:21.041 324 324 E realtek-i2c 9801ba00.i2c-4: rtk_i2c_handle_tx_abort: slave address not acknowledged (7bit mode)
01-01 08:00:09.291 970 970 W PackageManager: No package known for package restrictions com.android.vndk.v34
01-01 08:00:09.291 970 970 W PackageManager: No package known for package restrictions com.android.os.statsd
01-01 08:00:09.292 970 970 W PackageManager: No package known for package restrictions com.android.extservices
01-01 08:00:09.293 970 970 W PackageManager: No package known for package restrictions com.android.ipsec
01-01 08:00:09.293 970 970 W PackageManager: No package known for package restrictions com.android.media
01-01 08:00:09.296 970 970 W PackageManager: No package known for package restrictions com.android.mediaprovider
01-01 08:00:21.043 324 324 E realtek-i2c 9801ba00.i2c-4: rtk_i2c_handle_tx_abort: slave address not acknowledged (7bit mode)
01-01 08:00:21.046 324 324 E realtek-i2c 9801ba00.i2c-4: rtk_i2c_handle_tx_abort: slave address not acknowledged (7bit mode)
01-01 08:00:21.049 324 324 E realtek-i2c 9801ba00.i2c-4: rtk_i2c_handle_tx_abort: slave address not acknowledged (7bit mode)
01-01 08:00:09.298 970 970 W PackageManager: No package known for package restrictions com.android.ondevicepersonalization
01-01 08:00:21.052 324 324 E realtek-i2c 9801ba00.i2c-4: rtk_i2c_handle_tx_abort: slave address not acknowledged (7bit mode)
01-01 08:00:21.055 324 324 E realtek-i2c 9801ba00.i2c-4: rtk_i2c_handle_tx_abort: slave address not acknowledged (7bit mode)
01-01 08:00:09.304 970 970 W PackageManager: No package known for package restrictions com.android.configinfrastructure
01-01 08:00:09.306 970 970 W PackageManager: No package known for package restrictions com.android.appsearch
01-01 08:00:09.310 970 970 W PackageManager: No package known for package restrictions com.android.adservices
01-01 08:00:21.057 324 324 E realtek-i2c 9801ba00.i2c-4: rtk_i2c_handle_tx_abort: slave address not acknowledged (7bit mode)
01-01 08:00:21.060 324 324 E realtek-i2c 9801ba00.i2c-4: rtk_i2c_handle_tx_abort: slave address not acknowledged (7bit mode)
01-01 08:00:21.063 324 324 E realtek-i2c 9801ba00.i2c-4: rtk_i2c_handle_tx_abort: slave address not acknowledged (7bit mode)
01-01 08:00:09.313 970 970 W PackageManager: No package known for package restrictions com.android.scheduling
01-01 08:00:09.314 970 970 W PackageManager: No package known for package restrictions com.android.permission
01-01 08:00:21.065 324 324 E realtek-i2c 9801ba00.i2c-4: rtk_i2c_handle_tx_abort: slave address not acknowledged (7bit mode)
01-01 08:00:21.068 324 324 E realtek-i2c 9801ba00.i2c-4: rtk_i2c_handle_tx_abort: slave address not acknowledged (7bit mode)
01-01 08:00:21.071 324 324 E realtek-i2c 9801ba00.i2c-4: rtk_i2c_handle_tx_abort: slave address not acknowledged (7bit mode)
01-01 08:00:09.324 970 970 W PackageManager: No package known for package restrictions com.android.art
01-01 08:00:09.325 970 970 W PackageManager: No package known for package restrictions com.android.uwb
01-01 08:00:09.325 970 970 W PackageManager: No package known for package restrictions com.android.tethering
01-01 08:00:09.326 970 970 W PackageManager: No package known for package restrictions com.android.btservices
01-01 08:00:09.326 970 970 W PackageManager: No package known for package restrictions com.android.media.swcodec
01-01 08:00:21.074 324 324 E realtek-i2c 9801ba00.i2c-4: rtk_i2c_handle_tx_abort: slave address not acknowledged (7bit mode)
01-01 08:00:21.077 324 324 E realtek-i2c 9801ba00.i2c-4: rtk_i2c_handle_tx_abort: slave address not acknowledged (7bit mode)
01-01 08:00:21.079 324 324 E realtek-i2c 9801ba00.i2c-4: rtk_i2c_handle_tx_abort: slave address not acknowledged (7bit mode)
01-01 08:00:09.327 970 970 W PackageManager: No package known for package restrictions com.android.conscrypt
01-01 08:00:09.331 970 970 W PackageManager: No package known for package restrictions com.android.adbd
01-01 08:00:09.331 970 970 W PackageManager: No package known for package restrictions com.android.i18n
01-01 08:00:09.331 970 970 W PackageManager: No package known for package restrictions com.android.rkpd
01-01 08:00:09.331 970 970 W PackageManager: No package known for package restrictions com.android.virt
01-01 08:00:09.332 970 970 W PackageManager: No package known for package restrictions com.android.wifi
01-01 08:00:09.333 970 970 W PackageManager: No package known for package restrictions com.android.runtime
01-01 08:00:09.333 970 970 W PackageManager: No package known for package restrictions com.android.devicelock
01-01 08:00:09.334 970 970 W PackageManager: No package known for package restrictions com.android.apex.cts.shim
01-01 08:00:21.082 324 324 E realtek-i2c 9801ba00.i2c-4: rtk_i2c_handle_tx_abort: slave address not acknowledged (7bit mode)
01-01 08:00:21.085 324 324 E realtek-i2c 9801ba00.i2c-4: rtk_i2c_handle_tx_abort: slave address not acknowledged (7bit mode)
01-01 08:00:21.088 324 324 E realtek-i2c 9801ba00.i2c-4: rtk_i2c_handle_tx_abort: slave address not acknowledged (7bit mode)
01-01 08:00:09.335 970 970 W PackageManager: No package known for package restrictions com.android.neuralnetworks
01-01 08:00:09.336 970 970 W PackageManager: No package known for package restrictions com.android.healthfitness
01-01 08:00:09.341 970 970 W PackageManager: No package known for package restrictions com.android.resolv
01-01 08:00:09.341 970 970 W PackageManager: No package known for package restrictions com.android.sdkext
01-01 08:00:09.341 970 970 W PackageManager: No package known for package restrictions com.android.tzdata
01-01 08:00:21.090 324 324 E realtek-i2c 9801ba00.i2c-4: rtk_i2c_handle_tx_abort: slave address not acknowledged (7bit mode)
01-01 08:00:21.093 324 324 E realtek-i2c 9801ba00.i2c-4: rtk_i2c_handle_tx_abort: slave address not acknowledged (7bit mode)
01-01 08:00:21.096 324 324 E realtek-i2c 9801ba00.i2c-4: rtk_i2c_handle_tx_abort: slave address not acknowledged (7bit mode)
01-01 08:00:09.343 970 970 W PackageManager: No package known for package restrictions com.android.os.statsd
01-01 08:00:09.344 970 970 W PackageManager: No package known for package restrictions com.android.extservices
01-01 08:00:09.346 970 970 W PackageManager: No package known for package restrictions com.android.ipsec
01-01 08:00:09.346 970 970 W PackageManager: No package known for package restrictions com.android.media
01-01 08:00:21.099 324 324 E realtek-i2c 9801ba00.i2c-4: rtk_i2c_handle_tx_abort: slave address not acknowledged (7bit mode)
01-01 08:00:09.350 970 970 W PackageManager: No package known for package restrictions com.android.mediaprovider
01-01 08:00:09.352 351 361 D VehicleRTKHal: In[onPropertyChangeEvent][238] prop= 290459443
01-01 08:00:21.101 324 324 E realtek-i2c 9801ba00.i2c-4: rtk_i2c_handle_tx_abort: slave address not acknowledged (7bit mode)
01-01 08:00:21.104 324 324 E realtek-i2c 9801ba00.i2c-4: rtk_i2c_handle_tx_abort: slave address not acknowledged (7bit mode)
01-01 08:00:21.107 324 324 E realtek-i2c 9801ba00.i2c-4: rtk_i2c_handle_tx_abort: slave address not acknowledged (7bit mode)
01-01 08:00:09.358 970 970 W PackageManager: No package known for package restrictions com.android.ondevicepersonalization
01-01 08:00:21.110 324 324 E realtek-i2c 9801ba00.i2c-4: rtk_i2c_handle_tx_abort: slave address not acknowledged (7bit mode)
01-01 08:00:21.113 324 324 E realtek-i2c 9801ba00.i2c-4: rtk_i2c_handle_tx_abort: slave address not acknowledged (7bit mode)
01-01 08:00:21.115 324 324 E realtek-i2c 9801ba00.i2c-4: rtk_i2c_handle_tx_abort: slave address not acknowledged (7bit mode)
01-01 08:00:09.369 970 970 V SLog: static_init took to complete: 1ms
01-01 08:00:09.369 970 970 W PackageSettings: Missing permission state for package com.android.uwb.resources on user 0
01-01 08:00:09.369 970 970 W PackageSettings: Missing permission state for package com.android.internal.display.cutout.emulation.corner on user 0
01-01 08:00:09.369 970 970 W PackageSettings: Missing permission state for package com.android.internal.display.cutout.emulation.double on user 0
01-01 08:00:09.369 970 970 W PackageSettings: Missing permission state for package android.autoinstalls.config.BRAND_NAME on user 0
01-01 08:00:09.369 970 970 W PackageSettings: Missing permission state for package com.android.car.resources.google_car on user 0
01-01 08:00:09.369 970 970 W PackageSettings: Missing permission state for package com.android.internal.systemui.navbar.gestural_wide_back on user 0
01-01 08:00:09.369 970 970 W PackageSettings: Missing permission state for package com.android.virtualmachine.res on user 0
01-01 08:00:09.369 970 970 W PackageSettings: Missing permission state for package com.realtek.gsi.tethering.overlay on user 0
01-01 08:00:09.369 970 970 W PackageSettings: Missing permission state for package com.android.safetycenter.resources on user 0
01-01 08:00:09.369 970 970 W PackageSettings: Missing permission state for package android.overlay.common on user 0
01-01 08:00:09.369 970 970 W PackageSettings: Missing permission state for package com.android.connectivity.resources on user 0
01-01 08:00:09.369 970 970 W PackageSettings: Missing permission state for package com.android.internal.display.cutout.emulation.hole on user 0
01-01 08:00:09.369 970 970 W PackageSettings: Missing permission state for package com.android.internal.display.cutout.emulation.tall on user 0
01-01 08:00:09.369 970 970 W PackageSettings: Missing permission state for package com.android.internal.systemui.navbar.threebutton on user 0
01-01 08:00:09.370 970 970 W PackageSettings: Missing permission state for package com.android.connectivity.resources.realtek.overlay on user 0
01-01 08:00:09.370 970 970 W PackageSettings: Missing permission state for package com.yrdata.dynamicwallpaper.rro on user 0
01-01 08:00:09.370 970 970 W PackageSettings: Missing permission state for package com.android.car.systemui.rro on user 0
