2026-06-08 14:44:49.815 554-4264 VPUAPI pid-554 I reg_wirte(VE4_IP_BASE_ADDR+0x032c,0x00000000);
2026-06-08 14:44:49.815 554-4264 VPUAPI pid-554 I reg_wirte(VE4_IP_BASE_ADDR+0x0330,0x26964000);
2026-06-08 14:44:49.815 554-4264 VPUAPI pid-554 I reg_wirte(VE4_IP_BASE_ADDR+0x0334,0x26b58000);
2026-06-08 14:44:49.815 554-4264 VPUAPI pid-554 I reg_wirte(VE4_IP_BASE_ADDR+0x0338,0x26bd5000);
2026-06-08 14:44:49.815 554-4264 VPUAPI pid-554 I reg_wirte(VE4_IP_BASE_ADDR+0x033c,0x05000280);
2026-06-08 14:44:49.815 554-4264 VPUAPI pid-554 I reg_wirte(VE4_IP_BASE_ADDR+0x0340,0x0000f000);
2026-06-08 14:44:49.815 554-4264 VPUAPI pid-554 I reg_wirte(VE4_IP_BASE_ADDR+0x0348,0x00000000);
2026-06-08 14:44:49.815 554-4264 VPUAPI pid-554 I reg_wirte(VE4_IP_BASE_ADDR+0x034c,0x00000003);
2026-06-08 14:44:49.816 554-4264 VPUAPI pid-554 I reg_wirte(VE4_IP_BASE_ADDR+0x0350,0x07200000);
2026-06-08 14:44:49.816 554-4264 VPUAPI pid-554 I reg_wirte(VE4_IP_BASE_ADDR+0x0354,0x00000000);
2026-06-08 14:44:49.816 554-4264 VPUAPI pid-554 I reg_wirte(VE4_IP_BASE_ADDR+0x0358,0x00000000);
2026-06-08 14:44:49.816 554-4264 VPUAPI pid-554 I reg_wirte(VE4_IP_BASE_ADDR+0x035c,0x00000000);
2026-06-08 14:44:49.816 554-4264 VPUAPI pid-554 I reg_wirte(VE4_IP_BASE_ADDR+0x0360,0x00000000);
2026-06-08 14:44:49.816 554-4264 VPUAPI pid-554 I reg_wirte(VE4_IP_BASE_ADDR+0x0364,0x00000000);
2026-06-08 14:44:49.816 554-4264 VPUAPI pid-554 I reg_wirte(VE4_IP_BASE_ADDR+0x03e8,0x00000000);
2026-06-08 14:44:49.816 554-4264 VPUAPI pid-554 I reg_wirte(VE4_IP_BASE_ADDR+0x03ec,0x00000000);
2026-06-08 14:44:49.816 554-4264 VPUAPI pid-554 I reg_wirte(VE4_IP_BASE_ADDR+0x03f0,0x00000000);
2026-06-08 14:44:49.817 554-4264 VPUAPI pid-554 I reg_wirte(VE4_IP_BASE_ADDR+0x03f4,0x00000000);
2026-06-08 14:44:49.817 554-4264 VPUAPI pid-554 I reg_wirte(VE4_IP_BASE_ADDR+0x0414,0x00000000);
2026-06-08 14:44:49.817 554-4264 VPUAPI pid-554 I reg_wirte(VE4_IP_BASE_ADDR+0x0418,0x00000000);
2026-06-08 14:44:49.817 554-4264 VPUAPI pid-554 I reg_wirte(VE4_IP_BASE_ADDR+0x041c,0x00000000);
2026-06-08 14:44:49.817 554-4264 VPUAPI pid-554 I reg_wirte(VE4_IP_BASE_ADDR+0x0420,0x00000000);
2026-06-08 14:44:49.817 554-4264 VPUAPI pid-554 I reg_wirte(VE4_IP_BASE_ADDR+0x0424,0x00000000);
2026-06-08 14:44:49.817 554-4264 VPUAPI pid-554 I reg_wirte(VE4_IP_BASE_ADDR+0x0428,0x00000000);
2026-06-08 14:44:49.817 554-4264 VPUAPI pid-554 I reg_wirte(VE4_IP_BASE_ADDR+0x03f8,0x00000000);
2026-06-08 14:44:49.817 554-4264 VPUAPI pid-554 I reg_wirte(VE4_IP_BASE_ADDR+0x042c,0x00000001);
2026-06-08 14:44:49.817 554-4264 VPUAPI pid-554 I reg_wirte(VE4_IP_BASE_ADDR+0x03fc,0x00000000);
2026-06-08 14:44:49.817 554-4264 VPUAPI pid-554 I reg_wirte(VE4_IP_BASE_ADDR+0x0400,0x00000000);
2026-06-08 14:44:49.817 554-4264 VPUAPI pid-554 I reg_wirte(VE4_IP_BASE_ADDR+0x0404,0x00000000);
2026-06-08 14:44:49.817 554-4264 VPUAPI pid-554 I reg_wirte(VE4_IP_BASE_ADDR+0x0408,0x00000000);
2026-06-08 14:44:49.817 554-4264 VPUAPI pid-554 I reg_wirte(VE4_IP_BASE_ADDR+0x040c,0x00000000);
2026-06-08 14:44:49.817 554-4264 VPUAPI pid-554 I reg_wirte(VE4_IP_BASE_ADDR+0x0410,0x00000000);
2026-06-08 14:44:49.817 554-4264 VPUAPI pid-554 I [119]W6SendCommand.VpuWriteReg W6_CMD_INSTANCE_INFO:0x210.value:0x30000
2026-06-08 14:44:49.817 554-4264 VPUAPI pid-554 I reg_wirte(VE4_IP_BASE_ADDR+0x0210,0x00030000);
2026-06-08 14:44:49.817 554-4264 VPUAPI pid-554 I [123]W6SendCommand.VpuWriteReg W6_VPU_CMD_BUSY_STATUS:0x70.value:1
2026-06-08 14:44:49.817 554-4264 VPUAPI pid-554 I reg_wirte(VE4_IP_BASE_ADDR+0x0070,0x00000001);
2026-06-08 14:44:49.817 554-4264 VPUAPI pid-554 I [125]W6SendCommand.VpuWriteReg W6_COMMAND:0x200.value:0x100
2026-06-08 14:44:49.817 554-4264 VPUAPI pid-554 I reg_wirte(VE4_IP_BASE_ADDR+0x0200,0x00000100);
2026-06-08 14:44:49.817 554-4264 VPUAPI pid-554 I [131]W6SendCommand.VpuWriteReg W6_VPU_HOST_INT_REQ:0x6c.value:1
2026-06-08 14:44:49.817 554-4264 VPUAPI pid-554 I reg_wirte(VE4_IP_BASE_ADDR+0x0038,0x00000001);
2026-06-08 14:44:49.817 554-4264 VPUAPI pid-554 I [134]W6SendCommand.cmd:0x100.W6_VPU_VPU_INT_STS:0x0.W6_VPU_VINT_REASON:0x0
2026-06-08 14:44:49.817 554-4264 VPUAPI pid-554 I [-][2548]VPU_EncStartOneFrame.ret:0x0
2026-06-08 14:44:49.817 554-4264 RTK_WRAP_ENC_VE4 pid-554 I VPU_EncStartOneFrame() success
2026-06-08 14:44:49.817 1938-1938 RadioMedia...ionMonitor pid-1938 D updateTrackedSessions: registered radio session token=0xfdf3cef thread=main
2026-06-08 14:44:49.818 1938-1938 RadioMedia...ionMonitor pid-1938 D updateControllers: reason=activeSessionsChanged radioPlaying=false radioSessions=[{pkg=com.auto.radio,token=0xfdf3cef,state=PAUSED(2)}] thread=main
2026-06-08 14:44:49.818 1938-1938 RadioMedia...ionMonitor pid-1938 D handleRadioPlayback: schedule inactive confirm reason=activeSessionsChanged thread=main
2026-06-08 14:44:49.821 554-4264 VPUAPI pid-554 I clear interruptFlag=256
2026-06-08 14:44:49.821 554-4264 VPUAPI pid-554 I [+][2562]VPU_EncGetOutputInfo.
2026-06-08 14:44:49.821 554-4264 VPUAPI pid-554 I [+][3185]Wave6VpuEncGetResult.
2026-06-08 14:44:49.821 554-4264 VPUAPI pid-554 I [Wave6VpuEncGetResult]gpuCacheStatus[0] = 0
2026-06-08 14:44:49.821 554-4264 VPUAPI pid-554 I [-][3340]Wave6VpuEncGetResult.ret:0x0
2026-06-08 14:44:49.821 554-4264 VPUAPI pid-554 I [2593]VPU_EncGetOutputInfo.encSrcIdx:0x0,reconFrameIndex:0x1
2026-06-08 14:44:49.821 554-4264 VPUAPI pid-554 I [-][2605]VPU_EncGetOutputInfo.ret:0x0
2026-06-08 14:44:49.821 554-4264 RTK_WRAP_ENC_VE4 pid-554 I encodeTime 3.779584 ms || Enc: 21|| picType 1 || reconIdx 1 || rdPtr 262e0000 || wrPtr 262e0193
2026-06-08 14:44:49.821 554-4264 RTK_WRAP_ENC_VE4 pid-554 I nHeaderLen: 0|| pVpu->outputInfo.bitstreamSize 403
2026-06-08 14:44:49.821 554-4264 RTK_WRAP_ENC_VE4 pid-554 I stream->buf_max_size : 2097152, stream->streamlen :403
2026-06-08 14:44:49.821 554-4264 RTKC2Venc pid-554 I ooo : frameIndex=21, streamSize=403, keyFrameFlag=0
2026-06-08 14:44:49.821 554-4264 RTKC2Venc pid-554 I Call finishWork in 761
2026-06-08 14:44:49.821 554-4264 RTKC2Venc pid-554 I Ready to finish 21
2026-06-08 14:44:49.821 554-4264 RTKC2Venc pid-554 I Finish finish 21
2026-06-08 14:44:49.821 554-4264 RTKC2Venc pid-554 I iii : flag=0, frameIndex=22, timeStamp=472609602, eos=0, dump_enable=0, yuvDumpFreq=1
2026-06-08 14:44:49.821 554-4264 RTKC2Venc pid-554 I Continue standard encode!
2026-06-08 14:44:49.822 554-4264 RTKC2Venc pid-554 I [extractGraphicBuffer][833] width = 1280 || height = 1600 || y_stride = 5120 || uStride = 5120 || vStride = 5120 || colorFormat = 1 || srcPhy = 0x0 || srcbufSize = 8192000
2026-06-08 14:44:49.822 554-4264 RTKC2Venc pid-554 I encoder->RequestSync = 0 cur_requestSync = 0
2026-06-08 14:44:49.822 554-4264 VideoClientEncVE pid-554 I [writeInputFrame][521] write input data to HW
2026-06-08 14:44:49.822 554-4264 RTK_WRAP_ENC_VE4 pid-554 I CODEC_SET_COLOR_FORMAT = 0x1
2026-06-08 14:44:49.822 554-4264 RTK_WRAP_ENC_VE4 pid-554 I [2599][encoder_set_video_config][CODEC_SET_COLOR_FORMAT] HAL_PIXEL_FORMAT_RGBA_8888
2026-06-08 14:44:49.822 554-4264 VideoClientEncVE pid-554 I calculated frameSize = 3072000
2026-06-08 14:44:49.822 554-4264 VideoClientEncVE pid-554 I mImpl->I_Interval = 600
2026-06-08 14:44:49.822 554-4264 RTK_WRAP_ENC_VE4 pid-554 I width 1280(1280), height 1600(1600), stride 1280
2026-06-08 14:44:49.822 554-4264 RTK_WRAP_ENC_VE4 pid-554 I =================encoder_encode_video================= encOP.picWidth: 1280 encOP.picHeight: 1600 origWidth: 1280 origHeight: 1600 srcFrameWidth: 1280 srcFrameHeight: 1600 srcFrameStride: 1280 fbStride: 1280 framebufWidth: 1280 framebufHeight: 1600 framebufStride: 1280 fbAllocInfo.stride: 1280 fbAllocInfo.height: 1600 buffe_resolution_flag=0
2026-06-08 14:44:49.822 554-4264 RTK_WRAP_ENC_VE4 pid-554 I copy method: HAL_PIXEL_FORMAT_RGBA_8888
2026-06-08 14:44:49.822 554-4264 RTK_WRAP_ENC_VE4 pid-554 I [+] in [CopyRGBA8888ToYUV420Frame]
2026-06-08 14:44:49.823 4251-4267 MPEG4Writer pid-4251 D non-key frame, nIPFramesCtr 22, nLastIPFramesCtr 0
2026-06-08 14:44:49.825 2779-3773 McuLink pid-2779 I [TX] seq=40 ft=0x06 payload=3B sent=OK
2026-06-08 14:44:49.825 2779-3773 McuLink pid-2779 I [TX] send_and_wait_ack seq=40 ft=0x06 attempt=1/4
2026-06-08 14:44:49.826 4342-4342 QsmwRepository com.auto.radio D setMute result: 0
2026-06-08 14:44:49.869 4342-4342 RadioMedia...ionManager com.auto.radio D isMuted=false hasAudioFocus=false
2026-06-08 14:44:49.870 4342-4342 RadioMedia...ionMonitor com.auto.radio D sync: playing=false (focus=false isMuted=false)
2026-06-08 14:44:49.870 4342-4342 QsmwRepository com.auto.radio D setMute: mute=true
2026-06-08 14:44:49.873 1938-1938 RadioMedia...ionMonitor pid-1938 D onPlaybackStateChanged: package=com.auto.radio state=PAUSED(2) thread=main
2026-06-08 14:44:49.877 1938-1938 RadioMedia...ionMonitor pid-1938 D getActiveControllers: reason=playbackStateChanged controllers=[{pkg=com.auto.radio,token=0x677f3fc,state=PAUSED(2)}] thread=main
2026-06-08 14:44:49.877 2779-3773 McuLink pid-2779 I [TX] seq=41 ft=0x06 payload=3B sent=OK
2026-06-08 14:44:49.877 2779-3773 McuLink pid-2779 I [TX] send_and_wait_ack seq=41 ft=0x06 attempt=1/4
2026-06-08 14:44:49.878 4342-4342 QsmwRepository com.auto.radio D setMute result: 0
2026-06-08 14:44:49.879 1938-1938 RadioMedia...ionMonitor pid-1938 D updateControllers: reason=playbackStateChanged radioPlaying=false radioSessions=[{pkg=com.auto.radio,token=0x677f3fc,state=PAUSED(2)}] thread=main
2026-06-08 14:44:49.879 1938-1938 RadioMedia...ionMonitor pid-1938 D handleRadioPlayback: schedule inactive confirm reason=playbackStateChanged thread=main
2026-06-08 14:44:49.886 971-2226 MediaFocusControl pid-971 I requestAudioFocus() from uid/pid 1001000/4342 AA=USAGE_MEDIA/CONTENT_TYPE_MUSIC clientId=android.media.AudioManager@400d8c7com.auto.radio.service.RadioMediaSessionManager$$ExternalSyntheticLambda0@7531ef4 callingPack=com.auto.radio req=1 flags=0x0 sdk=36
2026-06-08 14:44:49.888 1252-1252 CarAudioFocus pid-1252 I Evaluating GAIN request for client android.media.AudioManager@400d8c7com.auto.radio.service.RadioMediaSessionManager$$ExternalSyntheticLambda0@7531ef4 with usage USAGE_MEDIA
2026-06-08 14:44:49.888 1252-1252 CarAudioFocus pid-1252 I Scanning focus holders...
2026-06-08 14:44:49.888 1252-1252 CarAudioFocus pid-1252 I Scanning those who've already lost focus...
2026-06-08 14:44:49.889 1252-1252 CarAudioFocus pid-1252 I AUDIOFOCUS_REQUEST_GRANTED
2026-06-08 14:44:49.889 1252-1252 CarAudioFocus pid-1252 I onAudioFocusRequest for client android.media.AudioManager@400d8c7com.auto.radio.service.RadioMediaSessionManager$$ExternalSyntheticLambda0@7531ef4 with gain type GAIN resulted in REQUEST_GRANTED
2026-06-08 14:44:49.891 548-548 AudioControl pid-548 I AudioControl::onDevicesToDuckChange
2026-06-08 14:44:49.891 548-548 AudioControl pid-548 I zone: 0
2026-06-08 14:44:49.891 548-548 AudioControl pid-548 I Devices to duck:
2026-06-08 14:44:49.891 548-548 AudioControl pid-548 I Devices to unduck:
2026-06-08 14:44:49.891 548-548 AudioControl pid-548 I Usages holding focus:
2026-06-08 14:44:49.891 548-548 AudioControl pid-548 I AUDIO_USAGE_MEDIA
2026-06-08 14:44:49.901 4342-4342 QsmwRepository com.auto.radio D setMute: mute=false
2026-06-08 14:44:49.905 1938-1938 RadioMedia...ionMonitor pid-1938 D getActiveControllers: reason=playbackStateChanged controllers=[{pkg=com.auto.radio,token=0xe51da85,state=PLAYING(3)}] thread=main
2026-06-08 14:44:49.906 1938-1938 RadioMedia...ionMonitor pid-1938 D updateControllers: reason=playbackStateChanged radioPlaying=true radioSessions=[{pkg=com.auto.radio,token=0xe51da85,state=PLAYING(3)}] thread=main
2026-06-08 14:44:49.906 1938-1938 RadioMedia...ionMonitor pid-1938 D dispatchRadioPlayback: previous=false playing=true reason=playbackStateChanged thread=main
2026-06-08 14:44:49.906 1938-1938 AudioChannelService pid-1938 D updateRadioPlayback: previousPlaying=false requestedPlaying=true effectivePlaying=true reason=playbackStateChanged targetChannel=RADIO(1) shuttingDown=false thread=main
2026-06-08 14:44:49.906 1938-1938 AudioChannelService pid-1938 D updateRadioPlayback: radio playing path, set channel RADIO then start analog input thread=main
2026-06-08 14:44:49.906 1938-1938 AudioChannelManager pid-1938 D setChannel: request=RADIO(1) current=MIC(0) thread=main
2026-06-08 14:44:49.906 1938-1938 AudioChannelManager pid-1938 D setAudioParameter: invoke parameter=analog_in_2_index=1 thread=main
2026-06-08 14:44:49.907 548-1764 audio_hw_p...y_v5.12.20 pid-548 D adev_set_parameters analog_in_2_index=1
2026-06-08 14:44:49.907 548-1764 audio_hw_p...y_v5.12.20 pid-548 D [set_aux_in_type:9428] enter
2026-06-08 14:44:49.907 548-1764 AudioUtil pid-548 D SetAudioAuxInMode, mode=14
2026-06-08 14:44:49.913 2779-3773 McuLink pid-2779 I [TX] seq=42 ft=0x06 payload=3B sent=OK
2026-06-08 14:44:49.914 2779-3773 McuLink pid-2779 I [TX] send_and_wait_ack seq=42 ft=0x06 attempt=1/4
2026-06-08 14:44:49.914 4342-4342 QsmwRepository com.auto.radio D setMute result: 0
2026-06-08 14:44:49.915 4342-4342 RadioMedia...ionManager com.auto.radio D ensureAudioFocus: granted=true
2026-06-08 14:44:49.918 548-1764 audio_hw_p...y_v5.12.20 pid-548 D [set_analog_in_2:9390] enter
2026-06-08 14:44:49.918 548-1764 audio_hw_p...y_v5.12.20 pid-548 D set_analog_in_2: audio_analog_in2_index 1.
2026-06-08 14:44:49.918 548-1764 AudioMixerControll pid-548 D set_audio_analog_input_2_index_value 814: card (0), audio_input_2_index (1)
2026-06-08 14:44:49.919 548-1764 audio_hw_p...y_v5.12.20 pid-548 D [set_analog_in_2:9409] set_audio_analog_input_2_index_value() success
2026-06-08 14:44:49.919 548-1764 AudioUtil pid-548 D [vendor/realtek/common-stb/libs/hardware/AudioUtil_alsa/AudioUtil.cpp:2536] SetAudioAnalogIn2IndexValue(), Analog In2 Index=1
2026-06-08 14:44:49.923 971-1357 Compatibil...geReporter pid-971 D Compat change id reported: 170668199; UID 1001000; state: DISABLED
2026-06-08 14:44:49.923 971-1357 Compatibil...geReporter pid-971 D Compat change id reported: 170668199; UID 1001000; state: ENABLED
2026-06-08 14:44:49.924 548-1764 audio_hw_p...y_v5.12.20 pid-548 D [set_analog_in_2:9419] exit
2026-06-08 14:44:49.924 548-1764 audio_hw_p...y_v5.12.20 pid-548 D [set_aux_in_type:9467] exit
2026-06-08 14:44:49.924 548-1764 AudioUtil pid-548 D [vendor/realtek/common-stb/libs/hardware/AudioUtil_alsa/AudioUtil.cpp:2638] GetAudioBTPcmPassthroughSelftestEnableValue(), BTPcmPassthrough selftest enable=0
2026-06-08 14:44:49.924 548-1764 audio_hw_hfp pid-548 E audio_extn_hfp_set_parameters
2026-06-08 14:44:49.925 971-1357 ActivityManager pid-971 I Background started FGS: Allowed [callingPackage: com.auto.radio; callingUid: 1001000; uidState: TOP ; uidBFSL: [BFSL]; intent: Intent { cmp=com.auto.radio/.service.McuService }; code:PROC_STATE_TOP; tempAllowListReason:; targetSdkVersion:36; callerTargetSdkVersion:36; startForegroundCount:0; bindFromPackage:null: isBindService:false]
2026-06-08 14:44:49.926 971-1357 Compatibil...geReporter pid-971 D Compat change id reported: 255659651; UID 1001000; state: DISABLED
2026-06-08 14:44:49.927 971-1357 Compatibil...geReporter pid-971 D Compat change id reported: 255039210; UID 1001000; state: DISABLED
2026-06-08 14:44:49.928 1938-1938 AudioChannelManager pid-1938 D setAudioParameter: analog_in_2_index=1 set thread=main
2026-06-08 14:44:49.928 1938-1938 AudioChannelManager pid-1938 D setChannel: applied currentChannel=RADIO(1) thread=main
2026-06-08 14:44:49.928 1938-1938 AnalogInputPlayer pid-1938 D start: request source=null alreadyPlaying=false cachedDevice=null thread=main
2026-06-08 14:44:49.931 971-1357 Foreground...ggerModule pid-971 W Foreground service start for UID: 1001000 does not have any types
2026-06-08 14:44:49.931 1938-1938 AnalogInputPlayer pid-1938 D getLineAnalogDevice: inputs=id=25,type=15,name=AUTO_on_RTD1861,address=top, id=33,type=25,name=AUTO_on_RTD1861,address=0, id=31,type=16,name=AUTO_on_RTD1861,address=tuner0, id=27,type=5,name=AUTO_on_RTD1861,address=inline0, id=29,type=28,name=AUTO_on_RTD1861,address= thread=main
2026-06-08 14:44:49.931 1938-1938 AnalogInputPlayer pid-1938 D getLineAnalogDevice: selected=id=27,type=5,name=AUTO_on_RTD1861,address=inline0 thread=main
2026-06-08 14:44:49.933 1938-1938 AnalogInputPlayer pid-1938 D start: HwAudioSource built source=0x14cc0da device=id=27,type=5,name=AUTO_on_RTD1861,address=inline0 thread=main
2026-06-08 14:44:49.933 591-1463 APM::AudioPolicyEngine pid-591 I getDevicesForStrategyInt no device found for strategy 0
2026-06-08 14:44:49.934 591-1463 APM::AudioPolicyEngine pid-591 I getDevicesForStrategyInt no device found for strategy 0
2026-06-08 14:44:49.934 548-1764 audio_hw_p...y_v5.12.20 pid-548 D adev_open_input_stream()[+] device 0x80008000 source 1 flags 0x0
2026-06-08 14:44:49.934 548-1764 audio_hw_p...y_v5.12.20 pid-548 D adev_open_input_stream() AUDIO_SOURCE_MIC 1
2026-06-08 14:44:49.934 548-1764 audio_hw_p...y_v5.12.20 pid-548 D [adev_open_input_stream:8217] requested channel 2 audio format 3 sample_rate 48000
2026-06-08 14:44:49.935 548-1764 AudioUtil pid-548 D [vendor/realtek/common-stb/libs/hardware/AudioUtil_alsa/AudioUtil.cpp:2483] GetAudioAuxInMode(), mode=14
2026-06-08 14:44:49.935 548-1764 audio_hw_p...y_v5.12.20 pid-548 D adev_open_input_stream() sndnode /dev/snd/pcmC0D14c
2026-06-08 14:44:49.935 548-1764 audio_hw_p...y_v5.12.20 pid-548 D [init_audio_device_from_property:9299] device 14
2026-06-08 14:44:49.940 548-1764 AudioUtil pid-548 D [vendor/realtek/common-stb/libs/hardware/AudioUtil_alsa/AudioUtil.cpp:2520] GetAudioAnalogIn2IndexValue(), Analog In2 Index=1
2026-06-08 14:44:49.940 548-1764 AudioUtil pid-548 D [vendor/realtek/common-stb/libs/hardware/AudioUtil_alsa/AudioUtil.cpp:2565] GetAudioAnalogIn2AECValue(), Analog In2 AEC=0
2026-06-08 14:44:49.940 548-1764 AudioMixerControll pid-548 D set_audio_analog_input_2_index_value 814: card (0), audio_input_2_index (1)
2026-06-08 14:44:49.940 554-4264 RTK_WRAP_ENC_VE4 pid-554 I [-] in [CopyRGBA8888ToYUV420Frame]
2026-06-08 14:44:49.940 548-1764 AudioMixerControll pid-548 D set_analog_input_2_aec_control 1559: card (0), analog_input_2_aec_enable (0)
2026-06-08 14:44:49.940 548-1764 AudioUtil pid-548 D [vendor/realtek/common-stb/libs/hardware/AudioUtil_alsa/AudioUtil.cpp:2547] GetAudioBTPcmPassthroughInputIndexValue(), BTPcmPassthroughInput Index=3
2026-06-08 14:44:49.940 548-1764 AudioMixerControll pid-548 D set_btpcm_passthrough_input_path 1017: card (0), btpcm_passthrough_input_path (3)
2026-06-08 14:44:49.940 548-1764 AudioUtil pid-548 D [vendor/realtek/common-stb/libs/hardware/AudioUtil_alsa/AudioUtil.cpp:2620] GetAudioBTPcmPassthroughAECValue(), BTPcmPassthrough AEC=1
2026-06-08 14:44:49.940 548-1764 AudioMixerControll pid-548 D set_btpcm_passthrough_input_aec_control 1083: card (0), btpcm_passthrough_input_aec_enable (1)
2026-06-08 14:44:49.940 554-4264 RTK_WRAP_ENC_VE4 pid-554 I GopSize is greater than 1, GopSize=600, encodedIdx=22
2026-06-08 14:44:49.940 554-4264 VPUAPI pid-554 I [+][2488]VPU_EncStartOneFrame.
2026-06-08 14:44:49.940 548-1764 AudioUtil pid-548 D [vendor/realtek/common-stb/libs/hardware/AudioUtil_alsa/AudioUtil.cpp:2629] GetAudioBTPcmPassthroughMicInSpecifiedChannelIndex(), BTPcmPassthrough Mic-in Specified ChannelIndex=0
2026-06-08 14:44:49.940 548-1764 AudioMixerControll pid-548 D set_btpcm_mic_in_specified_channel 1149: card (0), btpcm_mic_specified_channel (0)
2026-06-08 14:44:49.941 554-4264 VPUAPI pid-554 I [2509]VPU_EncStartOneFrame.bf ProductVpuEncCheckEncParam
2026-06-08 14:44:49.941 554-4264 VPUAPI pid-554 I [2511]VPU_EncStartOneFrame.af ProductVpuEncCheckEncParam
2026-06-08 14:44:49.941 548-1764 AudioUtil pid-548 D [vendor/realtek/common-stb/libs/hardware/AudioUtil_alsa/AudioUtil.cpp:2647] GetAudioBTPcmPassthroughModeSocSlaveValue(), BTPcmPassthrough mode soc slave=1
2026-06-08 14:44:49.941 548-1764 AudioMixerControll pid-548 D set_btpcm_mode 1360: card (0), soc_btpcm_mode (1)
2026-06-08 14:44:49.941 554-4264 VPUAPI pid-554 I wrapper_reg_wirte(0x0008,0x00000020);
2026-06-08 14:44:49.941 548-1764 AudioUtil pid-548 D [vendor/realtek/common-stb/libs/hardware/AudioUtil_alsa/AudioUtil.cpp:2656] GetAudioBTPcmPassthroughQueueBufferMsValue(), BTPcmPassthrough queue buffer ms=128
2026-06-08 14:44:49.941 554-4264 VPUAPI pid-554 I [2910]gen_enc_pic_reg.encWidth:1280.set axi bit:0,1
2026-06-08 14:44:49.941 548-1764 AudioMixerControll pid-548 D set_btpcm_queue_buffer 1426: card (0), soc_btpcm_queue_buffer_ms (128)
2026-06-08 14:44:49.941 554-4264 VPUAPI pid-554 I reg_wirte(VE4_IP_BASE_ADDR+0x0300,0x262e0000);
2026-06-08 14:44:49.941 554-4264 VPUAPI pid-554 I reg_wirte(VE4_IP_BASE_ADDR+0x0304,0x0002a000);
2026-06-08 14:44:49.941 548-1764 audio_hw_p...y_v5.12.20 pid-548 D open audioIn device node: /dev/snd/pcmC0D14c setting vendor.audio.in = 14
2026-06-08 14:44:49.941 548-1764 audio_hw_p...y_v5.12.20 pid-548 D [adev_open_input_stream:8319] selects channels 2 rate 48000 pcm format 1 sorce 1
2026-06-08 14:44:49.941 554-4264 VPUAPI pid-554 I reg_wirte(VE4_IP_BASE_ADDR+0x0308,0x00000040);
2026-06-08 14:44:49.941 554-4264 VPUAPI pid-554 I reg_wirte(VE4_IP_BASE_ADDR+0x030c,0x00000001);
2026-06-08 14:44:49.941 554-4264 VPUAPI pid-554 I reg_wirte(VE4_IP_BASE_ADDR+0x0310,0x00000000);
2026-06-08 14:44:49.941 554-4264 VPUAPI pid-554 I reg_wirte(VE4_IP_BASE_ADDR+0x0318,0x00000000);
2026-06-08 14:44:49.941 554-4264 VPUAPI pid-554 I reg_wirte(VE4_IP_BASE_ADDR+0x031c,0x00000000);
2026-06-08 14:44:49.941 554-4264 VPUAPI pid-554 I reg_wirte(VE4_IP_BASE_ADDR+0x0320,0x00000000);
2026-06-08 14:44:49.941 554-4264 VPUAPI pid-554 I reg_wirte(VE4_IP_BASE_ADDR+0x0324,0x00000000);
2026-06-08 14:44:49.941 554-4264 VPUAPI pid-554 I reg_wirte(VE4_IP_BASE_ADDR+0x032c,0x00000000);
2026-06-08 14:44:49.941 554-4264 VPUAPI pid-554 I reg_wirte(VE4_IP_BASE_ADDR+0x0330,0x26964000);
2026-06-08 14:44:49.941 554-4264 VPUAPI pid-554 I reg_wirte(VE4_IP_BASE_ADDR+0x0334,0x26b58000);
2026-06-08 14:44:49.941 554-4264 VPUAPI pid-554 I reg_wirte(VE4_IP_BASE_ADDR+0x0338,0x26bd5000);
2026-06-08 14:44:49.941 554-4264 VPUAPI pid-554 I reg_wirte(VE4_IP_BASE_ADDR+0x033c,0x05000280);
2026-06-08 14:44:49.941 554-4264 VPUAPI pid-554 I reg_wirte(VE4_IP_BASE_ADDR+0x0340,0x0000f000);
2026-06-08 14:44:49.941 554-4264 VPUAPI pid-554 I reg_wirte(VE4_IP_BASE_ADDR+0x0348,0x00000000);
2026-06-08 14:44:49.941 554-4264 VPUAPI pid-554 I reg_wirte(VE4_IP_BASE_ADDR+0x034c,0x00000003);
2026-06-08 14:44:49.941 554-4264 VPUAPI pid-554 I reg_wirte(VE4_IP_BASE_ADDR+0x0350,0x07200000);
2026-06-08 14:44:49.941 554-4264 VPUAPI pid-554 I reg_wirte(VE4_IP_BASE_ADDR+0x0354,0x00000000);
2026-06-08 14:44:49.941 554-4264 VPUAPI pid-554 I reg_wirte(VE4_IP_BASE_ADDR+0x0358,0x00000000);
2026-06-08 14:44:49.941 554-4264 VPUAPI pid-554 I reg_wirte(VE4_IP_BASE_ADDR+0x035c,0x00000000);
2026-06-08 14:44:49.941 554-4264 VPUAPI pid-554 I reg_wirte(VE4_IP_BASE_ADDR+0x0360,0x00000000);
2026-06-08 14:44:49.942 554-4264 VPUAPI pid-554 I reg_wirte(VE4_IP_BASE_ADDR+0x0364,0x00000000);
2026-06-08 14:44:49.942 554-4264 VPUAPI pid-554 I reg_wirte(VE4_IP_BASE_ADDR+0x03e8,0x00000000);
2026-06-08 14:44:49.942 554-4264 VPUAPI pid-554 I reg_wirte(VE4_IP_BASE_ADDR+0x03ec,0x00000000);
2026-06-08 14:44:49.942 554-4264 VPUAPI pid-554 I reg_wirte(VE4_IP_BASE_ADDR+0x03f0,0x00000000);
2026-06-08 14:44:49.942 554-4264 VPUAPI pid-554 I reg_wirte(VE4_IP_BASE_ADDR+0x03f4,0x00000000);
2026-06-08 14:44:49.942 554-4264 VPUAPI pid-554 I reg_wirte(VE4_IP_BASE_ADDR+0x0414,0x00000000);
2026-06-08 14:44:49.942 554-4264 VPUAPI pid-554 I reg_wirte(VE4_IP_BASE_ADDR+0x0418,0x00000000);
2026-06-08 14:44:49.942 554-4264 VPUAPI pid-554 I reg_wirte(VE4_IP_BASE_ADDR+0x041c,0x00000000);
2026-06-08 14:44:49.942 554-4264 VPUAPI pid-554 I reg_wirte(VE4_IP_BASE_ADDR+0x0420,0x00000000);
2026-06-08 14:44:49.942 554-4264 VPUAPI pid-554 I reg_wirte(VE4_IP_BASE_ADDR+0x0424,0x00000000);
2026-06-08 14:44:49.942 554-4264 VPUAPI pid-554 I reg_wirte(VE4_IP_BASE_ADDR+0x0428,0x00000000);
2026-06-08 14:44:49.942 554-4264 VPUAPI pid-554 I reg_wirte(VE4_IP_BASE_ADDR+0x03f8,0x00000000);
2026-06-08 14:44:49.942 554-4264 VPUAPI pid-554 I reg_wirte(VE4_IP_BASE_ADDR+0x042c,0x00000001);
2026-06-08 14:44:49.942 554-4264 VPUAPI pid-554 I reg_wirte(VE4_IP_BASE_ADDR+0x03fc,0x00000000);
2026-06-08 14:44:49.942 554-4264 VPUAPI pid-554 I reg_wirte(VE4_IP_BASE_ADDR+0x0400,0x00000000);
2026-06-08 14:44:49.942 554-4264 VPUAPI pid-554 I reg_wirte(VE4_IP_BASE_ADDR+0x0404,0x00000000);
2026-06-08 14:44:49.942 554-4264 VPUAPI pid-554 I reg_wirte(VE4_IP_BASE_ADDR+0x0408,0x00000000);
2026-06-08 14:44:49.942 554-4264 VPUAPI pid-554 I reg_wirte(VE4_IP_BASE_ADDR+0x040c,0x00000000);
2026-06-08 14:44:49.942 548-610 audio_hw_p...y_v5.12.20 pid-548 D in_get_buffer_size() 8192 source 1
2026-06-08 14:44:49.942 554-4264 VPUAPI pid-554 I reg_wirte(VE4_IP_BASE_ADDR+0x0410,0x00000000);
2026-06-08 14:44:49.942 554-4264 VPUAPI pid-554 I [119]W6SendCommand.VpuWriteReg W6_CMD_INSTANCE_INFO:0x210.value:0x30000
2026-06-08 14:44:49.942 554-4264 VPUAPI pid-554 I reg_wirte(VE4_IP_BASE_ADDR+0x0210,0x00030000);
2026-06-08 14:44:49.942 554-4264 VPUAPI pid-554 I [123]W6SendCommand.VpuWriteReg W6_VPU_CMD_BUSY_STATUS:0x70.value:1
2026-06-08 14:44:49.942 554-4264 VPUAPI pid-554 I reg_wirte(VE4_IP_BASE_ADDR+0x0070,0x00000001);
2026-06-08 14:44:49.942 554-4264 VPUAPI pid-554 I [125]W6SendCommand.VpuWriteReg W6_COMMAND:0x200.value:0x100
2026-06-08 14:44:49.942 554-4264 VPUAPI pid-554 I reg_wirte(VE4_IP_BASE_ADDR+0x0200,0x00000100);
2026-06-08 14:44:49.942 548-610 audio_hw_p...y_v5.12.20 pid-548 D in_get_buffer_size() 8192 source 1
2026-06-08 14:44:49.942 554-4264 VPUAPI pid-554 I [131]W6SendCommand.VpuWriteReg W6_VPU_HOST_INT_REQ:0x6c.value:1
2026-06-08 14:44:49.942 554-4264 VPUAPI pid-554 I reg_wirte(VE4_IP_BASE_ADDR+0x0038,0x00000001);
2026-06-08 14:44:49.942 554-4264 VPUAPI pid-554 I [134]W6SendCommand.cmd:0x100.W6_VPU_VPU_INT_STS:0x0.W6_VPU_VINT_REASON:0x0
2026-06-08 14:44:49.942 554-4264 VPUAPI pid-554 I [-][2548]VPU_EncStartOneFrame.ret:0x0
2026-06-08 14:44:49.942 554-4264 RTK_WRAP_ENC_VE4 pid-554 I VPU_EncStartOneFrame() success
2026-06-08 14:44:49.943 591-4371 AudioFlinger pid-591 I AudioFlinger's thread 0xb40000711bc04bd0 tid=4371 ready to run
2026-06-08 14:44:49.944 548-610 audio_hw_p...y_v5.12.20 pid-548 D adev_create_audio_patch: handle:0
2026-06-08 14:44:49.945 548-610 rtk_audio_hw_patch pid-548 I before addNewPatch: handle=0, numSources=1,numSinks=1
2026-06-08 14:44:49.945 548-610 rtk_audio_hw_patch pid-548 D dump ----------------patchManager!----------------totalcount:7
2026-06-08 14:44:49.945 548-610 rtk_audio_hw_patch pid-548 I patch .....0..... ,handle:1
2026-06-08 14:44:49.945 548-610 rtk_audio_hw_patch pid-548 I source type:AUDIO_PORT_TYPE_MIX: source[0] handle:0xd,usecase:-1
2026-06-08 14:44:49.945 548-610 rtk_audio_hw_patch pid-548 I sink type:AUDIO_PORT_TYPE_DEVICE: sink[0] device:0x1000000,address:bus0_media_out
2026-06-08 14:44:49.945 548-610 rtk_audio_hw_patch pid-548 I patch .....1..... ,handle:2
2026-06-08 14:44:49.945 548-610 rtk_audio_hw_patch pid-548 I source type:AUDIO_PORT_TYPE_MIX: source[0] handle:0x1d,usecase:-1
2026-06-08 14:44:49.945 548-610 rtk_audio_hw_patch pid-548 I sink type:AUDIO_PORT_TYPE_DEVICE: sink[0] device:0x1000000,address:bus1_navigation_out
2026-06-08 14:44:49.945 548-610 rtk_audio_hw_patch pid-548 I patch .....2..... ,handle:3
2026-06-08 14:44:49.945 548-610 rtk_audio_hw_patch pid-548 I source type:AUDIO_PORT_TYPE_MIX: source[0] handle:0x25,usecase:-1
2026-06-08 14:44:49.945 548-610 rtk_audio_hw_patch pid-548 I sink type:AUDIO_PORT_TYPE_DEVICE: sink[0] device:0x1000000,address:bus2_voice_out
2026-06-08 14:44:49.945 548-610 rtk_audio_hw_patch pid-548 I patch .....3..... ,handle:4
2026-06-08 14:44:49.945 548-610 rtk_audio_hw_patch pid-548 I source type:AUDIO_PORT_TYPE_MIX: source[0] handle:0x2d,usecase:-1
2026-06-08 14:44:49.945 548-610 rtk_audio_hw_patch pid-548 I sink type:AUDIO_PORT_TYPE_DEVICE: sink[0] device:0x1000000,address:bus3_phone_out
2026-06-08 14:44:49.945 548-610 rtk_audio_hw_patch pid-548 I patch .....4..... ,handle:5
2026-06-08 14:44:49.945 548-610 rtk_audio_hw_patch pid-548 I source type:AUDIO_PORT_TYPE_MIX: source[0] handle:0x35,usecase:-1
2026-06-08 14:44:49.945 548-610 rtk_audio_hw_patch pid-548 I sink type:AUDIO_PORT_TYPE_DEVICE: sink[0] device:0x1000000,address:bus4_notification_out
2026-06-08 14:44:49.945 548-610 rtk_audio_hw_patch pid-548 I patch .....5..... ,handle:6
2026-06-08 14:44:49.945 548-610 rtk_audio_hw_patch pid-548 I source type:AUDIO_PORT_TYPE_MIX: source[0] handle:0x3d,usecase:-1
2026-06-08 14:44:49.945 548-610 rtk_audio_hw_patch pid-548 I sink type:AUDIO_PORT_TYPE_DEVICE: sink[0] device:0x1000000,address:bus5_alarm_out
2026-06-08 14:44:49.945 548-610 rtk_audio_hw_patch pid-548 I patch .....6..... ,handle:7
2026-06-08 14:44:49.945 548-610 rtk_audio_hw_patch pid-548 I source type:AUDIO_PORT_TYPE_MIX: source[0] handle:0x45,usecase:-1
2026-06-08 14:44:49.945 548-610 rtk_audio_hw_patch pid-548 I sink type:AUDIO_PORT_TYPE_DEVICE: sink[0] device:0x1000000,address:bus6_other_sound_out
2026-06-08 14:44:49.945 548-610 rtk_audio_hw_patch pid-548 D enddump ----------------patchManager!----------------
2026-06-08 14:44:49.946 548-610 rtk_audio_hw_patch pid-548 I port: id:27, role:1, type:1, config_mask:7, sample_rate:48000, channel_mask:0xc, format:0x3, gain.index:0
2026-06-08 14:44:49.946 548-610 rtk_audio_hw_patch pid-548 I source[0]: port type:AUDIO_PORT_TYPE_DEVICE: device:0x80008000,address:inline0
2026-06-08 14:44:49.946 548-610 rtk_audio_hw_patch pid-548 I port: id:0, role:2, type:2, config_mask:7, sample_rate:48000, channel_mask:0xc, format:0x3, gain.index:0
2026-06-08 14:44:49.946 548-610 rtk_audio_hw_patch pid-548 I sink[0]: port type:AUDIO_PORT_TYPE_MIX: hw_module:0, handle:0x56,usecase:1
2026-06-08 14:44:49.946 548-610 rtk_audio_hw_patch pid-548 I checkPatchExists: bRet:0
2026-06-08 14:44:49.946 548-610 rtk_audio_hw_patch pid-548 I after addNewPatch: handle=16, numSources=1,numSinks=1
2026-06-08 14:44:49.946 548-610 rtk_audio_hw_patch pid-548 D dump ----------------patchManager!----------------totalcount:8
2026-06-08 14:44:49.946 548-610 rtk_audio_hw_patch pid-548 I patch .....0..... ,handle:1
2026-06-08 14:44:49.946 548-610 rtk_audio_hw_patch pid-548 I source type:AUDIO_PORT_TYPE_MIX: source[0] handle:0xd,usecase:-1
2026-06-08 14:44:49.946 548-610 rtk_audio_hw_patch pid-548 I sink type:AUDIO_PORT_TYPE_DEVICE: sink[0] device:0x1000000,address:bus0_media_out
2026-06-08 14:44:49.946 548-610 rtk_audio_hw_patch pid-548 I patch .....1..... ,handle:2
2026-06-08 14:44:49.946 548-610 rtk_audio_hw_patch pid-548 I source type:AUDIO_PORT_TYPE_MIX: source[0] handle:0x1d,usecase:-1
2026-06-08 14:44:49.946 548-610 rtk_audio_hw_patch pid-548 I sink type:AUDIO_PORT_TYPE_DEVICE: sink[0] device:0x1000000,address:bus1_navigation_out
2026-06-08 14:44:49.946 548-610 rtk_audio_hw_patch pid-548 I patch .....2..... ,handle:3
2026-06-08 14:44:49.946 548-610 rtk_audio_hw_patch pid-548 I source type:AUDIO_PORT_TYPE_MIX: source[0] handle:0x25,usecase:-1
2026-06-08 14:44:49.946 554-4264 VPUAPI pid-554 I clear interruptFlag=256
2026-06-08 14:44:49.946 548-610 rtk_audio_hw_patch pid-548 I sink type:AUDIO_PORT_TYPE_DEVICE: sink[0] device:0x1000000,address:bus2_voice_out
2026-06-08 14:44:49.946 548-610 rtk_audio_hw_patch pid-548 I patch .....3..... ,handle:4
2026-06-08 14:44:49.946 548-610 rtk_audio_hw_patch pid-548 I source type:AUDIO_PORT_TYPE_MIX: source[0] handle:0x2d,usecase:-1
2026-06-08 14:44:49.946 548-610 rtk_audio_hw_patch pid-548 I sink type:AUDIO_PORT_TYPE_DEVICE: sink[0] device:0x1000000,address:bus3_phone_out
2026-06-08 14:44:49.946 548-610 rtk_audio_hw_patch pid-548 I patch .....4..... ,handle:5
2026-06-08 14:44:49.946 548-610 rtk_audio_hw_patch pid-548 I source type:AUDIO_PORT_TYPE_MIX: source[0] handle:0x35,usecase:-1
2026-06-08 14:44:49.946 548-610 rtk_audio_hw_patch pid-548 I sink type:AUDIO_PORT_TYPE_DEVICE: sink[0] device:0x1000000,address:bus4_notification_out
2026-06-08 14:44:49.946 548-610 rtk_audio_hw_patch pid-548 I patch .....5..... ,handle:6
2026-06-08 14:44:49.946 548-610 rtk_audio_hw_patch pid-548 I source type:AUDIO_PORT_TYPE_MIX: source[0] handle:0x3d,usecase:-1
2026-06-08 14:44:49.946 548-610 rtk_audio_hw_patch pid-548 I sink type:AUDIO_PORT_TYPE_DEVICE: sink[0] device:0x1000000,address:bus5_alarm_out
2026-06-08 14:44:49.946 548-610 rtk_audio_hw_patch pid-548 I patch .....6..... ,handle:7
2026-06-08 14:44:49.946 548-610 rtk_audio_hw_patch pid-548 I source type:AUDIO_PORT_TYPE_MIX: source[0] handle:0x45,usecase:-1
2026-06-08 14:44:49.946 548-610 rtk_audio_hw_patch pid-548 I sink type:AUDIO_PORT_TYPE_DEVICE: sink[0] device:0x1000000,address:bus6_other_sound_out
2026-06-08 14:44:49.946 548-610 rtk_audio_hw_patch pid-548 I patch .....7..... ,handle:16
2026-06-08 14:44:49.946 548-610 rtk_audio_hw_patch pid-548 I source type:AUDIO_PORT_TYPE_DEVICE: source[0] device:0x80008000,address:inline0
2026-06-08 14:44:49.946 548-610 rtk_audio_hw_patch pid-548 I sink type:AUDIO_PORT_TYPE_MIX: sink[0] handle:0x56,usecase:1
2026-06-08 14:44:49.946 548-610 rtk_audio_hw_patch pid-548 D enddump ----------------patchManager!----------------
2026-06-08 14:44:49.946 548-610 rtk_audio_hw_patch pid-548 I setDevicesMuteState beg: cnt_dev: 0x2, SPEAKER: mRef: 0, mIsMuted: 0, HEADPHONE: mRef: 0, mIsMuted: 1, HDMI: mRef: 0, mIsMuted: 1
2026-06-08 14:44:49.946 548-610 rtk_audio_hw_patch pid-548 I setDevicesMuteState end: cnt_dev: 0x2, SPEAKER: mRef: 0, mIsMuted: 0, HEADPHONE: mRef: 0, mIsMuted: 1, HDMI: mRef: 0, mIsMuted: 1
2026-06-08 14:44:49.946 548-610 audio_hw_p...y_v5.12.20 pid-548 D create_audio_patch done 16
2026-06-08 14:44:49.946 554-4264 VPUAPI pid-554 I [+][2562]VPU_EncGetOutputInfo.
2026-06-08 14:44:49.946 554-4264 VPUAPI pid-554 I [+][3185]Wave6VpuEncGetResult.
2026-06-08 14:44:49.946 554-4264 VPUAPI pid-554 I [Wave6VpuEncGetResult]gpuCacheStatus[0] = 0
2026-06-08 14:44:49.946 554-4264 VPUAPI pid-554 I [-][3340]Wave6VpuEncGetResult.ret:0x0
2026-06-08 14:44:49.946 554-4264 VPUAPI pid-554 I [2593]VPU_EncGetOutputInfo.encSrcIdx:0x0,reconFrameIndex:0x1
2026-06-08 14:44:49.946 554-4264 VPUAPI pid-554 I [-][2605]VPU_EncGetOutputInfo.ret:0x0
2026-06-08 14:44:49.946 554-4264 RTK_WRAP_ENC_VE4 pid-554 I encodeTime 3.805184 ms || Enc: 22|| picType 1 || reconIdx 1 || rdPtr 262e0000 || wrPtr 262e123b
2026-06-08 14:44:49.947 554-4264 RTK_WRAP_ENC_VE4 pid-554 I nHeaderLen: 0|| pVpu->outputInfo.bitstreamSize 4667
2026-06-08 14:44:49.947 554-4264 RTK_WRAP_ENC_VE4 pid-554 I stream->buf_max_size : 2097152, stream->streamlen :4667
2026-06-08 14:44:49.947 554-4264 RTKC2Venc pid-554 I ooo : frameIndex=22, streamSize=4667, keyFrameFlag=0
2026-06-08 14:44:49.947 591-4371 AudioSystem pid-591 W ioConfigChanged() modifying unknown input! 86
2026-06-08 14:44:49.947 554-4264 RTKC2Venc pid-554 I Call finishWork in 761
2026-06-08 14:44:49.947 554-4264 RTKC2Venc pid-554 I Ready to finish 22
2026-06-08 14:44:49.947 971-2226 AudioSystem pid-971 W ioConfigChanged() modifying unknown input! 86
2026-06-08 14:44:49.947 1173-1371 AudioSystem pid-1173 W ioConfigChanged() modifying unknown input! 86
2026-06-08 14:44:49.947 554-4264 RTKC2Venc pid-554 I Finish finish 22
2026-06-08 14:44:49.947 554-4264 RTKC2Venc pid-554 I iii : flag=0, frameIndex=23, timeStamp=472741238, eos=0, dump_enable=0, yuvDumpFreq=1
2026-06-08 14:44:49.947 554-4264 RTKC2Venc pid-554 I Continue standard encode!
2026-06-08 14:44:49.948 554-4264 RTKC2Venc pid-554 I [extractGraphicBuffer][833] width = 1280 || height = 1600 || y_stride = 5120 || uStride = 5120 || vStride = 5120 || colorFormat = 1 || srcPhy = 0x0 || srcbufSize = 8192000
2026-06-08 14:44:49.948 554-4264 RTKC2Venc pid-554 I encoder->RequestSync = 0 cur_requestSync = 0
2026-06-08 14:44:49.948 554-4264 VideoClientEncVE pid-554 I [writeInputFrame][521] write input data to HW
2026-06-08 14:44:49.948 554-4264 RTK_WRAP_ENC_VE4 pid-554 I CODEC_SET_COLOR_FORMAT = 0x1
2026-06-08 14:44:49.948 554-4264 RTK_WRAP_ENC_VE4 pid-554 I [2599][encoder_set_video_config][CODEC_SET_COLOR_FORMAT] HAL_PIXEL_FORMAT_RGBA_8888
2026-06-08 14:44:49.948 554-4264 VideoClientEncVE pid-554 I calculated frameSize = 3072000
2026-06-08 14:44:49.948 554-4264 VideoClientEncVE pid-554 I mImpl->I_Interval = 600
2026-06-08 14:44:49.948 554-4264 RTK_WRAP_ENC_VE4 pid-554 I width 1280(1280), height 1600(1600), stride 1280
2026-06-08 14:44:49.949 554-4264 RTK_WRAP_ENC_VE4 pid-554 I =================encoder_encode_video================= encOP.picWidth: 1280 encOP.picHeight: 1600 origWidth: 1280 origHeight: 1600 srcFrameWidth: 1280 srcFrameHeight: 1600 srcFrameStride: 1280 fbStride: 1280 framebufWidth: 1280 framebufHeight: 1600 framebufStride: 1280 fbAllocInfo.stride: 1280 fbAllocInfo.height: 1600 buffe_resolution_flag=0
2026-06-08 14:44:49.949 554-4264 RTK_WRAP_ENC_VE4 pid-554 I copy method: HAL_PIXEL_FORMAT_RGBA_8888
2026-06-08 14:44:49.949 554-4264 RTK_WRAP_ENC_VE4 pid-554 I [+] in [CopyRGBA8888ToYUV420Frame]
2026-06-08 14:44:49.950 3524-3543 AudioSystem com.publicos.music W ioConfigChanged() modifying unknown input! 86
2026-06-08 14:44:49.950 767-2320 AudioSystem pid-767 W ioConfigChanged() modifying unknown input! 86
2026-06-08 14:44:49.955 548-1764 audio_hw_p...y_v5.12.20 pid-548 D adev_create_audio_patch: handle:0
2026-06-08 14:44:49.955 548-1764 rtk_audio_hw_patch pid-548 I before addNewPatch: handle=0, numSources=1,numSinks=1
2026-06-08 14:44:49.955 548-1764 rtk_audio_hw_patch pid-548 D dump ----------------patchManager!----------------totalcount:8
2026-06-08 14:44:49.955 548-1764 rtk_audio_hw_patch pid-548 I patch .....0..... ,handle:1
2026-06-08 14:44:49.955 548-1764 rtk_audio_hw_patch pid-548 I source type:AUDIO_PORT_TYPE_MIX: source[0] handle:0xd,usecase:-1
2026-06-08 14:44:49.955 548-1764 rtk_audio_hw_patch pid-548 I sink type:AUDIO_PORT_TYPE_DEVICE: sink[0] device:0x1000000,address:bus0_media_out
2026-06-08 14:44:49.955 548-1764 rtk_audio_hw_patch pid-548 I patch .....1..... ,handle:2
2026-06-08 14:44:49.955 548-1764 rtk_audio_hw_patch pid-548 I source type:AUDIO_PORT_TYPE_MIX: source[0] handle:0x1d,usecase:-1
2026-06-08 14:44:49.955 548-1764 rtk_audio_hw_patch pid-548 I sink type:AUDIO_PORT_TYPE_DEVICE: sink[0] device:0x1000000,address:bus1_navigation_out
2026-06-08 14:44:49.955 548-1764 rtk_audio_hw_patch pid-548 I patch .....2..... ,handle:3
2026-06-08 14:44:49.956 548-1764 rtk_audio_hw_patch pid-548 I source type:AUDIO_PORT_TYPE_MIX: source[0] handle:0x25,usecase:-1
2026-06-08 14:44:49.956 548-1764 rtk_audio_hw_patch pid-548 I sink type:AUDIO_PORT_TYPE_DEVICE: sink[0] device:0x1000000,address:bus2_voice_out
2026-06-08 14:44:49.956 548-1764 rtk_audio_hw_patch pid-548 I patch .....3..... ,handle:4
2026-06-08 14:44:49.956 548-1764 rtk_audio_hw_patch pid-548 I source type:AUDIO_PORT_TYPE_MIX: source[0] handle:0x2d,usecase:-1
2026-06-08 14:44:49.956 548-1764 rtk_audio_hw_patch pid-548 I sink type:AUDIO_PORT_TYPE_DEVICE: sink[0] device:0x1000000,address:bus3_phone_out
2026-06-08 14:44:49.956 548-1764 rtk_audio_hw_patch pid-548 I patch .....4..... ,handle:5
2026-06-08 14:44:49.956 548-1764 rtk_audio_hw_patch pid-548 I source type:AUDIO_PORT_TYPE_MIX: source[0] handle:0x35,usecase:-1
2026-06-08 14:44:49.956 548-1764 rtk_audio_hw_patch pid-548 I sink type:AUDIO_PORT_TYPE_DEVICE: sink[0] device:0x1000000,address:bus4_notification_out
2026-06-08 14:44:49.956 548-1764 rtk_audio_hw_patch pid-548 I patch .....5..... ,handle:6
2026-06-08 14:44:49.956 548-1764 rtk_audio_hw_patch pid-548 I source type:AUDIO_PORT_TYPE_MIX: source[0] handle:0x3d,usecase:-1
2026-06-08 14:44:49.956 548-1764 rtk_audio_hw_patch pid-548 I sink type:AUDIO_PORT_TYPE_DEVICE: sink[0] device:0x1000000,address:bus5_alarm_out
2026-06-08 14:44:49.956 548-1764 rtk_audio_hw_patch pid-548 I patch .....6..... ,handle:7
2026-06-08 14:44:49.956 548-1764 rtk_audio_hw_patch pid-548 I source type:AUDIO_PORT_TYPE_MIX: source[0] handle:0x45,usecase:-1
2026-06-08 14:44:49.956 548-1764 rtk_audio_hw_patch pid-548 I sink type:AUDIO_PORT_TYPE_DEVICE: sink[0] device:0x1000000,address:bus6_other_sound_out
2026-06-08 14:44:49.956 548-1764 rtk_audio_hw_patch pid-548 I patch .....7..... ,handle:16
2026-06-08 14:44:49.956 548-1764 rtk_audio_hw_patch pid-548 I source type:AUDIO_PORT_TYPE_DEVICE: source[0] device:0x80008000,address:inline0
2026-06-08 14:44:49.956 548-1764 rtk_audio_hw_patch pid-548 I sink type:AUDIO_PORT_TYPE_MIX: sink[0] handle:0x56,usecase:1
2026-06-08 14:44:49.956 548-1764 rtk_audio_hw_patch pid-548 D enddump ----------------patchManager!----------------
2026-06-08 14:44:49.956 548-1764 rtk_audio_hw_patch pid-548 I port: id:0, role:1, type:2, config_mask:7, sample_rate:48000, channel_mask:0x3, format:0x1, gain.index:0
2026-06-08 14:44:49.956 548-1764 rtk_audio_hw_patch pid-548 I source[0]: port type:AUDIO_PORT_TYPE_MIX: hw_module:0, handle:0xd,usecase:-1
2026-06-08 14:44:49.956 548-1764 rtk_audio_hw_patch pid-548 I port: id:2, role:2, type:1, config_mask:8, sample_rate:0, channel_mask:0x0, format:0x0, gain.index:0
2026-06-08 14:44:49.956 548-1764 rtk_audio_hw_patch pid-548 I sink[0]: port type:AUDIO_PORT_TYPE_DEVICE: device:0x1000000,address:bus0_media_out
2026-06-08 14:44:49.956 548-1764 rtk_audio_hw_patch pid-548 I checkPatchExists: bRet:0
2026-06-08 14:44:49.956 548-1764 rtk_audio_hw_patch pid-548 I after addNewPatch: handle=17, numSources=1,numSinks=1
2026-06-08 14:44:49.956 548-1764 rtk_audio_hw_patch pid-548 D dump ----------------patchManager!----------------totalcount:9
2026-06-08 14:44:49.956 548-1764 rtk_audio_hw_patch pid-548 I patch .....0..... ,handle:1
2026-06-08 14:44:49.956 548-1764 rtk_audio_hw_patch pid-548 I source type:AUDIO_PORT_TYPE_MIX: source[0] handle:0xd,usecase:-1
2026-06-08 14:44:49.956 548-1764 rtk_audio_hw_patch pid-548 I sink type:AUDIO_PORT_TYPE_DEVICE: sink[0] device:0x1000000,address:bus0_media_out
2026-06-08 14:44:49.956 548-1764 rtk_audio_hw_patch pid-548 I patch .....1..... ,handle:2
2026-06-08 14:44:49.956 548-1764 rtk_audio_hw_patch pid-548 I source type:AUDIO_PORT_TYPE_MIX: source[0] handle:0x1d,usecase:-1
2026-06-08 14:44:49.956 548-1764 rtk_audio_hw_patch pid-548 I sink type:AUDIO_PORT_TYPE_DEVICE: sink[0] device:0x1000000,address:bus1_navigation_out
2026-06-08 14:44:49.957 548-1764 rtk_audio_hw_patch pid-548 I patch .....2..... ,handle:3
2026-06-08 14:44:49.957 548-1764 rtk_audio_hw_patch pid-548 I source type:AUDIO_PORT_TYPE_MIX: source[0] handle:0x25,usecase:-1
2026-06-08 14:44:49.957 548-1764 rtk_audio_hw_patch pid-548 I sink type:AUDIO_PORT_TYPE_DEVICE: sink[0] device:0x1000000,address:bus2_voice_out
2026-06-08 14:44:49.957 548-1764 rtk_audio_hw_patch pid-548 I patch .....3..... ,handle:4
2026-06-08 14:44:49.957 548-1764 rtk_audio_hw_patch pid-548 I source type:AUDIO_PORT_TYPE_MIX: source[0] handle:0x2d,usecase:-1
2026-06-08 14:44:49.957 548-1764 rtk_audio_hw_patch pid-548 I sink type:AUDIO_PORT_TYPE_DEVICE: sink[0] device:0x1000000,address:bus3_phone_out
2026-06-08 14:44:49.957 548-1764 rtk_audio_hw_patch pid-548 I patch .....4..... ,handle:5
2026-06-08 14:44:49.957 548-1764 rtk_audio_hw_patch pid-548 I source type:AUDIO_PORT_TYPE_MIX: source[0] handle:0x35,usecase:-1
2026-06-08 14:44:49.957 548-1764 rtk_audio_hw_patch pid-548 I sink type:AUDIO_PORT_TYPE_DEVICE: sink[0] device:0x1000000,address:bus4_notification_out
2026-06-08 14:44:49.957 548-1764 rtk_audio_hw_patch pid-548 I patch .....5..... ,handle:6
2026-06-08 14:44:49.957 548-1764 rtk_audio_hw_patch pid-548 I source type:AUDIO_PORT_TYPE_MIX: source[0] handle:0x3d,usecase:-1
2026-06-08 14:44:49.957 548-1764 rtk_audio_hw_patch pid-548 I sink type:AUDIO_PORT_TYPE_DEVICE: sink[0] device:0x1000000,address:bus5_alarm_out
2026-06-08 14:44:49.957 548-1764 rtk_audio_hw_patch pid-548 I patch .....6..... ,handle:7
2026-06-08 14:44:49.957 548-1764 rtk_audio_hw_patch pid-548 I source type:AUDIO_PORT_TYPE_MIX: source[0] handle:0x45,usecase:-1
2026-06-08 14:44:49.957 548-1764 rtk_audio_hw_patch pid-548 I sink type:AUDIO_PORT_TYPE_DEVICE: sink[0] device:0x1000000,address:bus6_other_sound_out
2026-06-08 14:44:49.957 548-1764 rtk_audio_hw_patch pid-548 I patch .....7..... ,handle:16
2026-06-08 14:44:49.957 548-1764 rtk_audio_hw_patch pid-548 I source type:AUDIO_PORT_TYPE_DEVICE: source[0] device:0x80008000,address:inline0
2026-06-08 14:44:49.957 548-1764 rtk_audio_hw_patch pid-548 I sink type:AUDIO_PORT_TYPE_MIX: sink[0] handle:0x56,usecase:1
2026-06-08 14:44:49.957 548-1764 rtk_audio_hw_patch pid-548 I patch .....8..... ,handle:17
2026-06-08 14:44:49.957 548-1764 rtk_audio_hw_patch pid-548 I source type:AUDIO_PORT_TYPE_MIX: source[0] handle:0xd,usecase:-1
2026-06-08 14:44:49.957 548-1764 rtk_audio_hw_patch pid-548 I sink type:AUDIO_PORT_TYPE_DEVICE: sink[0] device:0x1000000,address:bus0_media_out
2026-06-08 14:44:49.957 548-1764 rtk_audio_hw_patch pid-548 D enddump ----------------patchManager!----------------
2026-06-08 14:44:49.957 548-1764 rtk_audio_hw_patch pid-548 I setDevicesMuteState beg: cnt_dev: 0x2, SPEAKER: mRef: 0, mIsMuted: 0, HEADPHONE: mRef: 0, mIsMuted: 1, HDMI: mRef: 0, mIsMuted: 1
2026-06-08 14:44:49.957 548-1764 rtk_audio_hw_patch pid-548 I setDevicesMuteState end: cnt_dev: 0x2, SPEAKER: mRef: 0, mIsMuted: 0, HEADPHONE: mRef: 0, mIsMuted: 1, HDMI: mRef: 0, mIsMuted: 1
2026-06-08 14:44:49.957 548-1764 audio_hw_p...y_v5.12.20 pid-548 D create_audio_patch done 17
2026-06-08 14:44:49.959 591-778 AF::TrackHandle pid-591 D OpPlayAudio: not muting track:66 usage:0 for service UID 1041
2026-06-08 14:44:49.959 591-778 audioserver pid-591 D logFgsApiBegin: FGS Logger Transaction failed, -129
2026-06-08 14:44:49.959 591-778 audioserver pid-591 D logFgsApiBegin: FGS Logger Transaction failed, -129
2026-06-08 14:44:49.960 591-659 AudioFling...PatchPanel pid-591 E Software patch connections leaked 252 260
2026-06-08 14:44:49.960 591-659 AudioFling...PatchPanel pid-591 E A non empty Patch Endpoint leaked, handle 252
2026-06-08 14:44:49.960 591-659 AudioFling...PatchPanel pid-591 E A non empty Patch Endpoint leaked, handle 260
2026-06-08 14:44:49.962 548-1764 audio_hw_p...y_v5.12.20 pid-548 D out_update_source_metadata():5778 source_metadata->track_count=1
2026-06-08 14:44:49.962 548-1764 audio_hw_p...y_v5.12.20 pid-548 D out_update_source_metadata():5780 out->usecase=0, usage=1, content_type=2
2026-06-08 14:44:49.962 548-1764 audio_hw_p...y_v5.12.20 pid-548 D out_update_source_metadata():5790 attr.usage is AUDIO_USAGE_MEDIA
2026-06-08 14:44:49.962 1552-1836 AudioSystem pid-1552 W ioConfigChanged() modifying unknown input! 86
2026-06-08 14:44:49.963 591-1463 APM::AudioPolicyEngine pid-591 I getDevicesForStrategyInt no device found for strategy 0
2026-06-08 14:44:49.963 3287-3973 AudioSystem pid-3287 W ioConfigChanged() modifying unknown input! 86
2026-06-08 14:44:49.965 591-1463 APM::AudioPolicyEngine pid-591 I getDevicesForStrategyInt no device found for strategy 3
2026-06-08 14:44:49.965 591-1463 APM::AudioPolicyEngine pid-591 I getDevicesForStrategyInt no device found for strategy 1
2026-06-08 14:44:49.965 591-1463 APM::AudioPolicyEngine pid-591 I getDevicesForStrategyInt no device found for strategy 2
2026-06-08 14:44:49.965 591-1463 APM::AudioPolicyEngine pid-591 I getDevicesForStrategyInt no device found for strategy 5
2026-06-08 14:44:49.966 591-1463 APM::AudioPolicyEngine pid-591 I getDevicesForStrategyInt no device found for strategy 7
2026-06-08 14:44:49.966 591-1463 APM::AudioPolicyEngine pid-591 I getDevicesForStrategyInt no device found for strategy 3
2026-06-08 14:44:49.966 591-1463 APM::AudioPolicyEngine pid-591 I getDevicesForStrategyInt no device found for strategy 0
2026-06-08 14:44:49.966 591-1463 APM::AudioPolicyEngine pid-591 I getDevicesForStrategyInt no device found for strategy 4
2026-06-08 14:44:49.966 591-1463 APM::AudioPolicyEngine pid-591 I getDevicesForStrategyInt no device found for strategy 6
2026-06-08 14:44:49.966 591-1463 APM::AudioPolicyEngine pid-591 I getDevicesForStrategyInt no device found for strategy 8
2026-06-08 14:44:49.966 591-1463 APM::AudioPolicyEngine pid-591 I getDevicesForStrategyInt no device found for strategy 8
2026-06-08 14:44:49.967 1938-1938 AnalogInputPlayer pid-1938 D start: HwAudioSource started source=0x14cc0da thread=main
2026-06-08 14:44:49.967 1938-1938 AudioChannelService pid-1938 D updateRadioPlayback: radio playing path done thread=main
2026-06-08 14:44:49.970 1938-1997 AudioSystem pid-1938 W ioConfigChanged() modifying unknown input! 86
2026-06-08 14:44:49.991 971-988 Looper pid-971 W Slow dispatch took 108ms android.fg h=android.os.Handler c= m=0
2026-06-08 14:44:50.001 548-4372 audio_hw_p...y_v5.12.20 pid-548 D [start_input_stream:2279] pcm_open card 0 device_node 14 source 1 rate 48000 pcm format 1 ch: 2 p_size: 512 p_count: 4
1970-01-01 08:07:55.200 4372-4372 pid-4372 I [ALSA rtk_snd_ana_in_2 snd_card_capture_open]
2026-06-08 14:44:50.014 4251-4267 MPEG4Writer pid-4251 D non-key frame, nIPFramesCtr 23, nLastIPFramesCtr 0
1970-01-01 08:07:55.245 4372-4372 ALSA pid-4372 I Device number is 14
1970-01-01 08:07:55.246 4372-4372 ALSA pid-4372 I This is for analog in2, aec_en:0.
1970-01-01 08:07:55.251 4372-4372 pid-4372 I [rpc_create_ai_agent] [ALSA Create AI instance 25165824]
2026-06-08 14:44:50.056 554-4264 RTK_WRAP_ENC_VE4 pid-554 I [-] in [CopyRGBA8888ToYUV420Frame]
2026-06-08 14:44:50.056 554-4264 RTK_WRAP_ENC_VE4 pid-554 I GopSize is greater than 1, GopSize=600, encodedIdx=23
2026-06-08 14:44:50.056 554-4264 VPUAPI pid-554 I [+][2488]VPU_EncStartOneFrame.
2026-06-08 14:44:50.056 554-4264 VPUAPI pid-554 I [2509]VPU_EncStartOneFrame.bf ProductVpuEncCheckEncParam
2026-06-08 14:44:50.056 554-4264 VPUAPI pid-554 I [2511]VPU_EncStartOneFrame.af ProductVpuEncCheckEncParam
2026-06-08 14:44:50.056 554-4264 VPUAPI pid-554 I wrapper_reg_wirte(0x0008,0x00000020);
2026-06-08 14:44:50.057 554-4264 VPUAPI pid-554 I [2910]gen_enc_pic_reg.encWidth:1280.set axi bit:0,1
2026-06-08 14:44:50.057 554-4264 VPUAPI pid-554 I reg_wirte(VE4_IP_BASE_ADDR+0x0300,0x262e0000);
