2026-06-08 14:45:11.828 4251-4251 MPEG4Writer pid-4251 I Adjust the moov start time from 468733712 us -> 468733712 us
2026-06-08 14:45:11.828 4251-4251 MPEG4Writer pid-4251 I MOOV atom was written to the file
2026-06-08 14:45:11.828 4251-4251 MPEG4Writer pid-4251 D release()
2026-06-08 14:45:11.828 4251-4251 MPEG4Writer pid-4251 D ftruncate mPreAllocateFileEndOffset:736467 mOffset:3422 mMdatEndOffset:731635 diff:4832
2026-06-08 14:45:11.836 4251-4251 MPEG4Writer pid-4251 D final fsync() takes 7 ms, file size 731635
2026-06-08 14:45:11.836 4251-4251 MPEG4Writer pid-4251 D MP4WtrCtrlHlpLooper stopped
2026-06-08 14:45:11.836 4251-4251 MPEG4Writer pid-4251 D Top 5 write durations(microseconds): #1:40 #2:40 #3:44 #4:44 #5:50
2026-06-08 14:45:11.839 554-554 RTKC2SimpleComponent pid-554 I stop
2026-06-08 14:45:11.839 554-4260 RTKC2Venc pid-554 I onStop
2026-06-08 14:45:11.839 554-4264 RTKC2Venc pid-554 I [+][onFlush]
2026-06-08 14:45:11.839 554-4264 RTKC2Venc pid-554 I current mQueue size: 0
2026-06-08 14:45:11.840 554-554 RTKC2SimpleComponent pid-554 I release
2026-06-08 14:45:11.840 554-4260 RTKC2Venc pid-554 I onRelease
2026-06-08 14:45:11.840 554-4260 RTKC2Venc pid-554 I VideoEncoder::release()!
2026-06-08 14:45:11.840 554-4260 VPUAPI pid-554 I [+] [2071]VPU_EncClose
2026-06-08 14:45:11.840 554-4260 VPUAPI pid-554 I [119]W6SendCommand.VpuWriteReg W6_CMD_INSTANCE_INFO:0x210.value:0x30000
2026-06-08 14:45:11.840 554-4260 VPUAPI pid-554 I reg_wirte(VE4_IP_BASE_ADDR+0x0210,0x00030000);
2026-06-08 14:45:11.840 554-4260 VPUAPI pid-554 I [123]W6SendCommand.VpuWriteReg W6_VPU_CMD_BUSY_STATUS:0x70.value:1
2026-06-08 14:45:11.840 554-4260 VPUAPI pid-554 I reg_wirte(VE4_IP_BASE_ADDR+0x0070,0x00000001);
2026-06-08 14:45:11.840 554-4260 VPUAPI pid-554 I [125]W6SendCommand.VpuWriteReg W6_COMMAND:0x200.value:0x20
2026-06-08 14:45:11.840 554-4260 VPUAPI pid-554 I reg_wirte(VE4_IP_BASE_ADDR+0x0200,0x00000020);
2026-06-08 14:45:11.840 554-4260 VPUAPI pid-554 I [131]W6SendCommand.VpuWriteReg W6_VPU_HOST_INT_REQ:0x6c.value:1
2026-06-08 14:45:11.840 554-4260 VPUAPI pid-554 I reg_wirte(VE4_IP_BASE_ADDR+0x0038,0x00000001);
2026-06-08 14:45:11.840 554-4260 VPUAPI pid-554 I [134]W6SendCommand.cmd:0x20.W6_VPU_VPU_INT_STS:0x0.W6_VPU_VINT_REASON:0x0
2026-06-08 14:45:11.840 554-4260 VPUAPI pid-554 I [2199]vdi_wait_vpu_busy.timeout:10000.addr_bit_busy_flag:0x70.pc:0x4
2026-06-08 14:45:11.840 554-4260 VPUAPI pid-554 I [+] [862]vdi_close_instance.core_idx:0
2026-06-08 14:45:11.840 554-4260 VPUAPI pid-554 I [-] [867]vdi_close_instance.core_idx:0.ret:0
2026-06-08 14:45:11.840 554-4260 VPUAPI pid-554 I [-] [2103]VPU_EncClose.ret:0
2026-06-08 14:45:11.840 554-4260 VPUAPI pid-554 I [VDI] Internal_vdi_free_dma_memory, physaddr=0x2630e000, virtaddr=0x7c52301000~0x7c525ef000, size=3072000, ENC_FBC
2026-06-08 14:45:11.841 554-4260 VPUAPI pid-554 I [VDI] Internal_vdi_free_dma_memory, physaddr=0x265fc000, virtaddr=0x7c50cd6000~0x7c50fc4000, size=3072000, ENC_FBC
2026-06-08 14:45:11.841 554-4260 VPUAPI pid-554 I [VDI] Internal_vdi_free_dma_memory, physaddr=0x262e0000, virtaddr=0x7f092a1000~0x7f092cb000, size=172032, ENC_BS
2026-06-08 14:45:11.841 554-4260 VPUAPI pid-554 I [VDI] Internal_vdi_free_dma_memory, physaddr=0x25f9f000, virtaddr=0x7f08c10000~0x7f08c50000, size=262144, ENC_WORK
2026-06-08 14:45:11.842 554-4260 VPUAPI pid-554 I [VDI] Internal_vdi_free_dma_memory, physaddr=0x25fdf000, virtaddr=0x7c531ff000~0x7c534ff000, size=3145728, ENC_TEMP
2026-06-08 14:45:11.842 554-4260 VPUAPI pid-554 I [VDI] Internal_vdi_free_dma_memory, physaddr=0x262df000, virtaddr=0x7f09997000~0x7f09998000, size=4096, ENC_AR
2026-06-08 14:45:11.842 554-4260 VPUAPI pid-554 I [VDI] Internal_vdi_free_dma_memory, physaddr=0x268ea000, virtaddr=0x7f094bf000~0x7f094cea00, size=64000, ENC_ETC
2026-06-08 14:45:11.842 554-4260 VPUAPI pid-554 I [VDI] Internal_vdi_free_dma_memory, physaddr=0x268fa000, virtaddr=0x7f0943d000~0x7f0944ca00, size=64000, ENC_ETC
2026-06-08 14:45:11.842 554-4260 VPUAPI pid-554 I [VDI] Internal_vdi_free_dma_memory, physaddr=0x2690a000, virtaddr=0x7f09534000~0x7f0953d600, size=38400, ENC_ETC
2026-06-08 14:45:11.842 554-4260 VPUAPI pid-554 I [VDI] Internal_vdi_free_dma_memory, physaddr=0x26914000, virtaddr=0x7f09432000~0x7f0943b600, size=38400, ENC_ETC
2026-06-08 14:45:11.842 554-4260 VPUAPI pid-554 I [VDI] Internal_vdi_free_dma_memory, physaddr=0x2691e000, virtaddr=0x7f09617000~0x7f096182c0, size=4800, ENC_ETC
2026-06-08 14:45:11.842 554-4260 VPUAPI pid-554 I [VDI] Internal_vdi_free_dma_memory, physaddr=0x26920000, virtaddr=0x7f09615000~0x7f096162c0, size=4800, ENC_ETC
2026-06-08 14:45:11.842 554-4260 VPUAPI pid-554 I [VDI] Internal_vdi_free_dma_memory, physaddr=0x26922000, virtaddr=0x7f08e8c000~0x7f08eac800, size=133120, ENC_ETC
2026-06-08 14:45:11.842 554-4260 VPUAPI pid-554 I [VDI] Internal_vdi_free_dma_memory, physaddr=0x26943000, virtaddr=0x7f06493000~0x7f064b3800, size=133120, ENC_ETC
2026-06-08 14:45:11.842 554-4260 VPUAPI pid-554 I [VDI] Internal_vdi_free_dma_memory, physaddr=0x2630a000, virtaddr=0x7f096f7000~0x7f096fb000, size=16384, ENC_ETC
2026-06-08 14:45:11.842 554-4260 VPUAPI pid-554 E [VDI] invalid buffer to free address = 0x0
2026-06-08 14:45:11.842 554-4260 VPUAPI pid-554 I [VDI] vdi_dettach_dma_memory, physaddr=0x26964000, virtaddr=0x0~0x2ee000, size=3072000
2026-06-08 14:45:11.843 554-4260 VPUAPI pid-554 I [+] [494]vdi_release.core_idx:0
2026-06-08 14:45:11.843 554-4260 VPUAPI pid-554 I [VDI] Internal_vdi_set_rtk_clk_gating, 2533... core_idx:0, clk_en:FALSE
1970-01-01 08:08:17.042 4260-4260 pid-4260 E [RTK_VPU] [-]VDI_IOCTL_SET_RTK_CLK_GATING clockInfo.core_idx:0, clockInfo.enable:0
2026-06-08 14:45:11.846 554-4260 VPUAPI pid-554 I [584]Internal_vdi_release.close(vdi->vpu_fd)
2026-06-08 14:45:11.846 554-4260 VPUAPI pid-554 I [-] [505]vdi_release.core_idx:0.ret:0
2026-06-08 14:45:11.846 554-4260 VPUAPI pid-554 I [305]VPU_DeInit.coreIdx:0.ret:RETCODE_SUCCESS
2026-06-08 14:45:11.847 554-554 RTKC2SimpleComponent pid-554 I release done
2026-06-08 14:45:11.847 4251-4255 hw-BpHwBinder pid-4251 I onLastStrongRef automatically unlinking death recipients
2026-06-08 14:45:11.848 554-1192 hw-BpHwBinder pid-554 I onLastStrongRef automatically unlinking death recipients
2026-06-08 14:45:11.848 554-1192 hw-BpHwBinder pid-554 I onLastStrongRef automatically unlinking death recipients
2026-06-08 14:45:11.848 554-1192 RTKC2Venc pid-554 I onRelease
2026-06-08 14:45:11.848 554-1192 RTKC2Venc pid-554 I VideoEncoder::release()!
2026-06-08 14:45:11.850 4251-4251 MediaCodec pid-4251 D flushMediametrics
2026-06-08 14:45:11.872 4251-4263 BpBinder pid-4251 I onLastStrongRef automatically unlinking death recipients:
2026-06-08 14:45:11.893 591-797 AudioFlinger pid-591 D mixer(0xb4000071392de940) throttle end: throttle time(1)
2026-06-08 14:45:11.895 971-1433 ActivityManager pid-971 I Broadcasting: Intent { act=android.intent.action.MEDIA_SCANNER_SCAN_FILE dat=file:///... flg=0x400000 }
2026-06-08 14:45:11.895 971-1433 ActivityManager pid-971 I Enqueued broadcast Intent { act=android.intent.action.MEDIA_SCANNER_SCAN_FILE dat=file:///... flg=0x400000 }: 0
2026-06-08 14:45:11.896 971-997 OomAdjuster pid-971 D Not killing cached processes
2026-06-08 14:45:11.904 971-988 ActivityManager pid-971 I Broadcast completed: result=0
2026-06-08 14:45:11.906 2154-2550 MediaProvider pid-2154 I Begin Intent { act=android.intent.action.MEDIA_SCANNER_SCAN_FILE dat=file:///... flg=0x1400010 cmp=com.android.providers.media.module/com.android.providers.media.MediaService }
2026-06-08 14:45:11.907 4251-4251 ScreenRecord pid-4251 D success
2026-06-08 14:45:11.910 4251-4251 BpBinder pid-4251 I onLastStrongRef automatically unlinking death recipients:
2026-06-08 14:45:11.911 2154-2550 ModernMediaScanner pid-2154 W Failed to visit /storage/emulated/10/screen-recording-1782443549427.mp4: java.nio.file.NoSuchFileException: /storage/emulated/10/screen-recording-1782443549427.mp4
2026-06-08 14:45:11.911 4251-4251 BpBinder pid-4251 I onLastStrongRef automatically unlinking death recipients:
2026-06-08 14:45:11.913 554-1217 BufferPoolAccessor2.0 pid-554 D Destruction - bufferpool2 0xb400007d25ca4788 cached: 0/0M, 0/0% in use; allocs: 133, 98% recycled; transfers: 132, 95% unfetched
2026-06-08 14:45:11.915 2154-2550 MediaProvider pid-2154 I Scanned external_primary due to REASON_DEMAND, found 0 items in 5ms, 0 inserts 0 updates 0 deletes
2026-06-08 14:45:11.916 2154-2550 MediaProvider pid-2154 I End Intent { act=android.intent.action.MEDIA_SCANNER_SCAN_FILE dat=file:///... flg=0x1400010 cmp=com.android.providers.media.module/com.android.providers.media.MediaService }
2026-06-08 14:45:11.996 1916-2097 MediaProvider pid-1916 I Deleted 0 0 0 1 0 0 0 items on external_primary due to com.android.shell
2026-06-08 14:45:12.098 2359-2492 BluetoothSocket pid-2359 D accept(), timeout (ms):-1
2026-06-08 14:45:12.098 2359-2492 BTConnectionMethod pid-2359 E AcceptThread: accept() failed java.io.IOException: read failed, socket might closed or timeout, read ret: -1
at android.bluetooth.BluetoothSocket.readAll(BluetoothSocket.java:924)
at android.bluetooth.BluetoothSocket.waitSocketSignal(BluetoothSocket.java:877)
at android.bluetooth.BluetoothSocket.accept(BluetoothSocket.java:626)
at android.bluetooth.BluetoothServerSocket.accept(BluetoothServerSocket.java:195)
at android.bluetooth.BluetoothServerSocket.accept(BluetoothServerSocket.java:178)
at com.abaltatech.mcs.bluetooth.android.BluetoothConnectionMethod$AcceptThread.acceptConnection(BluetoothConnectionMethod.java:504)
at com.abaltatech.mcs.bluetooth.android.BluetoothConnectionMethod$AcceptThread.run(BluetoothConnectionMethod.java:475)
2026-06-08 14:45:12.697 3388-3434 AHU.TCP_CONNECTION pid-3388 D Socket accept timed out; retrying
2026-06-08 14:45:12.777 566-3352 gps_hdbd pid-566 D RTK: disable write_gpio /sys/ontim_bootinfo/gps_reset value 1
2026-06-08 14:45:12.787 566-3352 gps_hdbd pid-566 D RTK: disable write_gpio /sys/ontim_bootinfo/gps_reset value 0
2026-06-08 14:45:12.808 566-3352 gps_hdbd pid-566 D RTK: disable write_gpio /sys/ontim_bootinfo/gps_reset value 1
2026-06-08 14:45:12.958 566-3352 gps_hdbd pid-566 I [chip_to_reset 1383]HDBD HD8040 Reset
2026-06-08 14:45:12.958 566-3352 gps_hdbd pid-566 I [gps_monitor_thread 3665]no nmea > 3s, chip reset
2026-06-08 14:45:13.098 2359-2492 BluetoothSocket pid-2359 D accept(), timeout (ms):-1
2026-06-08 14:45:13.098 2359-2492 BTConnectionMethod pid-2359 E AcceptThread: accept() failed java.io.IOException: read failed, socket might closed or timeout, read ret: -1
at android.bluetooth.BluetoothSocket.readAll(BluetoothSocket.java:924)
at android.bluetooth.BluetoothSocket.waitSocketSignal(BluetoothSocket.java:877)
at android.bluetooth.BluetoothSocket.accept(BluetoothSocket.java:626)
at android.bluetooth.BluetoothServerSocket.accept(BluetoothServerSocket.java:195)
at android.bluetooth.BluetoothServerSocket.accept(BluetoothServerSocket.java:178)
at com.abaltatech.mcs.bluetooth.android.BluetoothConnectionMethod$AcceptThread.acceptConnection(BluetoothConnectionMethod.java:504)
at com.abaltatech.mcs.bluetooth.android.BluetoothConnectionMethod$AcceptThread.run(BluetoothConnectionMethod.java:475)
2026-06-08 14:45:13.390 1552-1708 blueware pid-1552 D BLUEWARE_HCI_LOCAL_BD_ADDR_IND DC0D30863FB2,1
2026-06-08 14:45:13.698 3388-3434 AHU.TCP_CONNECTION pid-3388 D Socket accept timed out; retrying
2026-06-08 14:45:14.099 2359-2492 BluetoothSocket pid-2359 D accept(), timeout (ms):-1
2026-06-08 14:45:14.099 2359-2492 BTConnectionMethod pid-2359 E AcceptThread: accept() failed java.io.IOException: read failed, socket might closed or timeout, read ret: -1
at android.bluetooth.BluetoothSocket.readAll(BluetoothSocket.java:924)
at android.bluetooth.BluetoothSocket.waitSocketSignal(BluetoothSocket.java:877)
at android.bluetooth.BluetoothSocket.accept(BluetoothSocket.java:626)
at android.bluetooth.BluetoothServerSocket.accept(BluetoothServerSocket.java:195)
at android.bluetooth.BluetoothServerSocket.accept(BluetoothServerSocket.java:178)
at com.abaltatech.mcs.bluetooth.android.BluetoothConnectionMethod$AcceptThread.acceptConnection(BluetoothConnectionMethod.java:504)
at com.abaltatech.mcs.bluetooth.android.BluetoothConnectionMethod$AcceptThread.run(BluetoothConnectionMethod.java:475)