2026-06-08 14:44:47.820 554-4264 RTK_WRAP_ENC_VE4 pid-554 I =================encoder_encode_video================= encOP.picWidth: 1280 encOP.picHeight: 1600 origWidth: 1280 origHeight: 1600 srcFrameWidth: 1280 srcFrameHeight: 1600 srcFrameStride: 1280 fbStride: 1280 framebufWidth: 1280 framebufHeight: 1600 framebufStride: 1280 fbAllocInfo.stride: 1280 fbAllocInfo.height: 1600 buffe_resolution_flag=0
2026-06-08 14:44:47.820 554-4264 RTK_WRAP_ENC_VE4 pid-554 I copy method: HAL_PIXEL_FORMAT_RGBA_8888
2026-06-08 14:44:47.820 554-4264 RTK_WRAP_ENC_VE4 pid-554 I [+] in [CopyRGBA8888ToYUV420Frame]
2026-06-08 14:44:47.824 971-1020 ActivityManager pid-971 I Force stopping com.auto.radio appid=1000 user=0: pkg removed
2026-06-08 14:44:47.828 971-1020 IPCThreadState pid-971 W Sending oneway calls to frozen process.
2026-06-08 14:44:47.829 971-1020 IPCThreadState pid-971 W Sending oneway calls to frozen process.
2026-06-08 14:44:47.829 971-1020 IPCThreadState pid-971 W Sending oneway calls to frozen process.
2026-06-08 14:44:47.829 971-1020 IPCThreadState pid-971 W Sending oneway calls to frozen process.
2026-06-08 14:44:47.829 971-1020 IPCThreadState pid-971 W Sending oneway calls to frozen process.
2026-06-08 14:44:47.829 971-1020 IPCThreadState pid-971 W Sending oneway calls to frozen process.
2026-06-08 14:44:47.830 971-1020 IPCThreadState pid-971 W Sending oneway calls to frozen process.
2026-06-08 14:44:47.830 971-1020 IPCThreadState pid-971 W Sending oneway calls to frozen process.
2026-06-08 14:44:47.833 971-1020 IPCThreadState pid-971 W Sending oneway calls to frozen process.
2026-06-08 14:44:47.858 1252-1312 CarPackage...gerService pid-1252 D Updating allowlist and denylist mapping for package: com.auto.radio for UserId: 10
2026-06-08 14:44:47.859 1252-1312 CarPackage...gerService pid-1252 D Updating allowlist and denylist mapping for package: com.auto.radio for UserId: 0
2026-06-08 14:44:47.863 971-1020 ActivityManager pid-971 I Force stopping com.auto.radio appid=1000 user=10: pkg removed
2026-06-08 14:44:47.866 971-1020 IPCThreadState pid-971 W Sending oneway calls to frozen process.
2026-06-08 14:44:47.866 971-1020 IPCThreadState pid-971 W Sending oneway calls to frozen process.
2026-06-08 14:44:47.876 971-1020 IPCThreadState pid-971 W Sending oneway calls to frozen process.
2026-06-08 14:44:47.876 971-1020 IPCThreadState pid-971 W Sending oneway calls to frozen process.
2026-06-08 14:44:47.876 971-1020 IPCThreadState pid-971 W Sending oneway calls to frozen process.
2026-06-08 14:44:47.876 971-1020 IPCThreadState pid-971 W Sending oneway calls to frozen process.
2026-06-08 14:44:47.876 971-1020 IPCThreadState pid-971 W Sending oneway calls to frozen process.
2026-06-08 14:44:47.876 971-1020 IPCThreadState pid-971 W Sending oneway calls to frozen process.
2026-06-08 14:44:47.876 971-1020 IPCThreadState pid-971 W Sending oneway calls to frozen process.
2026-06-08 14:44:47.878 971-1020 IPCThreadState pid-971 W Sending oneway calls to frozen process.
2026-06-08 14:44:47.913 1252-1312 CarPackage...gerService pid-1252 D Updating allowlist and denylist mapping for package: com.auto.radio for UserId: 10
2026-06-08 14:44:47.913 1252-1312 CarPackage...gerService pid-1252 D Updating allowlist and denylist mapping for package: com.auto.radio for UserId: 0
2026-06-08 14:44:47.924 1479-1493 id.ext.services pid-1479 W ApkAssets: Deleting an ApkAssets object ' and /data/app/~~4ObRbqqrAeaC7XaAw8Smfg==/com.auto.radio-pcvICp3JAGEXtBvBUpeIIQ==/base.apk' with 1 weak references
2026-06-08 14:44:47.930 1457-1457 SmsApplication pid-1457 E com.android.mms.service does not have system signature
2026-06-08 14:44:47.930 971-1020 IPCThreadState pid-971 W Sending oneway calls to frozen process.
2026-06-08 14:44:47.931 971-1020 IPCThreadState pid-971 W Sending oneway calls to frozen process.
2026-06-08 14:44:47.931 971-1020 IPCThreadState pid-971 W Sending oneway calls to frozen process.
2026-06-08 14:44:47.931 971-1020 IPCThreadState pid-971 W Sending oneway calls to frozen process.
2026-06-08 14:44:47.931 971-1020 IPCThreadState pid-971 W Sending oneway calls to frozen process.
2026-06-08 14:44:47.931 971-1020 IPCThreadState pid-971 W Sending oneway calls to frozen process.
2026-06-08 14:44:47.931 971-1020 IPCThreadState pid-971 W Sending oneway calls to frozen process.
2026-06-08 14:44:47.931 971-1020 IPCThreadState pid-971 W Sending oneway calls to frozen process.
2026-06-08 14:44:47.936 1457-1457 CellBroadcastUtils pid-1457 E getDefaultCellBroadcastReceiverPackageName: no package found
2026-06-08 14:44:47.937 971-1020 IPCThreadState pid-971 W Sending oneway calls to frozen process.
2026-06-08 14:44:47.948 971-980 system_server pid-971 I Background young concurrent copying GC freed 455344(22MB) AllocSpace objects, 28(672KB) LOS objects, 37% free, 27MB/44MB, paused 150us,908us total 263.792ms
2026-06-08 14:44:47.948 971-1020 IPCThreadState pid-971 W Sending oneway calls to frozen process.
2026-06-08 14:44:47.949 971-1020 IPCThreadState pid-971 W Sending oneway calls to frozen process.
2026-06-08 14:44:47.950 971-1020 IPCThreadState pid-971 W Sending oneway calls to frozen process.
2026-06-08 14:44:47.951 971-1020 IPCThreadState pid-971 W Sending oneway calls to frozen process.
2026-06-08 14:44:47.951 971-1020 IPCThreadState pid-971 W Sending oneway calls to frozen process.
2026-06-08 14:44:47.951 971-1020 IPCThreadState pid-971 W Sending oneway calls to frozen process.
2026-06-08 14:44:47.951 971-1020 IPCThreadState pid-971 W Sending oneway calls to frozen process.
2026-06-08 14:44:47.951 971-1020 IPCThreadState pid-971 W Sending oneway calls to frozen process.
2026-06-08 14:44:47.951 971-1020 IPCThreadState pid-971 W Sending oneway calls to frozen process.
2026-06-08 14:44:47.952 971-1020 IPCThreadState pid-971 W Sending oneway calls to frozen process.
2026-06-08 14:44:47.964 971-982 System pid-971 W A resource failed to call close.
2026-06-08 14:44:47.970 1252-1312 CarPackage...gerService pid-1252 D Updating allowlist and denylist mapping for package: com.auto.radio for UserId: 10
2026-06-08 14:44:47.972 1252-1312 CarPackage...gerService pid-1252 D Updating allowlist and denylist mapping for package: com.auto.radio for UserId: 0
2026-06-08 14:44:47.976 1252-1312 CarPackage...gerService pid-1252 D Updating allowlist and denylist mapping for package: com.auto.radio for UserId: 10
2026-06-08 14:44:47.977 1252-1312 CarPackage...gerService pid-1252 D Updating allowlist and denylist mapping for package: com.auto.radio for UserId: 0
2026-06-08 14:44:47.978 1252-1312 CarPackage...gerService pid-1252 D Updating allowlist and denylist mapping for package: com.auto.radio for UserId: 10
2026-06-08 14:44:47.978 1252-1312 CarPackage...gerService pid-1252 D Updating allowlist and denylist mapping for package: com.auto.radio for UserId: 0
2026-06-08 14:44:47.979 1252-1312 CarPackage...gerService pid-1252 D Updating allowlist and denylist mapping for package: com.auto.radio for UserId: 10
2026-06-08 14:44:47.982 1252-1312 CarPackage...gerService pid-1252 D Updating allowlist and denylist mapping for package: com.auto.radio for UserId: 0
2026-06-08 14:44:47.993 971-1020 PackageInstallerSession pid-971 D Marking session 170145602 as applied
2026-06-08 14:44:48.010 1457-1457 CellBroadcastUtils pid-1457 E getDefaultCellBroadcastReceiverPackageName: no package found
2026-06-08 14:44:48.015 554-4264 RTK_WRAP_ENC_VE4 pid-554 I [-] in [CopyRGBA8888ToYUV420Frame]
2026-06-08 14:44:48.016 1457-1457 CarrierSvcBindHelper pid-1457 D onPackageUpdateFinished: com.auto.radio
2026-06-08 14:44:48.017 554-4264 RTK_WRAP_ENC_VE4 pid-554 I GopSize is greater than 1, GopSize=600, encodedIdx=9
2026-06-08 14:44:48.017 554-4264 VPUAPI pid-554 I [+][2488]VPU_EncStartOneFrame.
2026-06-08 14:44:48.017 554-4264 VPUAPI pid-554 I [2509]VPU_EncStartOneFrame.bf ProductVpuEncCheckEncParam
2026-06-08 14:44:48.017 554-4264 VPUAPI pid-554 I [2511]VPU_EncStartOneFrame.af ProductVpuEncCheckEncParam
2026-06-08 14:44:48.017 554-4264 VPUAPI pid-554 I wrapper_reg_wirte(0x0008,0x00000020);
2026-06-08 14:44:48.017 554-4264 VPUAPI pid-554 I [2910]gen_enc_pic_reg.encWidth:1280.set axi bit:0,1
2026-06-08 14:44:48.017 554-4264 VPUAPI pid-554 I reg_wirte(VE4_IP_BASE_ADDR+0x0300,0x262e0000);
2026-06-08 14:44:48.017 554-4264 VPUAPI pid-554 I reg_wirte(VE4_IP_BASE_ADDR+0x0304,0x0002a000);
2026-06-08 14:44:48.017 554-4264 VPUAPI pid-554 I reg_wirte(VE4_IP_BASE_ADDR+0x0308,0x00000040);
2026-06-08 14:44:48.017 554-4264 VPUAPI pid-554 I reg_wirte(VE4_IP_BASE_ADDR+0x030c,0x00000001);
2026-06-08 14:44:48.017 554-4264 VPUAPI pid-554 I reg_wirte(VE4_IP_BASE_ADDR+0x0310,0x00000000);
2026-06-08 14:44:48.017 554-4264 VPUAPI pid-554 I reg_wirte(VE4_IP_BASE_ADDR+0x0318,0x00000000);
2026-06-08 14:44:48.017 554-4264 VPUAPI pid-554 I reg_wirte(VE4_IP_BASE_ADDR+0x031c,0x00000000);
2026-06-08 14:44:48.017 554-4264 VPUAPI pid-554 I reg_wirte(VE4_IP_BASE_ADDR+0x0320,0x00000000);
2026-06-08 14:44:48.017 554-4264 VPUAPI pid-554 I reg_wirte(VE4_IP_BASE_ADDR+0x0324,0x00000000);
2026-06-08 14:44:48.017 554-4264 VPUAPI pid-554 I reg_wirte(VE4_IP_BASE_ADDR+0x032c,0x00000000);
2026-06-08 14:44:48.017 554-4264 VPUAPI pid-554 I reg_wirte(VE4_IP_BASE_ADDR+0x0330,0x26964000);
2026-06-08 14:44:48.017 554-4264 VPUAPI pid-554 I reg_wirte(VE4_IP_BASE_ADDR+0x0334,0x26b58000);
2026-06-08 14:44:48.017 554-4264 VPUAPI pid-554 I reg_wirte(VE4_IP_BASE_ADDR+0x0338,0x26bd5000);
2026-06-08 14:44:48.017 554-4264 VPUAPI pid-554 I reg_wirte(VE4_IP_BASE_ADDR+0x033c,0x05000280);
2026-06-08 14:44:48.017 554-4264 VPUAPI pid-554 I reg_wirte(VE4_IP_BASE_ADDR+0x0340,0x0000f000);
2026-06-08 14:44:48.017 554-4264 VPUAPI pid-554 I reg_wirte(VE4_IP_BASE_ADDR+0x0348,0x00000000);
2026-06-08 14:44:48.017 554-4264 VPUAPI pid-554 I reg_wirte(VE4_IP_BASE_ADDR+0x034c,0x00000003);
2026-06-08 14:44:48.017 554-4264 VPUAPI pid-554 I reg_wirte(VE4_IP_BASE_ADDR+0x0350,0x07200000);
2026-06-08 14:44:48.017 554-4264 VPUAPI pid-554 I reg_wirte(VE4_IP_BASE_ADDR+0x0354,0x00000000);
2026-06-08 14:44:48.017 554-4264 VPUAPI pid-554 I reg_wirte(VE4_IP_BASE_ADDR+0x0358,0x00000000);
2026-06-08 14:44:48.017 1457-1457 CarrierSvcBindHelper pid-1457 D No carrier app for: 0
2026-06-08 14:44:48.018 554-4264 VPUAPI pid-554 I reg_wirte(VE4_IP_BASE_ADDR+0x035c,0x00000000);
2026-06-08 14:44:48.018 554-4264 VPUAPI pid-554 I reg_wirte(VE4_IP_BASE_ADDR+0x0360,0x00000000);
2026-06-08 14:44:48.018 554-4264 VPUAPI pid-554 I reg_wirte(VE4_IP_BASE_ADDR+0x0364,0x00000000);
2026-06-08 14:44:48.018 554-4264 VPUAPI pid-554 I reg_wirte(VE4_IP_BASE_ADDR+0x03e8,0x00000000);
2026-06-08 14:44:48.018 554-4264 VPUAPI pid-554 I reg_wirte(VE4_IP_BASE_ADDR+0x03ec,0x00000000);
2026-06-08 14:44:48.018 554-4264 VPUAPI pid-554 I reg_wirte(VE4_IP_BASE_ADDR+0x03f0,0x00000000);
2026-06-08 14:44:48.018 554-4264 VPUAPI pid-554 I reg_wirte(VE4_IP_BASE_ADDR+0x03f4,0x00000000);
2026-06-08 14:44:48.018 554-4264 VPUAPI pid-554 I reg_wirte(VE4_IP_BASE_ADDR+0x0414,0x00000000);
2026-06-08 14:44:48.018 554-4264 VPUAPI pid-554 I reg_wirte(VE4_IP_BASE_ADDR+0x0418,0x00000000);
2026-06-08 14:44:48.018 554-4264 VPUAPI pid-554 I reg_wirte(VE4_IP_BASE_ADDR+0x041c,0x00000000);
2026-06-08 14:44:48.018 554-4264 VPUAPI pid-554 I reg_wirte(VE4_IP_BASE_ADDR+0x0420,0x00000000);
2026-06-08 14:44:48.018 554-4264 VPUAPI pid-554 I reg_wirte(VE4_IP_BASE_ADDR+0x0424,0x00000000);
2026-06-08 14:44:48.018 554-4264 VPUAPI pid-554 I reg_wirte(VE4_IP_BASE_ADDR+0x0428,0x00000000);
2026-06-08 14:44:48.018 554-4264 VPUAPI pid-554 I reg_wirte(VE4_IP_BASE_ADDR+0x03f8,0x00000000);
2026-06-08 14:44:48.018 554-4264 VPUAPI pid-554 I reg_wirte(VE4_IP_BASE_ADDR+0x042c,0x00000001);
2026-06-08 14:44:48.018 554-4264 VPUAPI pid-554 I reg_wirte(VE4_IP_BASE_ADDR+0x03fc,0x00000000);
2026-06-08 14:44:48.018 554-4264 VPUAPI pid-554 I reg_wirte(VE4_IP_BASE_ADDR+0x0400,0x00000000);
2026-06-08 14:44:48.018 554-4264 VPUAPI pid-554 I reg_wirte(VE4_IP_BASE_ADDR+0x0404,0x00000000);
2026-06-08 14:44:48.018 554-4264 VPUAPI pid-554 I reg_wirte(VE4_IP_BASE_ADDR+0x0408,0x00000000);
2026-06-08 14:44:48.018 554-4264 VPUAPI pid-554 I reg_wirte(VE4_IP_BASE_ADDR+0x040c,0x00000000);
2026-06-08 14:44:48.018 554-4264 VPUAPI pid-554 I reg_wirte(VE4_IP_BASE_ADDR+0x0410,0x00000000);
2026-06-08 14:44:48.018 554-4264 VPUAPI pid-554 I [119]W6SendCommand.VpuWriteReg W6_CMD_INSTANCE_INFO:0x210.value:0x30000
2026-06-08 14:44:48.018 554-4264 VPUAPI pid-554 I reg_wirte(VE4_IP_BASE_ADDR+0x0210,0x00030000);
2026-06-08 14:44:48.018 554-4264 VPUAPI pid-554 I [123]W6SendCommand.VpuWriteReg W6_VPU_CMD_BUSY_STATUS:0x70.value:1
2026-06-08 14:44:48.018 1457-1457 CarrierSvcBindHelper pid-1457 D onPackageModified: com.auto.radio
2026-06-08 14:44:48.018 554-4264 VPUAPI pid-554 I reg_wirte(VE4_IP_BASE_ADDR+0x0070,0x00000001);
2026-06-08 14:44:48.018 554-4264 VPUAPI pid-554 I [125]W6SendCommand.VpuWriteReg W6_COMMAND:0x200.value:0x100
2026-06-08 14:44:48.018 554-4264 VPUAPI pid-554 I reg_wirte(VE4_IP_BASE_ADDR+0x0200,0x00000100);
2026-06-08 14:44:48.018 554-4264 VPUAPI pid-554 I [131]W6SendCommand.VpuWriteReg W6_VPU_HOST_INT_REQ:0x6c.value:1
2026-06-08 14:44:48.018 554-4264 VPUAPI pid-554 I reg_wirte(VE4_IP_BASE_ADDR+0x0038,0x00000001);
2026-06-08 14:44:48.018 554-4264 VPUAPI pid-554 I [134]W6SendCommand.cmd:0x100.W6_VPU_VPU_INT_STS:0x0.W6_VPU_VINT_REASON:0x0
2026-06-08 14:44:48.018 554-4264 VPUAPI pid-554 I [-][2548]VPU_EncStartOneFrame.ret:0x0
2026-06-08 14:44:48.018 554-4264 RTK_WRAP_ENC_VE4 pid-554 I VPU_EncStartOneFrame() success
2026-06-08 14:44:48.018 1457-1457 CarrierSvcBindHelper pid-1457 D No carrier app for: 0
2026-06-08 14:44:48.021 971-988 Looper pid-971 W Slow dispatch took 198ms android.fg h=android.os.Handler c= m=0
2026-06-08 14:44:48.022 554-4264 VPUAPI pid-554 I clear interruptFlag=256
2026-06-08 14:44:48.023 554-4264 VPUAPI pid-554 I [+][2562]VPU_EncGetOutputInfo.
2026-06-08 14:44:48.023 554-4264 VPUAPI pid-554 I [+][3185]Wave6VpuEncGetResult.
2026-06-08 14:44:48.023 554-4264 VPUAPI pid-554 I [Wave6VpuEncGetResult]gpuCacheStatus[0] = 0
2026-06-08 14:44:48.023 554-4264 VPUAPI pid-554 I [-][3340]Wave6VpuEncGetResult.ret:0x0
2026-06-08 14:44:48.023 554-4264 VPUAPI pid-554 I [2593]VPU_EncGetOutputInfo.encSrcIdx:0x0,reconFrameIndex:0x1
2026-06-08 14:44:48.023 554-4264 VPUAPI pid-554 I [-][2605]VPU_EncGetOutputInfo.ret:0x0
2026-06-08 14:44:48.023 554-4264 RTK_WRAP_ENC_VE4 pid-554 I encodeTime 3.777024 ms || Enc: 9|| picType 1 || reconIdx 1 || rdPtr 262e0000 || wrPtr 262e003e
2026-06-08 14:44:48.023 554-4264 RTK_WRAP_ENC_VE4 pid-554 I nHeaderLen: 0|| pVpu->outputInfo.bitstreamSize 62
2026-06-08 14:44:48.023 554-4264 RTK_WRAP_ENC_VE4 pid-554 I stream->buf_max_size : 2097152, stream->streamlen :62
2026-06-08 14:44:48.023 554-4264 RTKC2Venc pid-554 I ooo : frameIndex=9, streamSize=62, keyFrameFlag=0
2026-06-08 14:44:48.023 554-4264 RTKC2Venc pid-554 I Call finishWork in 761
2026-06-08 14:44:48.023 554-4264 RTKC2Venc pid-554 I Ready to finish 9
2026-06-08 14:44:48.024 554-4264 RTKC2Venc pid-554 I Finish finish 9
2026-06-08 14:44:48.024 554-4264 RTKC2Venc pid-554 I iii : flag=0, frameIndex=10, timeStamp=471861933, eos=0, dump_enable=0, yuvDumpFreq=1
2026-06-08 14:44:48.024 554-4264 RTKC2Venc pid-554 I Continue standard encode!
2026-06-08 14:44:48.025 554-4264 RTKC2Venc pid-554 I [extractGraphicBuffer][833] width = 1280 || height = 1600 || y_stride = 5120 || uStride = 5120 || vStride = 5120 || colorFormat = 1 || srcPhy = 0x0 || srcbufSize = 8192000
2026-06-08 14:44:48.026 554-4264 RTKC2Venc pid-554 I encoder->RequestSync = 0 cur_requestSync = 0
2026-06-08 14:44:48.026 554-4264 VideoClientEncVE pid-554 I [writeInputFrame][521] write input data to HW
2026-06-08 14:44:48.026 554-4264 RTK_WRAP_ENC_VE4 pid-554 I CODEC_SET_COLOR_FORMAT = 0x1
2026-06-08 14:44:48.026 554-4264 RTK_WRAP_ENC_VE4 pid-554 I [2599][encoder_set_video_config][CODEC_SET_COLOR_FORMAT] HAL_PIXEL_FORMAT_RGBA_8888
2026-06-08 14:44:48.026 554-4264 VideoClientEncVE pid-554 I calculated frameSize = 3072000
2026-06-08 14:44:48.026 554-4264 VideoClientEncVE pid-554 I mImpl->I_Interval = 600
2026-06-08 14:44:48.026 554-4264 RTK_WRAP_ENC_VE4 pid-554 I width 1280(1280), height 1600(1600), stride 1280
2026-06-08 14:44:48.026 554-4264 RTK_WRAP_ENC_VE4 pid-554 I =================encoder_encode_video================= encOP.picWidth: 1280 encOP.picHeight: 1600 origWidth: 1280 origHeight: 1600 srcFrameWidth: 1280 srcFrameHeight: 1600 srcFrameStride: 1280 fbStride: 1280 framebufWidth: 1280 framebufHeight: 1600 framebufStride: 1280 fbAllocInfo.stride: 1280 fbAllocInfo.height: 1600 buffe_resolution_flag=0
2026-06-08 14:44:48.026 554-4264 RTK_WRAP_ENC_VE4 pid-554 I copy method: HAL_PIXEL_FORMAT_RGBA_8888
2026-06-08 14:44:48.026 554-4264 RTK_WRAP_ENC_VE4 pid-554 I [+] in [CopyRGBA8888ToYUV420Frame]
2026-06-08 14:44:48.026 4251-4267 MPEG4Writer pid-4251 D non-key frame, nIPFramesCtr 10, nLastIPFramesCtr 0
2026-06-08 14:44:48.031 1457-1457 SmsApplication pid-1457 E com.android.mms.service does not have system signature
2026-06-08 14:44:48.034 1457-1457 CellBroadcastUtils pid-1457 E getDefaultCellBroadcastReceiverPackageName: no package found
2026-06-08 14:44:48.053 1457-1457 SmsApplication pid-1457 E com.android.mms.service does not have system signature
2026-06-08 14:44:48.053 1457-1457 CellBroadcastUtils pid-1457 E getDefaultCellBroadcastReceiverPackageName: no package found
2026-06-08 14:44:48.061 1457-1457 VvmPkgInstalledRcvr pid-1457 E cannot create TelephonyManager from ComponentInfo{com.android.phone/com.android.services.telephony.TelephonyConnectionService}, E, UserHandle{0}
2026-06-08 14:44:48.061 1457-1457 CarrierSvcBindHelper pid-1457 D onPackageUpdateFinished: com.auto.radio
2026-06-08 14:44:48.061 1457-1457 CarrierSvcBindHelper pid-1457 D No carrier app for: 0
2026-06-08 14:44:48.061 1457-1457 CarrierSvcBindHelper pid-1457 D onPackageModified: com.auto.radio
2026-06-08 14:44:48.062 1457-1457 CarrierSvcBindHelper pid-1457 D No carrier app for: 0
2026-06-08 14:44:48.076 2359-2492 BluetoothSocket pid-2359 D accept(), timeout (ms):-1
2026-06-08 14:44:48.076 2359-2492 BTConnectionMethod pid-2359 E AcceptThread: accept() failed java.io.IOException: read failed, socket might closed or timeout, read ret: -1
at android.bluetooth.BluetoothSocket.readAll(BluetoothSocket.java:924)
at android.bluetooth.BluetoothSocket.waitSocketSignal(BluetoothSocket.java:877)
at android.bluetooth.BluetoothSocket.accept(BluetoothSocket.java:626)
at android.bluetooth.BluetoothServerSocket.accept(BluetoothServerSocket.java:195)
at android.bluetooth.BluetoothServerSocket.accept(BluetoothServerSocket.java:178)
at com.abaltatech.mcs.bluetooth.android.BluetoothConnectionMethod$AcceptThread.acceptConnection(BluetoothConnectionMethod.java:504)
at com.abaltatech.mcs.bluetooth.android.BluetoothConnectionMethod$AcceptThread.run(BluetoothConnectionMethod.java:475)
2026-06-08 14:44:48.077 1457-1457 CellBroadcastUtils pid-1457 E getDefaultCellBroadcastReceiverPackageName: no package found
2026-06-08 14:44:48.103 1457-1457 CellBroadcastUtils pid-1457 E getDefaultCellBroadcastReceiverPackageName: no package found
2026-06-08 14:44:48.136 971-988 Looper pid-971 W Slow dispatch took 101ms android.fg h=android.os.Handler c= m=0
2026-06-08 14:44:48.150 971-1075 PackageConfigPersister pid-971 W App-specific configuration not found for packageName: com.auto.radio and userId: 0
2026-06-08 14:44:48.151 971-1144 SdkSandboxManager pid-971 I No SDKs used. Skipping SDK data reconcilation for CallingInfo{mUid=1000, mPackageName='com.auto.radio, mAppProcessToken='null'}
2026-06-08 14:44:48.153 971-1075 PackageConfigPersister pid-971 W App-specific configuration not found for packageName: com.auto.radio and userId: 10
2026-06-08 14:44:48.154 971-1062 InputReader pid-971 I Reconfiguring input devices, changes=KEYBOARD_LAYOUTS
2026-06-08 14:44:48.158 971-1062 InputReader pid-971 I Reconfiguring input devices, changes=KEYBOARD_LAYOUTS
2026-06-08 14:44:48.158 971-971 Telecom pid-971 I CarModeTracker: Package com.auto.radio is not tracked.: SSH.oR@AGI🔒
2026-06-08 14:44:48.158 971-971 Telecom pid-971 I InCallController: updateCarModeForConnections: car mode apps: : SSH.oR@AGI🔒
2026-06-08 14:44:48.159 971-971 Telecom pid-971 I InCallController: update carmode current:UserHandle{10} parent:null: SSH.oR@AGI🔒
2026-06-08 14:44:48.166 971-1144 SdkSandboxManager pid-971 I No SDKs used. Skipping SDK data reconcilation for CallingInfo{mUid=1000, mPackageName='com.auto.radio, mAppProcessToken='null'}
2026-06-08 14:44:48.168 971-996 TextServic...gerService pid-971 W no available spell checker services found
2026-06-08 14:44:48.174 554-4264 RTK_WRAP_ENC_VE4 pid-554 I [-] in [CopyRGBA8888ToYUV420Frame]
2026-06-08 14:44:48.174 554-4264 RTK_WRAP_ENC_VE4 pid-554 I GopSize is greater than 1, GopSize=600, encodedIdx=10
2026-06-08 14:44:48.174 554-4264 VPUAPI pid-554 I [+][2488]VPU_EncStartOneFrame.
2026-06-08 14:44:48.174 554-4264 VPUAPI pid-554 I [2509]VPU_EncStartOneFrame.bf ProductVpuEncCheckEncParam
2026-06-08 14:44:48.174 554-4264 VPUAPI pid-554 I [2511]VPU_EncStartOneFrame.af ProductVpuEncCheckEncParam
2026-06-08 14:44:48.174 554-4264 VPUAPI pid-554 I wrapper_reg_wirte(0x0008,0x00000020);
2026-06-08 14:44:48.174 554-4264 VPUAPI pid-554 I [2910]gen_enc_pic_reg.encWidth:1280.set axi bit:0,1
2026-06-08 14:44:48.174 554-4264 VPUAPI pid-554 I reg_wirte(VE4_IP_BASE_ADDR+0x0300,0x262e0000);
2026-06-08 14:44:48.174 554-4264 VPUAPI pid-554 I reg_wirte(VE4_IP_BASE_ADDR+0x0304,0x0002a000);
2026-06-08 14:44:48.174 554-4264 VPUAPI pid-554 I reg_wirte(VE4_IP_BASE_ADDR+0x0308,0x00000040);
2026-06-08 14:44:48.174 554-4264 VPUAPI pid-554 I reg_wirte(VE4_IP_BASE_ADDR+0x030c,0x00000001);
2026-06-08 14:44:48.174 554-4264 VPUAPI pid-554 I reg_wirte(VE4_IP_BASE_ADDR+0x0310,0x00000000);
2026-06-08 14:44:48.174 554-4264 VPUAPI pid-554 I reg_wirte(VE4_IP_BASE_ADDR+0x0318,0x00000000);
2026-06-08 14:44:48.174 554-4264 VPUAPI pid-554 I reg_wirte(VE4_IP_BASE_ADDR+0x031c,0x00000000);
2026-06-08 14:44:48.174 554-4264 VPUAPI pid-554 I reg_wirte(VE4_IP_BASE_ADDR+0x0320,0x00000000);
2026-06-08 14:44:48.174 554-4264 VPUAPI pid-554 I reg_wirte(VE4_IP_BASE_ADDR+0x0324,0x00000000);
2026-06-08 14:44:48.174 554-4264 VPUAPI pid-554 I reg_wirte(VE4_IP_BASE_ADDR+0x032c,0x00000000);
2026-06-08 14:44:48.174 554-4264 VPUAPI pid-554 I reg_wirte(VE4_IP_BASE_ADDR+0x0330,0x26964000);
2026-06-08 14:44:48.174 554-4264 VPUAPI pid-554 I reg_wirte(VE4_IP_BASE_ADDR+0x0334,0x26b58000);
2026-06-08 14:44:48.174 554-4264 VPUAPI pid-554 I reg_wirte(VE4_IP_BASE_ADDR+0x0338,0x26bd5000);
2026-06-08 14:44:48.174 554-4264 VPUAPI pid-554 I reg_wirte(VE4_IP_BASE_ADDR+0x033c,0x05000280);
2026-06-08 14:44:48.174 554-4264 VPUAPI pid-554 I reg_wirte(VE4_IP_BASE_ADDR+0x0340,0x0000f000);
2026-06-08 14:44:48.174 554-4264 VPUAPI pid-554 I reg_wirte(VE4_IP_BASE_ADDR+0x0348,0x00000000);
2026-06-08 14:44:48.174 554-4264 VPUAPI pid-554 I reg_wirte(VE4_IP_BASE_ADDR+0x034c,0x00000003);
2026-06-08 14:44:48.174 554-4264 VPUAPI pid-554 I reg_wirte(VE4_IP_BASE_ADDR+0x0350,0x07200000);
2026-06-08 14:44:48.174 554-4264 VPUAPI pid-554 I reg_wirte(VE4_IP_BASE_ADDR+0x0354,0x00000000);
2026-06-08 14:44:48.174 554-4264 VPUAPI pid-554 I reg_wirte(VE4_IP_BASE_ADDR+0x0358,0x00000000);
2026-06-08 14:44:48.174 554-4264 VPUAPI pid-554 I reg_wirte(VE4_IP_BASE_ADDR+0x035c,0x00000000);
2026-06-08 14:44:48.174 554-4264 VPUAPI pid-554 I reg_wirte(VE4_IP_BASE_ADDR+0x0360,0x00000000);
2026-06-08 14:44:48.174 554-4264 VPUAPI pid-554 I reg_wirte(VE4_IP_BASE_ADDR+0x0364,0x00000000);
2026-06-08 14:44:48.174 554-4264 VPUAPI pid-554 I reg_wirte(VE4_IP_BASE_ADDR+0x03e8,0x00000000);
2026-06-08 14:44:48.174 554-4264 VPUAPI pid-554 I reg_wirte(VE4_IP_BASE_ADDR+0x03ec,0x00000000);
2026-06-08 14:44:48.174 554-4264 VPUAPI pid-554 I reg_wirte(VE4_IP_BASE_ADDR+0x03f0,0x00000000);
2026-06-08 14:44:48.174 554-4264 VPUAPI pid-554 I reg_wirte(VE4_IP_BASE_ADDR+0x03f4,0x00000000);
2026-06-08 14:44:48.174 554-4264 VPUAPI pid-554 I reg_wirte(VE4_IP_BASE_ADDR+0x0414,0x00000000);
2026-06-08 14:44:48.174 554-4264 VPUAPI pid-554 I reg_wirte(VE4_IP_BASE_ADDR+0x0418,0x00000000);
2026-06-08 14:44:48.174 554-4264 VPUAPI pid-554 I reg_wirte(VE4_IP_BASE_ADDR+0x041c,0x00000000);
2026-06-08 14:44:48.174 554-4264 VPUAPI pid-554 I reg_wirte(VE4_IP_BASE_ADDR+0x0420,0x00000000);
2026-06-08 14:44:48.174 554-4264 VPUAPI pid-554 I reg_wirte(VE4_IP_BASE_ADDR+0x0424,0x00000000);
2026-06-08 14:44:48.174 554-4264 VPUAPI pid-554 I reg_wirte(VE4_IP_BASE_ADDR+0x0428,0x00000000);
2026-06-08 14:44:48.174 554-4264 VPUAPI pid-554 I reg_wirte(VE4_IP_BASE_ADDR+0x03f8,0x00000000);
2026-06-08 14:44:48.174 554-4264 VPUAPI pid-554 I reg_wirte(VE4_IP_BASE_ADDR+0x042c,0x00000001);
2026-06-08 14:44:48.174 554-4264 VPUAPI pid-554 I reg_wirte(VE4_IP_BASE_ADDR+0x03fc,0x00000000);
2026-06-08 14:44:48.174 554-4264 VPUAPI pid-554 I reg_wirte(VE4_IP_BASE_ADDR+0x0400,0x00000000);
2026-06-08 14:44:48.174 554-4264 VPUAPI pid-554 I reg_wirte(VE4_IP_BASE_ADDR+0x0404,0x00000000);
2026-06-08 14:44:48.174 554-4264 VPUAPI pid-554 I reg_wirte(VE4_IP_BASE_ADDR+0x0408,0x00000000);
2026-06-08 14:44:48.174 554-4264 VPUAPI pid-554 I reg_wirte(VE4_IP_BASE_ADDR+0x040c,0x00000000);
2026-06-08 14:44:48.174 554-4264 VPUAPI pid-554 I reg_wirte(VE4_IP_BASE_ADDR+0x0410,0x00000000);
2026-06-08 14:44:48.174 554-4264 VPUAPI pid-554 I [119]W6SendCommand.VpuWriteReg W6_CMD_INSTANCE_INFO:0x210.value:0x30000
2026-06-08 14:44:48.174 554-4264 VPUAPI pid-554 I reg_wirte(VE4_IP_BASE_ADDR+0x0210,0x00030000);
2026-06-08 14:44:48.174 554-4264 VPUAPI pid-554 I [123]W6SendCommand.VpuWriteReg W6_VPU_CMD_BUSY_STATUS:0x70.value:1
2026-06-08 14:44:48.174 554-4264 VPUAPI pid-554 I reg_wirte(VE4_IP_BASE_ADDR+0x0070,0x00000001);
2026-06-08 14:44:48.174 554-4264 VPUAPI pid-554 I [125]W6SendCommand.VpuWriteReg W6_COMMAND:0x200.value:0x100
2026-06-08 14:44:48.174 554-4264 VPUAPI pid-554 I reg_wirte(VE4_IP_BASE_ADDR+0x0200,0x00000100);
2026-06-08 14:44:48.174 554-4264 VPUAPI pid-554 I [131]W6SendCommand.VpuWriteReg W6_VPU_HOST_INT_REQ:0x6c.value:1
2026-06-08 14:44:48.174 554-4264 VPUAPI pid-554 I reg_wirte(VE4_IP_BASE_ADDR+0x0038,0x00000001);
2026-06-08 14:44:48.174 554-4264 VPUAPI pid-554 I [134]W6SendCommand.cmd:0x100.W6_VPU_VPU_INT_STS:0x0.W6_VPU_VINT_REASON:0x0
2026-06-08 14:44:48.174 554-4264 VPUAPI pid-554 I [-][2548]VPU_EncStartOneFrame.ret:0x0
2026-06-08 14:44:48.174 554-4264 RTK_WRAP_ENC_VE4 pid-554 I VPU_EncStartOneFrame() success
2026-06-08 14:44:48.178 971-2247 ActivityManager pid-971 I Force stopping com.auto.radio appid=1000 user=0: from pid 4326
2026-06-08 14:44:48.179 554-4264 VPUAPI pid-554 I clear interruptFlag=256
2026-06-08 14:44:48.179 554-4264 VPUAPI pid-554 I [+][2562]VPU_EncGetOutputInfo.
2026-06-08 14:44:48.179 554-4264 VPUAPI pid-554 I [+][3185]Wave6VpuEncGetResult.
2026-06-08 14:44:48.179 554-4264 VPUAPI pid-554 I [Wave6VpuEncGetResult]gpuCacheStatus[0] = 0
2026-06-08 14:44:48.179 554-4264 VPUAPI pid-554 I [-][3340]Wave6VpuEncGetResult.ret:0x0
2026-06-08 14:44:48.179 554-4264 VPUAPI pid-554 I [2593]VPU_EncGetOutputInfo.encSrcIdx:0x0,reconFrameIndex:0x1
2026-06-08 14:44:48.179 554-4264 VPUAPI pid-554 I [-][2605]VPU_EncGetOutputInfo.ret:0x0
2026-06-08 14:44:48.179 554-4264 RTK_WRAP_ENC_VE4 pid-554 I encodeTime 3.853312 ms || Enc: 10|| picType 1 || reconIdx 1 || rdPtr 262e0000 || wrPtr 262e066e
2026-06-08 14:44:48.179 554-4264 RTK_WRAP_ENC_VE4 pid-554 I nHeaderLen: 0|| pVpu->outputInfo.bitstreamSize 1646
2026-06-08 14:44:48.179 554-4264 RTK_WRAP_ENC_VE4 pid-554 I stream->buf_max_size : 2097152, stream->streamlen :1646
2026-06-08 14:44:48.179 554-4264 RTKC2Venc pid-554 I ooo : frameIndex=10, streamSize=1646, keyFrameFlag=0
2026-06-08 14:44:48.179 554-4264 RTKC2Venc pid-554 I Call finishWork in 761
2026-06-08 14:44:48.179 554-4264 RTKC2Venc pid-554 I Ready to finish 10
2026-06-08 14:44:48.181 971-1062 InputReader pid-971 I Reconfiguring input devices, changes=KEYBOARD_LAYOUTS
2026-06-08 14:44:48.185 554-4264 RTKC2Venc pid-554 I Finish finish 10
2026-06-08 14:44:48.185 554-4264 RTKC2Venc pid-554 I iii : flag=0, frameIndex=11, timeStamp=471881011, eos=0, dump_enable=0, yuvDumpFreq=1
2026-06-08 14:44:48.185 554-4264 RTKC2Venc pid-554 I Continue standard encode!
2026-06-08 14:44:48.187 4251-4267 MPEG4Writer pid-4251 D non-key frame, nIPFramesCtr 11, nLastIPFramesCtr 0
2026-06-08 14:44:48.189 554-4264 RTKC2Venc pid-554 I [extractGraphicBuffer][833] width = 1280 || height = 1600 || y_stride = 5120 || uStride = 5120 || vStride = 5120 || colorFormat = 1 || srcPhy = 0x0 || srcbufSize = 8192000
2026-06-08 14:44:48.189 554-4264 RTKC2Venc pid-554 I encoder->RequestSync = 0 cur_requestSync = 0
2026-06-08 14:44:48.193 971-971 TransparencyService pid-971 D com.auto.radio was updated. Scheduling measurement...
2026-06-08 14:44:48.193 971-971 TransparencyService pid-971 I Scheduling binary content-digest computation job
2026-06-08 14:44:48.193 971-971 TransparencyService pid-971 D A measurement job has already been scheduled.
2026-06-08 14:44:48.196 971-2247 ActivityManager pid-971 I Force stopping com.auto.radio appid=1000 user=10: from pid 4326
2026-06-08 14:44:48.196 554-4264 VideoClientEncVE pid-554 I [writeInputFrame][521] write input data to HW
2026-06-08 14:44:48.196 554-4264 RTK_WRAP_ENC_VE4 pid-554 I CODEC_SET_COLOR_FORMAT = 0x1
2026-06-08 14:44:48.197 554-4264 RTK_WRAP_ENC_VE4 pid-554 I [2599][encoder_set_video_config][CODEC_SET_COLOR_FORMAT] HAL_PIXEL_FORMAT_RGBA_8888
2026-06-08 14:44:48.197 554-4264 VideoClientEncVE pid-554 I calculated frameSize = 3072000
2026-06-08 14:44:48.197 554-4264 VideoClientEncVE pid-554 I mImpl->I_Interval = 600
2026-06-08 14:44:48.197 554-4264 RTK_WRAP_ENC_VE4 pid-554 I width 1280(1280), height 1600(1600), stride 1280
2026-06-08 14:44:48.197 554-4264 RTK_WRAP_ENC_VE4 pid-554 I =================encoder_encode_video================= encOP.picWidth: 1280 encOP.picHeight: 1600 origWidth: 1280 origHeight: 1600 srcFrameWidth: 1280 srcFrameHeight: 1600 srcFrameStride: 1280 fbStride: 1280 framebufWidth: 1280 framebufHeight: 1600 framebufStride: 1280 fbAllocInfo.stride: 1280 fbAllocInfo.height: 1600 buffe_resolution_flag=0
2026-06-08 14:44:48.197 554-4264 RTK_WRAP_ENC_VE4 pid-554 I copy method: HAL_PIXEL_FORMAT_RGBA_8888
2026-06-08 14:44:48.197 554-4264 RTK_WRAP_ENC_VE4 pid-554 I [+] in [CopyRGBA8888ToYUV420Frame]
2026-06-08 14:44:48.212 971-1154 ActivityManager pid-971 D sync unfroze 1805 com.android.permissioncontroller for 6
2026-06-08 14:44:48.213 971-1154 ProcessStats pid-971 W Tracking association SourceState{96a8357 system/1000 ImpFg #960} whose proc state 5 is better than process ProcessState{80e9ab5 com.android.permissioncontroller/10134 pkg=com.android.permissioncontroller} proc state 15 (2 skipped)
2026-06-08 14:44:48.244 1457-1457 CarrierSvcBindHelper pid-1457 D onHandleForceStop: [com.auto.radio]
2026-06-08 14:44:48.245 1457-1457 CarrierSvcBindHelper pid-1457 D No carrier app for: 0
2026-06-08 14:44:48.245 1457-1457 CarrierSvcBindHelper pid-1457 D onHandleForceStop: [com.auto.radio]
2026-06-08 14:44:48.245 1457-1457 CarrierSvcBindHelper pid-1457 D No carrier app for: 0
2026-06-08 14:44:48.249 3160-3175 Permission...erviceImpl pid-3160 I Updating user sensitive for uid 1001000
2026-06-08 14:44:48.250 1805-4331 Permission...erviceImpl pid-1805 I Updating user sensitive for uid 1000
2026-06-08 14:44:48.253 548-3432 audio_hw_p...y_v5.12.20 pid-548 D out_write_pcm():5104 interval 296(max 174173166:min 31) write 11708(max 103061:min 16) time4 0 start_90k 0x42856012 end_90k 0x42857063
2026-06-08 14:44:48.253 548-3432 audio_hw_p...y_v5.12.20 pid-548 D out_write_pcm():5112 interval [0.297]/[11.708] [0.293]/[2.875] [0.229]/[6.478] [6.394]/[0.045] [0.260]/[0.037] avail_size:[0][0][0][256][256]
2026-06-08 14:44:48.339 1916-1916 MediaProvider pid-1916 W WorkProfileOwnerApps cache is empty
2026-06-08 14:44:48.359 971-996 VoiceInteractionManager pid-971 W no available voice recognition services found for user 0
2026-06-08 14:44:48.384 971-988 Looper pid-971 W Slow dispatch took 102ms android.fg h=android.os.Handler c= m=0
2026-06-08 14:44:48.385 971-2247 Compatibil...geReporter pid-971 D Compat change id reported: 161252188; UID 1001000; state: DISABLED
2026-06-08 14:44:48.386 971-2247 ActivityTaskManager pid-971 W callingPackage for (uid=2000, pid=4334) has no WPC
2026-06-08 14:44:48.389 971-2247 Compatibil...geReporter pid-971 D Compat change id reported: 265464455; UID 1001000; state: DISABLED
2026-06-08 14:44:48.390 2154-2154 MediaProvider pid-2154 W WorkProfileOwnerApps cache is empty
2026-06-08 14:44:48.390 971-2247 Compatibil...geReporter pid-971 D Compat change id reported: 265452344; UID 1001000; state: DISABLED
2026-06-08 14:44:48.390 971-2247 Compatibil...geReporter pid-971 D Compat change id reported: 266124927; UID 1001000; state: DISABLED
2026-06-08 14:44:48.391 971-2247 Compatibil...geReporter pid-971 D Compat change id reported: 265451093; UID 1001000; state: DISABLED
2026-06-08 14:44:48.391 971-2247 Compatibil...geReporter pid-971 D Compat change id reported: 265456536; UID 1001000; state: DISABLED
2026-06-08 14:44:48.391 971-2247 Compatibil...geReporter pid-971 D Compat change id reported: 255940284; UID 1001000; state: DISABLED
2026-06-08 14:44:48.391 971-2247 Compatibil...geReporter pid-971 D Compat change id reported: 236283604; UID 1001000; state: DISABLED
2026-06-08 14:44:48.391 971-2247 Compatibil...geReporter pid-971 D Compat change id reported: 263959004; UID 1001000; state: DISABLED
2026-06-08 14:44:48.391 971-2247 Compatibil...geReporter pid-971 D Compat change id reported: 264304459; UID 1001000; state: DISABLED
2026-06-08 14:44:48.392 971-2247 Compatibil...geReporter pid-971 D Compat change id reported: 264301586; UID 1001000; state: DISABLED
2026-06-08 14:44:48.392 971-2247 Compatibil...geReporter pid-971 D Compat change id reported: 254631730; UID 1001000; state: DISABLED
2026-06-08 14:44:48.392 971-2247 Compatibil...geReporter pid-971 D Compat change id reported: 273509367; UID 1001000; state: DISABLED
2026-06-08 14:44:48.392 971-2247 Compatibil...geReporter pid-971 D Compat change id reported: 263259275; UID 1001000; state: DISABLED
2026-06-08 14:44:48.392 971-2247 Compatibil...geReporter pid-971 D Compat change id reported: 174042980; UID 1001000; state: DISABLED
2026-06-08 14:44:48.392 971-2247 Compatibil...geReporter pid-971 D Compat change id reported: 174042936; UID 1001000; state: DISABLED
2026-06-08 14:44:48.392 971-2247 Compatibil...geReporter pid-971 D Compat change id reported: 181136395; UID 1001000; state: DISABLED
2026-06-08 14:44:48.396 971-2247 Compatibil...geReporter pid-971 D Compat change id reported: 194480991; UID 1001000; state: ENABLED
2026-06-08 14:44:48.402 971-2247 CellBroadcastUtils pid-971 E getDefaultCellBroadcastReceiverPackageName: no package found
2026-06-08 14:44:48.419 971-2247 Compatibil...geReporter pid-971 D Compat change id reported: 184838306; UID 1001000; state: DISABLED
2026-06-08 14:44:48.421 2246-2246 LauncherAppsSource pid-2246 D package broadcast action=android.intent.action.PACKAGE_REMOVED package=com.auto.radio replacing=true
2026-06-08 14:44:48.421 2246-2246 LauncherAppsSource pid-2246 D ignore replacing package removal package=com.auto.radio
2026-06-08 14:44:48.422 971-2247 Compatibil...geReporter pid-971 D Compat change id reported: 185004937; UID 1001000; state: DISABLED
2026-06-08 14:44:48.424 2246-2246 LauncherAppsSource pid-2246 D package broadcast action=android.intent.action.PACKAGE_ADDED package=com.auto.radio replacing=true
2026-06-08 14:44:48.424 2246-2246 AppInventoryRepo pid-2246 D event=ReloadPackage(packageName=com.auto.radio, user=UserHandle{10}, reason=packageBroadcast:android.intent.action.PACKAGE_ADDED:com.auto.radio)
2026-06-08 14:44:48.427 2246-2246 LauncherAppsSource pid-2246 D package broadcast action=android.intent.action.PACKAGE_REPLACED package=com.auto.radio replacing=true
2026-06-08 14:44:48.427 2246-2246 AppInventoryRepo pid-2246 D event=ReloadPackage(packageName=com.auto.radio, user=UserHandle{10}, reason=packageBroadcast:android.intent.action.PACKAGE_REPLACED:com.auto.radio)
2026-06-08 14:44:48.431 1776-1776 RotaryController pid-1776 V No host app found
2026-06-08 14:44:48.431 1776-1776 RotaryController pid-1776 V No host app found
2026-06-08 14:44:48.433 2246-2333 AppInventoryRepo pid-2246 D publish reason=packageReload:packageBroadcast:android.intent.action.PACKAGE_ADDED:com.auto.radio package=com.auto.radio removed=1 loaded=1 count=52
2026-06-08 14:44:48.433 2246-3843 AppInventoryRepo pid-2246 D skip duplicate package reload reason=packageBroadcast:android.intent.action.PACKAGE_REPLACED:com.auto.radio
2026-06-08 14:44:48.435 971-2247 Compatibil...geReporter pid-971 D Compat change id reported: 205907456; UID 1001000; state: ENABLED
2026-06-08 14:44:48.442 971-2247 Compatibil...geReporter pid-971 D Compat change id reported: 194833441; UID 1001000; state: ENABLED
2026-06-08 14:44:48.442 971-2247 ActivityTaskManager pid-971 I START u10 {act=android.intent.action.MAIN cat=[android.intent.category.LAUNCHER] flg=0x10000000 cmp=com.auto.radio/.MainActivity} with LAUNCH_SINGLE_TASK from uid 2000 (BAL_ALLOW_PERMISSION) result code=0
2026-06-08 14:44:48.447 2127-2353 WallpaperT...Controller pid-2127 I onTaskMovedToFront: pkg=com.auto.radio taskId=1000100
2026-06-08 14:44:48.447 2127-2259 WallpaperT...Controller pid-2127 D onForegroundTaskChanged: skip — same-app pkg=radio oldTaskId=1000099 newTaskId=1000100
2026-06-08 14:44:48.461 971-991 Compatibil...geReporter pid-971 D Compat change id reported: 135634846; UID 1001000; state: DISABLED
2026-06-08 14:44:48.461 971-991 Compatibil...geReporter pid-971 D Compat change id reported: 177438394; UID 1001000; state: DISABLED
2026-06-08 14:44:48.461 971-991 Compatibil...geReporter pid-971 D Compat change id reported: 135772972; UID 1001000; state: DISABLED
2026-06-08 14:44:48.461 971-991 Compatibil...geReporter pid-971 D Compat change id reported: 135754954; UID 1001000; state: ENABLED
2026-06-08 14:44:48.462 542-542 Zygote pid-542 W forkRepeatedly terminated due to non-simple command
2026-06-08 14:44:48.463 542-542 Zygote pid-542 D mbuffer starts with 17, nice name is , mEnd = 2518, mNext = 35, mLinesLeft = 15, mFd = 5
2026-06-08 14:44:48.466 598-598 BpBinder pid-598 I onLastStrongRef automatically unlinking death recipients:
2026-06-08 14:44:48.476 542-542 Zygote pid-542 I Entering forkRepeatedly native zygote loop
2026-06-08 14:44:48.478 1173-1214 SplashScreenView pid-1173 D Build android.window.SplashScreenView{44c17ce V.E...... ......ID 0,0-0,0} Icon: view: android.widget.ImageView{afb16ef V.ED..... ......I. 0,0-0,0 #10204f1 android:id/splashscreen_icon_view} drawable: com.android.wm.shell.startingsurface.SplashscreenIconDrawableFactory$ImmobileIconDrawable@9bfc5fc size: 163 Branding: view: android.view.View{1e24485 G.ED..... ......I. 0,0-0,0 #10204f0 android:id/splashscreen_branding_view} drawable: null size w: 0 h: 0
2026-06-08 14:44:48.487 542-542 Zygote pid-542 D Forked child process 4342
2026-06-08 14:44:48.490 971-998 ActivityManager pid-971 I Start proc 4342:com.auto.radio/u10s1000 for next-top-activity {com.auto.radio/com.auto.radio.MainActivity}
2026-06-08 14:44:48.499 4342-4342 com.auto.radio pid-4342 I Late-enabling -Xcheck:jni
2026-06-08 14:44:48.499 971-996 WindowMagnificationMgr pid-971 W requestConnection duplicated request: connect=false, mConnectionState=DISCONNECTED
2026-06-08 14:44:48.508 971-996 WindowMagnificationMgr pid-971 W requestConnection duplicated request: connect=false, mConnectionState=DISCONNECTED
2026-06-08 14:44:48.508 971-996 TextServic...gerService pid-971 W no available spell checker services found
2026-06-08 14:44:48.512 554-4264 RTK_WRAP_ENC_VE4 pid-554 I [-] in [CopyRGBA8888ToYUV420Frame]
2026-06-08 14:44:48.512 554-4264 RTK_WRAP_ENC_VE4 pid-554 I GopSize is greater than 1, GopSize=600, encodedIdx=11
2026-06-08 14:44:48.512 554-4264 VPUAPI pid-554 I [+][2488]VPU_EncStartOneFrame.
2026-06-08 14:44:48.519 971-1036 CoreBackPreview pid-971 D Window{a27d496 u10 Splash Screen com.auto.radio}: Setting back callback OnBackInvokedCallbackInfo{mCallback=android.window.IOnBackInvokedCallback$Stub$Proxy@40fa4b8, mPriority=0, mIsAnimationCallback=false}
2026-06-08 14:44:48.529 1173-1219 OpenGLRenderer pid-1173 E Unable to match the desired swap behavior.
2026-06-08 14:44:48.532 4342-4342 com.auto.radio pid-4342 I Using CollectorTypeCC GC.
2026-06-08 14:44:48.535 554-4264 VPUAPI pid-554 I [2509]VPU_EncStartOneFrame.bf ProductVpuEncCheckEncParam
2026-06-08 14:44:48.536 554-4264 VPUAPI pid-554 I [2511]VPU_EncStartOneFrame.af ProductVpuEncCheckEncParam
2026-06-08 14:44:48.536 554-4264 VPUAPI pid-554 I wrapper_reg_wirte(0x0008,0x00000020);
2026-06-08 14:44:48.541 194-194 mali_gralloc pid-194 I internal_format: 100000001 format_idx: 2
2026-06-08 14:44:48.541 194-194 android.ha...V1-service pid-194 I mali_gralloc_adjust_dimensions: alloc_format=FMT:0x1,MOD:0x100000000 usage=0x40000000000b00 alloc_width=1280, alloc_height=1600
2026-06-08 14:44:48.541 194-194 RTK_HAL_UTILS pid-194 D [DmabufAlloc:71] mDmabufFd = 0x6
2026-06-08 14:44:48.541 194-194 RTK_HAL_UTILS pid-194 D DMA Alloc: heap name = system !
2026-06-08 14:44:48.542 194-194 android.ha...V1-service pid-194 W alloc_from_ion_heap (8320000, 0, 0, 7)
2026-06-08 14:44:48.550 1776-1776 RotaryController pid-1776 V onAccessibilityEvent: EventType: TYPE_WINDOWS_CHANGED; EventTime: 473596; PackageName: null; MovementGranularity: 0; Action: 0; ContentChangeTypes: []; WindowChangeTypes: [WINDOWS_CHANGE_REMOVED] [ ClassName: null; Text: []; ContentDescription: null; ItemCount: -1; CurrentItemIndex: -1; Enabled: false; Password: false; Checked: false; FullScreen: false; Scrollable: false; ImportantForAccessibility: true; AccessibilityDataSensitive: false; BeforeText: null; FromIndex: -1; ToIndex: -1; ScrollX: 0; ScrollY: 0; MaxScrollX: 0; MaxScrollY: 0; ScrollDeltaX: -1; ScrollDeltaY: -1; AddedCount: -1; RemovedCount: -1; ParcelableData: null; DisplayId: 0 ]; recordCount: 0
2026-06-08 14:44:48.551 1776-1776 RotaryController pid-1776 V event window ID: a
2026-06-08 14:44:48.551 1776-1776 RotaryController pid-1776 V onAccessibilityEvent: EventType: TYPE_WINDOWS_CHANGED; EventTime: 473596; PackageName: null; MovementGranularity: 0; Action: 0; ContentChangeTypes: []; WindowChangeTypes: [WINDOWS_CHANGE_LAYER] [ ClassName: null; Text: []; ContentDescription: null; ItemCount: -1; CurrentItemIndex: -1; Enabled: false; Password: false; Checked: false; FullScreen: false; Scrollable: false; ImportantForAccessibility: true; AccessibilityDataSensitive: false; BeforeText: null; FromIndex: -1; ToIndex: -1; ScrollX: 0; ScrollY: 0; MaxScrollX: 0; MaxScrollY: 0; ScrollDeltaX: -1; ScrollDeltaY: -1; AddedCount: -1; RemovedCount: -1; ParcelableData: null; DisplayId: 0 ]; recordCount: 0
2026-06-08 14:44:48.551 1776-1776 RotaryController pid-1776 V event window ID: 4
2026-06-08 14:44:48.551 1776-1776 RotaryController pid-1776 V onAccessibilityEvent: EventType: TYPE_WINDOWS_CHANGED; EventTime: 473596; PackageName: null; MovementGranularity: 0; Action: 0; ContentChangeTypes: []; WindowChangeTypes: [WINDOWS_CHANGE_LAYER] [ ClassName: null; Text: []; ContentDescription: null; ItemCount: -1; CurrentItemIndex: -1; Enabled: false; Password: false; Checked: false; FullScreen: false; Scrollable: false; ImportantForAccessibility: true; AccessibilityDataSensitive: false; BeforeText: null; FromIndex: -1; ToIndex: -1; ScrollX: 0; ScrollY: 0; MaxScrollX: 0; MaxScrollY: 0; ScrollDeltaX: -1; ScrollDeltaY: -1; AddedCount: -1; RemovedCount: -1; ParcelableData: null; DisplayId: 0 ]; recordCount: 0
2026-06-08 14:44:48.551 1776-1776 RotaryController pid-1776 V event window ID: 5
2026-06-08 14:44:48.552 554-4264 VPUAPI pid-554 I [2910]gen_enc_pic_reg.encWidth:1280.set axi bit:0,1
2026-06-08 14:44:48.552 554-4264 VPUAPI pid-554 I reg_wirte(VE4_IP_BASE_ADDR+0x0300,0x262e0000);
2026-06-08 14:44:48.552 554-4264 VPUAPI pid-554 I reg_wirte(VE4_IP_BASE_ADDR+0x0304,0x0002a000);
2026-06-08 14:44:48.552 554-4264 VPUAPI pid-554 I reg_wirte(VE4_IP_BASE_ADDR+0x0308,0x00000040);
2026-06-08 14:44:48.552 554-4264 VPUAPI pid-554 I reg_wirte(VE4_IP_BASE_ADDR+0x030c,0x00000001);
2026-06-08 14:44:48.552 554-4264 VPUAPI pid-554 I reg_wirte(VE4_IP_BASE_ADDR+0x0310,0x00000000);
2026-06-08 14:44:48.552 554-4264 VPUAPI pid-554 I reg_wirte(VE4_IP_BASE_ADDR+0x0318,0x00000000);
2026-06-08 14:44:48.552 554-4264 VPUAPI pid-554 I reg_wirte(VE4_IP_BASE_ADDR+0x031c,0x00000000);
2026-06-08 14:44:48.552 554-4264 VPUAPI pid-554 I reg_wirte(VE4_IP_BASE_ADDR+0x0320,0x00000000);
2026-06-08 14:44:48.553 554-4264 VPUAPI pid-554 I reg_wirte(VE4_IP_BASE_ADDR+0x0324,0x00000000);
2026-06-08 14:44:48.553 554-4264 VPUAPI pid-554 I reg_wirte(VE4_IP_BASE_ADDR+0x032c,0x00000000);
2026-06-08 14:44:48.553 554-4264 VPUAPI pid-554 I reg_wirte(VE4_IP_BASE_ADDR+0x0330,0x26964000);
2026-06-08 14:44:48.553 554-4264 VPUAPI pid-554 I reg_wirte(VE4_IP_BASE_ADDR+0x0334,0x26b58000);
2026-06-08 14:44:48.553 554-4264 VPUAPI pid-554 I reg_wirte(VE4_IP_BASE_ADDR+0x0338,0x26bd5000);
2026-06-08 14:44:48.553 554-4264 VPUAPI pid-554 I reg_wirte(VE4_IP_BASE_ADDR+0x033c,0x05000280);
2026-06-08 14:44:48.553 554-4264 VPUAPI pid-554 I reg_wirte(VE4_IP_BASE_ADDR+0x0340,0x0000f000);
2026-06-08 14:44:48.553 554-4264 VPUAPI pid-554 I reg_wirte(VE4_IP_BASE_ADDR+0x0348,0x00000000);
2026-06-08 14:44:48.557 554-4264 VPUAPI pid-554 I reg_wirte(VE4_IP_BASE_ADDR+0x034c,0x00000003);
2026-06-08 14:44:48.562 971-996 VoiceInteractionManager pid-971 W no available voice recognition services found for user 10
2026-06-08 14:44:48.582 2246-2246 AppInventoryRepo pid-2246 D event=ReloadPackage(packageName=com.auto.radio, user=UserHandle{10}, reason=launcherAppsCallback:onPackageChanged:com.auto.radio user=UserHandle{10})
2026-06-08 14:44:48.586 2246-2333 AppInventoryRepo pid-2246 D skip duplicate package reload reason=launcherAppsCallback:onPackageChanged:com.auto.radio user=UserHandle{10}
2026-06-08 14:44:48.591 1173-1173 CarSystemBarController pid-1173 D refreshSystemBar: locked?: false homeDisabled: false notificationDisabled: false qcDisabled: false systemIconsDisabled: false
2026-06-08 14:44:48.591 554-4264 VPUAPI pid-554 I reg_wirte(VE4_IP_BASE_ADDR+0x0350,0x07200000);
2026-06-08 14:44:48.591 554-4264 VPUAPI pid-554 I reg_wirte(VE4_IP_BASE_ADDR+0x0354,0x00000000);
2026-06-08 14:44:48.591 554-4264 VPUAPI pid-554 I reg_wirte(VE4_IP_BASE_ADDR+0x0358,0x00000000);
2026-06-08 14:44:48.591 554-4264 VPUAPI pid-554 I reg_wirte(VE4_IP_BASE_ADDR+0x035c,0x00000000);
2026-06-08 14:44:48.591 554-4264 VPUAPI pid-554 I reg_wirte(VE4_IP_BASE_ADDR+0x0360,0x00000000);
2026-06-08 14:44:48.591 554-4264 VPUAPI pid-554 I reg_wirte(VE4_IP_BASE_ADDR+0x0364,0x00000000);
2026-06-08 14:44:48.591 554-4264 VPUAPI pid-554 I reg_wirte(VE4_IP_BASE_ADDR+0x03e8,0x00000000);
2026-06-08 14:44:48.591 554-4264 VPUAPI pid-554 I reg_wirte(VE4_IP_BASE_ADDR+0x03ec,0x00000000);
2026-06-08 14:44:48.591 554-4264 VPUAPI pid-554 I reg_wirte(VE4_IP_BASE_ADDR+0x03f0,0x00000000);
2026-06-08 14:44:48.591 554-4264 VPUAPI pid-554 I reg_wirte(VE4_IP_BASE_ADDR+0x03f4,0x00000000);
2026-06-08 14:44:48.591 554-4264 VPUAPI pid-554 I reg_wirte(VE4_IP_BASE_ADDR+0x0414,0x00000000);
2026-06-08 14:44:48.591 554-4264 VPUAPI pid-554 I reg_wirte(VE4_IP_BASE_ADDR+0x0418,0x00000000);
2026-06-08 14:44:48.591 554-4264 VPUAPI pid-554 I reg_wirte(VE4_IP_BASE_ADDR+0x041c,0x00000000);
2026-06-08 14:44:48.591 554-4264 VPUAPI pid-554 I reg_wirte(VE4_IP_BASE_ADDR+0x0420,0x00000000);
2026-06-08 14:44:48.591 554-4264 VPUAPI pid-554 I reg_wirte(VE4_IP_BASE_ADDR+0x0424,0x00000000);
2026-06-08 14:44:48.591 554-4264 VPUAPI pid-554 I reg_wirte(VE4_IP_BASE_ADDR+0x0428,0x00000000);
2026-06-08 14:44:48.591 554-4264 VPUAPI pid-554 I reg_wirte(VE4_IP_BASE_ADDR+0x03f8,0x00000000);
2026-06-08 14:44:48.591 554-4264 VPUAPI pid-554 I reg_wirte(VE4_IP_BASE_ADDR+0x042c,0x00000001);
2026-06-08 14:44:48.591 554-4264 VPUAPI pid-554 I reg_wirte(VE4_IP_BASE_ADDR+0x03fc,0x00000000);
2026-06-08 14:44:48.591 554-4264 VPUAPI pid-554 I reg_wirte(VE4_IP_BASE_ADDR+0x0400,0x00000000);
2026-06-08 14:44:48.591 554-4264 VPUAPI pid-554 I reg_wirte(VE4_IP_BASE_ADDR+0x0404,0x00000000);
2026-06-08 14:44:48.591 554-4264 VPUAPI pid-554 I reg_wirte(VE4_IP_BASE_ADDR+0x0408,0x00000000);
2026-06-08 14:44:48.591 554-4264 VPUAPI pid-554 I reg_wirte(VE4_IP_BASE_ADDR+0x040c,0x00000000);
2026-06-08 14:44:48.591 554-4264 VPUAPI pid-554 I reg_wirte(VE4_IP_BASE_ADDR+0x0410,0x00000000);
2026-06-08 14:44:48.591 554-4264 VPUAPI pid-554 I [119]W6SendCommand.VpuWriteReg W6_CMD_INSTANCE_INFO:0x210.value:0x30000
2026-06-08 14:44:48.591 554-4264 VPUAPI pid-554 I reg_wirte(VE4_IP_BASE_ADDR+0x0210,0x00030000);
2026-06-08 14:44:48.591 554-4264 VPUAPI pid-554 I [123]W6SendCommand.VpuWriteReg W6_VPU_CMD_BUSY_STATUS:0x70.value:1
2026-06-08 14:44:48.591 554-4264 VPUAPI pid-554 I reg_wirte(VE4_IP_BASE_ADDR+0x0070,0x00000001);
2026-06-08 14:44:48.591 554-4264 VPUAPI pid-554 I [125]W6SendCommand.VpuWriteReg W6_COMMAND:0x200.value:0x100
2026-06-08 14:44:48.591 554-4264 VPUAPI pid-554 I reg_wirte(VE4_IP_BASE_ADDR+0x0200,0x00000100);
2026-06-08 14:44:48.591 554-4264 VPUAPI pid-554 I [131]W6SendCommand.VpuWriteReg W6_VPU_HOST_INT_REQ:0x6c.value:1
2026-06-08 14:44:48.591 554-4264 VPUAPI pid-554 I reg_wirte(VE4_IP_BASE_ADDR+0x0038,0x00000001);
2026-06-08 14:44:48.591 554-4264 VPUAPI pid-554 I [134]W6SendCommand.cmd:0x100.W6_VPU_VPU_INT_STS:0x0.W6_VPU_VINT_REASON:0x0
2026-06-08 14:44:48.591 554-4264 VPUAPI pid-554 I [-][2548]VPU_EncStartOneFrame.ret:0x0
2026-06-08 14:44:48.591 554-4264 RTK_WRAP_ENC_VE4 pid-554 I VPU_EncStartOneFrame() success
2026-06-08 14:44:48.595 554-4264 VPUAPI pid-554 I clear interruptFlag=256
2026-06-08 14:44:48.595 554-4264 VPUAPI pid-554 I [+][2562]VPU_EncGetOutputInfo.
2026-06-08 14:44:48.595 554-4264 VPUAPI pid-554 I [+][3185]Wave6VpuEncGetResult.
2026-06-08 14:44:48.595 554-4264 VPUAPI pid-554 I [Wave6VpuEncGetResult]gpuCacheStatus[0] = 0
