2026-06-08 14:45:07.996 554-4264 RTK_WRAP_ENC_VE4 pid-554 I VPU_EncStartOneFrame() success
2026-06-08 14:45:08.000 554-4264 VPUAPI pid-554 I clear interruptFlag=256
2026-06-08 14:45:08.000 554-4264 VPUAPI pid-554 I [+][2562]VPU_EncGetOutputInfo.
2026-06-08 14:45:08.000 554-4264 VPUAPI pid-554 I [+][3185]Wave6VpuEncGetResult.
2026-06-08 14:45:08.000 554-4264 VPUAPI pid-554 I [Wave6VpuEncGetResult]gpuCacheStatus[0] = 0
2026-06-08 14:45:08.000 554-4264 VPUAPI pid-554 I [-][3340]Wave6VpuEncGetResult.ret:0x0
2026-06-08 14:45:08.000 554-4264 VPUAPI pid-554 I [2593]VPU_EncGetOutputInfo.encSrcIdx:0x0,reconFrameIndex:0x1
2026-06-08 14:45:08.000 554-4264 VPUAPI pid-554 I [-][2605]VPU_EncGetOutputInfo.ret:0x0
2026-06-08 14:45:08.000 554-4264 RTK_WRAP_ENC_VE4 pid-554 I encodeTime 3.780608 ms || Enc: 121|| picType 1 || reconIdx 1 || rdPtr 262e0000 || wrPtr 262e0334
2026-06-08 14:45:08.000 554-4264 RTK_WRAP_ENC_VE4 pid-554 I nHeaderLen: 0|| pVpu->outputInfo.bitstreamSize 820
2026-06-08 14:45:08.000 554-4264 RTK_WRAP_ENC_VE4 pid-554 I stream->buf_max_size : 2097152, stream->streamlen :820
2026-06-08 14:45:08.000 554-4264 RTKC2Venc pid-554 I ooo : frameIndex=121, streamSize=820, keyFrameFlag=0
2026-06-08 14:45:08.000 554-4264 RTKC2Venc pid-554 I Call finishWork in 761
2026-06-08 14:45:08.000 554-4264 RTKC2Venc pid-554 I Ready to finish 121
2026-06-08 14:45:08.001 554-4264 RTKC2Venc pid-554 I Finish finish 121
2026-06-08 14:45:08.001 554-4264 RTKC2Venc pid-554 I iii : flag=0, frameIndex=122, timeStamp=491730510, eos=0, dump_enable=0, yuvDumpFreq=1
2026-06-08 14:45:08.001 554-4264 RTKC2Venc pid-554 I Continue standard encode!
2026-06-08 14:45:08.001 554-4264 RTKC2Venc pid-554 I [extractGraphicBuffer][833] width = 1280 || height = 1600 || y_stride = 5120 || uStride = 5120 || vStride = 5120 || colorFormat = 1 || srcPhy = 0x0 || srcbufSize = 8192000
2026-06-08 14:45:08.001 554-4264 RTKC2Venc pid-554 I encoder->RequestSync = 0 cur_requestSync = 0
2026-06-08 14:45:08.002 554-4264 VideoClientEncVE pid-554 I [writeInputFrame][521] write input data to HW
2026-06-08 14:45:08.002 554-4264 RTK_WRAP_ENC_VE4 pid-554 I CODEC_SET_COLOR_FORMAT = 0x1
2026-06-08 14:45:08.002 554-4264 RTK_WRAP_ENC_VE4 pid-554 I [2599][encoder_set_video_config][CODEC_SET_COLOR_FORMAT] HAL_PIXEL_FORMAT_RGBA_8888
2026-06-08 14:45:08.002 554-4264 VideoClientEncVE pid-554 I calculated frameSize = 3072000
2026-06-08 14:45:08.002 554-4264 VideoClientEncVE pid-554 I mImpl->I_Interval = 600
2026-06-08 14:45:08.002 554-4264 RTK_WRAP_ENC_VE4 pid-554 I width 1280(1280), height 1600(1600), stride 1280
2026-06-08 14:45:08.002 554-4264 RTK_WRAP_ENC_VE4 pid-554 I =================encoder_encode_video================= encOP.picWidth: 1280 encOP.picHeight: 1600 origWidth: 1280 origHeight: 1600 srcFrameWidth: 1280 srcFrameHeight: 1600 srcFrameStride: 1280 fbStride: 1280 framebufWidth: 1280 framebufHeight: 1600 framebufStride: 1280 fbAllocInfo.stride: 1280 fbAllocInfo.height: 1600 buffe_resolution_flag=0
2026-06-08 14:45:08.002 554-4264 RTK_WRAP_ENC_VE4 pid-554 I copy method: HAL_PIXEL_FORMAT_RGBA_8888
2026-06-08 14:45:08.002 554-4264 RTK_WRAP_ENC_VE4 pid-554 I [+] in [CopyRGBA8888ToYUV420Frame]
2026-06-08 14:45:08.002 4251-4267 MPEG4Writer pid-4251 D non-key frame, nIPFramesCtr 122, nLastIPFramesCtr 0
2026-06-08 14:45:08.091 2359-2492 BluetoothSocket pid-2359 D accept(), timeout (ms):-1
2026-06-08 14:45:08.091 2359-2492 BTConnectionMethod pid-2359 E AcceptThread: accept() failed java.io.IOException: read failed, socket might closed or timeout, read ret: -1
at android.bluetooth.BluetoothSocket.readAll(BluetoothSocket.java:924)
at android.bluetooth.BluetoothSocket.waitSocketSignal(BluetoothSocket.java:877)
at android.bluetooth.BluetoothSocket.accept(BluetoothSocket.java:626)
at android.bluetooth.BluetoothServerSocket.accept(BluetoothServerSocket.java:195)
at android.bluetooth.BluetoothServerSocket.accept(BluetoothServerSocket.java:178)
at com.abaltatech.mcs.bluetooth.android.BluetoothConnectionMethod$AcceptThread.acceptConnection(BluetoothConnectionMethod.java:504)
at com.abaltatech.mcs.bluetooth.android.BluetoothConnectionMethod$AcceptThread.run(BluetoothConnectionMethod.java:475)
2026-06-08 14:45:08.094 554-4264 RTK_WRAP_ENC_VE4 pid-554 I [-] in [CopyRGBA8888ToYUV420Frame]
2026-06-08 14:45:08.094 554-4264 RTK_WRAP_ENC_VE4 pid-554 I GopSize is greater than 1, GopSize=600, encodedIdx=122
2026-06-08 14:45:08.094 554-4264 VPUAPI pid-554 I [+][2488]VPU_EncStartOneFrame.
2026-06-08 14:45:08.094 554-4264 VPUAPI pid-554 I [2509]VPU_EncStartOneFrame.bf ProductVpuEncCheckEncParam
2026-06-08 14:45:08.094 554-4264 VPUAPI pid-554 I [2511]VPU_EncStartOneFrame.af ProductVpuEncCheckEncParam
2026-06-08 14:45:08.094 554-4264 VPUAPI pid-554 I wrapper_reg_wirte(0x0008,0x00000020);
2026-06-08 14:45:08.094 554-4264 VPUAPI pid-554 I [2910]gen_enc_pic_reg.encWidth:1280.set axi bit:0,1
2026-06-08 14:45:08.094 554-4264 VPUAPI pid-554 I reg_wirte(VE4_IP_BASE_ADDR+0x0300,0x262e0000);
2026-06-08 14:45:08.094 554-4264 VPUAPI pid-554 I reg_wirte(VE4_IP_BASE_ADDR+0x0304,0x0002a000);
2026-06-08 14:45:08.095 554-4264 VPUAPI pid-554 I reg_wirte(VE4_IP_BASE_ADDR+0x0308,0x00000040);
2026-06-08 14:45:08.095 554-4264 VPUAPI pid-554 I reg_wirte(VE4_IP_BASE_ADDR+0x030c,0x00000001);
2026-06-08 14:45:08.095 554-4264 VPUAPI pid-554 I reg_wirte(VE4_IP_BASE_ADDR+0x0310,0x00000000);
2026-06-08 14:45:08.095 554-4264 VPUAPI pid-554 I reg_wirte(VE4_IP_BASE_ADDR+0x0318,0x00000000);
2026-06-08 14:45:08.095 554-4264 VPUAPI pid-554 I reg_wirte(VE4_IP_BASE_ADDR+0x031c,0x00000000);
2026-06-08 14:45:08.095 554-4264 VPUAPI pid-554 I reg_wirte(VE4_IP_BASE_ADDR+0x0320,0x00000000);
2026-06-08 14:45:08.095 554-4264 VPUAPI pid-554 I reg_wirte(VE4_IP_BASE_ADDR+0x0324,0x00000000);
2026-06-08 14:45:08.095 554-4264 VPUAPI pid-554 I reg_wirte(VE4_IP_BASE_ADDR+0x032c,0x00000000);
2026-06-08 14:45:08.095 554-4264 VPUAPI pid-554 I reg_wirte(VE4_IP_BASE_ADDR+0x0330,0x26964000);
2026-06-08 14:45:08.095 554-4264 VPUAPI pid-554 I reg_wirte(VE4_IP_BASE_ADDR+0x0334,0x26b58000);
2026-06-08 14:45:08.095 554-4264 VPUAPI pid-554 I reg_wirte(VE4_IP_BASE_ADDR+0x0338,0x26bd5000);
2026-06-08 14:45:08.095 554-4264 VPUAPI pid-554 I reg_wirte(VE4_IP_BASE_ADDR+0x033c,0x05000280);
2026-06-08 14:45:08.095 554-4264 VPUAPI pid-554 I reg_wirte(VE4_IP_BASE_ADDR+0x0340,0x0000f000);
2026-06-08 14:45:08.095 554-4264 VPUAPI pid-554 I reg_wirte(VE4_IP_BASE_ADDR+0x0348,0x00000000);
2026-06-08 14:45:08.095 554-4264 VPUAPI pid-554 I reg_wirte(VE4_IP_BASE_ADDR+0x034c,0x00000003);
2026-06-08 14:45:08.095 554-4264 VPUAPI pid-554 I reg_wirte(VE4_IP_BASE_ADDR+0x0350,0x07200000);
2026-06-08 14:45:08.095 554-4264 VPUAPI pid-554 I reg_wirte(VE4_IP_BASE_ADDR+0x0354,0x00000000);
2026-06-08 14:45:08.095 554-4264 VPUAPI pid-554 I reg_wirte(VE4_IP_BASE_ADDR+0x0358,0x00000000);
2026-06-08 14:45:08.095 554-4264 VPUAPI pid-554 I reg_wirte(VE4_IP_BASE_ADDR+0x035c,0x00000000);
2026-06-08 14:45:08.095 554-4264 VPUAPI pid-554 I reg_wirte(VE4_IP_BASE_ADDR+0x0360,0x00000000);
2026-06-08 14:45:08.095 554-4264 VPUAPI pid-554 I reg_wirte(VE4_IP_BASE_ADDR+0x0364,0x00000000);
2026-06-08 14:45:08.095 554-4264 VPUAPI pid-554 I reg_wirte(VE4_IP_BASE_ADDR+0x03e8,0x00000000);
2026-06-08 14:45:08.095 554-4264 VPUAPI pid-554 I reg_wirte(VE4_IP_BASE_ADDR+0x03ec,0x00000000);
2026-06-08 14:45:08.095 554-4264 VPUAPI pid-554 I reg_wirte(VE4_IP_BASE_ADDR+0x03f0,0x00000000);
2026-06-08 14:45:08.095 554-4264 VPUAPI pid-554 I reg_wirte(VE4_IP_BASE_ADDR+0x03f4,0x00000000);
2026-06-08 14:45:08.095 554-4264 VPUAPI pid-554 I reg_wirte(VE4_IP_BASE_ADDR+0x0414,0x00000000);
2026-06-08 14:45:08.095 554-4264 VPUAPI pid-554 I reg_wirte(VE4_IP_BASE_ADDR+0x0418,0x00000000);
2026-06-08 14:45:08.095 554-4264 VPUAPI pid-554 I reg_wirte(VE4_IP_BASE_ADDR+0x041c,0x00000000);
2026-06-08 14:45:08.095 554-4264 VPUAPI pid-554 I reg_wirte(VE4_IP_BASE_ADDR+0x0420,0x00000000);
2026-06-08 14:45:08.095 554-4264 VPUAPI pid-554 I reg_wirte(VE4_IP_BASE_ADDR+0x0424,0x00000000);
2026-06-08 14:45:08.095 554-4264 VPUAPI pid-554 I reg_wirte(VE4_IP_BASE_ADDR+0x0428,0x00000000);
2026-06-08 14:45:08.095 554-4264 VPUAPI pid-554 I reg_wirte(VE4_IP_BASE_ADDR+0x03f8,0x00000000);
2026-06-08 14:45:08.095 554-4264 VPUAPI pid-554 I reg_wirte(VE4_IP_BASE_ADDR+0x042c,0x00000001);
2026-06-08 14:45:08.095 554-4264 VPUAPI pid-554 I reg_wirte(VE4_IP_BASE_ADDR+0x03fc,0x00000000);
2026-06-08 14:45:08.095 554-4264 VPUAPI pid-554 I reg_wirte(VE4_IP_BASE_ADDR+0x0400,0x00000000);
2026-06-08 14:45:08.095 554-4264 VPUAPI pid-554 I reg_wirte(VE4_IP_BASE_ADDR+0x0404,0x00000000);
2026-06-08 14:45:08.095 554-4264 VPUAPI pid-554 I reg_wirte(VE4_IP_BASE_ADDR+0x0408,0x00000000);
2026-06-08 14:45:08.095 554-4264 VPUAPI pid-554 I reg_wirte(VE4_IP_BASE_ADDR+0x040c,0x00000000);
2026-06-08 14:45:08.095 554-4264 VPUAPI pid-554 I reg_wirte(VE4_IP_BASE_ADDR+0x0410,0x00000000);
2026-06-08 14:45:08.095 554-4264 VPUAPI pid-554 I [119]W6SendCommand.VpuWriteReg W6_CMD_INSTANCE_INFO:0x210.value:0x30000
2026-06-08 14:45:08.095 554-4264 VPUAPI pid-554 I reg_wirte(VE4_IP_BASE_ADDR+0x0210,0x00030000);
2026-06-08 14:45:08.095 554-4264 VPUAPI pid-554 I [123]W6SendCommand.VpuWriteReg W6_VPU_CMD_BUSY_STATUS:0x70.value:1
2026-06-08 14:45:08.095 554-4264 VPUAPI pid-554 I reg_wirte(VE4_IP_BASE_ADDR+0x0070,0x00000001);
2026-06-08 14:45:08.095 554-4264 VPUAPI pid-554 I [125]W6SendCommand.VpuWriteReg W6_COMMAND:0x200.value:0x100
2026-06-08 14:45:08.095 554-4264 VPUAPI pid-554 I reg_wirte(VE4_IP_BASE_ADDR+0x0200,0x00000100);
2026-06-08 14:45:08.095 554-4264 VPUAPI pid-554 I [131]W6SendCommand.VpuWriteReg W6_VPU_HOST_INT_REQ:0x6c.value:1
2026-06-08 14:45:08.095 554-4264 VPUAPI pid-554 I reg_wirte(VE4_IP_BASE_ADDR+0x0038,0x00000001);
2026-06-08 14:45:08.095 554-4264 VPUAPI pid-554 I [134]W6SendCommand.cmd:0x100.W6_VPU_VPU_INT_STS:0x0.W6_VPU_VINT_REASON:0x0
2026-06-08 14:45:08.095 554-4264 VPUAPI pid-554 I [-][2548]VPU_EncStartOneFrame.ret:0x0
2026-06-08 14:45:08.095 554-4264 RTK_WRAP_ENC_VE4 pid-554 I VPU_EncStartOneFrame() success
2026-06-08 14:45:08.099 554-4264 VPUAPI pid-554 I clear interruptFlag=256
2026-06-08 14:45:08.099 554-4264 VPUAPI pid-554 I [+][2562]VPU_EncGetOutputInfo.
2026-06-08 14:45:08.099 554-4264 VPUAPI pid-554 I [+][3185]Wave6VpuEncGetResult.
2026-06-08 14:45:08.099 554-4264 VPUAPI pid-554 I [Wave6VpuEncGetResult]gpuCacheStatus[0] = 0
2026-06-08 14:45:08.099 554-4264 VPUAPI pid-554 I [-][3340]Wave6VpuEncGetResult.ret:0x0
2026-06-08 14:45:08.099 554-4264 VPUAPI pid-554 I [2593]VPU_EncGetOutputInfo.encSrcIdx:0x0,reconFrameIndex:0x1
2026-06-08 14:45:08.099 554-4264 VPUAPI pid-554 I [-][2605]VPU_EncGetOutputInfo.ret:0x0
2026-06-08 14:45:08.099 554-4264 RTK_WRAP_ENC_VE4 pid-554 I encodeTime 3.814400 ms || Enc: 122|| picType 1 || reconIdx 1 || rdPtr 262e0000 || wrPtr 262e07fa
2026-06-08 14:45:08.099 554-4264 RTK_WRAP_ENC_VE4 pid-554 I nHeaderLen: 0|| pVpu->outputInfo.bitstreamSize 2042
2026-06-08 14:45:08.099 554-4264 RTK_WRAP_ENC_VE4 pid-554 I stream->buf_max_size : 2097152, stream->streamlen :2042
2026-06-08 14:45:08.099 554-4264 RTKC2Venc pid-554 I ooo : frameIndex=122, streamSize=2042, keyFrameFlag=0
2026-06-08 14:45:08.099 554-4264 RTKC2Venc pid-554 I Call finishWork in 761
2026-06-08 14:45:08.099 554-4264 RTKC2Venc pid-554 I Ready to finish 122
2026-06-08 14:45:08.100 554-4264 RTKC2Venc pid-554 I Finish finish 122
2026-06-08 14:45:08.100 554-4264 RTKC2Venc pid-554 I iii : flag=0, frameIndex=123, timeStamp=491742157, eos=0, dump_enable=0, yuvDumpFreq=1
2026-06-08 14:45:08.100 554-4264 RTKC2Venc pid-554 I Continue standard encode!
2026-06-08 14:45:08.101 554-4264 RTKC2Venc pid-554 I [extractGraphicBuffer][833] width = 1280 || height = 1600 || y_stride = 5120 || uStride = 5120 || vStride = 5120 || colorFormat = 1 || srcPhy = 0x0 || srcbufSize = 8192000
2026-06-08 14:45:08.101 554-4264 RTKC2Venc pid-554 I encoder->RequestSync = 0 cur_requestSync = 0
2026-06-08 14:45:08.101 554-4264 VideoClientEncVE pid-554 I [writeInputFrame][521] write input data to HW
2026-06-08 14:45:08.101 554-4264 RTK_WRAP_ENC_VE4 pid-554 I CODEC_SET_COLOR_FORMAT = 0x1
2026-06-08 14:45:08.101 554-4264 RTK_WRAP_ENC_VE4 pid-554 I [2599][encoder_set_video_config][CODEC_SET_COLOR_FORMAT] HAL_PIXEL_FORMAT_RGBA_8888
2026-06-08 14:45:08.101 554-4264 VideoClientEncVE pid-554 I calculated frameSize = 3072000
2026-06-08 14:45:08.101 554-4264 VideoClientEncVE pid-554 I mImpl->I_Interval = 600
2026-06-08 14:45:08.101 554-4264 RTK_WRAP_ENC_VE4 pid-554 I width 1280(1280), height 1600(1600), stride 1280
2026-06-08 14:45:08.101 554-4264 RTK_WRAP_ENC_VE4 pid-554 I =================encoder_encode_video================= encOP.picWidth: 1280 encOP.picHeight: 1600 origWidth: 1280 origHeight: 1600 srcFrameWidth: 1280 srcFrameHeight: 1600 srcFrameStride: 1280 fbStride: 1280 framebufWidth: 1280 framebufHeight: 1600 framebufStride: 1280 fbAllocInfo.stride: 1280 fbAllocInfo.height: 1600 buffe_resolution_flag=0
2026-06-08 14:45:08.101 554-4264 RTK_WRAP_ENC_VE4 pid-554 I copy method: HAL_PIXEL_FORMAT_RGBA_8888
2026-06-08 14:45:08.101 554-4264 RTK_WRAP_ENC_VE4 pid-554 I [+] in [CopyRGBA8888ToYUV420Frame]
2026-06-08 14:45:08.102 4251-4267 MPEG4Writer pid-4251 D non-key frame, nIPFramesCtr 123, nLastIPFramesCtr 0
2026-06-08 14:45:08.190 554-4264 RTK_WRAP_ENC_VE4 pid-554 I [-] in [CopyRGBA8888ToYUV420Frame]
2026-06-08 14:45:08.190 554-4264 RTK_WRAP_ENC_VE4 pid-554 I GopSize is greater than 1, GopSize=600, encodedIdx=123
2026-06-08 14:45:08.190 554-4264 VPUAPI pid-554 I [+][2488]VPU_EncStartOneFrame.
2026-06-08 14:45:08.190 554-4264 VPUAPI pid-554 I [2509]VPU_EncStartOneFrame.bf ProductVpuEncCheckEncParam
2026-06-08 14:45:08.190 554-4264 VPUAPI pid-554 I [2511]VPU_EncStartOneFrame.af ProductVpuEncCheckEncParam
2026-06-08 14:45:08.190 554-4264 VPUAPI pid-554 I wrapper_reg_wirte(0x0008,0x00000020);
2026-06-08 14:45:08.191 554-4264 VPUAPI pid-554 I [2910]gen_enc_pic_reg.encWidth:1280.set axi bit:0,1
2026-06-08 14:45:08.191 554-4264 VPUAPI pid-554 I reg_wirte(VE4_IP_BASE_ADDR+0x0300,0x262e0000);
2026-06-08 14:45:08.191 554-4264 VPUAPI pid-554 I reg_wirte(VE4_IP_BASE_ADDR+0x0304,0x0002a000);
2026-06-08 14:45:08.191 554-4264 VPUAPI pid-554 I reg_wirte(VE4_IP_BASE_ADDR+0x0308,0x00000040);
2026-06-08 14:45:08.191 554-4264 VPUAPI pid-554 I reg_wirte(VE4_IP_BASE_ADDR+0x030c,0x00000001);
2026-06-08 14:45:08.191 554-4264 VPUAPI pid-554 I reg_wirte(VE4_IP_BASE_ADDR+0x0310,0x00000000);
2026-06-08 14:45:08.191 554-4264 VPUAPI pid-554 I reg_wirte(VE4_IP_BASE_ADDR+0x0318,0x00000000);
2026-06-08 14:45:08.191 554-4264 VPUAPI pid-554 I reg_wirte(VE4_IP_BASE_ADDR+0x031c,0x00000000);
2026-06-08 14:45:08.191 554-4264 VPUAPI pid-554 I reg_wirte(VE4_IP_BASE_ADDR+0x0320,0x00000000);
2026-06-08 14:45:08.191 554-4264 VPUAPI pid-554 I reg_wirte(VE4_IP_BASE_ADDR+0x0324,0x00000000);
2026-06-08 14:45:08.191 554-4264 VPUAPI pid-554 I reg_wirte(VE4_IP_BASE_ADDR+0x032c,0x00000000);
2026-06-08 14:45:08.191 554-4264 VPUAPI pid-554 I reg_wirte(VE4_IP_BASE_ADDR+0x0330,0x26964000);
2026-06-08 14:45:08.191 554-4264 VPUAPI pid-554 I reg_wirte(VE4_IP_BASE_ADDR+0x0334,0x26b58000);
2026-06-08 14:45:08.191 554-4264 VPUAPI pid-554 I reg_wirte(VE4_IP_BASE_ADDR+0x0338,0x26bd5000);
2026-06-08 14:45:08.191 554-4264 VPUAPI pid-554 I reg_wirte(VE4_IP_BASE_ADDR+0x033c,0x05000280);
2026-06-08 14:45:08.191 554-4264 VPUAPI pid-554 I reg_wirte(VE4_IP_BASE_ADDR+0x0340,0x0000f000);
2026-06-08 14:45:08.191 554-4264 VPUAPI pid-554 I reg_wirte(VE4_IP_BASE_ADDR+0x0348,0x00000000);
2026-06-08 14:45:08.191 554-4264 VPUAPI pid-554 I reg_wirte(VE4_IP_BASE_ADDR+0x034c,0x00000003);
2026-06-08 14:45:08.191 554-4264 VPUAPI pid-554 I reg_wirte(VE4_IP_BASE_ADDR+0x0350,0x07200000);
2026-06-08 14:45:08.192 554-4264 VPUAPI pid-554 I reg_wirte(VE4_IP_BASE_ADDR+0x0354,0x00000000);
2026-06-08 14:45:08.192 554-4264 VPUAPI pid-554 I reg_wirte(VE4_IP_BASE_ADDR+0x0358,0x00000000);
2026-06-08 14:45:08.192 554-4264 VPUAPI pid-554 I reg_wirte(VE4_IP_BASE_ADDR+0x035c,0x00000000);
2026-06-08 14:45:08.192 554-4264 VPUAPI pid-554 I reg_wirte(VE4_IP_BASE_ADDR+0x0360,0x00000000);
2026-06-08 14:45:08.192 554-4264 VPUAPI pid-554 I reg_wirte(VE4_IP_BASE_ADDR+0x0364,0x00000000);
2026-06-08 14:45:08.192 554-4264 VPUAPI pid-554 I reg_wirte(VE4_IP_BASE_ADDR+0x03e8,0x00000000);
2026-06-08 14:45:08.192 554-4264 VPUAPI pid-554 I reg_wirte(VE4_IP_BASE_ADDR+0x03ec,0x00000000);
2026-06-08 14:45:08.192 554-4264 VPUAPI pid-554 I reg_wirte(VE4_IP_BASE_ADDR+0x03f0,0x00000000);
2026-06-08 14:45:08.192 554-4264 VPUAPI pid-554 I reg_wirte(VE4_IP_BASE_ADDR+0x03f4,0x00000000);
2026-06-08 14:45:08.192 554-4264 VPUAPI pid-554 I reg_wirte(VE4_IP_BASE_ADDR+0x0414,0x00000000);
2026-06-08 14:45:08.192 554-4264 VPUAPI pid-554 I reg_wirte(VE4_IP_BASE_ADDR+0x0418,0x00000000);
2026-06-08 14:45:08.192 554-4264 VPUAPI pid-554 I reg_wirte(VE4_IP_BASE_ADDR+0x041c,0x00000000);
2026-06-08 14:45:08.192 554-4264 VPUAPI pid-554 I reg_wirte(VE4_IP_BASE_ADDR+0x0420,0x00000000);
2026-06-08 14:45:08.192 554-4264 VPUAPI pid-554 I reg_wirte(VE4_IP_BASE_ADDR+0x0424,0x00000000);
2026-06-08 14:45:08.192 554-4264 VPUAPI pid-554 I reg_wirte(VE4_IP_BASE_ADDR+0x0428,0x00000000);
2026-06-08 14:45:08.192 554-4264 VPUAPI pid-554 I reg_wirte(VE4_IP_BASE_ADDR+0x03f8,0x00000000);
2026-06-08 14:45:08.192 554-4264 VPUAPI pid-554 I reg_wirte(VE4_IP_BASE_ADDR+0x042c,0x00000001);
2026-06-08 14:45:08.192 554-4264 VPUAPI pid-554 I reg_wirte(VE4_IP_BASE_ADDR+0x03fc,0x00000000);
2026-06-08 14:45:08.192 554-4264 VPUAPI pid-554 I reg_wirte(VE4_IP_BASE_ADDR+0x0400,0x00000000);
2026-06-08 14:45:08.192 554-4264 VPUAPI pid-554 I reg_wirte(VE4_IP_BASE_ADDR+0x0404,0x00000000);
2026-06-08 14:45:08.192 554-4264 VPUAPI pid-554 I reg_wirte(VE4_IP_BASE_ADDR+0x0408,0x00000000);
2026-06-08 14:45:08.192 554-4264 VPUAPI pid-554 I reg_wirte(VE4_IP_BASE_ADDR+0x040c,0x00000000);
2026-06-08 14:45:08.192 554-4264 VPUAPI pid-554 I reg_wirte(VE4_IP_BASE_ADDR+0x0410,0x00000000);
2026-06-08 14:45:08.192 554-4264 VPUAPI pid-554 I [119]W6SendCommand.VpuWriteReg W6_CMD_INSTANCE_INFO:0x210.value:0x30000
2026-06-08 14:45:08.192 554-4264 VPUAPI pid-554 I reg_wirte(VE4_IP_BASE_ADDR+0x0210,0x00030000);
2026-06-08 14:45:08.192 554-4264 VPUAPI pid-554 I [123]W6SendCommand.VpuWriteReg W6_VPU_CMD_BUSY_STATUS:0x70.value:1
2026-06-08 14:45:08.192 554-4264 VPUAPI pid-554 I reg_wirte(VE4_IP_BASE_ADDR+0x0070,0x00000001);
2026-06-08 14:45:08.192 554-4264 VPUAPI pid-554 I [125]W6SendCommand.VpuWriteReg W6_COMMAND:0x200.value:0x100
2026-06-08 14:45:08.192 554-4264 VPUAPI pid-554 I reg_wirte(VE4_IP_BASE_ADDR+0x0200,0x00000100);
2026-06-08 14:45:08.192 554-4264 VPUAPI pid-554 I [131]W6SendCommand.VpuWriteReg W6_VPU_HOST_INT_REQ:0x6c.value:1
2026-06-08 14:45:08.192 554-4264 VPUAPI pid-554 I reg_wirte(VE4_IP_BASE_ADDR+0x0038,0x00000001);
2026-06-08 14:45:08.192 554-4264 VPUAPI pid-554 I [134]W6SendCommand.cmd:0x100.W6_VPU_VPU_INT_STS:0x0.W6_VPU_VINT_REASON:0x0
2026-06-08 14:45:08.192 554-4264 VPUAPI pid-554 I [-][2548]VPU_EncStartOneFrame.ret:0x0
2026-06-08 14:45:08.192 554-4264 RTK_WRAP_ENC_VE4 pid-554 I VPU_EncStartOneFrame() success
2026-06-08 14:45:08.195 554-4264 VPUAPI pid-554 I clear interruptFlag=256
2026-06-08 14:45:08.195 554-4264 VPUAPI pid-554 I [+][2562]VPU_EncGetOutputInfo.
2026-06-08 14:45:08.195 554-4264 VPUAPI pid-554 I [+][3185]Wave6VpuEncGetResult.
2026-06-08 14:45:08.195 554-4264 VPUAPI pid-554 I [Wave6VpuEncGetResult]gpuCacheStatus[0] = 0
2026-06-08 14:45:08.195 554-4264 VPUAPI pid-554 I [-][3340]Wave6VpuEncGetResult.ret:0x0
2026-06-08 14:45:08.195 554-4264 VPUAPI pid-554 I [2593]VPU_EncGetOutputInfo.encSrcIdx:0x0,reconFrameIndex:0x0
2026-06-08 14:45:08.195 554-4264 VPUAPI pid-554 I [-][2605]VPU_EncGetOutputInfo.ret:0x0
2026-06-08 14:45:08.195 554-4264 RTK_WRAP_ENC_VE4 pid-554 I encodeTime 3.782656 ms || Enc: 123|| picType 1 || reconIdx 0 || rdPtr 262e0000 || wrPtr 262e0040
2026-06-08 14:45:08.195 554-4264 RTK_WRAP_ENC_VE4 pid-554 I nHeaderLen: 0|| pVpu->outputInfo.bitstreamSize 64
2026-06-08 14:45:08.195 554-4264 RTK_WRAP_ENC_VE4 pid-554 I stream->buf_max_size : 2097152, stream->streamlen :64
2026-06-08 14:45:08.195 554-4264 RTKC2Venc pid-554 I ooo : frameIndex=123, streamSize=64, keyFrameFlag=0
2026-06-08 14:45:08.195 554-4264 RTKC2Venc pid-554 I Call finishWork in 761
2026-06-08 14:45:08.195 554-4264 RTKC2Venc pid-554 I Ready to finish 123
2026-06-08 14:45:08.196 554-4264 RTKC2Venc pid-554 I Finish finish 123
2026-06-08 14:45:08.196 554-4264 RTKC2Venc pid-554 I iii : flag=0, frameIndex=124, timeStamp=491757116, eos=0, dump_enable=0, yuvDumpFreq=1
2026-06-08 14:45:08.196 554-4264 RTKC2Venc pid-554 I Continue standard encode!
2026-06-08 14:45:08.196 554-4264 RTKC2Venc pid-554 I [extractGraphicBuffer][833] width = 1280 || height = 1600 || y_stride = 5120 || uStride = 5120 || vStride = 5120 || colorFormat = 1 || srcPhy = 0x0 || srcbufSize = 8192000
2026-06-08 14:45:08.196 554-4264 RTKC2Venc pid-554 I encoder->RequestSync = 0 cur_requestSync = 0
2026-06-08 14:45:08.197 554-4264 VideoClientEncVE pid-554 I [writeInputFrame][521] write input data to HW
2026-06-08 14:45:08.197 554-4264 RTK_WRAP_ENC_VE4 pid-554 I CODEC_SET_COLOR_FORMAT = 0x1
2026-06-08 14:45:08.197 554-4264 RTK_WRAP_ENC_VE4 pid-554 I [2599][encoder_set_video_config][CODEC_SET_COLOR_FORMAT] HAL_PIXEL_FORMAT_RGBA_8888
2026-06-08 14:45:08.197 554-4264 VideoClientEncVE pid-554 I calculated frameSize = 3072000
2026-06-08 14:45:08.197 554-4264 VideoClientEncVE pid-554 I mImpl->I_Interval = 600
2026-06-08 14:45:08.197 554-4264 RTK_WRAP_ENC_VE4 pid-554 I width 1280(1280), height 1600(1600), stride 1280
2026-06-08 14:45:08.197 554-4264 RTK_WRAP_ENC_VE4 pid-554 I =================encoder_encode_video================= encOP.picWidth: 1280 encOP.picHeight: 1600 origWidth: 1280 origHeight: 1600 srcFrameWidth: 1280 srcFrameHeight: 1600 srcFrameStride: 1280 fbStride: 1280 framebufWidth: 1280 framebufHeight: 1600 framebufStride: 1280 fbAllocInfo.stride: 1280 fbAllocInfo.height: 1600 buffe_resolution_flag=0
2026-06-08 14:45:08.197 554-4264 RTK_WRAP_ENC_VE4 pid-554 I copy method: HAL_PIXEL_FORMAT_RGBA_8888
2026-06-08 14:45:08.197 554-4264 RTK_WRAP_ENC_VE4 pid-554 I [+] in [CopyRGBA8888ToYUV420Frame]
2026-06-08 14:45:08.198 4251-4267 MPEG4Writer pid-4251 D non-key frame, nIPFramesCtr 124, nLastIPFramesCtr 0
2026-06-08 14:45:08.286 554-4264 RTK_WRAP_ENC_VE4 pid-554 I [-] in [CopyRGBA8888ToYUV420Frame]
2026-06-08 14:45:08.286 554-4264 RTK_WRAP_ENC_VE4 pid-554 I GopSize is greater than 1, GopSize=600, encodedIdx=124
2026-06-08 14:45:08.286 554-4264 VPUAPI pid-554 I [+][2488]VPU_EncStartOneFrame.
2026-06-08 14:45:08.286 554-4264 VPUAPI pid-554 I [2509]VPU_EncStartOneFrame.bf ProductVpuEncCheckEncParam
2026-06-08 14:45:08.286 554-4264 VPUAPI pid-554 I [2511]VPU_EncStartOneFrame.af ProductVpuEncCheckEncParam
2026-06-08 14:45:08.286 554-4264 VPUAPI pid-554 I wrapper_reg_wirte(0x0008,0x00000020);
2026-06-08 14:45:08.286 554-4264 VPUAPI pid-554 I [2910]gen_enc_pic_reg.encWidth:1280.set axi bit:0,1
2026-06-08 14:45:08.286 554-4264 VPUAPI pid-554 I reg_wirte(VE4_IP_BASE_ADDR+0x0300,0x262e0000);
2026-06-08 14:45:08.287 554-4264 VPUAPI pid-554 I reg_wirte(VE4_IP_BASE_ADDR+0x0304,0x0002a000);
2026-06-08 14:45:08.287 554-4264 VPUAPI pid-554 I reg_wirte(VE4_IP_BASE_ADDR+0x0308,0x00000040);
2026-06-08 14:45:08.287 554-4264 VPUAPI pid-554 I reg_wirte(VE4_IP_BASE_ADDR+0x030c,0x00000001);
2026-06-08 14:45:08.287 554-4264 VPUAPI pid-554 I reg_wirte(VE4_IP_BASE_ADDR+0x0310,0x00000000);
2026-06-08 14:45:08.287 554-4264 VPUAPI pid-554 I reg_wirte(VE4_IP_BASE_ADDR+0x0318,0x00000000);
2026-06-08 14:45:08.287 554-4264 VPUAPI pid-554 I reg_wirte(VE4_IP_BASE_ADDR+0x031c,0x00000000);
2026-06-08 14:45:08.287 554-4264 VPUAPI pid-554 I reg_wirte(VE4_IP_BASE_ADDR+0x0320,0x00000000);
2026-06-08 14:45:08.287 554-4264 VPUAPI pid-554 I reg_wirte(VE4_IP_BASE_ADDR+0x0324,0x00000000);
2026-06-08 14:45:08.287 554-4264 VPUAPI pid-554 I reg_wirte(VE4_IP_BASE_ADDR+0x032c,0x00000000);
2026-06-08 14:45:08.287 554-4264 VPUAPI pid-554 I reg_wirte(VE4_IP_BASE_ADDR+0x0330,0x26964000);
2026-06-08 14:45:08.287 554-4264 VPUAPI pid-554 I reg_wirte(VE4_IP_BASE_ADDR+0x0334,0x26b58000);
2026-06-08 14:45:08.287 554-4264 VPUAPI pid-554 I reg_wirte(VE4_IP_BASE_ADDR+0x0338,0x26bd5000);
2026-06-08 14:45:08.287 554-4264 VPUAPI pid-554 I reg_wirte(VE4_IP_BASE_ADDR+0x033c,0x05000280);
2026-06-08 14:45:08.287 554-4264 VPUAPI pid-554 I reg_wirte(VE4_IP_BASE_ADDR+0x0340,0x0000f000);
2026-06-08 14:45:08.287 554-4264 VPUAPI pid-554 I reg_wirte(VE4_IP_BASE_ADDR+0x0348,0x00000000);
2026-06-08 14:45:08.287 554-4264 VPUAPI pid-554 I reg_wirte(VE4_IP_BASE_ADDR+0x034c,0x00000003);
2026-06-08 14:45:08.287 554-4264 VPUAPI pid-554 I reg_wirte(VE4_IP_BASE_ADDR+0x0350,0x07200000);
2026-06-08 14:45:08.287 554-4264 VPUAPI pid-554 I reg_wirte(VE4_IP_BASE_ADDR+0x0354,0x00000000);
2026-06-08 14:45:08.287 554-4264 VPUAPI pid-554 I reg_wirte(VE4_IP_BASE_ADDR+0x0358,0x00000000);
2026-06-08 14:45:08.287 554-4264 VPUAPI pid-554 I reg_wirte(VE4_IP_BASE_ADDR+0x035c,0x00000000);
2026-06-08 14:45:08.287 554-4264 VPUAPI pid-554 I reg_wirte(VE4_IP_BASE_ADDR+0x0360,0x00000000);
2026-06-08 14:45:08.287 554-4264 VPUAPI pid-554 I reg_wirte(VE4_IP_BASE_ADDR+0x0364,0x00000000);
2026-06-08 14:45:08.287 554-4264 VPUAPI pid-554 I reg_wirte(VE4_IP_BASE_ADDR+0x03e8,0x00000000);
2026-06-08 14:45:08.287 554-4264 VPUAPI pid-554 I reg_wirte(VE4_IP_BASE_ADDR+0x03ec,0x00000000);
2026-06-08 14:45:08.287 554-4264 VPUAPI pid-554 I reg_wirte(VE4_IP_BASE_ADDR+0x03f0,0x00000000);
2026-06-08 14:45:08.287 554-4264 VPUAPI pid-554 I reg_wirte(VE4_IP_BASE_ADDR+0x03f4,0x00000000);
2026-06-08 14:45:08.287 554-4264 VPUAPI pid-554 I reg_wirte(VE4_IP_BASE_ADDR+0x0414,0x00000000);
2026-06-08 14:45:08.287 554-4264 VPUAPI pid-554 I reg_wirte(VE4_IP_BASE_ADDR+0x0418,0x00000000);
2026-06-08 14:45:08.287 554-4264 VPUAPI pid-554 I reg_wirte(VE4_IP_BASE_ADDR+0x041c,0x00000000);
2026-06-08 14:45:08.287 554-4264 VPUAPI pid-554 I reg_wirte(VE4_IP_BASE_ADDR+0x0420,0x00000000);
2026-06-08 14:45:08.287 554-4264 VPUAPI pid-554 I reg_wirte(VE4_IP_BASE_ADDR+0x0424,0x00000000);
2026-06-08 14:45:08.287 554-4264 VPUAPI pid-554 I reg_wirte(VE4_IP_BASE_ADDR+0x0428,0x00000000);
2026-06-08 14:45:08.287 554-4264 VPUAPI pid-554 I reg_wirte(VE4_IP_BASE_ADDR+0x03f8,0x00000000);
2026-06-08 14:45:08.287 554-4264 VPUAPI pid-554 I reg_wirte(VE4_IP_BASE_ADDR+0x042c,0x00000001);
2026-06-08 14:45:08.287 554-4264 VPUAPI pid-554 I reg_wirte(VE4_IP_BASE_ADDR+0x03fc,0x00000000);
2026-06-08 14:45:08.287 554-4264 VPUAPI pid-554 I reg_wirte(VE4_IP_BASE_ADDR+0x0400,0x00000000);
2026-06-08 14:45:08.287 554-4264 VPUAPI pid-554 I reg_wirte(VE4_IP_BASE_ADDR+0x0404,0x00000000);
2026-06-08 14:45:08.287 554-4264 VPUAPI pid-554 I reg_wirte(VE4_IP_BASE_ADDR+0x0408,0x00000000);
2026-06-08 14:45:08.287 554-4264 VPUAPI pid-554 I reg_wirte(VE4_IP_BASE_ADDR+0x040c,0x00000000);
2026-06-08 14:45:08.287 554-4264 VPUAPI pid-554 I reg_wirte(VE4_IP_BASE_ADDR+0x0410,0x00000000);
2026-06-08 14:45:08.287 554-4264 VPUAPI pid-554 I [119]W6SendCommand.VpuWriteReg W6_CMD_INSTANCE_INFO:0x210.value:0x30000
2026-06-08 14:45:08.287 554-4264 VPUAPI pid-554 I reg_wirte(VE4_IP_BASE_ADDR+0x0210,0x00030000);
2026-06-08 14:45:08.287 554-4264 VPUAPI pid-554 I [123]W6SendCommand.VpuWriteReg W6_VPU_CMD_BUSY_STATUS:0x70.value:1
2026-06-08 14:45:08.287 554-4264 VPUAPI pid-554 I reg_wirte(VE4_IP_BASE_ADDR+0x0070,0x00000001);
2026-06-08 14:45:08.287 554-4264 VPUAPI pid-554 I [125]W6SendCommand.VpuWriteReg W6_COMMAND:0x200.value:0x100
2026-06-08 14:45:08.287 554-4264 VPUAPI pid-554 I reg_wirte(VE4_IP_BASE_ADDR+0x0200,0x00000100);
2026-06-08 14:45:08.287 554-4264 VPUAPI pid-554 I [131]W6SendCommand.VpuWriteReg W6_VPU_HOST_INT_REQ:0x6c.value:1
2026-06-08 14:45:08.287 554-4264 VPUAPI pid-554 I reg_wirte(VE4_IP_BASE_ADDR+0x0038,0x00000001);
2026-06-08 14:45:08.287 554-4264 VPUAPI pid-554 I [134]W6SendCommand.cmd:0x100.W6_VPU_VPU_INT_STS:0x0.W6_VPU_VINT_REASON:0x0
2026-06-08 14:45:08.287 554-4264 VPUAPI pid-554 I [-][2548]VPU_EncStartOneFrame.ret:0x0
2026-06-08 14:45:08.287 554-4264 RTK_WRAP_ENC_VE4 pid-554 I VPU_EncStartOneFrame() success
2026-06-08 14:45:08.290 554-4264 VPUAPI pid-554 I clear interruptFlag=256
2026-06-08 14:45:08.290 554-4264 VPUAPI pid-554 I [+][2562]VPU_EncGetOutputInfo.
2026-06-08 14:45:08.290 554-4264 VPUAPI pid-554 I [+][3185]Wave6VpuEncGetResult.
2026-06-08 14:45:08.290 554-4264 VPUAPI pid-554 I [Wave6VpuEncGetResult]gpuCacheStatus[0] = 0
2026-06-08 14:45:08.290 554-4264 VPUAPI pid-554 I [-][3340]Wave6VpuEncGetResult.ret:0x0
2026-06-08 14:45:08.290 554-4264 VPUAPI pid-554 I [2593]VPU_EncGetOutputInfo.encSrcIdx:0x0,reconFrameIndex:0x0
2026-06-08 14:45:08.290 554-4264 VPUAPI pid-554 I [-][2605]VPU_EncGetOutputInfo.ret:0x0
2026-06-08 14:45:08.290 554-4264 RTK_WRAP_ENC_VE4 pid-554 I encodeTime 3.805696 ms || Enc: 124|| picType 1 || reconIdx 0 || rdPtr 262e0000 || wrPtr 262e1b05
2026-06-08 14:45:08.290 554-4264 RTK_WRAP_ENC_VE4 pid-554 I nHeaderLen: 0|| pVpu->outputInfo.bitstreamSize 6917
2026-06-08 14:45:08.290 554-4264 RTK_WRAP_ENC_VE4 pid-554 I stream->buf_max_size : 2097152, stream->streamlen :6917
2026-06-08 14:45:08.290 554-4264 RTKC2Venc pid-554 I ooo : frameIndex=124, streamSize=6917, keyFrameFlag=0
2026-06-08 14:45:08.290 554-4264 RTKC2Venc pid-554 I Call finishWork in 761
2026-06-08 14:45:08.290 554-4264 RTKC2Venc pid-554 I Ready to finish 124
2026-06-08 14:45:08.291 554-4264 RTKC2Venc pid-554 I Finish finish 124
2026-06-08 14:45:08.291 554-4264 RTKC2Venc pid-554 I iii : flag=0, frameIndex=125, timeStamp=491840656, eos=0, dump_enable=0, yuvDumpFreq=1
2026-06-08 14:45:08.292 554-4264 RTKC2Venc pid-554 I Continue standard encode!
2026-06-08 14:45:08.292 4251-4267 MPEG4Writer pid-4251 D non-key frame, nIPFramesCtr 125, nLastIPFramesCtr 0
2026-06-08 14:45:08.293 554-4264 RTKC2Venc pid-554 I [extractGraphicBuffer][833] width = 1280 || height = 1600 || y_stride = 5120 || uStride = 5120 || vStride = 5120 || colorFormat = 1 || srcPhy = 0x0 || srcbufSize = 8192000
2026-06-08 14:45:08.293 554-4264 RTKC2Venc pid-554 I encoder->RequestSync = 0 cur_requestSync = 0
2026-06-08 14:45:08.293 554-4264 VideoClientEncVE pid-554 I [writeInputFrame][521] write input data to HW
2026-06-08 14:45:08.293 554-4264 RTK_WRAP_ENC_VE4 pid-554 I CODEC_SET_COLOR_FORMAT = 0x1
2026-06-08 14:45:08.293 554-4264 RTK_WRAP_ENC_VE4 pid-554 I [2599][encoder_set_video_config][CODEC_SET_COLOR_FORMAT] HAL_PIXEL_FORMAT_RGBA_8888
2026-06-08 14:45:08.293 554-4264 VideoClientEncVE pid-554 I calculated frameSize = 3072000
2026-06-08 14:45:08.293 554-4264 VideoClientEncVE pid-554 I mImpl->I_Interval = 600
2026-06-08 14:45:08.293 554-4264 RTK_WRAP_ENC_VE4 pid-554 I width 1280(1280), height 1600(1600), stride 1280
2026-06-08 14:45:08.293 554-4264 RTK_WRAP_ENC_VE4 pid-554 I =================encoder_encode_video================= encOP.picWidth: 1280 encOP.picHeight: 1600 origWidth: 1280 origHeight: 1600 srcFrameWidth: 1280 srcFrameHeight: 1600 srcFrameStride: 1280 fbStride: 1280 framebufWidth: 1280 framebufHeight: 1600 framebufStride: 1280 fbAllocInfo.stride: 1280 fbAllocInfo.height: 1600 buffe_resolution_flag=0
2026-06-08 14:45:08.293 554-4264 RTK_WRAP_ENC_VE4 pid-554 I copy method: HAL_PIXEL_FORMAT_RGBA_8888
2026-06-08 14:45:08.293 554-4264 RTK_WRAP_ENC_VE4 pid-554 I [+] in [CopyRGBA8888ToYUV420Frame]
2026-06-08 14:45:08.382 554-4264 RTK_WRAP_ENC_VE4 pid-554 I [-] in [CopyRGBA8888ToYUV420Frame]
2026-06-08 14:45:08.382 554-4264 RTK_WRAP_ENC_VE4 pid-554 I GopSize is greater than 1, GopSize=600, encodedIdx=125
2026-06-08 14:45:08.382 554-4264 VPUAPI pid-554 I [+][2488]VPU_EncStartOneFrame.
2026-06-08 14:45:08.382 554-4264 VPUAPI pid-554 I [2509]VPU_EncStartOneFrame.bf ProductVpuEncCheckEncParam
2026-06-08 14:45:08.382 554-4264 VPUAPI pid-554 I [2511]VPU_EncStartOneFrame.af ProductVpuEncCheckEncParam
2026-06-08 14:45:08.382 554-4264 VPUAPI pid-554 I wrapper_reg_wirte(0x0008,0x00000020);
2026-06-08 14:45:08.382 554-4264 VPUAPI pid-554 I [2910]gen_enc_pic_reg.encWidth:1280.set axi bit:0,1
2026-06-08 14:45:08.382 554-4264 VPUAPI pid-554 I reg_wirte(VE4_IP_BASE_ADDR+0x0300,0x262e0000);
2026-06-08 14:45:08.382 554-4264 VPUAPI pid-554 I reg_wirte(VE4_IP_BASE_ADDR+0x0304,0x0002a000);
2026-06-08 14:45:08.382 554-4264 VPUAPI pid-554 I reg_wirte(VE4_IP_BASE_ADDR+0x0308,0x00000040);
2026-06-08 14:45:08.382 554-4264 VPUAPI pid-554 I reg_wirte(VE4_IP_BASE_ADDR+0x030c,0x00000001);
2026-06-08 14:45:08.382 554-4264 VPUAPI pid-554 I reg_wirte(VE4_IP_BASE_ADDR+0x0310,0x00000000);
2026-06-08 14:45:08.382 554-4264 VPUAPI pid-554 I reg_wirte(VE4_IP_BASE_ADDR+0x0318,0x00000000);
2026-06-08 14:45:08.382 554-4264 VPUAPI pid-554 I reg_wirte(VE4_IP_BASE_ADDR+0x031c,0x00000000);
2026-06-08 14:45:08.382 554-4264 VPUAPI pid-554 I reg_wirte(VE4_IP_BASE_ADDR+0x0320,0x00000000);
2026-06-08 14:45:08.382 554-4264 VPUAPI pid-554 I reg_wirte(VE4_IP_BASE_ADDR+0x0324,0x00000000);
2026-06-08 14:45:08.382 554-4264 VPUAPI pid-554 I reg_wirte(VE4_IP_BASE_ADDR+0x032c,0x00000000);
2026-06-08 14:45:08.382 554-4264 VPUAPI pid-554 I reg_wirte(VE4_IP_BASE_ADDR+0x0330,0x26964000);
2026-06-08 14:45:08.382 554-4264 VPUAPI pid-554 I reg_wirte(VE4_IP_BASE_ADDR+0x0334,0x26b58000);
2026-06-08 14:45:08.382 554-4264 VPUAPI pid-554 I reg_wirte(VE4_IP_BASE_ADDR+0x0338,0x26bd5000);
2026-06-08 14:45:08.382 554-4264 VPUAPI pid-554 I reg_wirte(VE4_IP_BASE_ADDR+0x033c,0x05000280);
2026-06-08 14:45:08.382 554-4264 VPUAPI pid-554 I reg_wirte(VE4_IP_BASE_ADDR+0x0340,0x0000f000);
2026-06-08 14:45:08.382 554-4264 VPUAPI pid-554 I reg_wirte(VE4_IP_BASE_ADDR+0x0348,0x00000000);
2026-06-08 14:45:08.382 554-4264 VPUAPI pid-554 I reg_wirte(VE4_IP_BASE_ADDR+0x034c,0x00000003);
2026-06-08 14:45:08.382 554-4264 VPUAPI pid-554 I reg_wirte(VE4_IP_BASE_ADDR+0x0350,0x07200000);
2026-06-08 14:45:08.382 554-4264 VPUAPI pid-554 I reg_wirte(VE4_IP_BASE_ADDR+0x0354,0x00000000);
2026-06-08 14:45:08.382 554-4264 VPUAPI pid-554 I reg_wirte(VE4_IP_BASE_ADDR+0x0358,0x00000000);
2026-06-08 14:45:08.382 554-4264 VPUAPI pid-554 I reg_wirte(VE4_IP_BASE_ADDR+0x035c,0x00000000);
2026-06-08 14:45:08.382 554-4264 VPUAPI pid-554 I reg_wirte(VE4_IP_BASE_ADDR+0x0360,0x00000000);
2026-06-08 14:45:08.382 554-4264 VPUAPI pid-554 I reg_wirte(VE4_IP_BASE_ADDR+0x0364,0x00000000);
2026-06-08 14:45:08.382 554-4264 VPUAPI pid-554 I reg_wirte(VE4_IP_BASE_ADDR+0x03e8,0x00000000);
2026-06-08 14:45:08.382 554-4264 VPUAPI pid-554 I reg_wirte(VE4_IP_BASE_ADDR+0x03ec,0x00000000);
2026-06-08 14:45:08.382 554-4264 VPUAPI pid-554 I reg_wirte(VE4_IP_BASE_ADDR+0x03f0,0x00000000);
2026-06-08 14:45:08.382 554-4264 VPUAPI pid-554 I reg_wirte(VE4_IP_BASE_ADDR+0x03f4,0x00000000);
2026-06-08 14:45:08.383 554-4264 VPUAPI pid-554 I reg_wirte(VE4_IP_BASE_ADDR+0x0414,0x00000000);
2026-06-08 14:45:08.383 554-4264 VPUAPI pid-554 I reg_wirte(VE4_IP_BASE_ADDR+0x0418,0x00000000);
2026-06-08 14:45:08.383 554-4264 VPUAPI pid-554 I reg_wirte(VE4_IP_BASE_ADDR+0x041c,0x00000000);
2026-06-08 14:45:08.383 554-4264 VPUAPI pid-554 I reg_wirte(VE4_IP_BASE_ADDR+0x0420,0x00000000);
2026-06-08 14:45:08.383 554-4264 VPUAPI pid-554 I reg_wirte(VE4_IP_BASE_ADDR+0x0424,0x00000000);
2026-06-08 14:45:08.383 554-4264 VPUAPI pid-554 I reg_wirte(VE4_IP_BASE_ADDR+0x0428,0x00000000);
2026-06-08 14:45:08.383 554-4264 VPUAPI pid-554 I reg_wirte(VE4_IP_BASE_ADDR+0x03f8,0x00000000);
2026-06-08 14:45:08.383 554-4264 VPUAPI pid-554 I reg_wirte(VE4_IP_BASE_ADDR+0x042c,0x00000001);
2026-06-08 14:45:08.383 554-4264 VPUAPI pid-554 I reg_wirte(VE4_IP_BASE_ADDR+0x03fc,0x00000000);
2026-06-08 14:45:08.383 554-4264 VPUAPI pid-554 I reg_wirte(VE4_IP_BASE_ADDR+0x0400,0x00000000);
2026-06-08 14:45:08.383 554-4264 VPUAPI pid-554 I reg_wirte(VE4_IP_BASE_ADDR+0x0404,0x00000000);
2026-06-08 14:45:08.383 554-4264 VPUAPI pid-554 I reg_wirte(VE4_IP_BASE_ADDR+0x0408,0x00000000);
2026-06-08 14:45:08.383 554-4264 VPUAPI pid-554 I reg_wirte(VE4_IP_BASE_ADDR+0x040c,0x00000000);
2026-06-08 14:45:08.383 554-4264 VPUAPI pid-554 I reg_wirte(VE4_IP_BASE_ADDR+0x0410,0x00000000);
2026-06-08 14:45:08.383 554-4264 VPUAPI pid-554 I [119]W6SendCommand.VpuWriteReg W6_CMD_INSTANCE_INFO:0x210.value:0x30000
2026-06-08 14:45:08.383 554-4264 VPUAPI pid-554 I reg_wirte(VE4_IP_BASE_ADDR+0x0210,0x00030000);
2026-06-08 14:45:08.383 554-4264 VPUAPI pid-554 I [123]W6SendCommand.VpuWriteReg W6_VPU_CMD_BUSY_STATUS:0x70.value:1
2026-06-08 14:45:08.383 554-4264 VPUAPI pid-554 I reg_wirte(VE4_IP_BASE_ADDR+0x0070,0x00000001);
2026-06-08 14:45:08.383 554-4264 VPUAPI pid-554 I [125]W6SendCommand.VpuWriteReg W6_COMMAND:0x200.value:0x100
2026-06-08 14:45:08.383 554-4264 VPUAPI pid-554 I reg_wirte(VE4_IP_BASE_ADDR+0x0200,0x00000100);
2026-06-08 14:45:08.383 554-4264 VPUAPI pid-554 I [131]W6SendCommand.VpuWriteReg W6_VPU_HOST_INT_REQ:0x6c.value:1
2026-06-08 14:45:08.383 554-4264 VPUAPI pid-554 I reg_wirte(VE4_IP_BASE_ADDR+0x0038,0x00000001);
2026-06-08 14:45:08.383 554-4264 VPUAPI pid-554 I [134]W6SendCommand.cmd:0x100.W6_VPU_VPU_INT_STS:0x0.W6_VPU_VINT_REASON:0x0
2026-06-08 14:45:08.383 554-4264 VPUAPI pid-554 I [-][2548]VPU_EncStartOneFrame.ret:0x0
2026-06-08 14:45:08.383 554-4264 RTK_WRAP_ENC_VE4 pid-554 I VPU_EncStartOneFrame() success
2026-06-08 14:45:08.386 554-4264 VPUAPI pid-554 I clear interruptFlag=256
2026-06-08 14:45:08.386 554-4264 VPUAPI pid-554 I [+][2562]VPU_EncGetOutputInfo.
2026-06-08 14:45:08.386 554-4264 VPUAPI pid-554 I [+][3185]Wave6VpuEncGetResult.
2026-06-08 14:45:08.386 554-4264 VPUAPI pid-554 I [Wave6VpuEncGetResult]gpuCacheStatus[0] = 0
2026-06-08 14:45:08.386 554-4264 VPUAPI pid-554 I [-][3340]Wave6VpuEncGetResult.ret:0x0
2026-06-08 14:45:08.386 554-4264 VPUAPI pid-554 I [2593]VPU_EncGetOutputInfo.encSrcIdx:0x0,reconFrameIndex:0x1
2026-06-08 14:45:08.386 554-4264 VPUAPI pid-554 I [-][2605]VPU_EncGetOutputInfo.ret:0x0
2026-06-08 14:45:08.386 554-4264 RTK_WRAP_ENC_VE4 pid-554 I encodeTime 3.771392 ms || Enc: 125|| picType 1 || reconIdx 1 || rdPtr 262e0000 || wrPtr 262e0249
2026-06-08 14:45:08.386 554-4264 RTK_WRAP_ENC_VE4 pid-554 I nHeaderLen: 0|| pVpu->outputInfo.bitstreamSize 585
2026-06-08 14:45:08.386 554-4264 RTK_WRAP_ENC_VE4 pid-554 I stream->buf_max_size : 2097152, stream->streamlen :585
2026-06-08 14:45:08.387 554-4264 RTKC2Venc pid-554 I ooo : frameIndex=125, streamSize=585, keyFrameFlag=0
2026-06-08 14:45:08.387 554-4264 RTKC2Venc pid-554 I Call finishWork in 761
2026-06-08 14:45:08.387 554-4264 RTKC2Venc pid-554 I Ready to finish 125
2026-06-08 14:45:08.387 554-4264 RTKC2Venc pid-554 I Finish finish 125
2026-06-08 14:45:08.388 554-4264 RTKC2Venc pid-554 I iii : flag=0, frameIndex=126, timeStamp=491959847, eos=0, dump_enable=0, yuvDumpFreq=1
2026-06-08 14:45:08.388 554-4264 RTKC2Venc pid-554 I Continue standard encode!
2026-06-08 14:45:08.388 554-4264 RTKC2Venc pid-554 I [extractGraphicBuffer][833] width = 1280 || height = 1600 || y_stride = 5120 || uStride = 5120 || vStride = 5120 || colorFormat = 1 || srcPhy = 0x0 || srcbufSize = 8192000
2026-06-08 14:45:08.388 554-4264 RTKC2Venc pid-554 I encoder->RequestSync = 0 cur_requestSync = 0
2026-06-08 14:45:08.389 4251-4267 MPEG4Writer pid-4251 D non-key frame, nIPFramesCtr 126, nLastIPFramesCtr 0
2026-06-08 14:45:08.389 554-4264 VideoClientEncVE pid-554 I [writeInputFrame][521] write input data to HW
2026-06-08 14:45:08.389 554-4264 RTK_WRAP_ENC_VE4 pid-554 I CODEC_SET_COLOR_FORMAT = 0x1
2026-06-08 14:45:08.389 554-4264 RTK_WRAP_ENC_VE4 pid-554 I [2599][encoder_set_video_config][CODEC_SET_COLOR_FORMAT] HAL_PIXEL_FORMAT_RGBA_8888
2026-06-08 14:45:08.389 554-4264 VideoClientEncVE pid-554 I calculated frameSize = 3072000
2026-06-08 14:45:08.389 554-4264 VideoClientEncVE pid-554 I mImpl->I_Interval = 600
2026-06-08 14:45:08.389 554-4264 RTK_WRAP_ENC_VE4 pid-554 I width 1280(1280), height 1600(1600), stride 1280
2026-06-08 14:45:08.389 554-4264 RTK_WRAP_ENC_VE4 pid-554 I =================encoder_encode_video================= encOP.picWidth: 1280 encOP.picHeight: 1600 origWidth: 1280 origHeight: 1600 srcFrameWidth: 1280 srcFrameHeight: 1600 srcFrameStride: 1280 fbStride: 1280 framebufWidth: 1280 framebufHeight: 1600 framebufStride: 1280 fbAllocInfo.stride: 1280 fbAllocInfo.height: 1600 buffe_resolution_flag=0
2026-06-08 14:45:08.389 554-4264 RTK_WRAP_ENC_VE4 pid-554 I copy method: HAL_PIXEL_FORMAT_RGBA_8888
2026-06-08 14:45:08.389 554-4264 RTK_WRAP_ENC_VE4 pid-554 I [+] in [CopyRGBA8888ToYUV420Frame]
2026-06-08 14:45:08.476 554-4264 RTK_WRAP_ENC_VE4 pid-554 I [-] in [CopyRGBA8888ToYUV420Frame]
2026-06-08 14:45:08.476 554-4264 RTK_WRAP_ENC_VE4 pid-554 I GopSize is greater than 1, GopSize=600, encodedIdx=126
2026-06-08 14:45:08.476 554-4264 VPUAPI pid-554 I [+][2488]VPU_EncStartOneFrame.
2026-06-08 14:45:08.476 554-4264 VPUAPI pid-554 I [2509]VPU_EncStartOneFrame.bf ProductVpuEncCheckEncParam
2026-06-08 14:45:08.476 554-4264 VPUAPI pid-554 I [2511]VPU_EncStartOneFrame.af ProductVpuEncCheckEncParam
2026-06-08 14:45:08.476 554-4264 VPUAPI pid-554 I wrapper_reg_wirte(0x0008,0x00000020);
2026-06-08 14:45:08.476 554-4264 VPUAPI pid-554 I [2910]gen_enc_pic_reg.encWidth:1280.set axi bit:0,1
2026-06-08 14:45:08.476 554-4264 VPUAPI pid-554 I reg_wirte(VE4_IP_BASE_ADDR+0x0300,0x262e0000);
2026-06-08 14:45:08.476 554-4264 VPUAPI pid-554 I reg_wirte(VE4_IP_BASE_ADDR+0x0304,0x0002a000);
2026-06-08 14:45:08.476 554-4264 VPUAPI pid-554 I reg_wirte(VE4_IP_BASE_ADDR+0x0308,0x00000040);
2026-06-08 14:45:08.476 554-4264 VPUAPI pid-554 I reg_wirte(VE4_IP_BASE_ADDR+0x030c,0x00000001);
2026-06-08 14:45:08.476 554-4264 VPUAPI pid-554 I reg_wirte(VE4_IP_BASE_ADDR+0x0310,0x00000000);
2026-06-08 14:45:08.476 554-4264 VPUAPI pid-554 I reg_wirte(VE4_IP_BASE_ADDR+0x0318,0x00000000);
2026-06-08 14:45:08.476 554-4264 VPUAPI pid-554 I reg_wirte(VE4_IP_BASE_ADDR+0x031c,0x00000000);
2026-06-08 14:45:08.476 554-4264 VPUAPI pid-554 I reg_wirte(VE4_IP_BASE_ADDR+0x0320,0x00000000);
2026-06-08 14:45:08.476 554-4264 VPUAPI pid-554 I reg_wirte(VE4_IP_BASE_ADDR+0x0324,0x00000000);
2026-06-08 14:45:08.476 554-4264 VPUAPI pid-554 I reg_wirte(VE4_IP_BASE_ADDR+0x032c,0x00000000);
2026-06-08 14:45:08.476 554-4264 VPUAPI pid-554 I reg_wirte(VE4_IP_BASE_ADDR+0x0330,0x26964000);
2026-06-08 14:45:08.476 554-4264 VPUAPI pid-554 I reg_wirte(VE4_IP_BASE_ADDR+0x0334,0x26b58000);
2026-06-08 14:45:08.476 554-4264 VPUAPI pid-554 I reg_wirte(VE4_IP_BASE_ADDR+0x0338,0x26bd5000);
2026-06-08 14:45:08.476 554-4264 VPUAPI pid-554 I reg_wirte(VE4_IP_BASE_ADDR+0x033c,0x05000280);
2026-06-08 14:45:08.476 554-4264 VPUAPI pid-554 I reg_wirte(VE4_IP_BASE_ADDR+0x0340,0x0000f000);
2026-06-08 14:45:08.476 554-4264 VPUAPI pid-554 I reg_wirte(VE4_IP_BASE_ADDR+0x0348,0x00000000);
2026-06-08 14:45:08.476 554-4264 VPUAPI pid-554 I reg_wirte(VE4_IP_BASE_ADDR+0x034c,0x00000003);
2026-06-08 14:45:08.476 554-4264 VPUAPI pid-554 I reg_wirte(VE4_IP_BASE_ADDR+0x0350,0x07200000);
2026-06-08 14:45:08.476 554-4264 VPUAPI pid-554 I reg_wirte(VE4_IP_BASE_ADDR+0x0354,0x00000000);
2026-06-08 14:45:08.476 554-4264 VPUAPI pid-554 I reg_wirte(VE4_IP_BASE_ADDR+0x0358,0x00000000);
2026-06-08 14:45:08.476 554-4264 VPUAPI pid-554 I reg_wirte(VE4_IP_BASE_ADDR+0x035c,0x00000000);
2026-06-08 14:45:08.476 554-4264 VPUAPI pid-554 I reg_wirte(VE4_IP_BASE_ADDR+0x0360,0x00000000);
2026-06-08 14:45:08.476 554-4264 VPUAPI pid-554 I reg_wirte(VE4_IP_BASE_ADDR+0x0364,0x00000000);
2026-06-08 14:45:08.476 554-4264 VPUAPI pid-554 I reg_wirte(VE4_IP_BASE_ADDR+0x03e8,0x00000000);
2026-06-08 14:45:08.476 554-4264 VPUAPI pid-554 I reg_wirte(VE4_IP_BASE_ADDR+0x03ec,0x00000000);
2026-06-08 14:45:08.476 554-4264 VPUAPI pid-554 I reg_wirte(VE4_IP_BASE_ADDR+0x03f0,0x00000000);
2026-06-08 14:45:08.476 554-4264 VPUAPI pid-554 I reg_wirte(VE4_IP_BASE_ADDR+0x03f4,0x00000000);
2026-06-08 14:45:08.476 554-4264 VPUAPI pid-554 I reg_wirte(VE4_IP_BASE_ADDR+0x0414,0x00000000);
2026-06-08 14:45:08.476 554-4264 VPUAPI pid-554 I reg_wirte(VE4_IP_BASE_ADDR+0x0418,0x00000000);
2026-06-08 14:45:08.476 554-4264 VPUAPI pid-554 I reg_wirte(VE4_IP_BASE_ADDR+0x041c,0x00000000);
2026-06-08 14:45:08.476 554-4264 VPUAPI pid-554 I reg_wirte(VE4_IP_BASE_ADDR+0x0420,0x00000000);
2026-06-08 14:45:08.476 554-4264 VPUAPI pid-554 I reg_wirte(VE4_IP_BASE_ADDR+0x0424,0x00000000);
2026-06-08 14:45:08.476 554-4264 VPUAPI pid-554 I reg_wirte(VE4_IP_BASE_ADDR+0x0428,0x00000000);
2026-06-08 14:45:08.476 554-4264 VPUAPI pid-554 I reg_wirte(VE4_IP_BASE_ADDR+0x03f8,0x00000000);
2026-06-08 14:45:08.476 554-4264 VPUAPI pid-554 I reg_wirte(VE4_IP_BASE_ADDR+0x042c,0x00000001);
2026-06-08 14:45:08.476 554-4264 VPUAPI pid-554 I reg_wirte(VE4_IP_BASE_ADDR+0x03fc,0x00000000);
2026-06-08 14:45:08.476 554-4264 VPUAPI pid-554 I reg_wirte(VE4_IP_BASE_ADDR+0x0400,0x00000000);
2026-06-08 14:45:08.476 554-4264 VPUAPI pid-554 I reg_wirte(VE4_IP_BASE_ADDR+0x0404,0x00000000);
2026-06-08 14:45:08.476 554-4264 VPUAPI pid-554 I reg_wirte(VE4_IP_BASE_ADDR+0x0408,0x00000000);
2026-06-08 14:45:08.476 554-4264 VPUAPI pid-554 I reg_wirte(VE4_IP_BASE_ADDR+0x040c,0x00000000);
2026-06-08 14:45:08.476 554-4264 VPUAPI pid-554 I reg_wirte(VE4_IP_BASE_ADDR+0x0410,0x00000000);
2026-06-08 14:45:08.476 554-4264 VPUAPI pid-554 I [119]W6SendCommand.VpuWriteReg W6_CMD_INSTANCE_INFO:0x210.value:0x30000
2026-06-08 14:45:08.476 554-4264 VPUAPI pid-554 I reg_wirte(VE4_IP_BASE_ADDR+0x0210,0x00030000);
2026-06-08 14:45:08.476 554-4264 VPUAPI pid-554 I [123]W6SendCommand.VpuWriteReg W6_VPU_CMD_BUSY_STATUS:0x70.value:1
2026-06-08 14:45:08.476 554-4264 VPUAPI pid-554 I reg_wirte(VE4_IP_BASE_ADDR+0x0070,0x00000001);
2026-06-08 14:45:08.476 554-4264 VPUAPI pid-554 I [125]W6SendCommand.VpuWriteReg W6_COMMAND:0x200.value:0x100
2026-06-08 14:45:08.476 554-4264 VPUAPI pid-554 I reg_wirte(VE4_IP_BASE_ADDR+0x0200,0x00000100);
2026-06-08 14:45:08.476 554-4264 VPUAPI pid-554 I [131]W6SendCommand.VpuWriteReg W6_VPU_HOST_INT_REQ:0x6c.value:1
2026-06-08 14:45:08.476 554-4264 VPUAPI pid-554 I reg_wirte(VE4_IP_BASE_ADDR+0x0038,0x00000001);
2026-06-08 14:45:08.476 554-4264 VPUAPI pid-554 I [134]W6SendCommand.cmd:0x100.W6_VPU_VPU_INT_STS:0x0.W6_VPU_VINT_REASON:0x0
2026-06-08 14:45:08.477 554-4264 VPUAPI pid-554 I [-][2548]VPU_EncStartOneFrame.ret:0x0
2026-06-08 14:45:08.477 554-4264 RTK_WRAP_ENC_VE4 pid-554 I VPU_EncStartOneFrame() success
2026-06-08 14:45:08.480 554-4264 VPUAPI pid-554 I clear interruptFlag=256
2026-06-08 14:45:08.480 554-4264 VPUAPI pid-554 I [+][2562]VPU_EncGetOutputInfo.
2026-06-08 14:45:08.480 554-4264 VPUAPI pid-554 I [+][3185]Wave6VpuEncGetResult.
2026-06-08 14:45:08.480 554-4264 VPUAPI pid-554 I [Wave6VpuEncGetResult]gpuCacheStatus[0] = 0
2026-06-08 14:45:08.480 554-4264 VPUAPI pid-554 I [-][3340]Wave6VpuEncGetResult.ret:0x0
2026-06-08 14:45:08.481 554-4264 VPUAPI pid-554 I [2593]VPU_EncGetOutputInfo.encSrcIdx:0x0,reconFrameIndex:0x1
2026-06-08 14:45:08.481 554-4264 VPUAPI pid-554 I [-][2605]VPU_EncGetOutputInfo.ret:0x0
2026-06-08 14:45:08.481 554-4264 RTK_WRAP_ENC_VE4 pid-554 I encodeTime 3.814912 ms || Enc: 126|| picType 1 || reconIdx 1 || rdPtr 262e0000 || wrPtr 262e1f4d
2026-06-08 14:45:08.481 554-4264 RTK_WRAP_ENC_VE4 pid-554 I nHeaderLen: 0|| pVpu->outputInfo.bitstreamSize 8013
2026-06-08 14:45:08.481 554-4264 RTK_WRAP_ENC_VE4 pid-554 I stream->buf_max_size : 2097152, stream->streamlen :8013
2026-06-08 14:45:08.481 554-4264 RTKC2Venc pid-554 I ooo : frameIndex=126, streamSize=8013, keyFrameFlag=0
2026-06-08 14:45:08.481 554-4264 RTKC2Venc pid-554 I Call finishWork in 761
2026-06-08 14:45:08.481 554-4264 RTKC2Venc pid-554 I Ready to finish 126
2026-06-08 14:45:08.481 554-4264 RTKC2Venc pid-554 I Finish finish 126
2026-06-08 14:45:08.481 554-4264 RTKC2Venc pid-554 I iii : flag=0, frameIndex=127, timeStamp=492060310, eos=0, dump_enable=0, yuvDumpFreq=1
2026-06-08 14:45:08.482 554-4264 RTKC2Venc pid-554 I Continue standard encode!
2026-06-08 14:45:08.482 554-4264 RTKC2Venc pid-554 I [extractGraphicBuffer][833] width = 1280 || height = 1600 || y_stride = 5120 || uStride = 5120 || vStride = 5120 || colorFormat = 1 || srcPhy = 0x0 || srcbufSize = 8192000
2026-06-08 14:45:08.483 554-4264 RTKC2Venc pid-554 I encoder->RequestSync = 0 cur_requestSync = 0
2026-06-08 14:45:08.483 4251-4267 MPEG4Writer pid-4251 D non-key frame, nIPFramesCtr 127, nLastIPFramesCtr 0
2026-06-08 14:45:08.483 554-4264 VideoClientEncVE pid-554 I [writeInputFrame][521] write input data to HW
2026-06-08 14:45:08.483 554-4264 RTK_WRAP_ENC_VE4 pid-554 I CODEC_SET_COLOR_FORMAT = 0x1
2026-06-08 14:45:08.483 554-4264 RTK_WRAP_ENC_VE4 pid-554 I [2599][encoder_set_video_config][CODEC_SET_COLOR_FORMAT] HAL_PIXEL_FORMAT_RGBA_8888
2026-06-08 14:45:08.483 554-4264 VideoClientEncVE pid-554 I calculated frameSize = 3072000
2026-06-08 14:45:08.483 554-4264 VideoClientEncVE pid-554 I mImpl->I_Interval = 600
2026-06-08 14:45:08.483 554-4264 RTK_WRAP_ENC_VE4 pid-554 I width 1280(1280), height 1600(1600), stride 1280
2026-06-08 14:45:08.483 554-4264 RTK_WRAP_ENC_VE4 pid-554 I =================encoder_encode_video================= encOP.picWidth: 1280 encOP.picHeight: 1600 origWidth: 1280 origHeight: 1600 srcFrameWidth: 1280 srcFrameHeight: 1600 srcFrameStride: 1280 fbStride: 1280 framebufWidth: 1280 framebufHeight: 1600 framebufStride: 1280 fbAllocInfo.stride: 1280 fbAllocInfo.height: 1600 buffe_resolution_flag=0
2026-06-08 14:45:08.483 554-4264 RTK_WRAP_ENC_VE4 pid-554 I copy method: HAL_PIXEL_FORMAT_RGBA_8888
2026-06-08 14:45:08.483 554-4264 RTK_WRAP_ENC_VE4 pid-554 I [+] in [CopyRGBA8888ToYUV420Frame]
2026-06-08 14:45:08.572 554-4264 RTK_WRAP_ENC_VE4 pid-554 I [-] in [CopyRGBA8888ToYUV420Frame]
2026-06-08 14:45:08.572 554-4264 RTK_WRAP_ENC_VE4 pid-554 I GopSize is greater than 1, GopSize=600, encodedIdx=127
2026-06-08 14:45:08.572 554-4264 VPUAPI pid-554 I [+][2488]VPU_EncStartOneFrame.
2026-06-08 14:45:08.572 554-4264 VPUAPI pid-554 I [2509]VPU_EncStartOneFrame.bf ProductVpuEncCheckEncParam
2026-06-08 14:45:08.572 554-4264 VPUAPI pid-554 I [2511]VPU_EncStartOneFrame.af ProductVpuEncCheckEncParam
2026-06-08 14:45:08.572 554-4264 VPUAPI pid-554 I wrapper_reg_wirte(0x0008,0x00000020);
