2026-06-08 14:44:57.616 554-4264 VideoClientEncVE pid-554 I mImpl->I_Interval = 600
2026-06-08 14:44:57.616 554-4264 RTK_WRAP_ENC_VE4 pid-554 I width 1280(1280), height 1600(1600), stride 1280
2026-06-08 14:44:57.616 554-4264 RTK_WRAP_ENC_VE4 pid-554 I =================encoder_encode_video================= encOP.picWidth: 1280 encOP.picHeight: 1600 origWidth: 1280 origHeight: 1600 srcFrameWidth: 1280 srcFrameHeight: 1600 srcFrameStride: 1280 fbStride: 1280 framebufWidth: 1280 framebufHeight: 1600 framebufStride: 1280 fbAllocInfo.stride: 1280 fbAllocInfo.height: 1600 buffe_resolution_flag=0
2026-06-08 14:44:57.616 554-4264 RTK_WRAP_ENC_VE4 pid-554 I copy method: HAL_PIXEL_FORMAT_RGBA_8888
2026-06-08 14:44:57.616 554-4264 RTK_WRAP_ENC_VE4 pid-554 I [+] in [CopyRGBA8888ToYUV420Frame]
2026-06-08 14:44:57.617 4251-4267 MPEG4Writer pid-4251 D non-key frame, nIPFramesCtr 74, nLastIPFramesCtr 0
2026-06-08 14:44:57.675 3388-3434 AHU.TCP_CONNECTION pid-3388 D Socket accept timed out; retrying
2026-06-08 14:44:57.703 554-4264 RTK_WRAP_ENC_VE4 pid-554 I [-] in [CopyRGBA8888ToYUV420Frame]
2026-06-08 14:44:57.704 554-4264 RTK_WRAP_ENC_VE4 pid-554 I GopSize is greater than 1, GopSize=600, encodedIdx=74
2026-06-08 14:44:57.704 554-4264 VPUAPI pid-554 I [+][2488]VPU_EncStartOneFrame.
2026-06-08 14:44:57.704 554-4264 VPUAPI pid-554 I [2509]VPU_EncStartOneFrame.bf ProductVpuEncCheckEncParam
2026-06-08 14:44:57.704 554-4264 VPUAPI pid-554 I [2511]VPU_EncStartOneFrame.af ProductVpuEncCheckEncParam
2026-06-08 14:44:57.704 554-4264 VPUAPI pid-554 I wrapper_reg_wirte(0x0008,0x00000020);
2026-06-08 14:44:57.704 554-4264 VPUAPI pid-554 I [2910]gen_enc_pic_reg.encWidth:1280.set axi bit:0,1
2026-06-08 14:44:57.704 554-4264 VPUAPI pid-554 I reg_wirte(VE4_IP_BASE_ADDR+0x0300,0x262e0000);
2026-06-08 14:44:57.704 554-4264 VPUAPI pid-554 I reg_wirte(VE4_IP_BASE_ADDR+0x0304,0x0002a000);
2026-06-08 14:44:57.704 554-4264 VPUAPI pid-554 I reg_wirte(VE4_IP_BASE_ADDR+0x0308,0x00000040);
2026-06-08 14:44:57.704 554-4264 VPUAPI pid-554 I reg_wirte(VE4_IP_BASE_ADDR+0x030c,0x00000001);
2026-06-08 14:44:57.704 554-4264 VPUAPI pid-554 I reg_wirte(VE4_IP_BASE_ADDR+0x0310,0x00000000);
2026-06-08 14:44:57.704 554-4264 VPUAPI pid-554 I reg_wirte(VE4_IP_BASE_ADDR+0x0318,0x00000000);
2026-06-08 14:44:57.704 554-4264 VPUAPI pid-554 I reg_wirte(VE4_IP_BASE_ADDR+0x031c,0x00000000);
2026-06-08 14:44:57.704 554-4264 VPUAPI pid-554 I reg_wirte(VE4_IP_BASE_ADDR+0x0320,0x00000000);
2026-06-08 14:44:57.704 554-4264 VPUAPI pid-554 I reg_wirte(VE4_IP_BASE_ADDR+0x0324,0x00000000);
2026-06-08 14:44:57.704 554-4264 VPUAPI pid-554 I reg_wirte(VE4_IP_BASE_ADDR+0x032c,0x00000000);
2026-06-08 14:44:57.704 554-4264 VPUAPI pid-554 I reg_wirte(VE4_IP_BASE_ADDR+0x0330,0x26964000);
2026-06-08 14:44:57.704 554-4264 VPUAPI pid-554 I reg_wirte(VE4_IP_BASE_ADDR+0x0334,0x26b58000);
2026-06-08 14:44:57.704 554-4264 VPUAPI pid-554 I reg_wirte(VE4_IP_BASE_ADDR+0x0338,0x26bd5000);
2026-06-08 14:44:57.704 554-4264 VPUAPI pid-554 I reg_wirte(VE4_IP_BASE_ADDR+0x033c,0x05000280);
2026-06-08 14:44:57.704 554-4264 VPUAPI pid-554 I reg_wirte(VE4_IP_BASE_ADDR+0x0340,0x0000f000);
2026-06-08 14:44:57.704 554-4264 VPUAPI pid-554 I reg_wirte(VE4_IP_BASE_ADDR+0x0348,0x00000000);
2026-06-08 14:44:57.704 554-4264 VPUAPI pid-554 I reg_wirte(VE4_IP_BASE_ADDR+0x034c,0x00000003);
2026-06-08 14:44:57.704 554-4264 VPUAPI pid-554 I reg_wirte(VE4_IP_BASE_ADDR+0x0350,0x07200000);
2026-06-08 14:44:57.705 554-4264 VPUAPI pid-554 I reg_wirte(VE4_IP_BASE_ADDR+0x0354,0x00000000);
2026-06-08 14:44:57.705 554-4264 VPUAPI pid-554 I reg_wirte(VE4_IP_BASE_ADDR+0x0358,0x00000000);
2026-06-08 14:44:57.705 554-4264 VPUAPI pid-554 I reg_wirte(VE4_IP_BASE_ADDR+0x035c,0x00000000);
2026-06-08 14:44:57.705 554-4264 VPUAPI pid-554 I reg_wirte(VE4_IP_BASE_ADDR+0x0360,0x00000000);
2026-06-08 14:44:57.705 554-4264 VPUAPI pid-554 I reg_wirte(VE4_IP_BASE_ADDR+0x0364,0x00000000);
2026-06-08 14:44:57.705 554-4264 VPUAPI pid-554 I reg_wirte(VE4_IP_BASE_ADDR+0x03e8,0x00000000);
2026-06-08 14:44:57.705 554-4264 VPUAPI pid-554 I reg_wirte(VE4_IP_BASE_ADDR+0x03ec,0x00000000);
2026-06-08 14:44:57.705 554-4264 VPUAPI pid-554 I reg_wirte(VE4_IP_BASE_ADDR+0x03f0,0x00000000);
2026-06-08 14:44:57.705 554-4264 VPUAPI pid-554 I reg_wirte(VE4_IP_BASE_ADDR+0x03f4,0x00000000);
2026-06-08 14:44:57.705 554-4264 VPUAPI pid-554 I reg_wirte(VE4_IP_BASE_ADDR+0x0414,0x00000000);
2026-06-08 14:44:57.705 554-4264 VPUAPI pid-554 I reg_wirte(VE4_IP_BASE_ADDR+0x0418,0x00000000);
2026-06-08 14:44:57.705 554-4264 VPUAPI pid-554 I reg_wirte(VE4_IP_BASE_ADDR+0x041c,0x00000000);
2026-06-08 14:44:57.705 554-4264 VPUAPI pid-554 I reg_wirte(VE4_IP_BASE_ADDR+0x0420,0x00000000);
2026-06-08 14:44:57.705 554-4264 VPUAPI pid-554 I reg_wirte(VE4_IP_BASE_ADDR+0x0424,0x00000000);
2026-06-08 14:44:57.705 554-4264 VPUAPI pid-554 I reg_wirte(VE4_IP_BASE_ADDR+0x0428,0x00000000);
2026-06-08 14:44:57.705 554-4264 VPUAPI pid-554 I reg_wirte(VE4_IP_BASE_ADDR+0x03f8,0x00000000);
2026-06-08 14:44:57.705 554-4264 VPUAPI pid-554 I reg_wirte(VE4_IP_BASE_ADDR+0x042c,0x00000001);
2026-06-08 14:44:57.705 554-4264 VPUAPI pid-554 I reg_wirte(VE4_IP_BASE_ADDR+0x03fc,0x00000000);
2026-06-08 14:44:57.705 554-4264 VPUAPI pid-554 I reg_wirte(VE4_IP_BASE_ADDR+0x0400,0x00000000);
2026-06-08 14:44:57.705 554-4264 VPUAPI pid-554 I reg_wirte(VE4_IP_BASE_ADDR+0x0404,0x00000000);
2026-06-08 14:44:57.705 554-4264 VPUAPI pid-554 I reg_wirte(VE4_IP_BASE_ADDR+0x0408,0x00000000);
2026-06-08 14:44:57.705 554-4264 VPUAPI pid-554 I reg_wirte(VE4_IP_BASE_ADDR+0x040c,0x00000000);
2026-06-08 14:44:57.705 554-4264 VPUAPI pid-554 I reg_wirte(VE4_IP_BASE_ADDR+0x0410,0x00000000);
2026-06-08 14:44:57.705 554-4264 VPUAPI pid-554 I [119]W6SendCommand.VpuWriteReg W6_CMD_INSTANCE_INFO:0x210.value:0x30000
2026-06-08 14:44:57.705 554-4264 VPUAPI pid-554 I reg_wirte(VE4_IP_BASE_ADDR+0x0210,0x00030000);
2026-06-08 14:44:57.706 554-4264 VPUAPI pid-554 I [123]W6SendCommand.VpuWriteReg W6_VPU_CMD_BUSY_STATUS:0x70.value:1
2026-06-08 14:44:57.706 554-4264 VPUAPI pid-554 I reg_wirte(VE4_IP_BASE_ADDR+0x0070,0x00000001);
2026-06-08 14:44:57.706 554-4264 VPUAPI pid-554 I [125]W6SendCommand.VpuWriteReg W6_COMMAND:0x200.value:0x100
2026-06-08 14:44:57.706 554-4264 VPUAPI pid-554 I reg_wirte(VE4_IP_BASE_ADDR+0x0200,0x00000100);
2026-06-08 14:44:57.706 554-4264 VPUAPI pid-554 I [131]W6SendCommand.VpuWriteReg W6_VPU_HOST_INT_REQ:0x6c.value:1
2026-06-08 14:44:57.706 554-4264 VPUAPI pid-554 I reg_wirte(VE4_IP_BASE_ADDR+0x0038,0x00000001);
2026-06-08 14:44:57.706 554-4264 VPUAPI pid-554 I [134]W6SendCommand.cmd:0x100.W6_VPU_VPU_INT_STS:0x0.W6_VPU_VINT_REASON:0x0
2026-06-08 14:44:57.706 554-4264 VPUAPI pid-554 I [-][2548]VPU_EncStartOneFrame.ret:0x0
2026-06-08 14:44:57.706 554-4264 RTK_WRAP_ENC_VE4 pid-554 I VPU_EncStartOneFrame() success
2026-06-08 14:44:57.709 554-4264 VPUAPI pid-554 I clear interruptFlag=256
2026-06-08 14:44:57.709 554-4264 VPUAPI pid-554 I [+][2562]VPU_EncGetOutputInfo.
2026-06-08 14:44:57.709 554-4264 VPUAPI pid-554 I [+][3185]Wave6VpuEncGetResult.
2026-06-08 14:44:57.709 554-4264 VPUAPI pid-554 I [Wave6VpuEncGetResult]gpuCacheStatus[0] = 0
2026-06-08 14:44:57.709 554-4264 VPUAPI pid-554 I [-][3340]Wave6VpuEncGetResult.ret:0x0
2026-06-08 14:44:57.709 554-4264 VPUAPI pid-554 I [2593]VPU_EncGetOutputInfo.encSrcIdx:0x0,reconFrameIndex:0x1
2026-06-08 14:44:57.709 554-4264 VPUAPI pid-554 I [-][2605]VPU_EncGetOutputInfo.ret:0x0
2026-06-08 14:44:57.709 554-4264 RTK_WRAP_ENC_VE4 pid-554 I encodeTime 3.817984 ms || Enc: 74|| picType 1 || reconIdx 1 || rdPtr 262e0000 || wrPtr 262e2468
2026-06-08 14:44:57.709 554-4264 RTK_WRAP_ENC_VE4 pid-554 I nHeaderLen: 0|| pVpu->outputInfo.bitstreamSize 9320
2026-06-08 14:44:57.709 554-4264 RTK_WRAP_ENC_VE4 pid-554 I stream->buf_max_size : 2097152, stream->streamlen :9320
2026-06-08 14:44:57.709 554-4264 RTKC2Venc pid-554 I ooo : frameIndex=74, streamSize=9320, keyFrameFlag=0
2026-06-08 14:44:57.709 554-4264 RTKC2Venc pid-554 I Call finishWork in 761
2026-06-08 14:44:57.709 554-4264 RTKC2Venc pid-554 I Ready to finish 74
2026-06-08 14:44:57.710 554-4264 RTKC2Venc pid-554 I Finish finish 74
2026-06-08 14:44:57.710 554-4264 RTKC2Venc pid-554 I iii : flag=0, frameIndex=75, timeStamp=481256654, eos=0, dump_enable=0, yuvDumpFreq=1
2026-06-08 14:44:57.710 554-4264 RTKC2Venc pid-554 I Continue standard encode!
2026-06-08 14:44:57.711 554-4264 RTKC2Venc pid-554 I [extractGraphicBuffer][833] width = 1280 || height = 1600 || y_stride = 5120 || uStride = 5120 || vStride = 5120 || colorFormat = 1 || srcPhy = 0x0 || srcbufSize = 8192000
2026-06-08 14:44:57.711 554-4264 RTKC2Venc pid-554 I encoder->RequestSync = 0 cur_requestSync = 0
2026-06-08 14:44:57.711 554-4264 VideoClientEncVE pid-554 I [writeInputFrame][521] write input data to HW
2026-06-08 14:44:57.711 554-4264 RTK_WRAP_ENC_VE4 pid-554 I CODEC_SET_COLOR_FORMAT = 0x1
2026-06-08 14:44:57.711 554-4264 RTK_WRAP_ENC_VE4 pid-554 I [2599][encoder_set_video_config][CODEC_SET_COLOR_FORMAT] HAL_PIXEL_FORMAT_RGBA_8888
2026-06-08 14:44:57.711 554-4264 VideoClientEncVE pid-554 I calculated frameSize = 3072000
2026-06-08 14:44:57.711 554-4264 VideoClientEncVE pid-554 I mImpl->I_Interval = 600
2026-06-08 14:44:57.711 554-4264 RTK_WRAP_ENC_VE4 pid-554 I width 1280(1280), height 1600(1600), stride 1280
2026-06-08 14:44:57.711 554-4264 RTK_WRAP_ENC_VE4 pid-554 I =================encoder_encode_video================= encOP.picWidth: 1280 encOP.picHeight: 1600 origWidth: 1280 origHeight: 1600 srcFrameWidth: 1280 srcFrameHeight: 1600 srcFrameStride: 1280 fbStride: 1280 framebufWidth: 1280 framebufHeight: 1600 framebufStride: 1280 fbAllocInfo.stride: 1280 fbAllocInfo.height: 1600 buffe_resolution_flag=0
2026-06-08 14:44:57.711 554-4264 RTK_WRAP_ENC_VE4 pid-554 I copy method: HAL_PIXEL_FORMAT_RGBA_8888
2026-06-08 14:44:57.711 554-4264 RTK_WRAP_ENC_VE4 pid-554 I [+] in [CopyRGBA8888ToYUV420Frame]
2026-06-08 14:44:57.712 4251-4267 MPEG4Writer pid-4251 D non-key frame, nIPFramesCtr 75, nLastIPFramesCtr 0
2026-06-08 14:44:57.812 554-4264 RTK_WRAP_ENC_VE4 pid-554 I [-] in [CopyRGBA8888ToYUV420Frame]
2026-06-08 14:44:57.812 554-4264 RTK_WRAP_ENC_VE4 pid-554 I GopSize is greater than 1, GopSize=600, encodedIdx=75
2026-06-08 14:44:57.812 554-4264 VPUAPI pid-554 I [+][2488]VPU_EncStartOneFrame.
2026-06-08 14:44:57.812 554-4264 VPUAPI pid-554 I [2509]VPU_EncStartOneFrame.bf ProductVpuEncCheckEncParam
2026-06-08 14:44:57.813 554-4264 VPUAPI pid-554 I [2511]VPU_EncStartOneFrame.af ProductVpuEncCheckEncParam
2026-06-08 14:44:57.813 554-4264 VPUAPI pid-554 I wrapper_reg_wirte(0x0008,0x00000020);
2026-06-08 14:44:57.813 554-4264 VPUAPI pid-554 I [2910]gen_enc_pic_reg.encWidth:1280.set axi bit:0,1
2026-06-08 14:44:57.813 554-4264 VPUAPI pid-554 I reg_wirte(VE4_IP_BASE_ADDR+0x0300,0x262e0000);
2026-06-08 14:44:57.813 554-4264 VPUAPI pid-554 I reg_wirte(VE4_IP_BASE_ADDR+0x0304,0x0002a000);
2026-06-08 14:44:57.813 554-4264 VPUAPI pid-554 I reg_wirte(VE4_IP_BASE_ADDR+0x0308,0x00000040);
2026-06-08 14:44:57.813 554-4264 VPUAPI pid-554 I reg_wirte(VE4_IP_BASE_ADDR+0x030c,0x00000001);
2026-06-08 14:44:57.813 554-4264 VPUAPI pid-554 I reg_wirte(VE4_IP_BASE_ADDR+0x0310,0x00000000);
2026-06-08 14:44:57.813 554-4264 VPUAPI pid-554 I reg_wirte(VE4_IP_BASE_ADDR+0x0318,0x00000000);
2026-06-08 14:44:57.813 554-4264 VPUAPI pid-554 I reg_wirte(VE4_IP_BASE_ADDR+0x031c,0x00000000);
2026-06-08 14:44:57.813 554-4264 VPUAPI pid-554 I reg_wirte(VE4_IP_BASE_ADDR+0x0320,0x00000000);
2026-06-08 14:44:57.813 554-4264 VPUAPI pid-554 I reg_wirte(VE4_IP_BASE_ADDR+0x0324,0x00000000);
2026-06-08 14:44:57.813 554-4264 VPUAPI pid-554 I reg_wirte(VE4_IP_BASE_ADDR+0x032c,0x00000000);
2026-06-08 14:44:57.813 554-4264 VPUAPI pid-554 I reg_wirte(VE4_IP_BASE_ADDR+0x0330,0x26964000);
2026-06-08 14:44:57.813 554-4264 VPUAPI pid-554 I reg_wirte(VE4_IP_BASE_ADDR+0x0334,0x26b58000);
2026-06-08 14:44:57.813 554-4264 VPUAPI pid-554 I reg_wirte(VE4_IP_BASE_ADDR+0x0338,0x26bd5000);
2026-06-08 14:44:57.813 554-4264 VPUAPI pid-554 I reg_wirte(VE4_IP_BASE_ADDR+0x033c,0x05000280);
2026-06-08 14:44:57.813 554-4264 VPUAPI pid-554 I reg_wirte(VE4_IP_BASE_ADDR+0x0340,0x0000f000);
2026-06-08 14:44:57.813 554-4264 VPUAPI pid-554 I reg_wirte(VE4_IP_BASE_ADDR+0x0348,0x00000000);
2026-06-08 14:44:57.813 554-4264 VPUAPI pid-554 I reg_wirte(VE4_IP_BASE_ADDR+0x034c,0x00000003);
2026-06-08 14:44:57.813 554-4264 VPUAPI pid-554 I reg_wirte(VE4_IP_BASE_ADDR+0x0350,0x07200000);
2026-06-08 14:44:57.813 554-4264 VPUAPI pid-554 I reg_wirte(VE4_IP_BASE_ADDR+0x0354,0x00000000);
2026-06-08 14:44:57.813 554-4264 VPUAPI pid-554 I reg_wirte(VE4_IP_BASE_ADDR+0x0358,0x00000000);
2026-06-08 14:44:57.813 554-4264 VPUAPI pid-554 I reg_wirte(VE4_IP_BASE_ADDR+0x035c,0x00000000);
2026-06-08 14:44:57.813 554-4264 VPUAPI pid-554 I reg_wirte(VE4_IP_BASE_ADDR+0x0360,0x00000000);
2026-06-08 14:44:57.813 554-4264 VPUAPI pid-554 I reg_wirte(VE4_IP_BASE_ADDR+0x0364,0x00000000);
2026-06-08 14:44:57.813 554-4264 VPUAPI pid-554 I reg_wirte(VE4_IP_BASE_ADDR+0x03e8,0x00000000);
2026-06-08 14:44:57.813 554-4264 VPUAPI pid-554 I reg_wirte(VE4_IP_BASE_ADDR+0x03ec,0x00000000);
2026-06-08 14:44:57.814 554-4264 VPUAPI pid-554 I reg_wirte(VE4_IP_BASE_ADDR+0x03f0,0x00000000);
2026-06-08 14:44:57.814 554-4264 VPUAPI pid-554 I reg_wirte(VE4_IP_BASE_ADDR+0x03f4,0x00000000);
2026-06-08 14:44:57.814 554-4264 VPUAPI pid-554 I reg_wirte(VE4_IP_BASE_ADDR+0x0414,0x00000000);
2026-06-08 14:44:57.814 554-4264 VPUAPI pid-554 I reg_wirte(VE4_IP_BASE_ADDR+0x0418,0x00000000);
2026-06-08 14:44:57.814 554-4264 VPUAPI pid-554 I reg_wirte(VE4_IP_BASE_ADDR+0x041c,0x00000000);
2026-06-08 14:44:57.814 554-4264 VPUAPI pid-554 I reg_wirte(VE4_IP_BASE_ADDR+0x0420,0x00000000);
2026-06-08 14:44:57.814 554-4264 VPUAPI pid-554 I reg_wirte(VE4_IP_BASE_ADDR+0x0424,0x00000000);
2026-06-08 14:44:57.814 554-4264 VPUAPI pid-554 I reg_wirte(VE4_IP_BASE_ADDR+0x0428,0x00000000);
2026-06-08 14:44:57.814 554-4264 VPUAPI pid-554 I reg_wirte(VE4_IP_BASE_ADDR+0x03f8,0x00000000);
2026-06-08 14:44:57.814 554-4264 VPUAPI pid-554 I reg_wirte(VE4_IP_BASE_ADDR+0x042c,0x00000001);
2026-06-08 14:44:57.814 554-4264 VPUAPI pid-554 I reg_wirte(VE4_IP_BASE_ADDR+0x03fc,0x00000000);
2026-06-08 14:44:57.814 554-4264 VPUAPI pid-554 I reg_wirte(VE4_IP_BASE_ADDR+0x0400,0x00000000);
2026-06-08 14:44:57.814 554-4264 VPUAPI pid-554 I reg_wirte(VE4_IP_BASE_ADDR+0x0404,0x00000000);
2026-06-08 14:44:57.814 554-4264 VPUAPI pid-554 I reg_wirte(VE4_IP_BASE_ADDR+0x0408,0x00000000);
2026-06-08 14:44:57.814 554-4264 VPUAPI pid-554 I reg_wirte(VE4_IP_BASE_ADDR+0x040c,0x00000000);
2026-06-08 14:44:57.814 554-4264 VPUAPI pid-554 I reg_wirte(VE4_IP_BASE_ADDR+0x0410,0x00000000);
2026-06-08 14:44:57.814 554-4264 VPUAPI pid-554 I [119]W6SendCommand.VpuWriteReg W6_CMD_INSTANCE_INFO:0x210.value:0x30000
2026-06-08 14:44:57.814 554-4264 VPUAPI pid-554 I reg_wirte(VE4_IP_BASE_ADDR+0x0210,0x00030000);
2026-06-08 14:44:57.814 554-4264 VPUAPI pid-554 I [123]W6SendCommand.VpuWriteReg W6_VPU_CMD_BUSY_STATUS:0x70.value:1
2026-06-08 14:44:57.814 554-4264 VPUAPI pid-554 I reg_wirte(VE4_IP_BASE_ADDR+0x0070,0x00000001);
2026-06-08 14:44:57.814 554-4264 VPUAPI pid-554 I [125]W6SendCommand.VpuWriteReg W6_COMMAND:0x200.value:0x100
2026-06-08 14:44:57.814 554-4264 VPUAPI pid-554 I reg_wirte(VE4_IP_BASE_ADDR+0x0200,0x00000100);
2026-06-08 14:44:57.815 554-4264 VPUAPI pid-554 I [131]W6SendCommand.VpuWriteReg W6_VPU_HOST_INT_REQ:0x6c.value:1
2026-06-08 14:44:57.815 554-4264 VPUAPI pid-554 I reg_wirte(VE4_IP_BASE_ADDR+0x0038,0x00000001);
2026-06-08 14:44:57.815 554-4264 VPUAPI pid-554 I [134]W6SendCommand.cmd:0x100.W6_VPU_VPU_INT_STS:0x0.W6_VPU_VINT_REASON:0x0
2026-06-08 14:44:57.815 554-4264 VPUAPI pid-554 I [-][2548]VPU_EncStartOneFrame.ret:0x0
2026-06-08 14:44:57.815 554-4264 RTK_WRAP_ENC_VE4 pid-554 I VPU_EncStartOneFrame() success
2026-06-08 14:44:57.818 554-4264 VPUAPI pid-554 I clear interruptFlag=256
2026-06-08 14:44:57.818 554-4264 VPUAPI pid-554 I [+][2562]VPU_EncGetOutputInfo.
2026-06-08 14:44:57.818 554-4264 VPUAPI pid-554 I [+][3185]Wave6VpuEncGetResult.
2026-06-08 14:44:57.818 554-4264 VPUAPI pid-554 I [Wave6VpuEncGetResult]gpuCacheStatus[0] = 0
2026-06-08 14:44:57.818 554-4264 VPUAPI pid-554 I [-][3340]Wave6VpuEncGetResult.ret:0x0
2026-06-08 14:44:57.818 554-4264 VPUAPI pid-554 I [2593]VPU_EncGetOutputInfo.encSrcIdx:0x0,reconFrameIndex:0x0
2026-06-08 14:44:57.818 554-4264 VPUAPI pid-554 I [-][2605]VPU_EncGetOutputInfo.ret:0x0
2026-06-08 14:44:57.818 554-4264 RTK_WRAP_ENC_VE4 pid-554 I encodeTime 3.777024 ms || Enc: 75|| picType 1 || reconIdx 0 || rdPtr 262e0000 || wrPtr 262e024c
2026-06-08 14:44:57.818 554-4264 RTK_WRAP_ENC_VE4 pid-554 I nHeaderLen: 0|| pVpu->outputInfo.bitstreamSize 588
2026-06-08 14:44:57.818 554-4264 RTK_WRAP_ENC_VE4 pid-554 I stream->buf_max_size : 2097152, stream->streamlen :588
2026-06-08 14:44:57.818 554-4264 RTKC2Venc pid-554 I ooo : frameIndex=75, streamSize=588, keyFrameFlag=0
2026-06-08 14:44:57.818 554-4264 RTKC2Venc pid-554 I Call finishWork in 761
2026-06-08 14:44:57.818 554-4264 RTKC2Venc pid-554 I Ready to finish 75
2026-06-08 14:44:57.819 554-4264 RTKC2Venc pid-554 I Finish finish 75
2026-06-08 14:44:57.819 554-4264 RTKC2Venc pid-554 I iii : flag=0, frameIndex=76, timeStamp=481391866, eos=0, dump_enable=0, yuvDumpFreq=1
2026-06-08 14:44:57.819 554-4264 RTKC2Venc pid-554 I Continue standard encode!
2026-06-08 14:44:57.820 554-4264 RTKC2Venc pid-554 I [extractGraphicBuffer][833] width = 1280 || height = 1600 || y_stride = 5120 || uStride = 5120 || vStride = 5120 || colorFormat = 1 || srcPhy = 0x0 || srcbufSize = 8192000
2026-06-08 14:44:57.820 4251-4267 MPEG4Writer pid-4251 D non-key frame, nIPFramesCtr 76, nLastIPFramesCtr 0
2026-06-08 14:44:57.821 554-4264 RTKC2Venc pid-554 I encoder->RequestSync = 0 cur_requestSync = 0
2026-06-08 14:44:57.821 554-4264 VideoClientEncVE pid-554 I [writeInputFrame][521] write input data to HW
2026-06-08 14:44:57.821 554-4264 RTK_WRAP_ENC_VE4 pid-554 I CODEC_SET_COLOR_FORMAT = 0x1
2026-06-08 14:44:57.821 554-4264 RTK_WRAP_ENC_VE4 pid-554 I [2599][encoder_set_video_config][CODEC_SET_COLOR_FORMAT] HAL_PIXEL_FORMAT_RGBA_8888
2026-06-08 14:44:57.821 554-4264 VideoClientEncVE pid-554 I calculated frameSize = 3072000
2026-06-08 14:44:57.821 554-4264 VideoClientEncVE pid-554 I mImpl->I_Interval = 600
2026-06-08 14:44:57.821 554-4264 RTK_WRAP_ENC_VE4 pid-554 I width 1280(1280), height 1600(1600), stride 1280
2026-06-08 14:44:57.821 554-4264 RTK_WRAP_ENC_VE4 pid-554 I =================encoder_encode_video================= encOP.picWidth: 1280 encOP.picHeight: 1600 origWidth: 1280 origHeight: 1600 srcFrameWidth: 1280 srcFrameHeight: 1600 srcFrameStride: 1280 fbStride: 1280 framebufWidth: 1280 framebufHeight: 1600 framebufStride: 1280 fbAllocInfo.stride: 1280 fbAllocInfo.height: 1600 buffe_resolution_flag=0
2026-06-08 14:44:57.821 554-4264 RTK_WRAP_ENC_VE4 pid-554 I copy method: HAL_PIXEL_FORMAT_RGBA_8888
2026-06-08 14:44:57.821 554-4264 RTK_WRAP_ENC_VE4 pid-554 I [+] in [CopyRGBA8888ToYUV420Frame]
2026-06-08 14:44:57.910 554-4264 RTK_WRAP_ENC_VE4 pid-554 I [-] in [CopyRGBA8888ToYUV420Frame]
2026-06-08 14:44:57.910 554-4264 RTK_WRAP_ENC_VE4 pid-554 I GopSize is greater than 1, GopSize=600, encodedIdx=76
2026-06-08 14:44:57.910 554-4264 VPUAPI pid-554 I [+][2488]VPU_EncStartOneFrame.
2026-06-08 14:44:57.910 554-4264 VPUAPI pid-554 I [2509]VPU_EncStartOneFrame.bf ProductVpuEncCheckEncParam
2026-06-08 14:44:57.910 554-4264 VPUAPI pid-554 I [2511]VPU_EncStartOneFrame.af ProductVpuEncCheckEncParam
2026-06-08 14:44:57.910 554-4264 VPUAPI pid-554 I wrapper_reg_wirte(0x0008,0x00000020);
2026-06-08 14:44:57.910 554-4264 VPUAPI pid-554 I [2910]gen_enc_pic_reg.encWidth:1280.set axi bit:0,1
2026-06-08 14:44:57.910 554-4264 VPUAPI pid-554 I reg_wirte(VE4_IP_BASE_ADDR+0x0300,0x262e0000);
2026-06-08 14:44:57.910 554-4264 VPUAPI pid-554 I reg_wirte(VE4_IP_BASE_ADDR+0x0304,0x0002a000);
2026-06-08 14:44:57.910 554-4264 VPUAPI pid-554 I reg_wirte(VE4_IP_BASE_ADDR+0x0308,0x00000040);
2026-06-08 14:44:57.910 554-4264 VPUAPI pid-554 I reg_wirte(VE4_IP_BASE_ADDR+0x030c,0x00000001);
2026-06-08 14:44:57.910 554-4264 VPUAPI pid-554 I reg_wirte(VE4_IP_BASE_ADDR+0x0310,0x00000000);
2026-06-08 14:44:57.910 554-4264 VPUAPI pid-554 I reg_wirte(VE4_IP_BASE_ADDR+0x0318,0x00000000);
2026-06-08 14:44:57.910 554-4264 VPUAPI pid-554 I reg_wirte(VE4_IP_BASE_ADDR+0x031c,0x00000000);
2026-06-08 14:44:57.910 554-4264 VPUAPI pid-554 I reg_wirte(VE4_IP_BASE_ADDR+0x0320,0x00000000);
2026-06-08 14:44:57.910 554-4264 VPUAPI pid-554 I reg_wirte(VE4_IP_BASE_ADDR+0x0324,0x00000000);
2026-06-08 14:44:57.910 554-4264 VPUAPI pid-554 I reg_wirte(VE4_IP_BASE_ADDR+0x032c,0x00000000);
2026-06-08 14:44:57.910 554-4264 VPUAPI pid-554 I reg_wirte(VE4_IP_BASE_ADDR+0x0330,0x26964000);
2026-06-08 14:44:57.910 554-4264 VPUAPI pid-554 I reg_wirte(VE4_IP_BASE_ADDR+0x0334,0x26b58000);
2026-06-08 14:44:57.910 554-4264 VPUAPI pid-554 I reg_wirte(VE4_IP_BASE_ADDR+0x0338,0x26bd5000);
2026-06-08 14:44:57.910 554-4264 VPUAPI pid-554 I reg_wirte(VE4_IP_BASE_ADDR+0x033c,0x05000280);
2026-06-08 14:44:57.910 554-4264 VPUAPI pid-554 I reg_wirte(VE4_IP_BASE_ADDR+0x0340,0x0000f000);
2026-06-08 14:44:57.910 554-4264 VPUAPI pid-554 I reg_wirte(VE4_IP_BASE_ADDR+0x0348,0x00000000);
2026-06-08 14:44:57.910 554-4264 VPUAPI pid-554 I reg_wirte(VE4_IP_BASE_ADDR+0x034c,0x00000003);
2026-06-08 14:44:57.910 554-4264 VPUAPI pid-554 I reg_wirte(VE4_IP_BASE_ADDR+0x0350,0x07200000);
2026-06-08 14:44:57.910 554-4264 VPUAPI pid-554 I reg_wirte(VE4_IP_BASE_ADDR+0x0354,0x00000000);
2026-06-08 14:44:57.910 554-4264 VPUAPI pid-554 I reg_wirte(VE4_IP_BASE_ADDR+0x0358,0x00000000);
2026-06-08 14:44:57.910 554-4264 VPUAPI pid-554 I reg_wirte(VE4_IP_BASE_ADDR+0x035c,0x00000000);
2026-06-08 14:44:57.910 554-4264 VPUAPI pid-554 I reg_wirte(VE4_IP_BASE_ADDR+0x0360,0x00000000);
2026-06-08 14:44:57.910 554-4264 VPUAPI pid-554 I reg_wirte(VE4_IP_BASE_ADDR+0x0364,0x00000000);
2026-06-08 14:44:57.910 554-4264 VPUAPI pid-554 I reg_wirte(VE4_IP_BASE_ADDR+0x03e8,0x00000000);
2026-06-08 14:44:57.910 554-4264 VPUAPI pid-554 I reg_wirte(VE4_IP_BASE_ADDR+0x03ec,0x00000000);
2026-06-08 14:44:57.910 554-4264 VPUAPI pid-554 I reg_wirte(VE4_IP_BASE_ADDR+0x03f0,0x00000000);
2026-06-08 14:44:57.910 554-4264 VPUAPI pid-554 I reg_wirte(VE4_IP_BASE_ADDR+0x03f4,0x00000000);
2026-06-08 14:44:57.910 554-4264 VPUAPI pid-554 I reg_wirte(VE4_IP_BASE_ADDR+0x0414,0x00000000);
2026-06-08 14:44:57.910 554-4264 VPUAPI pid-554 I reg_wirte(VE4_IP_BASE_ADDR+0x0418,0x00000000);
2026-06-08 14:44:57.910 554-4264 VPUAPI pid-554 I reg_wirte(VE4_IP_BASE_ADDR+0x041c,0x00000000);
2026-06-08 14:44:57.910 554-4264 VPUAPI pid-554 I reg_wirte(VE4_IP_BASE_ADDR+0x0420,0x00000000);
2026-06-08 14:44:57.910 554-4264 VPUAPI pid-554 I reg_wirte(VE4_IP_BASE_ADDR+0x0424,0x00000000);
2026-06-08 14:44:57.910 554-4264 VPUAPI pid-554 I reg_wirte(VE4_IP_BASE_ADDR+0x0428,0x00000000);
2026-06-08 14:44:57.910 554-4264 VPUAPI pid-554 I reg_wirte(VE4_IP_BASE_ADDR+0x03f8,0x00000000);
2026-06-08 14:44:57.910 554-4264 VPUAPI pid-554 I reg_wirte(VE4_IP_BASE_ADDR+0x042c,0x00000001);
2026-06-08 14:44:57.910 554-4264 VPUAPI pid-554 I reg_wirte(VE4_IP_BASE_ADDR+0x03fc,0x00000000);
2026-06-08 14:44:57.910 554-4264 VPUAPI pid-554 I reg_wirte(VE4_IP_BASE_ADDR+0x0400,0x00000000);
2026-06-08 14:44:57.910 554-4264 VPUAPI pid-554 I reg_wirte(VE4_IP_BASE_ADDR+0x0404,0x00000000);
2026-06-08 14:44:57.910 554-4264 VPUAPI pid-554 I reg_wirte(VE4_IP_BASE_ADDR+0x0408,0x00000000);
2026-06-08 14:44:57.910 554-4264 VPUAPI pid-554 I reg_wirte(VE4_IP_BASE_ADDR+0x040c,0x00000000);
2026-06-08 14:44:57.910 554-4264 VPUAPI pid-554 I reg_wirte(VE4_IP_BASE_ADDR+0x0410,0x00000000);
2026-06-08 14:44:57.910 554-4264 VPUAPI pid-554 I [119]W6SendCommand.VpuWriteReg W6_CMD_INSTANCE_INFO:0x210.value:0x30000
2026-06-08 14:44:57.910 554-4264 VPUAPI pid-554 I reg_wirte(VE4_IP_BASE_ADDR+0x0210,0x00030000);
2026-06-08 14:44:57.910 554-4264 VPUAPI pid-554 I [123]W6SendCommand.VpuWriteReg W6_VPU_CMD_BUSY_STATUS:0x70.value:1
2026-06-08 14:44:57.910 554-4264 VPUAPI pid-554 I reg_wirte(VE4_IP_BASE_ADDR+0x0070,0x00000001);
2026-06-08 14:44:57.910 554-4264 VPUAPI pid-554 I [125]W6SendCommand.VpuWriteReg W6_COMMAND:0x200.value:0x100
2026-06-08 14:44:57.910 554-4264 VPUAPI pid-554 I reg_wirte(VE4_IP_BASE_ADDR+0x0200,0x00000100);
2026-06-08 14:44:57.910 554-4264 VPUAPI pid-554 I [131]W6SendCommand.VpuWriteReg W6_VPU_HOST_INT_REQ:0x6c.value:1
2026-06-08 14:44:57.910 554-4264 VPUAPI pid-554 I reg_wirte(VE4_IP_BASE_ADDR+0x0038,0x00000001);
2026-06-08 14:44:57.910 554-4264 VPUAPI pid-554 I [134]W6SendCommand.cmd:0x100.W6_VPU_VPU_INT_STS:0x0.W6_VPU_VINT_REASON:0x0
2026-06-08 14:44:57.910 554-4264 VPUAPI pid-554 I [-][2548]VPU_EncStartOneFrame.ret:0x0
2026-06-08 14:44:57.910 554-4264 RTK_WRAP_ENC_VE4 pid-554 I VPU_EncStartOneFrame() success
2026-06-08 14:44:57.914 554-4264 VPUAPI pid-554 I clear interruptFlag=256
2026-06-08 14:44:57.914 554-4264 VPUAPI pid-554 I [+][2562]VPU_EncGetOutputInfo.
2026-06-08 14:44:57.914 554-4264 VPUAPI pid-554 I [+][3185]Wave6VpuEncGetResult.
2026-06-08 14:44:57.914 554-4264 VPUAPI pid-554 I [Wave6VpuEncGetResult]gpuCacheStatus[0] = 0
2026-06-08 14:44:57.914 554-4264 VPUAPI pid-554 I [-][3340]Wave6VpuEncGetResult.ret:0x0
2026-06-08 14:44:57.914 554-4264 VPUAPI pid-554 I [2593]VPU_EncGetOutputInfo.encSrcIdx:0x0,reconFrameIndex:0x0
2026-06-08 14:44:57.914 554-4264 VPUAPI pid-554 I [-][2605]VPU_EncGetOutputInfo.ret:0x0
2026-06-08 14:44:57.914 554-4264 RTK_WRAP_ENC_VE4 pid-554 I encodeTime 3.804672 ms || Enc: 76|| picType 1 || reconIdx 0 || rdPtr 262e0000 || wrPtr 262e0ef4
2026-06-08 14:44:57.914 554-4264 RTK_WRAP_ENC_VE4 pid-554 I nHeaderLen: 0|| pVpu->outputInfo.bitstreamSize 3828
2026-06-08 14:44:57.915 554-4264 RTK_WRAP_ENC_VE4 pid-554 I stream->buf_max_size : 2097152, stream->streamlen :3828
2026-06-08 14:44:57.915 554-4264 RTKC2Venc pid-554 I ooo : frameIndex=76, streamSize=3828, keyFrameFlag=0
2026-06-08 14:44:57.915 554-4264 RTKC2Venc pid-554 I Call finishWork in 761
2026-06-08 14:44:57.915 554-4264 RTKC2Venc pid-554 I Ready to finish 76
2026-06-08 14:44:57.915 554-4264 RTKC2Venc pid-554 I Finish finish 76
2026-06-08 14:44:57.915 554-4264 RTKC2Venc pid-554 I iii : flag=0, frameIndex=77, timeStamp=481440328, eos=0, dump_enable=0, yuvDumpFreq=1
2026-06-08 14:44:57.915 554-4264 RTKC2Venc pid-554 I Continue standard encode!
2026-06-08 14:44:57.916 554-4264 RTKC2Venc pid-554 I [extractGraphicBuffer][833] width = 1280 || height = 1600 || y_stride = 5120 || uStride = 5120 || vStride = 5120 || colorFormat = 1 || srcPhy = 0x0 || srcbufSize = 8192000
2026-06-08 14:44:57.916 554-4264 RTKC2Venc pid-554 I encoder->RequestSync = 0 cur_requestSync = 0
2026-06-08 14:44:57.916 554-4264 VideoClientEncVE pid-554 I [writeInputFrame][521] write input data to HW
2026-06-08 14:44:57.916 554-4264 RTK_WRAP_ENC_VE4 pid-554 I CODEC_SET_COLOR_FORMAT = 0x1
2026-06-08 14:44:57.916 554-4264 RTK_WRAP_ENC_VE4 pid-554 I [2599][encoder_set_video_config][CODEC_SET_COLOR_FORMAT] HAL_PIXEL_FORMAT_RGBA_8888
2026-06-08 14:44:57.916 554-4264 VideoClientEncVE pid-554 I calculated frameSize = 3072000
2026-06-08 14:44:57.916 554-4264 VideoClientEncVE pid-554 I mImpl->I_Interval = 600
2026-06-08 14:44:57.916 554-4264 RTK_WRAP_ENC_VE4 pid-554 I width 1280(1280), height 1600(1600), stride 1280
2026-06-08 14:44:57.916 554-4264 RTK_WRAP_ENC_VE4 pid-554 I =================encoder_encode_video================= encOP.picWidth: 1280 encOP.picHeight: 1600 origWidth: 1280 origHeight: 1600 srcFrameWidth: 1280 srcFrameHeight: 1600 srcFrameStride: 1280 fbStride: 1280 framebufWidth: 1280 framebufHeight: 1600 framebufStride: 1280 fbAllocInfo.stride: 1280 fbAllocInfo.height: 1600 buffe_resolution_flag=0
2026-06-08 14:44:57.916 554-4264 RTK_WRAP_ENC_VE4 pid-554 I copy method: HAL_PIXEL_FORMAT_RGBA_8888
2026-06-08 14:44:57.916 554-4264 RTK_WRAP_ENC_VE4 pid-554 I [+] in [CopyRGBA8888ToYUV420Frame]
2026-06-08 14:44:57.917 4251-4267 MPEG4Writer pid-4251 D non-key frame, nIPFramesCtr 77, nLastIPFramesCtr 0
2026-06-08 14:44:57.973 4342-4342 RadioViewModel com.auto.radio W AMS start timeout: no active seek callback band=0
2026-06-08 14:44:58.005 554-4264 RTK_WRAP_ENC_VE4 pid-554 I [-] in [CopyRGBA8888ToYUV420Frame]
2026-06-08 14:44:58.006 554-4264 RTK_WRAP_ENC_VE4 pid-554 I GopSize is greater than 1, GopSize=600, encodedIdx=77
2026-06-08 14:44:58.006 554-4264 VPUAPI pid-554 I [+][2488]VPU_EncStartOneFrame.
2026-06-08 14:44:58.006 554-4264 VPUAPI pid-554 I [2509]VPU_EncStartOneFrame.bf ProductVpuEncCheckEncParam
2026-06-08 14:44:58.006 554-4264 VPUAPI pid-554 I [2511]VPU_EncStartOneFrame.af ProductVpuEncCheckEncParam
2026-06-08 14:44:58.006 554-4264 VPUAPI pid-554 I wrapper_reg_wirte(0x0008,0x00000020);
2026-06-08 14:44:58.006 554-4264 VPUAPI pid-554 I [2910]gen_enc_pic_reg.encWidth:1280.set axi bit:0,1
2026-06-08 14:44:58.006 554-4264 VPUAPI pid-554 I reg_wirte(VE4_IP_BASE_ADDR+0x0300,0x262e0000);
2026-06-08 14:44:58.006 554-4264 VPUAPI pid-554 I reg_wirte(VE4_IP_BASE_ADDR+0x0304,0x0002a000);
2026-06-08 14:44:58.006 554-4264 VPUAPI pid-554 I reg_wirte(VE4_IP_BASE_ADDR+0x0308,0x00000040);
2026-06-08 14:44:58.006 554-4264 VPUAPI pid-554 I reg_wirte(VE4_IP_BASE_ADDR+0x030c,0x00000001);
2026-06-08 14:44:58.006 554-4264 VPUAPI pid-554 I reg_wirte(VE4_IP_BASE_ADDR+0x0310,0x00000000);
2026-06-08 14:44:58.006 554-4264 VPUAPI pid-554 I reg_wirte(VE4_IP_BASE_ADDR+0x0318,0x00000000);
2026-06-08 14:44:58.006 554-4264 VPUAPI pid-554 I reg_wirte(VE4_IP_BASE_ADDR+0x031c,0x00000000);
2026-06-08 14:44:58.006 554-4264 VPUAPI pid-554 I reg_wirte(VE4_IP_BASE_ADDR+0x0320,0x00000000);
2026-06-08 14:44:58.006 554-4264 VPUAPI pid-554 I reg_wirte(VE4_IP_BASE_ADDR+0x0324,0x00000000);
2026-06-08 14:44:58.006 554-4264 VPUAPI pid-554 I reg_wirte(VE4_IP_BASE_ADDR+0x032c,0x00000000);
2026-06-08 14:44:58.006 554-4264 VPUAPI pid-554 I reg_wirte(VE4_IP_BASE_ADDR+0x0330,0x26964000);
2026-06-08 14:44:58.006 554-4264 VPUAPI pid-554 I reg_wirte(VE4_IP_BASE_ADDR+0x0334,0x26b58000);
2026-06-08 14:44:58.006 554-4264 VPUAPI pid-554 I reg_wirte(VE4_IP_BASE_ADDR+0x0338,0x26bd5000);
2026-06-08 14:44:58.006 554-4264 VPUAPI pid-554 I reg_wirte(VE4_IP_BASE_ADDR+0x033c,0x05000280);
2026-06-08 14:44:58.006 554-4264 VPUAPI pid-554 I reg_wirte(VE4_IP_BASE_ADDR+0x0340,0x0000f000);
2026-06-08 14:44:58.006 554-4264 VPUAPI pid-554 I reg_wirte(VE4_IP_BASE_ADDR+0x0348,0x00000000);
2026-06-08 14:44:58.006 554-4264 VPUAPI pid-554 I reg_wirte(VE4_IP_BASE_ADDR+0x034c,0x00000003);
2026-06-08 14:44:58.006 554-4264 VPUAPI pid-554 I reg_wirte(VE4_IP_BASE_ADDR+0x0350,0x07200000);
2026-06-08 14:44:58.006 554-4264 VPUAPI pid-554 I reg_wirte(VE4_IP_BASE_ADDR+0x0354,0x00000000);
2026-06-08 14:44:58.006 554-4264 VPUAPI pid-554 I reg_wirte(VE4_IP_BASE_ADDR+0x0358,0x00000000);
2026-06-08 14:44:58.006 554-4264 VPUAPI pid-554 I reg_wirte(VE4_IP_BASE_ADDR+0x035c,0x00000000);
2026-06-08 14:44:58.006 554-4264 VPUAPI pid-554 I reg_wirte(VE4_IP_BASE_ADDR+0x0360,0x00000000);
2026-06-08 14:44:58.006 554-4264 VPUAPI pid-554 I reg_wirte(VE4_IP_BASE_ADDR+0x0364,0x00000000);
2026-06-08 14:44:58.006 554-4264 VPUAPI pid-554 I reg_wirte(VE4_IP_BASE_ADDR+0x03e8,0x00000000);
2026-06-08 14:44:58.006 554-4264 VPUAPI pid-554 I reg_wirte(VE4_IP_BASE_ADDR+0x03ec,0x00000000);
2026-06-08 14:44:58.006 554-4264 VPUAPI pid-554 I reg_wirte(VE4_IP_BASE_ADDR+0x03f0,0x00000000);
2026-06-08 14:44:58.006 554-4264 VPUAPI pid-554 I reg_wirte(VE4_IP_BASE_ADDR+0x03f4,0x00000000);
2026-06-08 14:44:58.006 554-4264 VPUAPI pid-554 I reg_wirte(VE4_IP_BASE_ADDR+0x0414,0x00000000);
2026-06-08 14:44:58.006 554-4264 VPUAPI pid-554 I reg_wirte(VE4_IP_BASE_ADDR+0x0418,0x00000000);
2026-06-08 14:44:58.006 554-4264 VPUAPI pid-554 I reg_wirte(VE4_IP_BASE_ADDR+0x041c,0x00000000);
2026-06-08 14:44:58.006 554-4264 VPUAPI pid-554 I reg_wirte(VE4_IP_BASE_ADDR+0x0420,0x00000000);
2026-06-08 14:44:58.006 554-4264 VPUAPI pid-554 I reg_wirte(VE4_IP_BASE_ADDR+0x0424,0x00000000);
2026-06-08 14:44:58.006 554-4264 VPUAPI pid-554 I reg_wirte(VE4_IP_BASE_ADDR+0x0428,0x00000000);
2026-06-08 14:44:58.006 554-4264 VPUAPI pid-554 I reg_wirte(VE4_IP_BASE_ADDR+0x03f8,0x00000000);
2026-06-08 14:44:58.006 554-4264 VPUAPI pid-554 I reg_wirte(VE4_IP_BASE_ADDR+0x042c,0x00000001);
2026-06-08 14:44:58.006 554-4264 VPUAPI pid-554 I reg_wirte(VE4_IP_BASE_ADDR+0x03fc,0x00000000);
2026-06-08 14:44:58.006 554-4264 VPUAPI pid-554 I reg_wirte(VE4_IP_BASE_ADDR+0x0400,0x00000000);
2026-06-08 14:44:58.006 554-4264 VPUAPI pid-554 I reg_wirte(VE4_IP_BASE_ADDR+0x0404,0x00000000);
2026-06-08 14:44:58.006 554-4264 VPUAPI pid-554 I reg_wirte(VE4_IP_BASE_ADDR+0x0408,0x00000000);
2026-06-08 14:44:58.006 554-4264 VPUAPI pid-554 I reg_wirte(VE4_IP_BASE_ADDR+0x040c,0x00000000);
2026-06-08 14:44:58.006 554-4264 VPUAPI pid-554 I reg_wirte(VE4_IP_BASE_ADDR+0x0410,0x00000000);
2026-06-08 14:44:58.006 554-4264 VPUAPI pid-554 I [119]W6SendCommand.VpuWriteReg W6_CMD_INSTANCE_INFO:0x210.value:0x30000
2026-06-08 14:44:58.006 554-4264 VPUAPI pid-554 I reg_wirte(VE4_IP_BASE_ADDR+0x0210,0x00030000);
2026-06-08 14:44:58.006 554-4264 VPUAPI pid-554 I [123]W6SendCommand.VpuWriteReg W6_VPU_CMD_BUSY_STATUS:0x70.value:1
2026-06-08 14:44:58.006 554-4264 VPUAPI pid-554 I reg_wirte(VE4_IP_BASE_ADDR+0x0070,0x00000001);
2026-06-08 14:44:58.006 554-4264 VPUAPI pid-554 I [125]W6SendCommand.VpuWriteReg W6_COMMAND:0x200.value:0x100
2026-06-08 14:44:58.006 554-4264 VPUAPI pid-554 I reg_wirte(VE4_IP_BASE_ADDR+0x0200,0x00000100);
2026-06-08 14:44:58.006 554-4264 VPUAPI pid-554 I [131]W6SendCommand.VpuWriteReg W6_VPU_HOST_INT_REQ:0x6c.value:1
2026-06-08 14:44:58.006 554-4264 VPUAPI pid-554 I reg_wirte(VE4_IP_BASE_ADDR+0x0038,0x00000001);
2026-06-08 14:44:58.006 554-4264 VPUAPI pid-554 I [134]W6SendCommand.cmd:0x100.W6_VPU_VPU_INT_STS:0x0.W6_VPU_VINT_REASON:0x0
2026-06-08 14:44:58.006 554-4264 VPUAPI pid-554 I [-][2548]VPU_EncStartOneFrame.ret:0x0
2026-06-08 14:44:58.006 554-4264 RTK_WRAP_ENC_VE4 pid-554 I VPU_EncStartOneFrame() success
2026-06-08 14:44:58.009 554-4264 VPUAPI pid-554 I clear interruptFlag=256
2026-06-08 14:44:58.010 554-4264 VPUAPI pid-554 I [+][2562]VPU_EncGetOutputInfo.
2026-06-08 14:44:58.010 554-4264 VPUAPI pid-554 I [+][3185]Wave6VpuEncGetResult.
2026-06-08 14:44:58.010 554-4264 VPUAPI pid-554 I [Wave6VpuEncGetResult]gpuCacheStatus[0] = 0
2026-06-08 14:44:58.010 554-4264 VPUAPI pid-554 I [-][3340]Wave6VpuEncGetResult.ret:0x0
2026-06-08 14:44:58.010 554-4264 VPUAPI pid-554 I [2593]VPU_EncGetOutputInfo.encSrcIdx:0x0,reconFrameIndex:0x1
2026-06-08 14:44:58.010 554-4264 VPUAPI pid-554 I [-][2605]VPU_EncGetOutputInfo.ret:0x0
2026-06-08 14:44:58.010 554-4264 RTK_WRAP_ENC_VE4 pid-554 I encodeTime 3.770368 ms || Enc: 77|| picType 1 || reconIdx 1 || rdPtr 262e0000 || wrPtr 262e0049
2026-06-08 14:44:58.010 554-4264 RTK_WRAP_ENC_VE4 pid-554 I nHeaderLen: 0|| pVpu->outputInfo.bitstreamSize 73
2026-06-08 14:44:58.010 554-4264 RTK_WRAP_ENC_VE4 pid-554 I stream->buf_max_size : 2097152, stream->streamlen :73
2026-06-08 14:44:58.010 554-4264 RTKC2Venc pid-554 I ooo : frameIndex=77, streamSize=73, keyFrameFlag=0
2026-06-08 14:44:58.010 554-4264 RTKC2Venc pid-554 I Call finishWork in 761
2026-06-08 14:44:58.010 554-4264 RTKC2Venc pid-554 I Ready to finish 77
2026-06-08 14:44:58.011 554-4264 RTKC2Venc pid-554 I Finish finish 77
2026-06-08 14:44:58.011 554-4264 RTKC2Venc pid-554 I iii : flag=0, frameIndex=78, timeStamp=481856404, eos=0, dump_enable=0, yuvDumpFreq=1
2026-06-08 14:44:58.011 554-4264 RTKC2Venc pid-554 I Continue standard encode!
2026-06-08 14:44:58.012 554-4264 RTKC2Venc pid-554 I [extractGraphicBuffer][833] width = 1280 || height = 1600 || y_stride = 5120 || uStride = 5120 || vStride = 5120 || colorFormat = 1 || srcPhy = 0x0 || srcbufSize = 8192000
2026-06-08 14:44:58.012 554-4264 RTKC2Venc pid-554 I encoder->RequestSync = 0 cur_requestSync = 0
2026-06-08 14:44:58.012 554-4264 VideoClientEncVE pid-554 I [writeInputFrame][521] write input data to HW
2026-06-08 14:44:58.012 554-4264 RTK_WRAP_ENC_VE4 pid-554 I CODEC_SET_COLOR_FORMAT = 0x1
2026-06-08 14:44:58.012 554-4264 RTK_WRAP_ENC_VE4 pid-554 I [2599][encoder_set_video_config][CODEC_SET_COLOR_FORMAT] HAL_PIXEL_FORMAT_RGBA_8888
2026-06-08 14:44:58.012 554-4264 VideoClientEncVE pid-554 I calculated frameSize = 3072000
2026-06-08 14:44:58.012 554-4264 VideoClientEncVE pid-554 I mImpl->I_Interval = 600
2026-06-08 14:44:58.012 554-4264 RTK_WRAP_ENC_VE4 pid-554 I width 1280(1280), height 1600(1600), stride 1280
2026-06-08 14:44:58.012 554-4264 RTK_WRAP_ENC_VE4 pid-554 I =================encoder_encode_video================= encOP.picWidth: 1280 encOP.picHeight: 1600 origWidth: 1280 origHeight: 1600 srcFrameWidth: 1280 srcFrameHeight: 1600 srcFrameStride: 1280 fbStride: 1280 framebufWidth: 1280 framebufHeight: 1600 framebufStride: 1280 fbAllocInfo.stride: 1280 fbAllocInfo.height: 1600 buffe_resolution_flag=0
2026-06-08 14:44:58.012 554-4264 RTK_WRAP_ENC_VE4 pid-554 I copy method: HAL_PIXEL_FORMAT_RGBA_8888
2026-06-08 14:44:58.012 554-4264 RTK_WRAP_ENC_VE4 pid-554 I [+] in [CopyRGBA8888ToYUV420Frame]
2026-06-08 14:44:58.017 4251-4267 MPEG4Writer pid-4251 D non-key frame, nIPFramesCtr 78, nLastIPFramesCtr 0
2026-06-08 14:44:58.084 2359-2492 BluetoothSocket pid-2359 D accept(), timeout (ms):-1
2026-06-08 14:44:58.084 2359-2492 BTConnectionMethod pid-2359 E AcceptThread: accept() failed java.io.IOException: read failed, socket might closed or timeout, read ret: -1
at android.bluetooth.BluetoothSocket.readAll(BluetoothSocket.java:924)
at android.bluetooth.BluetoothSocket.waitSocketSignal(BluetoothSocket.java:877)
at android.bluetooth.BluetoothSocket.accept(BluetoothSocket.java:626)
at android.bluetooth.BluetoothServerSocket.accept(BluetoothServerSocket.java:195)
at android.bluetooth.BluetoothServerSocket.accept(BluetoothServerSocket.java:178)
at com.abaltatech.mcs.bluetooth.android.BluetoothConnectionMethod$AcceptThread.acceptConnection(BluetoothConnectionMethod.java:504)
at com.abaltatech.mcs.bluetooth.android.BluetoothConnectionMethod$AcceptThread.run(BluetoothConnectionMethod.java:475)
2026-06-08 14:44:58.121 554-4264 RTK_WRAP_ENC_VE4 pid-554 I [-] in [CopyRGBA8888ToYUV420Frame]
2026-06-08 14:44:58.121 554-4264 RTK_WRAP_ENC_VE4 pid-554 I GopSize is greater than 1, GopSize=600, encodedIdx=78
2026-06-08 14:44:58.121 554-4264 VPUAPI pid-554 I [+][2488]VPU_EncStartOneFrame.
2026-06-08 14:44:58.121 554-4264 VPUAPI pid-554 I [2509]VPU_EncStartOneFrame.bf ProductVpuEncCheckEncParam
2026-06-08 14:44:58.121 554-4264 VPUAPI pid-554 I [2511]VPU_EncStartOneFrame.af ProductVpuEncCheckEncParam
2026-06-08 14:44:58.121 554-4264 VPUAPI pid-554 I wrapper_reg_wirte(0x0008,0x00000020);
2026-06-08 14:44:58.121 554-4264 VPUAPI pid-554 I [2910]gen_enc_pic_reg.encWidth:1280.set axi bit:0,1
2026-06-08 14:44:58.121 554-4264 VPUAPI pid-554 I reg_wirte(VE4_IP_BASE_ADDR+0x0300,0x262e0000);
2026-06-08 14:44:58.121 554-4264 VPUAPI pid-554 I reg_wirte(VE4_IP_BASE_ADDR+0x0304,0x0002a000);
2026-06-08 14:44:58.121 554-4264 VPUAPI pid-554 I reg_wirte(VE4_IP_BASE_ADDR+0x0308,0x00000040);
2026-06-08 14:44:58.122 554-4264 VPUAPI pid-554 I reg_wirte(VE4_IP_BASE_ADDR+0x030c,0x00000001);
2026-06-08 14:44:58.122 554-4264 VPUAPI pid-554 I reg_wirte(VE4_IP_BASE_ADDR+0x0310,0x00000000);
2026-06-08 14:44:58.122 554-4264 VPUAPI pid-554 I reg_wirte(VE4_IP_BASE_ADDR+0x0318,0x00000000);
2026-06-08 14:44:58.122 554-4264 VPUAPI pid-554 I reg_wirte(VE4_IP_BASE_ADDR+0x031c,0x00000000);
2026-06-08 14:44:58.122 554-4264 VPUAPI pid-554 I reg_wirte(VE4_IP_BASE_ADDR+0x0320,0x00000000);
2026-06-08 14:44:58.122 554-4264 VPUAPI pid-554 I reg_wirte(VE4_IP_BASE_ADDR+0x0324,0x00000000);
2026-06-08 14:44:58.122 554-4264 VPUAPI pid-554 I reg_wirte(VE4_IP_BASE_ADDR+0x032c,0x00000000);
2026-06-08 14:44:58.122 554-4264 VPUAPI pid-554 I reg_wirte(VE4_IP_BASE_ADDR+0x0330,0x26964000);
2026-06-08 14:44:58.122 554-4264 VPUAPI pid-554 I reg_wirte(VE4_IP_BASE_ADDR+0x0334,0x26b58000);
2026-06-08 14:44:58.122 554-4264 VPUAPI pid-554 I reg_wirte(VE4_IP_BASE_ADDR+0x0338,0x26bd5000);
2026-06-08 14:44:58.122 554-4264 VPUAPI pid-554 I reg_wirte(VE4_IP_BASE_ADDR+0x033c,0x05000280);
2026-06-08 14:44:58.122 554-4264 VPUAPI pid-554 I reg_wirte(VE4_IP_BASE_ADDR+0x0340,0x0000f000);
2026-06-08 14:44:58.122 554-4264 VPUAPI pid-554 I reg_wirte(VE4_IP_BASE_ADDR+0x0348,0x00000000);
2026-06-08 14:44:58.122 554-4264 VPUAPI pid-554 I reg_wirte(VE4_IP_BASE_ADDR+0x034c,0x00000003);
2026-06-08 14:44:58.122 554-4264 VPUAPI pid-554 I reg_wirte(VE4_IP_BASE_ADDR+0x0350,0x07200000);
2026-06-08 14:44:58.122 554-4264 VPUAPI pid-554 I reg_wirte(VE4_IP_BASE_ADDR+0x0354,0x00000000);
2026-06-08 14:44:58.122 554-4264 VPUAPI pid-554 I reg_wirte(VE4_IP_BASE_ADDR+0x0358,0x00000000);
2026-06-08 14:44:58.122 554-4264 VPUAPI pid-554 I reg_wirte(VE4_IP_BASE_ADDR+0x035c,0x00000000);
2026-06-08 14:44:58.122 554-4264 VPUAPI pid-554 I reg_wirte(VE4_IP_BASE_ADDR+0x0360,0x00000000);
2026-06-08 14:44:58.122 554-4264 VPUAPI pid-554 I reg_wirte(VE4_IP_BASE_ADDR+0x0364,0x00000000);
2026-06-08 14:44:58.122 554-4264 VPUAPI pid-554 I reg_wirte(VE4_IP_BASE_ADDR+0x03e8,0x00000000);
2026-06-08 14:44:58.122 554-4264 VPUAPI pid-554 I reg_wirte(VE4_IP_BASE_ADDR+0x03ec,0x00000000);
2026-06-08 14:44:58.122 554-4264 VPUAPI pid-554 I reg_wirte(VE4_IP_BASE_ADDR+0x03f0,0x00000000);
2026-06-08 14:44:58.122 554-4264 VPUAPI pid-554 I reg_wirte(VE4_IP_BASE_ADDR+0x03f4,0x00000000);
2026-06-08 14:44:58.122 554-4264 VPUAPI pid-554 I reg_wirte(VE4_IP_BASE_ADDR+0x0414,0x00000000);
2026-06-08 14:44:58.122 554-4264 VPUAPI pid-554 I reg_wirte(VE4_IP_BASE_ADDR+0x0418,0x00000000);
2026-06-08 14:44:58.122 554-4264 VPUAPI pid-554 I reg_wirte(VE4_IP_BASE_ADDR+0x041c,0x00000000);
2026-06-08 14:44:58.122 554-4264 VPUAPI pid-554 I reg_wirte(VE4_IP_BASE_ADDR+0x0420,0x00000000);
2026-06-08 14:44:58.122 554-4264 VPUAPI pid-554 I reg_wirte(VE4_IP_BASE_ADDR+0x0424,0x00000000);
2026-06-08 14:44:58.122 554-4264 VPUAPI pid-554 I reg_wirte(VE4_IP_BASE_ADDR+0x0428,0x00000000);
2026-06-08 14:44:58.122 554-4264 VPUAPI pid-554 I reg_wirte(VE4_IP_BASE_ADDR+0x03f8,0x00000000);
2026-06-08 14:44:58.122 554-4264 VPUAPI pid-554 I reg_wirte(VE4_IP_BASE_ADDR+0x042c,0x00000001);
2026-06-08 14:44:58.122 554-4264 VPUAPI pid-554 I reg_wirte(VE4_IP_BASE_ADDR+0x03fc,0x00000000);
2026-06-08 14:44:58.122 554-4264 VPUAPI pid-554 I reg_wirte(VE4_IP_BASE_ADDR+0x0400,0x00000000);
2026-06-08 14:44:58.122 554-4264 VPUAPI pid-554 I reg_wirte(VE4_IP_BASE_ADDR+0x0404,0x00000000);
2026-06-08 14:44:58.122 554-4264 VPUAPI pid-554 I reg_wirte(VE4_IP_BASE_ADDR+0x0408,0x00000000);
2026-06-08 14:44:58.122 554-4264 VPUAPI pid-554 I reg_wirte(VE4_IP_BASE_ADDR+0x040c,0x00000000);
2026-06-08 14:44:58.122 554-4264 VPUAPI pid-554 I reg_wirte(VE4_IP_BASE_ADDR+0x0410,0x00000000);
2026-06-08 14:44:58.122 554-4264 VPUAPI pid-554 I [119]W6SendCommand.VpuWriteReg W6_CMD_INSTANCE_INFO:0x210.value:0x30000
2026-06-08 14:44:58.122 554-4264 VPUAPI pid-554 I reg_wirte(VE4_IP_BASE_ADDR+0x0210,0x00030000);
2026-06-08 14:44:58.122 554-4264 VPUAPI pid-554 I [123]W6SendCommand.VpuWriteReg W6_VPU_CMD_BUSY_STATUS:0x70.value:1
2026-06-08 14:44:58.122 554-4264 VPUAPI pid-554 I reg_wirte(VE4_IP_BASE_ADDR+0x0070,0x00000001);
2026-06-08 14:44:58.122 554-4264 VPUAPI pid-554 I [125]W6SendCommand.VpuWriteReg W6_COMMAND:0x200.value:0x100
2026-06-08 14:44:58.122 554-4264 VPUAPI pid-554 I reg_wirte(VE4_IP_BASE_ADDR+0x0200,0x00000100);
2026-06-08 14:44:58.122 554-4264 VPUAPI pid-554 I [131]W6SendCommand.VpuWriteReg W6_VPU_HOST_INT_REQ:0x6c.value:1
2026-06-08 14:44:58.122 554-4264 VPUAPI pid-554 I reg_wirte(VE4_IP_BASE_ADDR+0x0038,0x00000001);
2026-06-08 14:44:58.122 554-4264 VPUAPI pid-554 I [134]W6SendCommand.cmd:0x100.W6_VPU_VPU_INT_STS:0x0.W6_VPU_VINT_REASON:0x0
2026-06-08 14:44:58.122 554-4264 VPUAPI pid-554 I [-][2548]VPU_EncStartOneFrame.ret:0x0
2026-06-08 14:44:58.122 554-4264 RTK_WRAP_ENC_VE4 pid-554 I VPU_EncStartOneFrame() success
2026-06-08 14:44:58.126 554-4264 VPUAPI pid-554 I clear interruptFlag=256
2026-06-08 14:44:58.126 554-4264 VPUAPI pid-554 I [+][2562]VPU_EncGetOutputInfo.
2026-06-08 14:44:58.126 554-4264 VPUAPI pid-554 I [+][3185]Wave6VpuEncGetResult.
2026-06-08 14:44:58.126 554-4264 VPUAPI pid-554 I [Wave6VpuEncGetResult]gpuCacheStatus[0] = 0
2026-06-08 14:44:58.126 554-4264 VPUAPI pid-554 I [-][3340]Wave6VpuEncGetResult.ret:0x0
2026-06-08 14:44:58.126 554-4264 VPUAPI pid-554 I [2593]VPU_EncGetOutputInfo.encSrcIdx:0x0,reconFrameIndex:0x1
2026-06-08 14:44:58.126 554-4264 VPUAPI pid-554 I [-][2605]VPU_EncGetOutputInfo.ret:0x0
2026-06-08 14:44:58.126 554-4264 RTK_WRAP_ENC_VE4 pid-554 I encodeTime 3.811328 ms || Enc: 78|| picType 1 || reconIdx 1 || rdPtr 262e0000 || wrPtr 262e0584
2026-06-08 14:44:58.126 554-4264 RTK_WRAP_ENC_VE4 pid-554 I nHeaderLen: 0|| pVpu->outputInfo.bitstreamSize 1412
2026-06-08 14:44:58.126 554-4264 RTK_WRAP_ENC_VE4 pid-554 I stream->buf_max_size : 2097152, stream->streamlen :1412
2026-06-08 14:44:58.126 554-4264 RTKC2Venc pid-554 I ooo : frameIndex=78, streamSize=1412, keyFrameFlag=0
2026-06-08 14:44:58.126 554-4264 RTKC2Venc pid-554 I Call finishWork in 761
2026-06-08 14:44:58.126 554-4264 RTKC2Venc pid-554 I Ready to finish 78
2026-06-08 14:44:58.126 554-4264 RTKC2Venc pid-554 I Finish finish 78
2026-06-08 14:44:58.126 554-4264 RTKC2Venc pid-554 I iii : flag=0, frameIndex=79, timeStamp=483157998, eos=0, dump_enable=0, yuvDumpFreq=1
2026-06-08 14:44:58.126 554-4264 RTKC2Venc pid-554 I Continue standard encode!
2026-06-08 14:44:58.127 554-4264 RTKC2Venc pid-554 I [extractGraphicBuffer][833] width = 1280 || height = 1600 || y_stride = 5120 || uStride = 5120 || vStride = 5120 || colorFormat = 1 || srcPhy = 0x0 || srcbufSize = 8192000
2026-06-08 14:44:58.127 554-4264 RTKC2Venc pid-554 I encoder->RequestSync = 0 cur_requestSync = 0
2026-06-08 14:44:58.127 4251-4267 MPEG4Writer pid-4251 D non-key frame, nIPFramesCtr 79, nLastIPFramesCtr 0
2026-06-08 14:44:58.127 554-4264 VideoClientEncVE pid-554 I [writeInputFrame][521] write input data to HW
2026-06-08 14:44:58.127 554-4264 RTK_WRAP_ENC_VE4 pid-554 I CODEC_SET_COLOR_FORMAT = 0x1
2026-06-08 14:44:58.127 554-4264 RTK_WRAP_ENC_VE4 pid-554 I [2599][encoder_set_video_config][CODEC_SET_COLOR_FORMAT] HAL_PIXEL_FORMAT_RGBA_8888
2026-06-08 14:44:58.127 554-4264 VideoClientEncVE pid-554 I calculated frameSize = 3072000
2026-06-08 14:44:58.127 554-4264 VideoClientEncVE pid-554 I mImpl->I_Interval = 600
2026-06-08 14:44:58.128 554-4264 RTK_WRAP_ENC_VE4 pid-554 I width 1280(1280), height 1600(1600), stride 1280
2026-06-08 14:44:58.128 554-4264 RTK_WRAP_ENC_VE4 pid-554 I =================encoder_encode_video================= encOP.picWidth: 1280 encOP.picHeight: 1600 origWidth: 1280 origHeight: 1600 srcFrameWidth: 1280 srcFrameHeight: 1600 srcFrameStride: 1280 fbStride: 1280 framebufWidth: 1280 framebufHeight: 1600 framebufStride: 1280 fbAllocInfo.stride: 1280 fbAllocInfo.height: 1600 buffe_resolution_flag=0
2026-06-08 14:44:58.128 554-4264 RTK_WRAP_ENC_VE4 pid-554 I copy method: HAL_PIXEL_FORMAT_RGBA_8888
2026-06-08 14:44:58.128 554-4264 RTK_WRAP_ENC_VE4 pid-554 I [+] in [CopyRGBA8888ToYUV420Frame]
2026-06-08 14:44:58.218 554-4264 RTK_WRAP_ENC_VE4 pid-554 I [-] in [CopyRGBA8888ToYUV420Frame]
2026-06-08 14:44:58.218 554-4264 RTK_WRAP_ENC_VE4 pid-554 I GopSize is greater than 1, GopSize=600, encodedIdx=79
2026-06-08 14:44:58.218 554-4264 VPUAPI pid-554 I [+][2488]VPU_EncStartOneFrame.
2026-06-08 14:44:58.218 554-4264 VPUAPI pid-554 I [2509]VPU_EncStartOneFrame.bf ProductVpuEncCheckEncParam
2026-06-08 14:44:58.218 554-4264 VPUAPI pid-554 I [2511]VPU_EncStartOneFrame.af ProductVpuEncCheckEncParam
2026-06-08 14:44:58.218 554-4264 VPUAPI pid-554 I wrapper_reg_wirte(0x0008,0x00000020);
2026-06-08 14:44:58.218 554-4264 VPUAPI pid-554 I [2910]gen_enc_pic_reg.encWidth:1280.set axi bit:0,1
2026-06-08 14:44:58.218 554-4264 VPUAPI pid-554 I reg_wirte(VE4_IP_BASE_ADDR+0x0300,0x262e0000);
2026-06-08 14:44:58.218 554-4264 VPUAPI pid-554 I reg_wirte(VE4_IP_BASE_ADDR+0x0304,0x0002a000);
2026-06-08 14:44:58.218 554-4264 VPUAPI pid-554 I reg_wirte(VE4_IP_BASE_ADDR+0x0308,0x00000040);
2026-06-08 14:44:58.218 554-4264 VPUAPI pid-554 I reg_wirte(VE4_IP_BASE_ADDR+0x030c,0x00000001);
2026-06-08 14:44:58.218 554-4264 VPUAPI pid-554 I reg_wirte(VE4_IP_BASE_ADDR+0x0310,0x00000000);
2026-06-08 14:44:58.218 554-4264 VPUAPI pid-554 I reg_wirte(VE4_IP_BASE_ADDR+0x0318,0x00000000);
2026-06-08 14:44:58.218 554-4264 VPUAPI pid-554 I reg_wirte(VE4_IP_BASE_ADDR+0x031c,0x00000000);
2026-06-08 14:44:58.218 554-4264 VPUAPI pid-554 I reg_wirte(VE4_IP_BASE_ADDR+0x0320,0x00000000);
2026-06-08 14:44:58.218 554-4264 VPUAPI pid-554 I reg_wirte(VE4_IP_BASE_ADDR+0x0324,0x00000000);
2026-06-08 14:44:58.218 554-4264 VPUAPI pid-554 I reg_wirte(VE4_IP_BASE_ADDR+0x032c,0x00000000);
2026-06-08 14:44:58.218 554-4264 VPUAPI pid-554 I reg_wirte(VE4_IP_BASE_ADDR+0x0330,0x26964000);
2026-06-08 14:44:58.218 554-4264 VPUAPI pid-554 I reg_wirte(VE4_IP_BASE_ADDR+0x0334,0x26b58000);
2026-06-08 14:44:58.218 554-4264 VPUAPI pid-554 I reg_wirte(VE4_IP_BASE_ADDR+0x0338,0x26bd5000);
2026-06-08 14:44:58.218 554-4264 VPUAPI pid-554 I reg_wirte(VE4_IP_BASE_ADDR+0x033c,0x05000280);
2026-06-08 14:44:58.218 554-4264 VPUAPI pid-554 I reg_wirte(VE4_IP_BASE_ADDR+0x0340,0x0000f000);
2026-06-08 14:44:58.218 554-4264 VPUAPI pid-554 I reg_wirte(VE4_IP_BASE_ADDR+0x0348,0x00000000);
2026-06-08 14:44:58.218 554-4264 VPUAPI pid-554 I reg_wirte(VE4_IP_BASE_ADDR+0x034c,0x00000003);
2026-06-08 14:44:58.218 554-4264 VPUAPI pid-554 I reg_wirte(VE4_IP_BASE_ADDR+0x0350,0x07200000);
2026-06-08 14:44:58.218 554-4264 VPUAPI pid-554 I reg_wirte(VE4_IP_BASE_ADDR+0x0354,0x00000000);
2026-06-08 14:44:58.218 554-4264 VPUAPI pid-554 I reg_wirte(VE4_IP_BASE_ADDR+0x0358,0x00000000);
2026-06-08 14:44:58.218 554-4264 VPUAPI pid-554 I reg_wirte(VE4_IP_BASE_ADDR+0x035c,0x00000000);
2026-06-08 14:44:58.218 554-4264 VPUAPI pid-554 I reg_wirte(VE4_IP_BASE_ADDR+0x0360,0x00000000);
