2026-06-08 14:44:47.260 548-2408 rtk_audio_hw_patch pid-548 I source type:AUDIO_PORT_TYPE_MIX: source[0] handle:0x45,usecase:-1
2026-06-08 14:44:47.260 548-2408 rtk_audio_hw_patch pid-548 I sink type:AUDIO_PORT_TYPE_DEVICE: sink[0] device:0x1000000,address:bus6_other_sound_out
2026-06-08 14:44:47.260 548-2408 rtk_audio_hw_patch pid-548 D enddump ----------------patchManager!----------------
2026-06-08 14:44:47.260 548-2408 rtk_audio_hw_patch pid-548 I setDevicesMuteState beg: cnt_dev: 0x2, SPEAKER: mRef: 0, mIsMuted: 0, HEADPHONE: mRef: 0, mIsMuted: 1, HDMI: mRef: 0, mIsMuted: 1
2026-06-08 14:44:47.260 548-2408 rtk_audio_hw_patch pid-548 I setDevicesMuteState end: cnt_dev: 0x2, SPEAKER: mRef: 0, mIsMuted: 0, HEADPHONE: mRef: 0, mIsMuted: 1, HDMI: mRef: 0, mIsMuted: 1
2026-06-08 14:44:47.260 548-1764 audio_hw_p...y_v5.12.20 pid-548 D out_update_source_metadata():5778 source_metadata->track_count=1
2026-06-08 14:44:47.260 548-1764 audio_hw_p...y_v5.12.20 pid-548 D out_update_source_metadata():5780 out->usecase=0, usage=1, content_type=2
2026-06-08 14:44:47.260 548-1764 audio_hw_p...y_v5.12.20 pid-548 D out_update_source_metadata():5790 attr.usage is AUDIO_USAGE_MEDIA
2026-06-08 14:44:47.262 591-1463 APM::AudioPolicyEngine pid-591 I getDevicesForStrategyInt no device found for strategy 1
2026-06-08 14:44:47.262 591-1463 APM::AudioPolicyEngine pid-591 I getDevicesForStrategyInt no device found for strategy 2
2026-06-08 14:44:47.262 591-1463 APM::AudioPolicyEngine pid-591 I getDevicesForStrategyInt no device found for strategy 5
2026-06-08 14:44:47.263 591-1463 APM::AudioPolicyEngine pid-591 I getDevicesForStrategyInt no device found for strategy 7
2026-06-08 14:44:47.263 591-1463 APM::AudioPolicyEngine pid-591 I getDevicesForStrategyInt no device found for strategy 3
2026-06-08 14:44:47.263 591-1463 APM::AudioPolicyEngine pid-591 I getDevicesForStrategyInt no device found for strategy 0
2026-06-08 14:44:47.264 591-1463 APM::AudioPolicyEngine pid-591 I getDevicesForStrategyInt no device found for strategy 4
2026-06-08 14:44:47.264 591-1463 APM::AudioPolicyEngine pid-591 I getDevicesForStrategyInt no device found for strategy 6
2026-06-08 14:44:47.264 591-1463 APM::AudioPolicyEngine pid-591 I getDevicesForStrategyInt no device found for strategy 8
2026-06-08 14:44:47.264 591-1463 APM::AudioPolicyEngine pid-591 I getDevicesForStrategyInt no device found for strategy 8
2026-06-08 14:44:47.292 548-2408 audio_hw_p...y_v5.12.20 pid-548 D info AudioFlinger out_get_latency delay 101 usecase 0 device 0x1000000 mA2dpOpenCnt 0
2026-06-08 14:44:47.308 566-3352 gps_hdbd pid-566 D RTK: disable write_gpio /sys/ontim_bootinfo/gps_reset value 1
2026-06-08 14:44:47.309 548-2408 audio_hw_p...y_v5.12.20 pid-548 D info AudioFlinger out_get_latency delay 101 usecase 0 device 0x1000000 mA2dpOpenCnt 0
2026-06-08 14:44:47.319 566-3352 gps_hdbd pid-566 D RTK: disable write_gpio /sys/ontim_bootinfo/gps_reset value 0
2026-06-08 14:44:47.326 548-2408 audio_hw_p...y_v5.12.20 pid-548 D info AudioFlinger out_get_latency delay 101 usecase 0 device 0x1000000 mA2dpOpenCnt 0
2026-06-08 14:44:47.342 566-3352 gps_hdbd pid-566 D RTK: disable write_gpio /sys/ontim_bootinfo/gps_reset value 1
2026-06-08 14:44:47.343 548-2408 audio_hw_p...y_v5.12.20 pid-548 D adev_create_audio_patch: handle:1
2026-06-08 14:44:47.343 548-2408 audio_hw_p...y_v5.12.20 pid-548 I audio patch already exists
2026-06-08 14:44:47.343 548-2408 audio_hw_p...y_v5.12.20 pid-548 D create_audio_patch done 1
2026-06-08 14:44:47.343 591-797 audioserver pid-591 D logFgsApiEnd: FGS Logger Transaction failed, -129
2026-06-08 14:44:47.343 591-797 audioserver pid-591 D logFgsApiBegin: FGS Logger Transaction failed, -129
2026-06-08 14:44:47.344 548-2408 audio_hw_p...y_v5.12.20 pid-548 D info AudioFlinger out_get_latency delay 101 usecase 0 device 0x1000000 mA2dpOpenCnt 0
2026-06-08 14:44:47.345 548-1764 audio_hw_p...y_v5.12.20 pid-548 D info AudioFlinger out_get_latency delay 101 usecase 0 device 0x1000000 mA2dpOpenCnt 0
2026-06-08 14:44:47.345 548-610 audio_hw_p...y_v5.12.20 pid-548 D out_update_source_metadata():5778 source_metadata->track_count=1
2026-06-08 14:44:47.345 548-610 audio_hw_p...y_v5.12.20 pid-548 D out_update_source_metadata():5780 out->usecase=0, usage=1, content_type=2
2026-06-08 14:44:47.345 548-610 audio_hw_p...y_v5.12.20 pid-548 D out_update_source_metadata():5790 attr.usage is AUDIO_USAGE_MEDIA
2026-06-08 14:44:47.348 1938-1938 AnalogInputPlayer pid-1938 D stop: HwAudioSource stopped source=0x7b75ac9 thread=main
2026-06-08 14:44:47.348 1938-1938 AnalogInputPlayer pid-1938 D stop: state cleared thread=main
2026-06-08 14:44:47.348 1938-1938 AudioChannelManager pid-1938 D setChannel: request=MIC(0) current=RADIO(1) thread=main
2026-06-08 14:44:47.348 1938-1938 AudioChannelManager pid-1938 D setAudioParameter: invoke parameter=analog_in_2_index=0 thread=main
2026-06-08 14:44:47.350 548-1764 audio_hw_p...y_v5.12.20 pid-548 D adev_set_parameters analog_in_2_index=0
2026-06-08 14:44:47.350 548-1764 audio_hw_p...y_v5.12.20 pid-548 D [set_aux_in_type:9428] enter
2026-06-08 14:44:47.350 548-1764 AudioUtil pid-548 D SetAudioAuxInMode, mode=14
2026-06-08 14:44:47.355 548-610 audio_hw_p...y_v5.12.20 pid-548 D info AudioFlinger out_get_latency delay 101 usecase 0 device 0x1000000 mA2dpOpenCnt 0
2026-06-08 14:44:47.356 548-1764 audio_hw_p...y_v5.12.20 pid-548 D [set_analog_in_2:9390] enter
2026-06-08 14:44:47.356 548-1764 audio_hw_p...y_v5.12.20 pid-548 D set_analog_in_2: audio_analog_in2_index 0.
2026-06-08 14:44:47.356 548-1764 AudioMixerControll pid-548 D set_audio_analog_input_2_index_value 814: card (0), audio_input_2_index (0)
2026-06-08 14:44:47.357 548-1764 audio_hw_p...y_v5.12.20 pid-548 D [set_analog_in_2:9409] set_audio_analog_input_2_index_value() success
2026-06-08 14:44:47.357 548-1764 AudioUtil pid-548 D [vendor/realtek/common-stb/libs/hardware/AudioUtil_alsa/AudioUtil.cpp:2536] SetAudioAnalogIn2IndexValue(), Analog In2 Index=0
2026-06-08 14:44:47.364 548-1764 audio_hw_p...y_v5.12.20 pid-548 D [set_analog_in_2:9419] exit
2026-06-08 14:44:47.364 548-1764 audio_hw_p...y_v5.12.20 pid-548 D [set_aux_in_type:9467] exit
2026-06-08 14:44:47.364 548-1764 AudioUtil pid-548 D [vendor/realtek/common-stb/libs/hardware/AudioUtil_alsa/AudioUtil.cpp:2638] GetAudioBTPcmPassthroughSelftestEnableValue(), BTPcmPassthrough selftest enable=0
2026-06-08 14:44:47.364 548-1764 audio_hw_hfp pid-548 E audio_extn_hfp_set_parameters
2026-06-08 14:44:47.365 1938-1938 AudioChannelManager pid-1938 D setAudioParameter: analog_in_2_index=0 set thread=main
2026-06-08 14:44:47.365 1938-1938 AudioChannelManager pid-1938 D setChannel: applied currentChannel=MIC(0) thread=main
2026-06-08 14:44:47.365 1938-1938 AudioChannelService pid-1938 D updateRadioPlayback: radio inactive path done thread=main
2026-06-08 14:44:47.367 554-4264 RTK_WRAP_ENC_VE4 pid-554 I [-] in [CopyRGBA8888ToYUV420Frame]
2026-06-08 14:44:47.368 554-4264 RTK_WRAP_ENC_VE4 pid-554 I GopSize is greater than 1, GopSize=600, encodedIdx=5
2026-06-08 14:44:47.368 554-4264 VPUAPI pid-554 I [+][2488]VPU_EncStartOneFrame.
2026-06-08 14:44:47.368 554-4264 VPUAPI pid-554 I [2509]VPU_EncStartOneFrame.bf ProductVpuEncCheckEncParam
2026-06-08 14:44:47.368 554-4264 VPUAPI pid-554 I [2511]VPU_EncStartOneFrame.af ProductVpuEncCheckEncParam
2026-06-08 14:44:47.368 554-4264 VPUAPI pid-554 I wrapper_reg_wirte(0x0008,0x00000020);
2026-06-08 14:44:47.368 554-4264 VPUAPI pid-554 I [2910]gen_enc_pic_reg.encWidth:1280.set axi bit:0,1
2026-06-08 14:44:47.368 554-4264 VPUAPI pid-554 I reg_wirte(VE4_IP_BASE_ADDR+0x0300,0x262e0000);
2026-06-08 14:44:47.368 554-4264 VPUAPI pid-554 I reg_wirte(VE4_IP_BASE_ADDR+0x0304,0x0002a000);
2026-06-08 14:44:47.368 554-4264 VPUAPI pid-554 I reg_wirte(VE4_IP_BASE_ADDR+0x0308,0x00000040);
2026-06-08 14:44:47.368 554-4264 VPUAPI pid-554 I reg_wirte(VE4_IP_BASE_ADDR+0x030c,0x00000001);
2026-06-08 14:44:47.368 554-4264 VPUAPI pid-554 I reg_wirte(VE4_IP_BASE_ADDR+0x0310,0x00000000);
2026-06-08 14:44:47.368 554-4264 VPUAPI pid-554 I reg_wirte(VE4_IP_BASE_ADDR+0x0318,0x00000000);
2026-06-08 14:44:47.368 554-4264 VPUAPI pid-554 I reg_wirte(VE4_IP_BASE_ADDR+0x031c,0x00000000);
2026-06-08 14:44:47.368 554-4264 VPUAPI pid-554 I reg_wirte(VE4_IP_BASE_ADDR+0x0320,0x00000000);
2026-06-08 14:44:47.368 554-4264 VPUAPI pid-554 I reg_wirte(VE4_IP_BASE_ADDR+0x0324,0x00000000);
2026-06-08 14:44:47.368 554-4264 VPUAPI pid-554 I reg_wirte(VE4_IP_BASE_ADDR+0x032c,0x00000000);
2026-06-08 14:44:47.368 554-4264 VPUAPI pid-554 I reg_wirte(VE4_IP_BASE_ADDR+0x0330,0x26964000);
2026-06-08 14:44:47.368 554-4264 VPUAPI pid-554 I reg_wirte(VE4_IP_BASE_ADDR+0x0334,0x26b58000);
2026-06-08 14:44:47.368 554-4264 VPUAPI pid-554 I reg_wirte(VE4_IP_BASE_ADDR+0x0338,0x26bd5000);
2026-06-08 14:44:47.368 554-4264 VPUAPI pid-554 I reg_wirte(VE4_IP_BASE_ADDR+0x033c,0x05000280);
2026-06-08 14:44:47.368 554-4264 VPUAPI pid-554 I reg_wirte(VE4_IP_BASE_ADDR+0x0340,0x0000f000);
2026-06-08 14:44:47.368 554-4264 VPUAPI pid-554 I reg_wirte(VE4_IP_BASE_ADDR+0x0348,0x00000000);
2026-06-08 14:44:47.368 554-4264 VPUAPI pid-554 I reg_wirte(VE4_IP_BASE_ADDR+0x034c,0x00000003);
2026-06-08 14:44:47.368 554-4264 VPUAPI pid-554 I reg_wirte(VE4_IP_BASE_ADDR+0x0350,0x07200000);
2026-06-08 14:44:47.368 554-4264 VPUAPI pid-554 I reg_wirte(VE4_IP_BASE_ADDR+0x0354,0x00000000);
2026-06-08 14:44:47.368 554-4264 VPUAPI pid-554 I reg_wirte(VE4_IP_BASE_ADDR+0x0358,0x00000000);
2026-06-08 14:44:47.368 554-4264 VPUAPI pid-554 I reg_wirte(VE4_IP_BASE_ADDR+0x035c,0x00000000);
2026-06-08 14:44:47.368 554-4264 VPUAPI pid-554 I reg_wirte(VE4_IP_BASE_ADDR+0x0360,0x00000000);
2026-06-08 14:44:47.368 554-4264 VPUAPI pid-554 I reg_wirte(VE4_IP_BASE_ADDR+0x0364,0x00000000);
2026-06-08 14:44:47.368 554-4264 VPUAPI pid-554 I reg_wirte(VE4_IP_BASE_ADDR+0x03e8,0x00000000);
2026-06-08 14:44:47.368 554-4264 VPUAPI pid-554 I reg_wirte(VE4_IP_BASE_ADDR+0x03ec,0x00000000);
2026-06-08 14:44:47.368 554-4264 VPUAPI pid-554 I reg_wirte(VE4_IP_BASE_ADDR+0x03f0,0x00000000);
2026-06-08 14:44:47.368 554-4264 VPUAPI pid-554 I reg_wirte(VE4_IP_BASE_ADDR+0x03f4,0x00000000);
2026-06-08 14:44:47.368 554-4264 VPUAPI pid-554 I reg_wirte(VE4_IP_BASE_ADDR+0x0414,0x00000000);
2026-06-08 14:44:47.368 554-4264 VPUAPI pid-554 I reg_wirte(VE4_IP_BASE_ADDR+0x0418,0x00000000);
2026-06-08 14:44:47.368 554-4264 VPUAPI pid-554 I reg_wirte(VE4_IP_BASE_ADDR+0x041c,0x00000000);
2026-06-08 14:44:47.368 554-4264 VPUAPI pid-554 I reg_wirte(VE4_IP_BASE_ADDR+0x0420,0x00000000);
2026-06-08 14:44:47.368 554-4264 VPUAPI pid-554 I reg_wirte(VE4_IP_BASE_ADDR+0x0424,0x00000000);
2026-06-08 14:44:47.368 554-4264 VPUAPI pid-554 I reg_wirte(VE4_IP_BASE_ADDR+0x0428,0x00000000);
2026-06-08 14:44:47.368 554-4264 VPUAPI pid-554 I reg_wirte(VE4_IP_BASE_ADDR+0x03f8,0x00000000);
2026-06-08 14:44:47.368 554-4264 VPUAPI pid-554 I reg_wirte(VE4_IP_BASE_ADDR+0x042c,0x00000001);
2026-06-08 14:44:47.368 554-4264 VPUAPI pid-554 I reg_wirte(VE4_IP_BASE_ADDR+0x03fc,0x00000000);
2026-06-08 14:44:47.368 554-4264 VPUAPI pid-554 I reg_wirte(VE4_IP_BASE_ADDR+0x0400,0x00000000);
2026-06-08 14:44:47.368 554-4264 VPUAPI pid-554 I reg_wirte(VE4_IP_BASE_ADDR+0x0404,0x00000000);
2026-06-08 14:44:47.368 554-4264 VPUAPI pid-554 I reg_wirte(VE4_IP_BASE_ADDR+0x0408,0x00000000);
2026-06-08 14:44:47.368 554-4264 VPUAPI pid-554 I reg_wirte(VE4_IP_BASE_ADDR+0x040c,0x00000000);
2026-06-08 14:44:47.368 554-4264 VPUAPI pid-554 I reg_wirte(VE4_IP_BASE_ADDR+0x0410,0x00000000);
2026-06-08 14:44:47.368 554-4264 VPUAPI pid-554 I [119]W6SendCommand.VpuWriteReg W6_CMD_INSTANCE_INFO:0x210.value:0x30000
2026-06-08 14:44:47.368 554-4264 VPUAPI pid-554 I reg_wirte(VE4_IP_BASE_ADDR+0x0210,0x00030000);
2026-06-08 14:44:47.368 554-4264 VPUAPI pid-554 I [123]W6SendCommand.VpuWriteReg W6_VPU_CMD_BUSY_STATUS:0x70.value:1
2026-06-08 14:44:47.368 554-4264 VPUAPI pid-554 I reg_wirte(VE4_IP_BASE_ADDR+0x0070,0x00000001);
2026-06-08 14:44:47.368 554-4264 VPUAPI pid-554 I [125]W6SendCommand.VpuWriteReg W6_COMMAND:0x200.value:0x100
2026-06-08 14:44:47.368 554-4264 VPUAPI pid-554 I reg_wirte(VE4_IP_BASE_ADDR+0x0200,0x00000100);
2026-06-08 14:44:47.368 554-4264 VPUAPI pid-554 I [131]W6SendCommand.VpuWriteReg W6_VPU_HOST_INT_REQ:0x6c.value:1
2026-06-08 14:44:47.368 554-4264 VPUAPI pid-554 I reg_wirte(VE4_IP_BASE_ADDR+0x0038,0x00000001);
2026-06-08 14:44:47.368 554-4264 VPUAPI pid-554 I [134]W6SendCommand.cmd:0x100.W6_VPU_VPU_INT_STS:0x0.W6_VPU_VINT_REASON:0x0
2026-06-08 14:44:47.368 554-4264 VPUAPI pid-554 I [-][2548]VPU_EncStartOneFrame.ret:0x0
2026-06-08 14:44:47.368 554-4264 RTK_WRAP_ENC_VE4 pid-554 I VPU_EncStartOneFrame() success
2026-06-08 14:44:47.371 548-1764 audio_hw_p...y_v5.12.20 pid-548 D info AudioFlinger out_get_latency delay 101 usecase 0 device 0x1000000 mA2dpOpenCnt 0
2026-06-08 14:44:47.372 554-4264 VPUAPI pid-554 I clear interruptFlag=256
2026-06-08 14:44:47.372 554-4264 VPUAPI pid-554 I [+][2562]VPU_EncGetOutputInfo.
2026-06-08 14:44:47.372 554-4264 VPUAPI pid-554 I [+][3185]Wave6VpuEncGetResult.
2026-06-08 14:44:47.372 554-4264 VPUAPI pid-554 I [Wave6VpuEncGetResult]gpuCacheStatus[0] = 0
2026-06-08 14:44:47.372 554-4264 VPUAPI pid-554 I [-][3340]Wave6VpuEncGetResult.ret:0x0
2026-06-08 14:44:47.372 554-4264 VPUAPI pid-554 I [2593]VPU_EncGetOutputInfo.encSrcIdx:0x0,reconFrameIndex:0x1
2026-06-08 14:44:47.372 554-4264 VPUAPI pid-554 I [-][2605]VPU_EncGetOutputInfo.ret:0x0
2026-06-08 14:44:47.372 554-4264 RTK_WRAP_ENC_VE4 pid-554 I encodeTime 3.775488 ms || Enc: 5|| picType 1 || reconIdx 1 || rdPtr 262e0000 || wrPtr 262e4a03
2026-06-08 14:44:47.372 554-4264 RTK_WRAP_ENC_VE4 pid-554 I nHeaderLen: 0|| pVpu->outputInfo.bitstreamSize 18947
2026-06-08 14:44:47.372 554-4264 RTK_WRAP_ENC_VE4 pid-554 I stream->buf_max_size : 2097152, stream->streamlen :18947
2026-06-08 14:44:47.372 554-4264 RTKC2Venc pid-554 I ooo : frameIndex=5, streamSize=18947, keyFrameFlag=0
2026-06-08 14:44:47.372 554-4264 RTKC2Venc pid-554 I Call finishWork in 761
2026-06-08 14:44:47.372 554-4264 RTKC2Venc pid-554 I Ready to finish 5
2026-06-08 14:44:47.373 554-4264 RTKC2Venc pid-554 I Finish finish 5
2026-06-08 14:44:47.375 554-4264 RTKC2Venc pid-554 I iii : flag=0, frameIndex=6, timeStamp=471779322, eos=0, dump_enable=0, yuvDumpFreq=1
2026-06-08 14:44:47.375 554-4264 RTKC2Venc pid-554 I Continue standard encode!
2026-06-08 14:44:47.376 554-4264 RTKC2Venc pid-554 I [extractGraphicBuffer][833] width = 1280 || height = 1600 || y_stride = 5120 || uStride = 5120 || vStride = 5120 || colorFormat = 1 || srcPhy = 0x0 || srcbufSize = 8192000
2026-06-08 14:44:47.376 554-4264 RTKC2Venc pid-554 I encoder->RequestSync = 0 cur_requestSync = 0
2026-06-08 14:44:47.377 554-4264 VideoClientEncVE pid-554 I [writeInputFrame][521] write input data to HW
2026-06-08 14:44:47.377 554-4264 RTK_WRAP_ENC_VE4 pid-554 I CODEC_SET_COLOR_FORMAT = 0x1
2026-06-08 14:44:47.377 554-4264 RTK_WRAP_ENC_VE4 pid-554 I [2599][encoder_set_video_config][CODEC_SET_COLOR_FORMAT] HAL_PIXEL_FORMAT_RGBA_8888
2026-06-08 14:44:47.377 554-4264 VideoClientEncVE pid-554 I calculated frameSize = 3072000
2026-06-08 14:44:47.377 554-4264 VideoClientEncVE pid-554 I mImpl->I_Interval = 600
2026-06-08 14:44:47.377 554-4264 RTK_WRAP_ENC_VE4 pid-554 I width 1280(1280), height 1600(1600), stride 1280
2026-06-08 14:44:47.377 554-4264 RTK_WRAP_ENC_VE4 pid-554 I =================encoder_encode_video================= encOP.picWidth: 1280 encOP.picHeight: 1600 origWidth: 1280 origHeight: 1600 srcFrameWidth: 1280 srcFrameHeight: 1600 srcFrameStride: 1280 fbStride: 1280 framebufWidth: 1280 framebufHeight: 1600 framebufStride: 1280 fbAllocInfo.stride: 1280 fbAllocInfo.height: 1600 buffe_resolution_flag=0
2026-06-08 14:44:47.377 554-4264 RTK_WRAP_ENC_VE4 pid-554 I copy method: HAL_PIXEL_FORMAT_RGBA_8888
2026-06-08 14:44:47.377 554-4264 RTK_WRAP_ENC_VE4 pid-554 I [+] in [CopyRGBA8888ToYUV420Frame]
2026-06-08 14:44:47.379 4251-4267 MPEG4Writer pid-4251 D non-key frame, nIPFramesCtr 6, nLastIPFramesCtr 0
2026-06-08 14:44:47.388 548-1764 audio_hw_p...y_v5.12.20 pid-548 D info AudioFlinger out_get_latency delay 101 usecase 0 device 0x1000000 mA2dpOpenCnt 0
2026-06-08 14:44:47.403 548-1764 audio_hw_p...y_v5.12.20 pid-548 D info AudioFlinger out_get_latency delay 101 usecase 0 device 0x1000000 mA2dpOpenCnt 0
2026-06-08 14:44:47.410 591-797 audioserver pid-591 D logFgsApiEnd: FGS Logger Transaction failed, -129
2026-06-08 14:44:47.419 591-797 audioserver pid-591 D logFgsApiEnd: FGS Logger Transaction failed, -129
2026-06-08 14:44:47.419 591-797 audioserver pid-591 D logFgsApiEnd: FGS Logger Transaction failed, -129
2026-06-08 14:44:47.420 971-1067 RuleEvaluation pid-971 W Integrity rule files are not available.
2026-06-08 14:44:47.420 971-1020 PackageManager pid-971 I Integrity check passed for file:///data/app/vmdl170145602.tmp
2026-06-08 14:44:47.431 971-997 ActivityManager pid-971 I Force stopping com.auto.radio appid=1000 user=-1: installPackageLI
2026-06-08 14:44:47.431 971-1020 PackageManager pid-971 I Update system package com.auto.radio code path from /data/app/~~4ObRbqqrAeaC7XaAw8Smfg==/com.auto.radio-pcvICp3JAGEXtBvBUpeIIQ== to /data/app/~~Y_gOIK_ahalZuXHudZZG5g==/com.auto.radio-1Kv5Bmimkr9kj5GgTHllFQ==; Retain data and using new
2026-06-08 14:44:47.462 971-1020 PermissionManager pid-971 I Permission ownership changed. Updating all permissions.
2026-06-08 14:44:47.466 971-1020 PermissionManager pid-971 W Package com.android.adservices.api is an APK in APEX, but has permission allowlist on the system image. Please bundle the allowlist in the com.android.adservices APEX instead.
2026-06-08 14:44:47.492 566-3352 gps_hdbd pid-566 I [chip_to_reset 1383]HDBD HD8040 Reset
2026-06-08 14:44:47.492 566-3352 gps_hdbd pid-566 I [gps_monitor_thread 3665]no nmea > 3s, chip reset
2026-06-08 14:44:47.513 554-4264 RTK_WRAP_ENC_VE4 pid-554 I [-] in [CopyRGBA8888ToYUV420Frame]
2026-06-08 14:44:47.514 554-4264 RTK_WRAP_ENC_VE4 pid-554 I GopSize is greater than 1, GopSize=600, encodedIdx=6
2026-06-08 14:44:47.514 554-4264 VPUAPI pid-554 I [+][2488]VPU_EncStartOneFrame.
2026-06-08 14:44:47.514 554-4264 VPUAPI pid-554 I [2509]VPU_EncStartOneFrame.bf ProductVpuEncCheckEncParam
2026-06-08 14:44:47.514 554-4264 VPUAPI pid-554 I [2511]VPU_EncStartOneFrame.af ProductVpuEncCheckEncParam
2026-06-08 14:44:47.514 554-4264 VPUAPI pid-554 I wrapper_reg_wirte(0x0008,0x00000020);
2026-06-08 14:44:47.514 554-4264 VPUAPI pid-554 I [2910]gen_enc_pic_reg.encWidth:1280.set axi bit:0,1
2026-06-08 14:44:47.514 554-4264 VPUAPI pid-554 I reg_wirte(VE4_IP_BASE_ADDR+0x0300,0x262e0000);
2026-06-08 14:44:47.514 554-4264 VPUAPI pid-554 I reg_wirte(VE4_IP_BASE_ADDR+0x0304,0x0002a000);
2026-06-08 14:44:47.514 554-4264 VPUAPI pid-554 I reg_wirte(VE4_IP_BASE_ADDR+0x0308,0x00000040);
2026-06-08 14:44:47.514 554-4264 VPUAPI pid-554 I reg_wirte(VE4_IP_BASE_ADDR+0x030c,0x00000001);
2026-06-08 14:44:47.514 554-4264 VPUAPI pid-554 I reg_wirte(VE4_IP_BASE_ADDR+0x0310,0x00000000);
2026-06-08 14:44:47.514 554-4264 VPUAPI pid-554 I reg_wirte(VE4_IP_BASE_ADDR+0x0318,0x00000000);
2026-06-08 14:44:47.514 554-4264 VPUAPI pid-554 I reg_wirte(VE4_IP_BASE_ADDR+0x031c,0x00000000);
2026-06-08 14:44:47.515 554-4264 VPUAPI pid-554 I reg_wirte(VE4_IP_BASE_ADDR+0x0320,0x00000000);
2026-06-08 14:44:47.515 554-4264 VPUAPI pid-554 I reg_wirte(VE4_IP_BASE_ADDR+0x0324,0x00000000);
2026-06-08 14:44:47.515 554-4264 VPUAPI pid-554 I reg_wirte(VE4_IP_BASE_ADDR+0x032c,0x00000000);
2026-06-08 14:44:47.515 554-4264 VPUAPI pid-554 I reg_wirte(VE4_IP_BASE_ADDR+0x0330,0x26964000);
2026-06-08 14:44:47.515 554-4264 VPUAPI pid-554 I reg_wirte(VE4_IP_BASE_ADDR+0x0334,0x26b58000);
2026-06-08 14:44:47.515 554-4264 VPUAPI pid-554 I reg_wirte(VE4_IP_BASE_ADDR+0x0338,0x26bd5000);
2026-06-08 14:44:47.515 554-4264 VPUAPI pid-554 I reg_wirte(VE4_IP_BASE_ADDR+0x033c,0x05000280);
2026-06-08 14:44:47.515 554-4264 VPUAPI pid-554 I reg_wirte(VE4_IP_BASE_ADDR+0x0340,0x0000f000);
2026-06-08 14:44:47.515 554-4264 VPUAPI pid-554 I reg_wirte(VE4_IP_BASE_ADDR+0x0348,0x00000000);
2026-06-08 14:44:47.515 554-4264 VPUAPI pid-554 I reg_wirte(VE4_IP_BASE_ADDR+0x034c,0x00000003);
2026-06-08 14:44:47.515 554-4264 VPUAPI pid-554 I reg_wirte(VE4_IP_BASE_ADDR+0x0350,0x07200000);
2026-06-08 14:44:47.515 554-4264 VPUAPI pid-554 I reg_wirte(VE4_IP_BASE_ADDR+0x0354,0x00000000);
2026-06-08 14:44:47.515 554-4264 VPUAPI pid-554 I reg_wirte(VE4_IP_BASE_ADDR+0x0358,0x00000000);
2026-06-08 14:44:47.515 554-4264 VPUAPI pid-554 I reg_wirte(VE4_IP_BASE_ADDR+0x035c,0x00000000);
2026-06-08 14:44:47.515 554-4264 VPUAPI pid-554 I reg_wirte(VE4_IP_BASE_ADDR+0x0360,0x00000000);
2026-06-08 14:44:47.516 554-4264 VPUAPI pid-554 I reg_wirte(VE4_IP_BASE_ADDR+0x0364,0x00000000);
2026-06-08 14:44:47.516 554-4264 VPUAPI pid-554 I reg_wirte(VE4_IP_BASE_ADDR+0x03e8,0x00000000);
2026-06-08 14:44:47.516 554-4264 VPUAPI pid-554 I reg_wirte(VE4_IP_BASE_ADDR+0x03ec,0x00000000);
2026-06-08 14:44:47.517 554-4264 VPUAPI pid-554 I reg_wirte(VE4_IP_BASE_ADDR+0x03f0,0x00000000);
2026-06-08 14:44:47.517 554-4264 VPUAPI pid-554 I reg_wirte(VE4_IP_BASE_ADDR+0x03f4,0x00000000);
2026-06-08 14:44:47.517 554-4264 VPUAPI pid-554 I reg_wirte(VE4_IP_BASE_ADDR+0x0414,0x00000000);
2026-06-08 14:44:47.517 554-4264 VPUAPI pid-554 I reg_wirte(VE4_IP_BASE_ADDR+0x0418,0x00000000);
2026-06-08 14:44:47.517 554-4264 VPUAPI pid-554 I reg_wirte(VE4_IP_BASE_ADDR+0x041c,0x00000000);
2026-06-08 14:44:47.517 554-4264 VPUAPI pid-554 I reg_wirte(VE4_IP_BASE_ADDR+0x0420,0x00000000);
2026-06-08 14:44:47.517 554-4264 VPUAPI pid-554 I reg_wirte(VE4_IP_BASE_ADDR+0x0424,0x00000000);
2026-06-08 14:44:47.517 554-4264 VPUAPI pid-554 I reg_wirte(VE4_IP_BASE_ADDR+0x0428,0x00000000);
2026-06-08 14:44:47.517 554-4264 VPUAPI pid-554 I reg_wirte(VE4_IP_BASE_ADDR+0x03f8,0x00000000);
2026-06-08 14:44:47.517 554-4264 VPUAPI pid-554 I reg_wirte(VE4_IP_BASE_ADDR+0x042c,0x00000001);
2026-06-08 14:44:47.517 554-4264 VPUAPI pid-554 I reg_wirte(VE4_IP_BASE_ADDR+0x03fc,0x00000000);
2026-06-08 14:44:47.517 554-4264 VPUAPI pid-554 I reg_wirte(VE4_IP_BASE_ADDR+0x0400,0x00000000);
2026-06-08 14:44:47.517 554-4264 VPUAPI pid-554 I reg_wirte(VE4_IP_BASE_ADDR+0x0404,0x00000000);
2026-06-08 14:44:47.517 554-4264 VPUAPI pid-554 I reg_wirte(VE4_IP_BASE_ADDR+0x0408,0x00000000);
2026-06-08 14:44:47.517 554-4264 VPUAPI pid-554 I reg_wirte(VE4_IP_BASE_ADDR+0x040c,0x00000000);
2026-06-08 14:44:47.518 554-4264 VPUAPI pid-554 I reg_wirte(VE4_IP_BASE_ADDR+0x0410,0x00000000);
2026-06-08 14:44:47.518 554-4264 VPUAPI pid-554 I [119]W6SendCommand.VpuWriteReg W6_CMD_INSTANCE_INFO:0x210.value:0x30000
2026-06-08 14:44:47.518 554-4264 VPUAPI pid-554 I reg_wirte(VE4_IP_BASE_ADDR+0x0210,0x00030000);
2026-06-08 14:44:47.518 554-4264 VPUAPI pid-554 I [123]W6SendCommand.VpuWriteReg W6_VPU_CMD_BUSY_STATUS:0x70.value:1
2026-06-08 14:44:47.518 554-4264 VPUAPI pid-554 I reg_wirte(VE4_IP_BASE_ADDR+0x0070,0x00000001);
2026-06-08 14:44:47.518 554-4264 VPUAPI pid-554 I [125]W6SendCommand.VpuWriteReg W6_COMMAND:0x200.value:0x100
2026-06-08 14:44:47.518 554-4264 VPUAPI pid-554 I reg_wirte(VE4_IP_BASE_ADDR+0x0200,0x00000100);
2026-06-08 14:44:47.518 554-4264 VPUAPI pid-554 I [131]W6SendCommand.VpuWriteReg W6_VPU_HOST_INT_REQ:0x6c.value:1
2026-06-08 14:44:47.518 554-4264 VPUAPI pid-554 I reg_wirte(VE4_IP_BASE_ADDR+0x0038,0x00000001);
2026-06-08 14:44:47.518 554-4264 VPUAPI pid-554 I [134]W6SendCommand.cmd:0x100.W6_VPU_VPU_INT_STS:0x0.W6_VPU_VINT_REASON:0x0
2026-06-08 14:44:47.518 554-4264 VPUAPI pid-554 I [-][2548]VPU_EncStartOneFrame.ret:0x0
2026-06-08 14:44:47.518 554-4264 RTK_WRAP_ENC_VE4 pid-554 I VPU_EncStartOneFrame() success
2026-06-08 14:44:47.522 554-4264 VPUAPI pid-554 I clear interruptFlag=256
2026-06-08 14:44:47.522 554-4264 VPUAPI pid-554 I [+][2562]VPU_EncGetOutputInfo.
2026-06-08 14:44:47.522 554-4264 VPUAPI pid-554 I [+][3185]Wave6VpuEncGetResult.
2026-06-08 14:44:47.522 554-4264 VPUAPI pid-554 I [Wave6VpuEncGetResult]gpuCacheStatus[0] = 0
2026-06-08 14:44:47.522 554-4264 VPUAPI pid-554 I [-][3340]Wave6VpuEncGetResult.ret:0x0
2026-06-08 14:44:47.522 554-4264 VPUAPI pid-554 I [2593]VPU_EncGetOutputInfo.encSrcIdx:0x0,reconFrameIndex:0x1
2026-06-08 14:44:47.522 554-4264 VPUAPI pid-554 I [-][2605]VPU_EncGetOutputInfo.ret:0x0
2026-06-08 14:44:47.522 554-4264 RTK_WRAP_ENC_VE4 pid-554 I encodeTime 3.809280 ms || Enc: 6|| picType 1 || reconIdx 1 || rdPtr 262e0000 || wrPtr 262e58a9
2026-06-08 14:44:47.522 554-4264 RTK_WRAP_ENC_VE4 pid-554 I nHeaderLen: 0|| pVpu->outputInfo.bitstreamSize 22697
2026-06-08 14:44:47.522 554-4264 RTK_WRAP_ENC_VE4 pid-554 I stream->buf_max_size : 2097152, stream->streamlen :22697
2026-06-08 14:44:47.522 554-4264 RTKC2Venc pid-554 I ooo : frameIndex=6, streamSize=22697, keyFrameFlag=0
2026-06-08 14:44:47.523 554-4264 RTKC2Venc pid-554 I Call finishWork in 761
2026-06-08 14:44:47.523 554-4264 RTKC2Venc pid-554 I Ready to finish 6
2026-06-08 14:44:47.524 554-4264 RTKC2Venc pid-554 I Finish finish 6
2026-06-08 14:44:47.524 554-4264 RTKC2Venc pid-554 I iii : flag=0, frameIndex=7, timeStamp=471797726, eos=0, dump_enable=0, yuvDumpFreq=1
2026-06-08 14:44:47.524 554-4264 RTKC2Venc pid-554 I Continue standard encode!
2026-06-08 14:44:47.526 4251-4267 MPEG4Writer pid-4251 D non-key frame, nIPFramesCtr 7, nLastIPFramesCtr 0
2026-06-08 14:44:47.527 554-4264 RTKC2Venc pid-554 I [extractGraphicBuffer][833] width = 1280 || height = 1600 || y_stride = 5120 || uStride = 5120 || vStride = 5120 || colorFormat = 1 || srcPhy = 0x0 || srcbufSize = 8192000
2026-06-08 14:44:47.527 554-4264 RTKC2Venc pid-554 I encoder->RequestSync = 0 cur_requestSync = 0
2026-06-08 14:44:47.527 554-4264 VideoClientEncVE pid-554 I [writeInputFrame][521] write input data to HW
2026-06-08 14:44:47.528 554-4264 RTK_WRAP_ENC_VE4 pid-554 I CODEC_SET_COLOR_FORMAT = 0x1
2026-06-08 14:44:47.528 554-4264 RTK_WRAP_ENC_VE4 pid-554 I [2599][encoder_set_video_config][CODEC_SET_COLOR_FORMAT] HAL_PIXEL_FORMAT_RGBA_8888
2026-06-08 14:44:47.528 554-4264 VideoClientEncVE pid-554 I calculated frameSize = 3072000
2026-06-08 14:44:47.528 554-4264 VideoClientEncVE pid-554 I mImpl->I_Interval = 600
2026-06-08 14:44:47.529 554-4264 RTK_WRAP_ENC_VE4 pid-554 I width 1280(1280), height 1600(1600), stride 1280
2026-06-08 14:44:47.529 554-4264 RTK_WRAP_ENC_VE4 pid-554 I =================encoder_encode_video================= encOP.picWidth: 1280 encOP.picHeight: 1600 origWidth: 1280 origHeight: 1600 srcFrameWidth: 1280 srcFrameHeight: 1600 srcFrameStride: 1280 fbStride: 1280 framebufWidth: 1280 framebufHeight: 1600 framebufStride: 1280 fbAllocInfo.stride: 1280 fbAllocInfo.height: 1600 buffe_resolution_flag=0
2026-06-08 14:44:47.529 554-4264 RTK_WRAP_ENC_VE4 pid-554 I copy method: HAL_PIXEL_FORMAT_RGBA_8888
2026-06-08 14:44:47.529 554-4264 RTK_WRAP_ENC_VE4 pid-554 I [+] in [CopyRGBA8888ToYUV420Frame]
2026-06-08 14:44:47.530 971-1020 PermissionManager pid-971 W Package com.android.providers.media.module is an APK in APEX, but has permission allowlist on the system image. Please bundle the allowlist in the com.android.mediaprovider APEX instead.
2026-06-08 14:44:47.530 971-1020 PermissionManager pid-971 W Package com.android.providers.media.module is an APK in APEX, but has permission allowlist on the system image. Please bundle the allowlist in the com.android.mediaprovider APEX instead.
2026-06-08 14:44:47.530 971-1020 PermissionManager pid-971 W Package com.android.providers.media.module is an APK in APEX, but has permission allowlist on the system image. Please bundle the allowlist in the com.android.mediaprovider APEX instead.
2026-06-08 14:44:47.531 971-1020 PermissionManager pid-971 W Package com.android.providers.media.module is an APK in APEX, but has permission allowlist on the system image. Please bundle the allowlist in the com.android.mediaprovider APEX instead.
2026-06-08 14:44:47.531 971-1020 PermissionManager pid-971 W Package com.android.providers.media.module is an APK in APEX, but has permission allowlist on the system image. Please bundle the allowlist in the com.android.mediaprovider APEX instead.
2026-06-08 14:44:47.531 971-1020 PermissionManager pid-971 W Package com.android.providers.media.module is an APK in APEX, but has permission allowlist on the system image. Please bundle the allowlist in the com.android.mediaprovider APEX instead.
2026-06-08 14:44:47.531 971-1020 PermissionManager pid-971 W Package com.android.providers.media.module is an APK in APEX, but has permission allowlist on the system image. Please bundle the allowlist in the com.android.mediaprovider APEX instead.
2026-06-08 14:44:47.531 971-1020 PermissionManager pid-971 W Package com.android.providers.media.module is an APK in APEX, but has permission allowlist on the system image. Please bundle the allowlist in the com.android.mediaprovider APEX instead.
2026-06-08 14:44:47.531 971-1020 PermissionManager pid-971 W Package com.android.providers.media.module is an APK in APEX, but has permission allowlist on the system image. Please bundle the allowlist in the com.android.mediaprovider APEX instead.
2026-06-08 14:44:47.531 971-1020 PermissionManager pid-971 W Package com.android.providers.media.module is an APK in APEX, but has permission allowlist on the system image. Please bundle the allowlist in the com.android.mediaprovider APEX instead.
2026-06-08 14:44:47.531 971-1020 PermissionManager pid-971 W Package com.android.providers.media.module is an APK in APEX, but has permission allowlist on the system image. Please bundle the allowlist in the com.android.mediaprovider APEX instead.
2026-06-08 14:44:47.531 971-1020 PermissionManager pid-971 W Package com.android.providers.media.module is an APK in APEX, but has permission allowlist on the system image. Please bundle the allowlist in the com.android.mediaprovider APEX instead.
2026-06-08 14:44:47.531 971-1020 PermissionManager pid-971 W Package com.android.providers.media.module is an APK in APEX, but has permission allowlist on the system image. Please bundle the allowlist in the com.android.mediaprovider APEX instead.
2026-06-08 14:44:47.539 971-1020 PermissionManager pid-971 W Package com.android.bluetooth is an APK in APEX, but has permission allowlist on the system image. Please bundle the allowlist in the com.android.btservices APEX instead.
2026-06-08 14:44:47.580 971-1020 PackageManager pid-971 D Instant App installer not found with android.intent.action.INSTALL_INSTANT_APP_PACKAGE
2026-06-08 14:44:47.580 971-1020 PackageManager pid-971 D Clear ephemeral installer activity
1970-01-01 08:07:52.778 1696-1696 logd pid-1696 I start watching /data/system/packages.list ...
2026-06-08 14:44:47.593 971-988 Looper pid-971 W Slow dispatch took 122ms android.fg h=android.os.Handler c= m=0
1970-01-01 08:07:52.784 1696-1696 logd pid-1696 I ReadPackageList, total packages: 147
1970-01-01 08:07:52.800 167-167 servicemanager pid-167 I Since 'artd' could not be found, trying to start it as a lazy AIDL service. (if it's not configured to be a lazy service, it may be stuck starting or still starting).
1970-01-01 08:07:52.809 1-1 init pid-1 I starting service 'artd'...
1970-01-01 08:07:52.814 1-1 init pid-1 I ... started service 'artd' has pid 4319
1970-01-01 08:07:52.816 1-1 init pid-1 I Control message: Processed ctl.interface_start for 'aidl/artd' from pid: 167 (/system/bin/servicemanager)
2026-06-08 14:44:47.643 3388-3434 AHU.TCP_CONNECTION pid-3388 D Socket accept timed out; retrying
2026-06-08 14:44:47.652 4319-4319 artd pid-4319 I Starting artd
2026-06-08 14:44:47.656 4319-4319 AidlLazySe...eRegistrar pid-4319 I Registering service artd
2026-06-08 14:44:47.656 554-4264 RTK_WRAP_ENC_VE4 pid-554 I [-] in [CopyRGBA8888ToYUV420Frame]
2026-06-08 14:44:47.657 554-4264 RTK_WRAP_ENC_VE4 pid-554 I GopSize is greater than 1, GopSize=600, encodedIdx=7
2026-06-08 14:44:47.657 554-4264 VPUAPI pid-554 I [+][2488]VPU_EncStartOneFrame.
2026-06-08 14:44:47.657 554-4264 VPUAPI pid-554 I [2509]VPU_EncStartOneFrame.bf ProductVpuEncCheckEncParam
2026-06-08 14:44:47.657 554-4264 VPUAPI pid-554 I [2511]VPU_EncStartOneFrame.af ProductVpuEncCheckEncParam
2026-06-08 14:44:47.657 554-4264 VPUAPI pid-554 I wrapper_reg_wirte(0x0008,0x00000020);
2026-06-08 14:44:47.657 554-4264 VPUAPI pid-554 I [2910]gen_enc_pic_reg.encWidth:1280.set axi bit:0,1
2026-06-08 14:44:47.657 554-4264 VPUAPI pid-554 I reg_wirte(VE4_IP_BASE_ADDR+0x0300,0x262e0000);
2026-06-08 14:44:47.657 554-4264 VPUAPI pid-554 I reg_wirte(VE4_IP_BASE_ADDR+0x0304,0x0002a000);
2026-06-08 14:44:47.657 554-4264 VPUAPI pid-554 I reg_wirte(VE4_IP_BASE_ADDR+0x0308,0x00000040);
2026-06-08 14:44:47.657 554-4264 VPUAPI pid-554 I reg_wirte(VE4_IP_BASE_ADDR+0x030c,0x00000001);
2026-06-08 14:44:47.657 554-4264 VPUAPI pid-554 I reg_wirte(VE4_IP_BASE_ADDR+0x0310,0x00000000);
2026-06-08 14:44:47.657 554-4264 VPUAPI pid-554 I reg_wirte(VE4_IP_BASE_ADDR+0x0318,0x00000000);
2026-06-08 14:44:47.657 554-4264 VPUAPI pid-554 I reg_wirte(VE4_IP_BASE_ADDR+0x031c,0x00000000);
2026-06-08 14:44:47.657 554-4264 VPUAPI pid-554 I reg_wirte(VE4_IP_BASE_ADDR+0x0320,0x00000000);
2026-06-08 14:44:47.657 554-4264 VPUAPI pid-554 I reg_wirte(VE4_IP_BASE_ADDR+0x0324,0x00000000);
2026-06-08 14:44:47.657 554-4264 VPUAPI pid-554 I reg_wirte(VE4_IP_BASE_ADDR+0x032c,0x00000000);
2026-06-08 14:44:47.657 554-4264 VPUAPI pid-554 I reg_wirte(VE4_IP_BASE_ADDR+0x0330,0x26964000);
2026-06-08 14:44:47.657 554-4264 VPUAPI pid-554 I reg_wirte(VE4_IP_BASE_ADDR+0x0334,0x26b58000);
2026-06-08 14:44:47.657 554-4264 VPUAPI pid-554 I reg_wirte(VE4_IP_BASE_ADDR+0x0338,0x26bd5000);
2026-06-08 14:44:47.657 554-4264 VPUAPI pid-554 I reg_wirte(VE4_IP_BASE_ADDR+0x033c,0x05000280);
2026-06-08 14:44:47.657 554-4264 VPUAPI pid-554 I reg_wirte(VE4_IP_BASE_ADDR+0x0340,0x0000f000);
2026-06-08 14:44:47.657 554-4264 VPUAPI pid-554 I reg_wirte(VE4_IP_BASE_ADDR+0x0348,0x00000000);
2026-06-08 14:44:47.657 554-4264 VPUAPI pid-554 I reg_wirte(VE4_IP_BASE_ADDR+0x034c,0x00000003);
2026-06-08 14:44:47.657 554-4264 VPUAPI pid-554 I reg_wirte(VE4_IP_BASE_ADDR+0x0350,0x07200000);
2026-06-08 14:44:47.657 554-4264 VPUAPI pid-554 I reg_wirte(VE4_IP_BASE_ADDR+0x0354,0x00000000);
2026-06-08 14:44:47.657 554-4264 VPUAPI pid-554 I reg_wirte(VE4_IP_BASE_ADDR+0x0358,0x00000000);
2026-06-08 14:44:47.657 554-4264 VPUAPI pid-554 I reg_wirte(VE4_IP_BASE_ADDR+0x035c,0x00000000);
2026-06-08 14:44:47.657 554-4264 VPUAPI pid-554 I reg_wirte(VE4_IP_BASE_ADDR+0x0360,0x00000000);
2026-06-08 14:44:47.657 554-4264 VPUAPI pid-554 I reg_wirte(VE4_IP_BASE_ADDR+0x0364,0x00000000);
2026-06-08 14:44:47.657 554-4264 VPUAPI pid-554 I reg_wirte(VE4_IP_BASE_ADDR+0x03e8,0x00000000);
2026-06-08 14:44:47.657 554-4264 VPUAPI pid-554 I reg_wirte(VE4_IP_BASE_ADDR+0x03ec,0x00000000);
2026-06-08 14:44:47.657 554-4264 VPUAPI pid-554 I reg_wirte(VE4_IP_BASE_ADDR+0x03f0,0x00000000);
2026-06-08 14:44:47.657 554-4264 VPUAPI pid-554 I reg_wirte(VE4_IP_BASE_ADDR+0x03f4,0x00000000);
2026-06-08 14:44:47.657 554-4264 VPUAPI pid-554 I reg_wirte(VE4_IP_BASE_ADDR+0x0414,0x00000000);
2026-06-08 14:44:47.657 554-4264 VPUAPI pid-554 I reg_wirte(VE4_IP_BASE_ADDR+0x0418,0x00000000);
2026-06-08 14:44:47.657 554-4264 VPUAPI pid-554 I reg_wirte(VE4_IP_BASE_ADDR+0x041c,0x00000000);
2026-06-08 14:44:47.657 554-4264 VPUAPI pid-554 I reg_wirte(VE4_IP_BASE_ADDR+0x0420,0x00000000);
2026-06-08 14:44:47.657 554-4264 VPUAPI pid-554 I reg_wirte(VE4_IP_BASE_ADDR+0x0424,0x00000000);
2026-06-08 14:44:47.657 554-4264 VPUAPI pid-554 I reg_wirte(VE4_IP_BASE_ADDR+0x0428,0x00000000);
2026-06-08 14:44:47.657 554-4264 VPUAPI pid-554 I reg_wirte(VE4_IP_BASE_ADDR+0x03f8,0x00000000);
2026-06-08 14:44:47.657 554-4264 VPUAPI pid-554 I reg_wirte(VE4_IP_BASE_ADDR+0x042c,0x00000001);
2026-06-08 14:44:47.657 554-4264 VPUAPI pid-554 I reg_wirte(VE4_IP_BASE_ADDR+0x03fc,0x00000000);
2026-06-08 14:44:47.657 554-4264 VPUAPI pid-554 I reg_wirte(VE4_IP_BASE_ADDR+0x0400,0x00000000);
2026-06-08 14:44:47.657 554-4264 VPUAPI pid-554 I reg_wirte(VE4_IP_BASE_ADDR+0x0404,0x00000000);
2026-06-08 14:44:47.657 554-4264 VPUAPI pid-554 I reg_wirte(VE4_IP_BASE_ADDR+0x0408,0x00000000);
2026-06-08 14:44:47.657 554-4264 VPUAPI pid-554 I reg_wirte(VE4_IP_BASE_ADDR+0x040c,0x00000000);
2026-06-08 14:44:47.657 554-4264 VPUAPI pid-554 I reg_wirte(VE4_IP_BASE_ADDR+0x0410,0x00000000);
2026-06-08 14:44:47.657 554-4264 VPUAPI pid-554 I [119]W6SendCommand.VpuWriteReg W6_CMD_INSTANCE_INFO:0x210.value:0x30000
2026-06-08 14:44:47.657 554-4264 VPUAPI pid-554 I reg_wirte(VE4_IP_BASE_ADDR+0x0210,0x00030000);
2026-06-08 14:44:47.657 554-4264 VPUAPI pid-554 I [123]W6SendCommand.VpuWriteReg W6_VPU_CMD_BUSY_STATUS:0x70.value:1
2026-06-08 14:44:47.657 554-4264 VPUAPI pid-554 I reg_wirte(VE4_IP_BASE_ADDR+0x0070,0x00000001);
2026-06-08 14:44:47.657 554-4264 VPUAPI pid-554 I [125]W6SendCommand.VpuWriteReg W6_COMMAND:0x200.value:0x100
2026-06-08 14:44:47.657 554-4264 VPUAPI pid-554 I reg_wirte(VE4_IP_BASE_ADDR+0x0200,0x00000100);
2026-06-08 14:44:47.657 554-4264 VPUAPI pid-554 I [131]W6SendCommand.VpuWriteReg W6_VPU_HOST_INT_REQ:0x6c.value:1
2026-06-08 14:44:47.657 554-4264 VPUAPI pid-554 I reg_wirte(VE4_IP_BASE_ADDR+0x0038,0x00000001);
2026-06-08 14:44:47.657 554-4264 VPUAPI pid-554 I [134]W6SendCommand.cmd:0x100.W6_VPU_VPU_INT_STS:0x0.W6_VPU_VINT_REASON:0x0
2026-06-08 14:44:47.657 554-4264 VPUAPI pid-554 I [-][2548]VPU_EncStartOneFrame.ret:0x0
2026-06-08 14:44:47.657 554-4264 RTK_WRAP_ENC_VE4 pid-554 I VPU_EncStartOneFrame() success
1970-01-01 08:07:52.857 167-167 BpBinder pid-167 I onLastStrongRef automatically unlinking death recipients:
2026-06-08 14:44:47.660 554-4264 VPUAPI pid-554 I clear interruptFlag=256
2026-06-08 14:44:47.661 554-4264 VPUAPI pid-554 I [+][2562]VPU_EncGetOutputInfo.
2026-06-08 14:44:47.661 554-4264 VPUAPI pid-554 I [+][3185]Wave6VpuEncGetResult.
2026-06-08 14:44:47.661 554-4264 VPUAPI pid-554 I [Wave6VpuEncGetResult]gpuCacheStatus[0] = 0
2026-06-08 14:44:47.661 554-4264 VPUAPI pid-554 I [-][3340]Wave6VpuEncGetResult.ret:0x0
2026-06-08 14:44:47.661 554-4264 VPUAPI pid-554 I [2593]VPU_EncGetOutputInfo.encSrcIdx:0x0,reconFrameIndex:0x0
2026-06-08 14:44:47.661 554-4264 VPUAPI pid-554 I [-][2605]VPU_EncGetOutputInfo.ret:0x0
2026-06-08 14:44:47.661 554-4264 RTK_WRAP_ENC_VE4 pid-554 I encodeTime 3.774464 ms || Enc: 7|| picType 1 || reconIdx 0 || rdPtr 262e0000 || wrPtr 262e0577
2026-06-08 14:44:47.661 554-4264 RTK_WRAP_ENC_VE4 pid-554 I nHeaderLen: 0|| pVpu->outputInfo.bitstreamSize 1399
2026-06-08 14:44:47.661 554-4264 RTK_WRAP_ENC_VE4 pid-554 I stream->buf_max_size : 2097152, stream->streamlen :1399
2026-06-08 14:44:47.661 554-4264 RTKC2Venc pid-554 I ooo : frameIndex=7, streamSize=1399, keyFrameFlag=0
2026-06-08 14:44:47.661 554-4264 RTKC2Venc pid-554 I Call finishWork in 761
2026-06-08 14:44:47.661 554-4264 RTKC2Venc pid-554 I Ready to finish 7
2026-06-08 14:44:47.662 554-4264 RTKC2Venc pid-554 I Finish finish 7
2026-06-08 14:44:47.662 554-4264 RTKC2Venc pid-554 I iii : flag=0, frameIndex=8, timeStamp=471814562, eos=0, dump_enable=0, yuvDumpFreq=1
2026-06-08 14:44:47.662 554-4264 RTKC2Venc pid-554 I Continue standard encode!
2026-06-08 14:44:47.663 554-4264 RTKC2Venc pid-554 I [extractGraphicBuffer][833] width = 1280 || height = 1600 || y_stride = 5120 || uStride = 5120 || vStride = 5120 || colorFormat = 1 || srcPhy = 0x0 || srcbufSize = 8192000
1970-01-01 08:07:52.864 167-167 servicemanager pid-167 I Notifying artd they do (previously: don't) have clients when service is guaranteed to be in use
2026-06-08 14:44:47.663 554-4264 RTKC2Venc pid-554 I encoder->RequestSync = 0 cur_requestSync = 0
2026-06-08 14:44:47.663 554-4264 VideoClientEncVE pid-554 I [writeInputFrame][521] write input data to HW
2026-06-08 14:44:47.663 554-4264 RTK_WRAP_ENC_VE4 pid-554 I CODEC_SET_COLOR_FORMAT = 0x1
2026-06-08 14:44:47.663 554-4264 RTK_WRAP_ENC_VE4 pid-554 I [2599][encoder_set_video_config][CODEC_SET_COLOR_FORMAT] HAL_PIXEL_FORMAT_RGBA_8888
2026-06-08 14:44:47.663 554-4264 VideoClientEncVE pid-554 I calculated frameSize = 3072000
2026-06-08 14:44:47.663 554-4264 VideoClientEncVE pid-554 I mImpl->I_Interval = 600
2026-06-08 14:44:47.663 554-4264 RTK_WRAP_ENC_VE4 pid-554 I width 1280(1280), height 1600(1600), stride 1280
2026-06-08 14:44:47.663 554-4264 RTK_WRAP_ENC_VE4 pid-554 I =================encoder_encode_video================= encOP.picWidth: 1280 encOP.picHeight: 1600 origWidth: 1280 origHeight: 1600 srcFrameWidth: 1280 srcFrameHeight: 1600 srcFrameStride: 1280 fbStride: 1280 framebufWidth: 1280 framebufHeight: 1600 framebufStride: 1280 fbAllocInfo.stride: 1280 fbAllocInfo.height: 1600 buffe_resolution_flag=0
2026-06-08 14:44:47.663 554-4264 RTK_WRAP_ENC_VE4 pid-554 I copy method: HAL_PIXEL_FORMAT_RGBA_8888
2026-06-08 14:44:47.663 554-4264 RTK_WRAP_ENC_VE4 pid-554 I [+] in [CopyRGBA8888ToYUV420Frame]
2026-06-08 14:44:47.664 4251-4267 MPEG4Writer pid-4251 D non-key frame, nIPFramesCtr 8, nLastIPFramesCtr 0
2026-06-08 14:44:47.669 4319-4319 AidlLazySe...eRegistrar pid-4319 I Process has 1 (of 1 available) client(s) in use after notification artd has clients: 1
2026-06-08 14:44:47.782 554-4264 RTK_WRAP_ENC_VE4 pid-554 I [-] in [CopyRGBA8888ToYUV420Frame]
2026-06-08 14:44:47.782 554-4264 RTK_WRAP_ENC_VE4 pid-554 I GopSize is greater than 1, GopSize=600, encodedIdx=8
2026-06-08 14:44:47.782 554-4264 VPUAPI pid-554 I [+][2488]VPU_EncStartOneFrame.
2026-06-08 14:44:47.782 554-4264 VPUAPI pid-554 I [2509]VPU_EncStartOneFrame.bf ProductVpuEncCheckEncParam
2026-06-08 14:44:47.782 554-4264 VPUAPI pid-554 I [2511]VPU_EncStartOneFrame.af ProductVpuEncCheckEncParam
2026-06-08 14:44:47.783 554-4264 VPUAPI pid-554 I wrapper_reg_wirte(0x0008,0x00000020);
2026-06-08 14:44:47.783 554-4264 VPUAPI pid-554 I [2910]gen_enc_pic_reg.encWidth:1280.set axi bit:0,1
2026-06-08 14:44:47.783 554-4264 VPUAPI pid-554 I reg_wirte(VE4_IP_BASE_ADDR+0x0300,0x262e0000);
2026-06-08 14:44:47.783 554-4264 VPUAPI pid-554 I reg_wirte(VE4_IP_BASE_ADDR+0x0304,0x0002a000);
2026-06-08 14:44:47.783 554-4264 VPUAPI pid-554 I reg_wirte(VE4_IP_BASE_ADDR+0x0308,0x00000040);
2026-06-08 14:44:47.783 554-4264 VPUAPI pid-554 I reg_wirte(VE4_IP_BASE_ADDR+0x030c,0x00000001);
2026-06-08 14:44:47.783 554-4264 VPUAPI pid-554 I reg_wirte(VE4_IP_BASE_ADDR+0x0310,0x00000000);
2026-06-08 14:44:47.783 554-4264 VPUAPI pid-554 I reg_wirte(VE4_IP_BASE_ADDR+0x0318,0x00000000);
2026-06-08 14:44:47.783 554-4264 VPUAPI pid-554 I reg_wirte(VE4_IP_BASE_ADDR+0x031c,0x00000000);
2026-06-08 14:44:47.783 554-4264 VPUAPI pid-554 I reg_wirte(VE4_IP_BASE_ADDR+0x0320,0x00000000);
2026-06-08 14:44:47.783 554-4264 VPUAPI pid-554 I reg_wirte(VE4_IP_BASE_ADDR+0x0324,0x00000000);
2026-06-08 14:44:47.783 554-4264 VPUAPI pid-554 I reg_wirte(VE4_IP_BASE_ADDR+0x032c,0x00000000);
2026-06-08 14:44:47.783 554-4264 VPUAPI pid-554 I reg_wirte(VE4_IP_BASE_ADDR+0x0330,0x26964000);
2026-06-08 14:44:47.783 554-4264 VPUAPI pid-554 I reg_wirte(VE4_IP_BASE_ADDR+0x0334,0x26b58000);
2026-06-08 14:44:47.783 554-4264 VPUAPI pid-554 I reg_wirte(VE4_IP_BASE_ADDR+0x0338,0x26bd5000);
2026-06-08 14:44:47.783 554-4264 VPUAPI pid-554 I reg_wirte(VE4_IP_BASE_ADDR+0x033c,0x05000280);
2026-06-08 14:44:47.783 554-4264 VPUAPI pid-554 I reg_wirte(VE4_IP_BASE_ADDR+0x0340,0x0000f000);
2026-06-08 14:44:47.784 554-4264 VPUAPI pid-554 I reg_wirte(VE4_IP_BASE_ADDR+0x0348,0x00000000);
2026-06-08 14:44:47.784 554-4264 VPUAPI pid-554 I reg_wirte(VE4_IP_BASE_ADDR+0x034c,0x00000003);
2026-06-08 14:44:47.784 554-4264 VPUAPI pid-554 I reg_wirte(VE4_IP_BASE_ADDR+0x0350,0x07200000);
2026-06-08 14:44:47.784 554-4264 VPUAPI pid-554 I reg_wirte(VE4_IP_BASE_ADDR+0x0354,0x00000000);
2026-06-08 14:44:47.784 554-4264 VPUAPI pid-554 I reg_wirte(VE4_IP_BASE_ADDR+0x0358,0x00000000);
2026-06-08 14:44:47.784 554-4264 VPUAPI pid-554 I reg_wirte(VE4_IP_BASE_ADDR+0x035c,0x00000000);
2026-06-08 14:44:47.784 554-4264 VPUAPI pid-554 I reg_wirte(VE4_IP_BASE_ADDR+0x0360,0x00000000);
2026-06-08 14:44:47.784 554-4264 VPUAPI pid-554 I reg_wirte(VE4_IP_BASE_ADDR+0x0364,0x00000000);
2026-06-08 14:44:47.785 554-4264 VPUAPI pid-554 I reg_wirte(VE4_IP_BASE_ADDR+0x03e8,0x00000000);
2026-06-08 14:44:47.785 554-4264 VPUAPI pid-554 I reg_wirte(VE4_IP_BASE_ADDR+0x03ec,0x00000000);
2026-06-08 14:44:47.785 554-4264 VPUAPI pid-554 I reg_wirte(VE4_IP_BASE_ADDR+0x03f0,0x00000000);
2026-06-08 14:44:47.785 554-4264 VPUAPI pid-554 I reg_wirte(VE4_IP_BASE_ADDR+0x03f4,0x00000000);
2026-06-08 14:44:47.785 554-4264 VPUAPI pid-554 I reg_wirte(VE4_IP_BASE_ADDR+0x0414,0x00000000);
2026-06-08 14:44:47.785 554-4264 VPUAPI pid-554 I reg_wirte(VE4_IP_BASE_ADDR+0x0418,0x00000000);
2026-06-08 14:44:47.785 554-4264 VPUAPI pid-554 I reg_wirte(VE4_IP_BASE_ADDR+0x041c,0x00000000);
2026-06-08 14:44:47.785 554-4264 VPUAPI pid-554 I reg_wirte(VE4_IP_BASE_ADDR+0x0420,0x00000000);
2026-06-08 14:44:47.785 554-4264 VPUAPI pid-554 I reg_wirte(VE4_IP_BASE_ADDR+0x0424,0x00000000);
2026-06-08 14:44:47.785 554-4264 VPUAPI pid-554 I reg_wirte(VE4_IP_BASE_ADDR+0x0428,0x00000000);
2026-06-08 14:44:47.785 554-4264 VPUAPI pid-554 I reg_wirte(VE4_IP_BASE_ADDR+0x03f8,0x00000000);
2026-06-08 14:44:47.785 554-4264 VPUAPI pid-554 I reg_wirte(VE4_IP_BASE_ADDR+0x042c,0x00000001);
2026-06-08 14:44:47.785 554-4264 VPUAPI pid-554 I reg_wirte(VE4_IP_BASE_ADDR+0x03fc,0x00000000);
2026-06-08 14:44:47.785 554-4264 VPUAPI pid-554 I reg_wirte(VE4_IP_BASE_ADDR+0x0400,0x00000000);
2026-06-08 14:44:47.785 971-988 Looper pid-971 W Slow delivery took 200ms android.fg h=android.os.Handler c= m=0
2026-06-08 14:44:47.785 971-988 Looper pid-971 W Slow dispatch took 115ms android.fg h=android.os.Handler c= m=0
2026-06-08 14:44:47.785 554-4264 VPUAPI pid-554 I reg_wirte(VE4_IP_BASE_ADDR+0x0404,0x00000000);
2026-06-08 14:44:47.787 554-4264 VPUAPI pid-554 I reg_wirte(VE4_IP_BASE_ADDR+0x0408,0x00000000);
2026-06-08 14:44:47.787 554-4264 VPUAPI pid-554 I reg_wirte(VE4_IP_BASE_ADDR+0x040c,0x00000000);
2026-06-08 14:44:47.787 554-4264 VPUAPI pid-554 I reg_wirte(VE4_IP_BASE_ADDR+0x0410,0x00000000);
2026-06-08 14:44:47.788 554-4264 VPUAPI pid-554 I [119]W6SendCommand.VpuWriteReg W6_CMD_INSTANCE_INFO:0x210.value:0x30000
2026-06-08 14:44:47.789 554-4264 VPUAPI pid-554 I reg_wirte(VE4_IP_BASE_ADDR+0x0210,0x00030000);
2026-06-08 14:44:47.790 554-4264 VPUAPI pid-554 I [123]W6SendCommand.VpuWriteReg W6_VPU_CMD_BUSY_STATUS:0x70.value:1
2026-06-08 14:44:47.790 554-4264 VPUAPI pid-554 I reg_wirte(VE4_IP_BASE_ADDR+0x0070,0x00000001);
2026-06-08 14:44:47.790 554-4264 VPUAPI pid-554 I [125]W6SendCommand.VpuWriteReg W6_COMMAND:0x200.value:0x100
2026-06-08 14:44:47.790 554-4264 VPUAPI pid-554 I reg_wirte(VE4_IP_BASE_ADDR+0x0200,0x00000100);
2026-06-08 14:44:47.790 554-4264 VPUAPI pid-554 I [131]W6SendCommand.VpuWriteReg W6_VPU_HOST_INT_REQ:0x6c.value:1
2026-06-08 14:44:47.791 554-4264 VPUAPI pid-554 I reg_wirte(VE4_IP_BASE_ADDR+0x0038,0x00000001);
2026-06-08 14:44:47.794 554-4264 VPUAPI pid-554 I [134]W6SendCommand.cmd:0x100.W6_VPU_VPU_INT_STS:0x0.W6_VPU_VINT_REASON:0x0
2026-06-08 14:44:47.794 554-4264 VPUAPI pid-554 I [-][2548]VPU_EncStartOneFrame.ret:0x0
2026-06-08 14:44:47.794 554-4264 RTK_WRAP_ENC_VE4 pid-554 I VPU_EncStartOneFrame() success
2026-06-08 14:44:47.798 554-4264 VPUAPI pid-554 I clear interruptFlag=256
2026-06-08 14:44:47.798 554-4264 VPUAPI pid-554 I [+][2562]VPU_EncGetOutputInfo.
2026-06-08 14:44:47.799 554-4264 VPUAPI pid-554 I [+][3185]Wave6VpuEncGetResult.
2026-06-08 14:44:47.800 554-4264 VPUAPI pid-554 I [Wave6VpuEncGetResult]gpuCacheStatus[0] = 0
2026-06-08 14:44:47.802 554-4264 VPUAPI pid-554 I [-][3340]Wave6VpuEncGetResult.ret:0x0
2026-06-08 14:44:47.803 554-4264 VPUAPI pid-554 I [2593]VPU_EncGetOutputInfo.encSrcIdx:0x0,reconFrameIndex:0x0
2026-06-08 14:44:47.808 554-4264 VPUAPI pid-554 I [-][2605]VPU_EncGetOutputInfo.ret:0x0
2026-06-08 14:44:47.809 554-4264 RTK_WRAP_ENC_VE4 pid-554 I encodeTime 3.855360 ms || Enc: 8|| picType 1 || reconIdx 0 || rdPtr 262e0000 || wrPtr 262e086a
2026-06-08 14:44:47.810 554-4264 RTK_WRAP_ENC_VE4 pid-554 I nHeaderLen: 0|| pVpu->outputInfo.bitstreamSize 2154
2026-06-08 14:44:47.811 554-4264 RTK_WRAP_ENC_VE4 pid-554 I stream->buf_max_size : 2097152, stream->streamlen :2154
2026-06-08 14:44:47.811 554-4264 RTKC2Venc pid-554 I ooo : frameIndex=8, streamSize=2154, keyFrameFlag=0
2026-06-08 14:44:47.811 554-4264 RTKC2Venc pid-554 I Call finishWork in 761
2026-06-08 14:44:47.811 554-4264 RTKC2Venc pid-554 I Ready to finish 8
2026-06-08 14:44:47.813 554-4264 RTKC2Venc pid-554 I Finish finish 8
2026-06-08 14:44:47.814 554-4264 RTKC2Venc pid-554 I iii : flag=0, frameIndex=9, timeStamp=471828113, eos=0, dump_enable=0, yuvDumpFreq=1
2026-06-08 14:44:47.815 554-4264 RTKC2Venc pid-554 I Continue standard encode!
2026-06-08 14:44:47.817 554-4264 RTKC2Venc pid-554 I [extractGraphicBuffer][833] width = 1280 || height = 1600 || y_stride = 5120 || uStride = 5120 || vStride = 5120 || colorFormat = 1 || srcPhy = 0x0 || srcbufSize = 8192000
2026-06-08 14:44:47.817 4251-4267 MPEG4Writer pid-4251 D non-key frame, nIPFramesCtr 9, nLastIPFramesCtr 0
2026-06-08 14:44:47.818 554-4264 RTKC2Venc pid-554 I encoder->RequestSync = 0 cur_requestSync = 0
2026-06-08 14:44:47.820 554-4264 VideoClientEncVE pid-554 I [writeInputFrame][521] write input data to HW
2026-06-08 14:44:47.820 554-4264 RTK_WRAP_ENC_VE4 pid-554 I CODEC_SET_COLOR_FORMAT = 0x1
2026-06-08 14:44:47.820 554-4264 RTK_WRAP_ENC_VE4 pid-554 I [2599][encoder_set_video_config][CODEC_SET_COLOR_FORMAT] HAL_PIXEL_FORMAT_RGBA_8888
2026-06-08 14:44:47.820 554-4264 VideoClientEncVE pid-554 I calculated frameSize = 3072000
2026-06-08 14:44:47.820 554-4264 VideoClientEncVE pid-554 I mImpl->I_Interval = 600
2026-06-08 14:44:47.820 554-4264 RTK_WRAP_ENC_VE4 pid-554 I width 1280(1280), height 1600(1600), stride 1280
