2026-06-08 14:44:52.651 554-4264 RTK_WRAP_ENC_VE4 pid-554 I [2599][encoder_set_video_config][CODEC_SET_COLOR_FORMAT] HAL_PIXEL_FORMAT_RGBA_8888
2026-06-08 14:44:52.651 554-4264 VideoClientEncVE pid-554 I calculated frameSize = 3072000
2026-06-08 14:44:52.652 554-4264 VideoClientEncVE pid-554 I mImpl->I_Interval = 600
2026-06-08 14:44:52.652 554-4264 RTK_WRAP_ENC_VE4 pid-554 I width 1280(1280), height 1600(1600), stride 1280
2026-06-08 14:44:52.652 554-4264 RTK_WRAP_ENC_VE4 pid-554 I =================encoder_encode_video================= encOP.picWidth: 1280 encOP.picHeight: 1600 origWidth: 1280 origHeight: 1600 srcFrameWidth: 1280 srcFrameHeight: 1600 srcFrameStride: 1280 fbStride: 1280 framebufWidth: 1280 framebufHeight: 1600 framebufStride: 1280 fbAllocInfo.stride: 1280 fbAllocInfo.height: 1600 buffe_resolution_flag=0
2026-06-08 14:44:52.652 554-4264 RTK_WRAP_ENC_VE4 pid-554 I copy method: HAL_PIXEL_FORMAT_RGBA_8888
2026-06-08 14:44:52.652 554-4264 RTK_WRAP_ENC_VE4 pid-554 I [+] in [CopyRGBA8888ToYUV420Frame]
2026-06-08 14:44:52.668 3388-3434 AHU.TCP_CONNECTION pid-3388 D Socket accept timed out; retrying
2026-06-08 14:44:52.669 4251-4267 MPEG4Writer pid-4251 D non-key frame, nIPFramesCtr 37, nLastIPFramesCtr 0
2026-06-08 14:44:52.734 1776-1776 RotaryController pid-1776 V onAccessibilityEvent: EventType: TYPE_WINDOWS_CHANGED; EventTime: 476737; PackageName: null; MovementGranularity: 0; Action: 0; ContentChangeTypes: []; WindowChangeTypes: [WINDOWS_CHANGE_LAYER] [ ClassName: null; Text: []; ContentDescription: null; ItemCount: -1; CurrentItemIndex: -1; Enabled: false; Password: false; Checked: false; FullScreen: false; Scrollable: false; ImportantForAccessibility: true; AccessibilityDataSensitive: false; BeforeText: null; FromIndex: -1; ToIndex: -1; ScrollX: 0; ScrollY: 0; MaxScrollX: 0; MaxScrollY: 0; ScrollDeltaX: -1; ScrollDeltaY: -1; AddedCount: -1; RemovedCount: -1; ParcelableData: null; DisplayId: 0 ]; recordCount: 0
2026-06-08 14:44:52.734 1776-1776 RotaryController pid-1776 V event window ID: 4
2026-06-08 14:44:52.734 1776-1776 RotaryController pid-1776 V onAccessibilityEvent: EventType: TYPE_WINDOWS_CHANGED; EventTime: 476737; PackageName: null; MovementGranularity: 0; Action: 0; ContentChangeTypes: []; WindowChangeTypes: [WINDOWS_CHANGE_LAYER] [ ClassName: null; Text: []; ContentDescription: null; ItemCount: -1; CurrentItemIndex: -1; Enabled: false; Password: false; Checked: false; FullScreen: false; Scrollable: false; ImportantForAccessibility: true; AccessibilityDataSensitive: false; BeforeText: null; FromIndex: -1; ToIndex: -1; ScrollX: 0; ScrollY: 0; MaxScrollX: 0; MaxScrollY: 0; ScrollDeltaX: -1; ScrollDeltaY: -1; AddedCount: -1; RemovedCount: -1; ParcelableData: null; DisplayId: 0 ]; recordCount: 0
2026-06-08 14:44:52.734 1776-1776 RotaryController pid-1776 V event window ID: 5
2026-06-08 14:44:52.734 1776-1776 RotaryController pid-1776 V onAccessibilityEvent: EventType: TYPE_WINDOWS_CHANGED; EventTime: 476738; PackageName: null; MovementGranularity: 0; Action: 0; ContentChangeTypes: []; WindowChangeTypes: [WINDOWS_CHANGE_ADDED] [ ClassName: null; Text: []; ContentDescription: null; ItemCount: -1; CurrentItemIndex: -1; Enabled: false; Password: false; Checked: false; FullScreen: false; Scrollable: false; ImportantForAccessibility: true; AccessibilityDataSensitive: false; BeforeText: null; FromIndex: -1; ToIndex: -1; ScrollX: 0; ScrollY: 0; MaxScrollX: 0; MaxScrollY: 0; ScrollDeltaX: -1; ScrollDeltaY: -1; AddedCount: -1; RemovedCount: -1; ParcelableData: null; DisplayId: 0 ]; recordCount: 0
2026-06-08 14:44:52.734 1776-1776 RotaryController pid-1776 V event window ID: 1a
2026-06-08 14:44:52.738 1776-1776 RotaryController pid-1776 V onAccessibilityEvent: EventType: TYPE_WINDOWS_CHANGED; EventTime: 476811; PackageName: null; MovementGranularity: 0; Action: 0; ContentChangeTypes: []; WindowChangeTypes: [WINDOWS_CHANGE_BOUNDS] [ ClassName: null; Text: []; ContentDescription: null; ItemCount: -1; CurrentItemIndex: -1; Enabled: false; Password: false; Checked: false; FullScreen: false; Scrollable: false; ImportantForAccessibility: true; AccessibilityDataSensitive: false; BeforeText: null; FromIndex: -1; ToIndex: -1; ScrollX: 0; ScrollY: 0; MaxScrollX: 0; MaxScrollY: 0; ScrollDeltaX: -1; ScrollDeltaY: -1; AddedCount: -1; RemovedCount: -1; ParcelableData: null; DisplayId: 0 ]; recordCount: 0
2026-06-08 14:44:52.738 1776-1776 RotaryController pid-1776 V event window ID: 1a
2026-06-08 14:44:52.738 1776-1776 RotaryController pid-1776 V onAccessibilityEvent: EventType: TYPE_WINDOW_STATE_CHANGED; EventTime: 476976; PackageName: com.auto.radio; MovementGranularity: 0; Action: 0; ContentChangeTypes: []; WindowChangeTypes: [] [ ClassName: com.auto.radio.MainActivity; Text: [Radio]; ContentDescription: null; ItemCount: -1; CurrentItemIndex: -1; Enabled: true; Password: false; Checked: false; FullScreen: true; Scrollable: false; ImportantForAccessibility: true; AccessibilityDataSensitive: false; BeforeText: null; FromIndex: -1; ToIndex: -1; ScrollX: 0; ScrollY: 0; MaxScrollX: 0; MaxScrollY: 0; ScrollDeltaX: -1; ScrollDeltaY: -1; AddedCount: -1; RemovedCount: -1; ParcelableData: null; DisplayId: 0 ]; recordCount: 0
2026-06-08 14:44:52.743 1776-1776 RotaryController pid-1776 V event source: android.view.accessibility.AccessibilityNodeInfo@80006cd8; boundsInParent: Rect(0, 0 - 1280, 1600); boundsInScreen: Rect(0, 0 - 1280, 1600); boundsInWindow: Rect(0, 0 - 1280, 1600); packageName: com.auto.radio; className: android.widget.FrameLayout; text: null; error: null; maxTextLength: -1; stateDescription: null; contentDescription: null; tooltipText: null; containerTitle: null; viewIdResName: null; uniqueId: null; checkable: false; checked: false; focusable: false; focused: false; selected: false; clickable: false; longClickable: false; contextClickable: false; enabled: true; password: false; scrollable: false; importantForAccessibility: true; visible: true; actions: [AccessibilityAction: ACTION_SELECT - null, AccessibilityAction: ACTION_CLEAR_SELECTION - null, AccessibilityAction: ACTION_ACCESSIBILITY_FOCUS - null, AccessibilityAction: ACTION_SHOW_ON_SCREEN - null]; isTextSelectable: false
2026-06-08 14:44:52.743 1776-1776 RotaryController pid-1776 V event window ID: 1a
2026-06-08 14:44:52.780 554-4264 RTK_WRAP_ENC_VE4 pid-554 I [-] in [CopyRGBA8888ToYUV420Frame]
2026-06-08 14:44:52.781 554-4264 RTK_WRAP_ENC_VE4 pid-554 I GopSize is greater than 1, GopSize=600, encodedIdx=37
2026-06-08 14:44:52.781 554-4264 VPUAPI pid-554 I [+][2488]VPU_EncStartOneFrame.
2026-06-08 14:44:52.781 554-4264 VPUAPI pid-554 I [2509]VPU_EncStartOneFrame.bf ProductVpuEncCheckEncParam
2026-06-08 14:44:52.781 554-4264 VPUAPI pid-554 I [2511]VPU_EncStartOneFrame.af ProductVpuEncCheckEncParam
2026-06-08 14:44:52.781 554-4264 VPUAPI pid-554 I wrapper_reg_wirte(0x0008,0x00000020);
2026-06-08 14:44:52.781 554-4264 VPUAPI pid-554 I [2910]gen_enc_pic_reg.encWidth:1280.set axi bit:0,1
2026-06-08 14:44:52.781 554-4264 VPUAPI pid-554 I reg_wirte(VE4_IP_BASE_ADDR+0x0300,0x262e0000);
2026-06-08 14:44:52.781 554-4264 VPUAPI pid-554 I reg_wirte(VE4_IP_BASE_ADDR+0x0304,0x0002a000);
2026-06-08 14:44:52.781 554-4264 VPUAPI pid-554 I reg_wirte(VE4_IP_BASE_ADDR+0x0308,0x00000040);
2026-06-08 14:44:52.781 554-4264 VPUAPI pid-554 I reg_wirte(VE4_IP_BASE_ADDR+0x030c,0x00000001);
2026-06-08 14:44:52.781 554-4264 VPUAPI pid-554 I reg_wirte(VE4_IP_BASE_ADDR+0x0310,0x00000000);
2026-06-08 14:44:52.781 554-4264 VPUAPI pid-554 I reg_wirte(VE4_IP_BASE_ADDR+0x0318,0x00000000);
2026-06-08 14:44:52.782 554-4264 VPUAPI pid-554 I reg_wirte(VE4_IP_BASE_ADDR+0x031c,0x00000000);
2026-06-08 14:44:52.782 554-4264 VPUAPI pid-554 I reg_wirte(VE4_IP_BASE_ADDR+0x0320,0x00000000);
2026-06-08 14:44:52.782 554-4264 VPUAPI pid-554 I reg_wirte(VE4_IP_BASE_ADDR+0x0324,0x00000000);
2026-06-08 14:44:52.782 554-4264 VPUAPI pid-554 I reg_wirte(VE4_IP_BASE_ADDR+0x032c,0x00000000);
2026-06-08 14:44:52.782 554-4264 VPUAPI pid-554 I reg_wirte(VE4_IP_BASE_ADDR+0x0330,0x26964000);
2026-06-08 14:44:52.782 554-4264 VPUAPI pid-554 I reg_wirte(VE4_IP_BASE_ADDR+0x0334,0x26b58000);
2026-06-08 14:44:52.782 554-4264 VPUAPI pid-554 I reg_wirte(VE4_IP_BASE_ADDR+0x0338,0x26bd5000);
2026-06-08 14:44:52.782 554-4264 VPUAPI pid-554 I reg_wirte(VE4_IP_BASE_ADDR+0x033c,0x05000280);
2026-06-08 14:44:52.782 554-4264 VPUAPI pid-554 I reg_wirte(VE4_IP_BASE_ADDR+0x0340,0x0000f000);
2026-06-08 14:44:52.782 554-4264 VPUAPI pid-554 I reg_wirte(VE4_IP_BASE_ADDR+0x0348,0x00000000);
2026-06-08 14:44:52.782 554-4264 VPUAPI pid-554 I reg_wirte(VE4_IP_BASE_ADDR+0x034c,0x00000003);
2026-06-08 14:44:52.782 554-4264 VPUAPI pid-554 I reg_wirte(VE4_IP_BASE_ADDR+0x0350,0x07200000);
2026-06-08 14:44:52.782 554-4264 VPUAPI pid-554 I reg_wirte(VE4_IP_BASE_ADDR+0x0354,0x00000000);
2026-06-08 14:44:52.782 554-4264 VPUAPI pid-554 I reg_wirte(VE4_IP_BASE_ADDR+0x0358,0x00000000);
2026-06-08 14:44:52.782 554-4264 VPUAPI pid-554 I reg_wirte(VE4_IP_BASE_ADDR+0x035c,0x00000000);
2026-06-08 14:44:52.782 554-4264 VPUAPI pid-554 I reg_wirte(VE4_IP_BASE_ADDR+0x0360,0x00000000);
2026-06-08 14:44:52.782 554-4264 VPUAPI pid-554 I reg_wirte(VE4_IP_BASE_ADDR+0x0364,0x00000000);
2026-06-08 14:44:52.782 554-4264 VPUAPI pid-554 I reg_wirte(VE4_IP_BASE_ADDR+0x03e8,0x00000000);
2026-06-08 14:44:52.782 554-4264 VPUAPI pid-554 I reg_wirte(VE4_IP_BASE_ADDR+0x03ec,0x00000000);
2026-06-08 14:44:52.782 554-4264 VPUAPI pid-554 I reg_wirte(VE4_IP_BASE_ADDR+0x03f0,0x00000000);
2026-06-08 14:44:52.782 554-4264 VPUAPI pid-554 I reg_wirte(VE4_IP_BASE_ADDR+0x03f4,0x00000000);
2026-06-08 14:44:52.782 554-4264 VPUAPI pid-554 I reg_wirte(VE4_IP_BASE_ADDR+0x0414,0x00000000);
2026-06-08 14:44:52.782 554-4264 VPUAPI pid-554 I reg_wirte(VE4_IP_BASE_ADDR+0x0418,0x00000000);
2026-06-08 14:44:52.782 554-4264 VPUAPI pid-554 I reg_wirte(VE4_IP_BASE_ADDR+0x041c,0x00000000);
2026-06-08 14:44:52.782 554-4264 VPUAPI pid-554 I reg_wirte(VE4_IP_BASE_ADDR+0x0420,0x00000000);
2026-06-08 14:44:52.782 554-4264 VPUAPI pid-554 I reg_wirte(VE4_IP_BASE_ADDR+0x0424,0x00000000);
2026-06-08 14:44:52.782 554-4264 VPUAPI pid-554 I reg_wirte(VE4_IP_BASE_ADDR+0x0428,0x00000000);
2026-06-08 14:44:52.782 554-4264 VPUAPI pid-554 I reg_wirte(VE4_IP_BASE_ADDR+0x03f8,0x00000000);
2026-06-08 14:44:52.783 554-4264 VPUAPI pid-554 I reg_wirte(VE4_IP_BASE_ADDR+0x042c,0x00000001);
2026-06-08 14:44:52.783 554-4264 VPUAPI pid-554 I reg_wirte(VE4_IP_BASE_ADDR+0x03fc,0x00000000);
2026-06-08 14:44:52.783 554-4264 VPUAPI pid-554 I reg_wirte(VE4_IP_BASE_ADDR+0x0400,0x00000000);
2026-06-08 14:44:52.783 554-4264 VPUAPI pid-554 I reg_wirte(VE4_IP_BASE_ADDR+0x0404,0x00000000);
2026-06-08 14:44:52.783 554-4264 VPUAPI pid-554 I reg_wirte(VE4_IP_BASE_ADDR+0x0408,0x00000000);
2026-06-08 14:44:52.783 554-4264 VPUAPI pid-554 I reg_wirte(VE4_IP_BASE_ADDR+0x040c,0x00000000);
2026-06-08 14:44:52.783 554-4264 VPUAPI pid-554 I reg_wirte(VE4_IP_BASE_ADDR+0x0410,0x00000000);
2026-06-08 14:44:52.783 554-4264 VPUAPI pid-554 I [119]W6SendCommand.VpuWriteReg W6_CMD_INSTANCE_INFO:0x210.value:0x30000
2026-06-08 14:44:52.783 554-4264 VPUAPI pid-554 I reg_wirte(VE4_IP_BASE_ADDR+0x0210,0x00030000);
2026-06-08 14:44:52.783 554-4264 VPUAPI pid-554 I [123]W6SendCommand.VpuWriteReg W6_VPU_CMD_BUSY_STATUS:0x70.value:1
2026-06-08 14:44:52.783 554-4264 VPUAPI pid-554 I reg_wirte(VE4_IP_BASE_ADDR+0x0070,0x00000001);
2026-06-08 14:44:52.783 554-4264 VPUAPI pid-554 I [125]W6SendCommand.VpuWriteReg W6_COMMAND:0x200.value:0x100
2026-06-08 14:44:52.783 554-4264 VPUAPI pid-554 I reg_wirte(VE4_IP_BASE_ADDR+0x0200,0x00000100);
2026-06-08 14:44:52.783 554-4264 VPUAPI pid-554 I [131]W6SendCommand.VpuWriteReg W6_VPU_HOST_INT_REQ:0x6c.value:1
2026-06-08 14:44:52.783 554-4264 VPUAPI pid-554 I reg_wirte(VE4_IP_BASE_ADDR+0x0038,0x00000001);
2026-06-08 14:44:52.783 554-4264 VPUAPI pid-554 I [134]W6SendCommand.cmd:0x100.W6_VPU_VPU_INT_STS:0x0.W6_VPU_VINT_REASON:0x0
2026-06-08 14:44:52.784 554-4264 VPUAPI pid-554 I [-][2548]VPU_EncStartOneFrame.ret:0x0
2026-06-08 14:44:52.784 554-4264 RTK_WRAP_ENC_VE4 pid-554 I VPU_EncStartOneFrame() success
2026-06-08 14:44:52.787 554-4264 VPUAPI pid-554 I clear interruptFlag=256
2026-06-08 14:44:52.787 554-4264 VPUAPI pid-554 I [+][2562]VPU_EncGetOutputInfo.
2026-06-08 14:44:52.787 554-4264 VPUAPI pid-554 I [+][3185]Wave6VpuEncGetResult.
2026-06-08 14:44:52.787 554-4264 VPUAPI pid-554 I [Wave6VpuEncGetResult]gpuCacheStatus[0] = 0
2026-06-08 14:44:52.787 554-4264 VPUAPI pid-554 I [-][3340]Wave6VpuEncGetResult.ret:0x0
2026-06-08 14:44:52.787 554-4264 VPUAPI pid-554 I [2593]VPU_EncGetOutputInfo.encSrcIdx:0x0,reconFrameIndex:0x1
2026-06-08 14:44:52.787 554-4264 VPUAPI pid-554 I [-][2605]VPU_EncGetOutputInfo.ret:0x0
2026-06-08 14:44:52.787 554-4264 RTK_WRAP_ENC_VE4 pid-554 I encodeTime 3.771392 ms || Enc: 37|| picType 1 || reconIdx 1 || rdPtr 262e0000 || wrPtr 262e0113
2026-06-08 14:44:52.787 554-4264 RTK_WRAP_ENC_VE4 pid-554 I nHeaderLen: 0|| pVpu->outputInfo.bitstreamSize 275
2026-06-08 14:44:52.787 554-4264 RTK_WRAP_ENC_VE4 pid-554 I stream->buf_max_size : 2097152, stream->streamlen :275
2026-06-08 14:44:52.787 554-4264 RTKC2Venc pid-554 I ooo : frameIndex=37, streamSize=275, keyFrameFlag=0
2026-06-08 14:44:52.787 554-4264 RTKC2Venc pid-554 I Call finishWork in 761
2026-06-08 14:44:52.787 554-4264 RTKC2Venc pid-554 I Ready to finish 37
2026-06-08 14:44:52.788 554-4264 RTKC2Venc pid-554 I Finish finish 37
2026-06-08 14:44:52.789 554-4264 RTKC2Venc pid-554 I iii : flag=0, frameIndex=38, timeStamp=476852323, eos=0, dump_enable=0, yuvDumpFreq=1
2026-06-08 14:44:52.789 554-4264 RTKC2Venc pid-554 I Continue standard encode!
2026-06-08 14:44:52.790 554-4264 RTKC2Venc pid-554 I [extractGraphicBuffer][833] width = 1280 || height = 1600 || y_stride = 5120 || uStride = 5120 || vStride = 5120 || colorFormat = 1 || srcPhy = 0x0 || srcbufSize = 8192000
2026-06-08 14:44:52.790 554-4264 RTKC2Venc pid-554 I encoder->RequestSync = 0 cur_requestSync = 0
2026-06-08 14:44:52.791 4251-4267 MPEG4Writer pid-4251 D non-key frame, nIPFramesCtr 38, nLastIPFramesCtr 0
2026-06-08 14:44:52.791 554-4264 VideoClientEncVE pid-554 I [writeInputFrame][521] write input data to HW
2026-06-08 14:44:52.791 554-4264 RTK_WRAP_ENC_VE4 pid-554 I CODEC_SET_COLOR_FORMAT = 0x1
2026-06-08 14:44:52.791 554-4264 RTK_WRAP_ENC_VE4 pid-554 I [2599][encoder_set_video_config][CODEC_SET_COLOR_FORMAT] HAL_PIXEL_FORMAT_RGBA_8888
2026-06-08 14:44:52.791 554-4264 VideoClientEncVE pid-554 I calculated frameSize = 3072000
2026-06-08 14:44:52.791 554-4264 VideoClientEncVE pid-554 I mImpl->I_Interval = 600
2026-06-08 14:44:52.791 554-4264 RTK_WRAP_ENC_VE4 pid-554 I width 1280(1280), height 1600(1600), stride 1280
2026-06-08 14:44:52.791 554-4264 RTK_WRAP_ENC_VE4 pid-554 I =================encoder_encode_video================= encOP.picWidth: 1280 encOP.picHeight: 1600 origWidth: 1280 origHeight: 1600 srcFrameWidth: 1280 srcFrameHeight: 1600 srcFrameStride: 1280 fbStride: 1280 framebufWidth: 1280 framebufHeight: 1600 framebufStride: 1280 fbAllocInfo.stride: 1280 fbAllocInfo.height: 1600 buffe_resolution_flag=0
2026-06-08 14:44:52.791 554-4264 RTK_WRAP_ENC_VE4 pid-554 I copy method: HAL_PIXEL_FORMAT_RGBA_8888
2026-06-08 14:44:52.791 554-4264 RTK_WRAP_ENC_VE4 pid-554 I [+] in [CopyRGBA8888ToYUV420Frame]
2026-06-08 14:44:52.899 554-4264 RTK_WRAP_ENC_VE4 pid-554 I [-] in [CopyRGBA8888ToYUV420Frame]
2026-06-08 14:44:52.900 554-4264 RTK_WRAP_ENC_VE4 pid-554 I GopSize is greater than 1, GopSize=600, encodedIdx=38
2026-06-08 14:44:52.900 554-4264 VPUAPI pid-554 I [+][2488]VPU_EncStartOneFrame.
2026-06-08 14:44:52.900 554-4264 VPUAPI pid-554 I [2509]VPU_EncStartOneFrame.bf ProductVpuEncCheckEncParam
2026-06-08 14:44:52.900 554-4264 VPUAPI pid-554 I [2511]VPU_EncStartOneFrame.af ProductVpuEncCheckEncParam
2026-06-08 14:44:52.900 554-4264 VPUAPI pid-554 I wrapper_reg_wirte(0x0008,0x00000020);
2026-06-08 14:44:52.900 554-4264 VPUAPI pid-554 I [2910]gen_enc_pic_reg.encWidth:1280.set axi bit:0,1
2026-06-08 14:44:52.900 554-4264 VPUAPI pid-554 I reg_wirte(VE4_IP_BASE_ADDR+0x0300,0x262e0000);
2026-06-08 14:44:52.900 554-4264 VPUAPI pid-554 I reg_wirte(VE4_IP_BASE_ADDR+0x0304,0x0002a000);
2026-06-08 14:44:52.900 554-4264 VPUAPI pid-554 I reg_wirte(VE4_IP_BASE_ADDR+0x0308,0x00000040);
2026-06-08 14:44:52.900 554-4264 VPUAPI pid-554 I reg_wirte(VE4_IP_BASE_ADDR+0x030c,0x00000001);
2026-06-08 14:44:52.900 554-4264 VPUAPI pid-554 I reg_wirte(VE4_IP_BASE_ADDR+0x0310,0x00000000);
2026-06-08 14:44:52.900 554-4264 VPUAPI pid-554 I reg_wirte(VE4_IP_BASE_ADDR+0x0318,0x00000000);
2026-06-08 14:44:52.900 554-4264 VPUAPI pid-554 I reg_wirte(VE4_IP_BASE_ADDR+0x031c,0x00000000);
2026-06-08 14:44:52.900 554-4264 VPUAPI pid-554 I reg_wirte(VE4_IP_BASE_ADDR+0x0320,0x00000000);
2026-06-08 14:44:52.900 554-4264 VPUAPI pid-554 I reg_wirte(VE4_IP_BASE_ADDR+0x0324,0x00000000);
2026-06-08 14:44:52.900 554-4264 VPUAPI pid-554 I reg_wirte(VE4_IP_BASE_ADDR+0x032c,0x00000000);
2026-06-08 14:44:52.900 554-4264 VPUAPI pid-554 I reg_wirte(VE4_IP_BASE_ADDR+0x0330,0x26964000);
2026-06-08 14:44:52.900 554-4264 VPUAPI pid-554 I reg_wirte(VE4_IP_BASE_ADDR+0x0334,0x26b58000);
2026-06-08 14:44:52.900 554-4264 VPUAPI pid-554 I reg_wirte(VE4_IP_BASE_ADDR+0x0338,0x26bd5000);
2026-06-08 14:44:52.900 554-4264 VPUAPI pid-554 I reg_wirte(VE4_IP_BASE_ADDR+0x033c,0x05000280);
2026-06-08 14:44:52.900 554-4264 VPUAPI pid-554 I reg_wirte(VE4_IP_BASE_ADDR+0x0340,0x0000f000);
2026-06-08 14:44:52.900 554-4264 VPUAPI pid-554 I reg_wirte(VE4_IP_BASE_ADDR+0x0348,0x00000000);
2026-06-08 14:44:52.900 554-4264 VPUAPI pid-554 I reg_wirte(VE4_IP_BASE_ADDR+0x034c,0x00000003);
2026-06-08 14:44:52.900 554-4264 VPUAPI pid-554 I reg_wirte(VE4_IP_BASE_ADDR+0x0350,0x07200000);
2026-06-08 14:44:52.900 554-4264 VPUAPI pid-554 I reg_wirte(VE4_IP_BASE_ADDR+0x0354,0x00000000);
2026-06-08 14:44:52.900 554-4264 VPUAPI pid-554 I reg_wirte(VE4_IP_BASE_ADDR+0x0358,0x00000000);
2026-06-08 14:44:52.900 554-4264 VPUAPI pid-554 I reg_wirte(VE4_IP_BASE_ADDR+0x035c,0x00000000);
2026-06-08 14:44:52.900 554-4264 VPUAPI pid-554 I reg_wirte(VE4_IP_BASE_ADDR+0x0360,0x00000000);
2026-06-08 14:44:52.900 554-4264 VPUAPI pid-554 I reg_wirte(VE4_IP_BASE_ADDR+0x0364,0x00000000);
2026-06-08 14:44:52.900 554-4264 VPUAPI pid-554 I reg_wirte(VE4_IP_BASE_ADDR+0x03e8,0x00000000);
2026-06-08 14:44:52.900 554-4264 VPUAPI pid-554 I reg_wirte(VE4_IP_BASE_ADDR+0x03ec,0x00000000);
2026-06-08 14:44:52.900 554-4264 VPUAPI pid-554 I reg_wirte(VE4_IP_BASE_ADDR+0x03f0,0x00000000);
2026-06-08 14:44:52.900 554-4264 VPUAPI pid-554 I reg_wirte(VE4_IP_BASE_ADDR+0x03f4,0x00000000);
2026-06-08 14:44:52.900 554-4264 VPUAPI pid-554 I reg_wirte(VE4_IP_BASE_ADDR+0x0414,0x00000000);
2026-06-08 14:44:52.900 554-4264 VPUAPI pid-554 I reg_wirte(VE4_IP_BASE_ADDR+0x0418,0x00000000);
2026-06-08 14:44:52.900 554-4264 VPUAPI pid-554 I reg_wirte(VE4_IP_BASE_ADDR+0x041c,0x00000000);
2026-06-08 14:44:52.900 554-4264 VPUAPI pid-554 I reg_wirte(VE4_IP_BASE_ADDR+0x0420,0x00000000);
2026-06-08 14:44:52.900 554-4264 VPUAPI pid-554 I reg_wirte(VE4_IP_BASE_ADDR+0x0424,0x00000000);
2026-06-08 14:44:52.900 554-4264 VPUAPI pid-554 I reg_wirte(VE4_IP_BASE_ADDR+0x0428,0x00000000);
2026-06-08 14:44:52.900 554-4264 VPUAPI pid-554 I reg_wirte(VE4_IP_BASE_ADDR+0x03f8,0x00000000);
2026-06-08 14:44:52.900 554-4264 VPUAPI pid-554 I reg_wirte(VE4_IP_BASE_ADDR+0x042c,0x00000001);
2026-06-08 14:44:52.900 554-4264 VPUAPI pid-554 I reg_wirte(VE4_IP_BASE_ADDR+0x03fc,0x00000000);
2026-06-08 14:44:52.900 554-4264 VPUAPI pid-554 I reg_wirte(VE4_IP_BASE_ADDR+0x0400,0x00000000);
2026-06-08 14:44:52.900 554-4264 VPUAPI pid-554 I reg_wirte(VE4_IP_BASE_ADDR+0x0404,0x00000000);
2026-06-08 14:44:52.900 554-4264 VPUAPI pid-554 I reg_wirte(VE4_IP_BASE_ADDR+0x0408,0x00000000);
2026-06-08 14:44:52.900 554-4264 VPUAPI pid-554 I reg_wirte(VE4_IP_BASE_ADDR+0x040c,0x00000000);
2026-06-08 14:44:52.900 554-4264 VPUAPI pid-554 I reg_wirte(VE4_IP_BASE_ADDR+0x0410,0x00000000);
2026-06-08 14:44:52.900 554-4264 VPUAPI pid-554 I [119]W6SendCommand.VpuWriteReg W6_CMD_INSTANCE_INFO:0x210.value:0x30000
2026-06-08 14:44:52.900 554-4264 VPUAPI pid-554 I reg_wirte(VE4_IP_BASE_ADDR+0x0210,0x00030000);
2026-06-08 14:44:52.900 554-4264 VPUAPI pid-554 I [123]W6SendCommand.VpuWriteReg W6_VPU_CMD_BUSY_STATUS:0x70.value:1
2026-06-08 14:44:52.900 554-4264 VPUAPI pid-554 I reg_wirte(VE4_IP_BASE_ADDR+0x0070,0x00000001);
2026-06-08 14:44:52.900 554-4264 VPUAPI pid-554 I [125]W6SendCommand.VpuWriteReg W6_COMMAND:0x200.value:0x100
2026-06-08 14:44:52.900 554-4264 VPUAPI pid-554 I reg_wirte(VE4_IP_BASE_ADDR+0x0200,0x00000100);
2026-06-08 14:44:52.900 554-4264 VPUAPI pid-554 I [131]W6SendCommand.VpuWriteReg W6_VPU_HOST_INT_REQ:0x6c.value:1
2026-06-08 14:44:52.900 554-4264 VPUAPI pid-554 I reg_wirte(VE4_IP_BASE_ADDR+0x0038,0x00000001);
2026-06-08 14:44:52.900 554-4264 VPUAPI pid-554 I [134]W6SendCommand.cmd:0x100.W6_VPU_VPU_INT_STS:0x0.W6_VPU_VINT_REASON:0x0
2026-06-08 14:44:52.900 554-4264 VPUAPI pid-554 I [-][2548]VPU_EncStartOneFrame.ret:0x0
2026-06-08 14:44:52.900 554-4264 RTK_WRAP_ENC_VE4 pid-554 I VPU_EncStartOneFrame() success
2026-06-08 14:44:52.903 554-4264 VPUAPI pid-554 I clear interruptFlag=256
2026-06-08 14:44:52.903 554-4264 VPUAPI pid-554 I [+][2562]VPU_EncGetOutputInfo.
2026-06-08 14:44:52.903 554-4264 VPUAPI pid-554 I [+][3185]Wave6VpuEncGetResult.
2026-06-08 14:44:52.904 554-4264 VPUAPI pid-554 I [Wave6VpuEncGetResult]gpuCacheStatus[0] = 0
2026-06-08 14:44:52.904 554-4264 VPUAPI pid-554 I [-][3340]Wave6VpuEncGetResult.ret:0x0
2026-06-08 14:44:52.904 554-4264 VPUAPI pid-554 I [2593]VPU_EncGetOutputInfo.encSrcIdx:0x0,reconFrameIndex:0x1
2026-06-08 14:44:52.904 554-4264 VPUAPI pid-554 I [-][2605]VPU_EncGetOutputInfo.ret:0x0
2026-06-08 14:44:52.904 554-4264 RTK_WRAP_ENC_VE4 pid-554 I encodeTime 3.806208 ms || Enc: 38|| picType 1 || reconIdx 1 || rdPtr 262e0000 || wrPtr 262e078a
2026-06-08 14:44:52.904 554-4264 RTK_WRAP_ENC_VE4 pid-554 I nHeaderLen: 0|| pVpu->outputInfo.bitstreamSize 1930
2026-06-08 14:44:52.904 554-4264 RTK_WRAP_ENC_VE4 pid-554 I stream->buf_max_size : 2097152, stream->streamlen :1930
2026-06-08 14:44:52.904 554-4264 RTKC2Venc pid-554 I ooo : frameIndex=38, streamSize=1930, keyFrameFlag=0
2026-06-08 14:44:52.904 554-4264 RTKC2Venc pid-554 I Call finishWork in 761
2026-06-08 14:44:52.904 554-4264 RTKC2Venc pid-554 I Ready to finish 38
2026-06-08 14:44:52.904 554-4264 RTKC2Venc pid-554 I Finish finish 38
2026-06-08 14:44:52.905 554-4264 RTKC2Venc pid-554 I iii : flag=0, frameIndex=39, timeStamp=476880488, eos=0, dump_enable=0, yuvDumpFreq=1
2026-06-08 14:44:52.905 554-4264 RTKC2Venc pid-554 I Continue standard encode!
2026-06-08 14:44:52.905 4251-4267 MPEG4Writer pid-4251 D non-key frame, nIPFramesCtr 39, nLastIPFramesCtr 0
2026-06-08 14:44:52.906 554-4264 RTKC2Venc pid-554 I [extractGraphicBuffer][833] width = 1280 || height = 1600 || y_stride = 5120 || uStride = 5120 || vStride = 5120 || colorFormat = 1 || srcPhy = 0x0 || srcbufSize = 8192000
2026-06-08 14:44:52.906 554-4264 RTKC2Venc pid-554 I encoder->RequestSync = 0 cur_requestSync = 0
2026-06-08 14:44:52.906 554-4264 VideoClientEncVE pid-554 I [writeInputFrame][521] write input data to HW
2026-06-08 14:44:52.906 554-4264 RTK_WRAP_ENC_VE4 pid-554 I CODEC_SET_COLOR_FORMAT = 0x1
2026-06-08 14:44:52.906 554-4264 RTK_WRAP_ENC_VE4 pid-554 I [2599][encoder_set_video_config][CODEC_SET_COLOR_FORMAT] HAL_PIXEL_FORMAT_RGBA_8888
2026-06-08 14:44:52.906 554-4264 VideoClientEncVE pid-554 I calculated frameSize = 3072000
2026-06-08 14:44:52.906 554-4264 VideoClientEncVE pid-554 I mImpl->I_Interval = 600
2026-06-08 14:44:52.906 554-4264 RTK_WRAP_ENC_VE4 pid-554 I width 1280(1280), height 1600(1600), stride 1280
2026-06-08 14:44:52.906 554-4264 RTK_WRAP_ENC_VE4 pid-554 I =================encoder_encode_video================= encOP.picWidth: 1280 encOP.picHeight: 1600 origWidth: 1280 origHeight: 1600 srcFrameWidth: 1280 srcFrameHeight: 1600 srcFrameStride: 1280 fbStride: 1280 framebufWidth: 1280 framebufHeight: 1600 framebufStride: 1280 fbAllocInfo.stride: 1280 fbAllocInfo.height: 1600 buffe_resolution_flag=0
2026-06-08 14:44:52.906 554-4264 RTK_WRAP_ENC_VE4 pid-554 I copy method: HAL_PIXEL_FORMAT_RGBA_8888
2026-06-08 14:44:52.906 554-4264 RTK_WRAP_ENC_VE4 pid-554 I [+] in [CopyRGBA8888ToYUV420Frame]
2026-06-08 14:44:52.945 1776-1776 RotaryController pid-1776 V onAccessibilityEvent: EventType: TYPE_WINDOWS_CHANGED; EventTime: 476985; PackageName: null; MovementGranularity: 0; Action: 0; ContentChangeTypes: []; WindowChangeTypes: [WINDOWS_CHANGE_BOUNDS] [ ClassName: null; Text: []; ContentDescription: null; ItemCount: -1; CurrentItemIndex: -1; Enabled: false; Password: false; Checked: false; FullScreen: false; Scrollable: false; ImportantForAccessibility: true; AccessibilityDataSensitive: false; BeforeText: null; FromIndex: -1; ToIndex: -1; ScrollX: 0; ScrollY: 0; MaxScrollX: 0; MaxScrollY: 0; ScrollDeltaX: -1; ScrollDeltaY: -1; AddedCount: -1; RemovedCount: -1; ParcelableData: null; DisplayId: 0 ]; recordCount: 0
2026-06-08 14:44:52.945 1776-1776 RotaryController pid-1776 V event window ID: 1a
2026-06-08 14:44:52.945 1776-1776 RotaryController pid-1776 V onAccessibilityEvent: EventType: TYPE_WINDOWS_CHANGED; EventTime: 477153; PackageName: null; MovementGranularity: 0; Action: 0; ContentChangeTypes: []; WindowChangeTypes: [WINDOWS_CHANGE_BOUNDS] [ ClassName: null; Text: []; ContentDescription: null; ItemCount: -1; CurrentItemIndex: -1; Enabled: false; Password: false; Checked: false; FullScreen: false; Scrollable: false; ImportantForAccessibility: true; AccessibilityDataSensitive: false; BeforeText: null; FromIndex: -1; ToIndex: -1; ScrollX: 0; ScrollY: 0; MaxScrollX: 0; MaxScrollY: 0; ScrollDeltaX: -1; ScrollDeltaY: -1; AddedCount: -1; RemovedCount: -1; ParcelableData: null; DisplayId: 0 ]; recordCount: 0
2026-06-08 14:44:52.945 1776-1776 RotaryController pid-1776 V event window ID: 1a
2026-06-08 14:44:52.998 554-4264 RTK_WRAP_ENC_VE4 pid-554 I [-] in [CopyRGBA8888ToYUV420Frame]
2026-06-08 14:44:52.998 554-4264 RTK_WRAP_ENC_VE4 pid-554 I GopSize is greater than 1, GopSize=600, encodedIdx=39
2026-06-08 14:44:52.998 554-4264 VPUAPI pid-554 I [+][2488]VPU_EncStartOneFrame.
2026-06-08 14:44:52.998 554-4264 VPUAPI pid-554 I [2509]VPU_EncStartOneFrame.bf ProductVpuEncCheckEncParam
2026-06-08 14:44:52.998 554-4264 VPUAPI pid-554 I [2511]VPU_EncStartOneFrame.af ProductVpuEncCheckEncParam
2026-06-08 14:44:52.998 554-4264 VPUAPI pid-554 I wrapper_reg_wirte(0x0008,0x00000020);
2026-06-08 14:44:52.998 554-4264 VPUAPI pid-554 I [2910]gen_enc_pic_reg.encWidth:1280.set axi bit:0,1
2026-06-08 14:44:52.998 554-4264 VPUAPI pid-554 I reg_wirte(VE4_IP_BASE_ADDR+0x0300,0x262e0000);
2026-06-08 14:44:52.998 554-4264 VPUAPI pid-554 I reg_wirte(VE4_IP_BASE_ADDR+0x0304,0x0002a000);
2026-06-08 14:44:52.998 554-4264 VPUAPI pid-554 I reg_wirte(VE4_IP_BASE_ADDR+0x0308,0x00000040);
2026-06-08 14:44:52.998 554-4264 VPUAPI pid-554 I reg_wirte(VE4_IP_BASE_ADDR+0x030c,0x00000001);
2026-06-08 14:44:52.998 554-4264 VPUAPI pid-554 I reg_wirte(VE4_IP_BASE_ADDR+0x0310,0x00000000);
2026-06-08 14:44:52.998 554-4264 VPUAPI pid-554 I reg_wirte(VE4_IP_BASE_ADDR+0x0318,0x00000000);
2026-06-08 14:44:52.998 554-4264 VPUAPI pid-554 I reg_wirte(VE4_IP_BASE_ADDR+0x031c,0x00000000);
2026-06-08 14:44:52.998 554-4264 VPUAPI pid-554 I reg_wirte(VE4_IP_BASE_ADDR+0x0320,0x00000000);
2026-06-08 14:44:52.998 554-4264 VPUAPI pid-554 I reg_wirte(VE4_IP_BASE_ADDR+0x0324,0x00000000);
2026-06-08 14:44:52.998 554-4264 VPUAPI pid-554 I reg_wirte(VE4_IP_BASE_ADDR+0x032c,0x00000000);
2026-06-08 14:44:52.998 554-4264 VPUAPI pid-554 I reg_wirte(VE4_IP_BASE_ADDR+0x0330,0x26964000);
2026-06-08 14:44:52.998 554-4264 VPUAPI pid-554 I reg_wirte(VE4_IP_BASE_ADDR+0x0334,0x26b58000);
2026-06-08 14:44:52.998 554-4264 VPUAPI pid-554 I reg_wirte(VE4_IP_BASE_ADDR+0x0338,0x26bd5000);
2026-06-08 14:44:52.998 554-4264 VPUAPI pid-554 I reg_wirte(VE4_IP_BASE_ADDR+0x033c,0x05000280);
2026-06-08 14:44:52.998 554-4264 VPUAPI pid-554 I reg_wirte(VE4_IP_BASE_ADDR+0x0340,0x0000f000);
2026-06-08 14:44:52.998 554-4264 VPUAPI pid-554 I reg_wirte(VE4_IP_BASE_ADDR+0x0348,0x00000000);
2026-06-08 14:44:52.998 554-4264 VPUAPI pid-554 I reg_wirte(VE4_IP_BASE_ADDR+0x034c,0x00000003);
2026-06-08 14:44:52.998 554-4264 VPUAPI pid-554 I reg_wirte(VE4_IP_BASE_ADDR+0x0350,0x07200000);
2026-06-08 14:44:52.998 554-4264 VPUAPI pid-554 I reg_wirte(VE4_IP_BASE_ADDR+0x0354,0x00000000);
2026-06-08 14:44:52.998 554-4264 VPUAPI pid-554 I reg_wirte(VE4_IP_BASE_ADDR+0x0358,0x00000000);
2026-06-08 14:44:52.998 554-4264 VPUAPI pid-554 I reg_wirte(VE4_IP_BASE_ADDR+0x035c,0x00000000);
2026-06-08 14:44:52.998 554-4264 VPUAPI pid-554 I reg_wirte(VE4_IP_BASE_ADDR+0x0360,0x00000000);
2026-06-08 14:44:52.998 554-4264 VPUAPI pid-554 I reg_wirte(VE4_IP_BASE_ADDR+0x0364,0x00000000);
2026-06-08 14:44:52.998 554-4264 VPUAPI pid-554 I reg_wirte(VE4_IP_BASE_ADDR+0x03e8,0x00000000);
2026-06-08 14:44:52.998 554-4264 VPUAPI pid-554 I reg_wirte(VE4_IP_BASE_ADDR+0x03ec,0x00000000);
2026-06-08 14:44:52.998 554-4264 VPUAPI pid-554 I reg_wirte(VE4_IP_BASE_ADDR+0x03f0,0x00000000);
2026-06-08 14:44:52.998 554-4264 VPUAPI pid-554 I reg_wirte(VE4_IP_BASE_ADDR+0x03f4,0x00000000);
2026-06-08 14:44:52.998 554-4264 VPUAPI pid-554 I reg_wirte(VE4_IP_BASE_ADDR+0x0414,0x00000000);
2026-06-08 14:44:52.998 554-4264 VPUAPI pid-554 I reg_wirte(VE4_IP_BASE_ADDR+0x0418,0x00000000);
2026-06-08 14:44:52.998 554-4264 VPUAPI pid-554 I reg_wirte(VE4_IP_BASE_ADDR+0x041c,0x00000000);
2026-06-08 14:44:52.998 554-4264 VPUAPI pid-554 I reg_wirte(VE4_IP_BASE_ADDR+0x0420,0x00000000);
2026-06-08 14:44:52.998 554-4264 VPUAPI pid-554 I reg_wirte(VE4_IP_BASE_ADDR+0x0424,0x00000000);
2026-06-08 14:44:52.998 554-4264 VPUAPI pid-554 I reg_wirte(VE4_IP_BASE_ADDR+0x0428,0x00000000);
2026-06-08 14:44:52.998 554-4264 VPUAPI pid-554 I reg_wirte(VE4_IP_BASE_ADDR+0x03f8,0x00000000);
2026-06-08 14:44:52.998 554-4264 VPUAPI pid-554 I reg_wirte(VE4_IP_BASE_ADDR+0x042c,0x00000001);
2026-06-08 14:44:52.998 554-4264 VPUAPI pid-554 I reg_wirte(VE4_IP_BASE_ADDR+0x03fc,0x00000000);
2026-06-08 14:44:52.998 554-4264 VPUAPI pid-554 I reg_wirte(VE4_IP_BASE_ADDR+0x0400,0x00000000);
2026-06-08 14:44:52.998 554-4264 VPUAPI pid-554 I reg_wirte(VE4_IP_BASE_ADDR+0x0404,0x00000000);
2026-06-08 14:44:52.998 554-4264 VPUAPI pid-554 I reg_wirte(VE4_IP_BASE_ADDR+0x0408,0x00000000);
2026-06-08 14:44:52.998 554-4264 VPUAPI pid-554 I reg_wirte(VE4_IP_BASE_ADDR+0x040c,0x00000000);
2026-06-08 14:44:52.998 554-4264 VPUAPI pid-554 I reg_wirte(VE4_IP_BASE_ADDR+0x0410,0x00000000);
2026-06-08 14:44:52.998 554-4264 VPUAPI pid-554 I [119]W6SendCommand.VpuWriteReg W6_CMD_INSTANCE_INFO:0x210.value:0x30000
2026-06-08 14:44:52.998 554-4264 VPUAPI pid-554 I reg_wirte(VE4_IP_BASE_ADDR+0x0210,0x00030000);
2026-06-08 14:44:52.998 554-4264 VPUAPI pid-554 I [123]W6SendCommand.VpuWriteReg W6_VPU_CMD_BUSY_STATUS:0x70.value:1
2026-06-08 14:44:52.998 554-4264 VPUAPI pid-554 I reg_wirte(VE4_IP_BASE_ADDR+0x0070,0x00000001);
2026-06-08 14:44:52.998 554-4264 VPUAPI pid-554 I [125]W6SendCommand.VpuWriteReg W6_COMMAND:0x200.value:0x100
2026-06-08 14:44:52.998 554-4264 VPUAPI pid-554 I reg_wirte(VE4_IP_BASE_ADDR+0x0200,0x00000100);
2026-06-08 14:44:52.998 554-4264 VPUAPI pid-554 I [131]W6SendCommand.VpuWriteReg W6_VPU_HOST_INT_REQ:0x6c.value:1
2026-06-08 14:44:52.998 554-4264 VPUAPI pid-554 I reg_wirte(VE4_IP_BASE_ADDR+0x0038,0x00000001);
2026-06-08 14:44:52.998 554-4264 VPUAPI pid-554 I [134]W6SendCommand.cmd:0x100.W6_VPU_VPU_INT_STS:0x0.W6_VPU_VINT_REASON:0x0
2026-06-08 14:44:52.998 554-4264 VPUAPI pid-554 I [-][2548]VPU_EncStartOneFrame.ret:0x0
2026-06-08 14:44:52.998 554-4264 RTK_WRAP_ENC_VE4 pid-554 I VPU_EncStartOneFrame() success
2026-06-08 14:44:53.002 554-4264 VPUAPI pid-554 I clear interruptFlag=256
2026-06-08 14:44:53.002 554-4264 VPUAPI pid-554 I [+][2562]VPU_EncGetOutputInfo.
2026-06-08 14:44:53.002 554-4264 VPUAPI pid-554 I [+][3185]Wave6VpuEncGetResult.
2026-06-08 14:44:53.002 554-4264 VPUAPI pid-554 I [Wave6VpuEncGetResult]gpuCacheStatus[0] = 0
2026-06-08 14:44:53.002 554-4264 VPUAPI pid-554 I [-][3340]Wave6VpuEncGetResult.ret:0x0
2026-06-08 14:44:53.002 554-4264 VPUAPI pid-554 I [2593]VPU_EncGetOutputInfo.encSrcIdx:0x0,reconFrameIndex:0x0
2026-06-08 14:44:53.002 554-4264 VPUAPI pid-554 I [-][2605]VPU_EncGetOutputInfo.ret:0x0
2026-06-08 14:44:53.002 554-4264 RTK_WRAP_ENC_VE4 pid-554 I encodeTime 3.770880 ms || Enc: 39|| picType 1 || reconIdx 0 || rdPtr 262e0000 || wrPtr 262e0227
2026-06-08 14:44:53.002 554-4264 RTK_WRAP_ENC_VE4 pid-554 I nHeaderLen: 0|| pVpu->outputInfo.bitstreamSize 551
2026-06-08 14:44:53.002 554-4264 RTK_WRAP_ENC_VE4 pid-554 I stream->buf_max_size : 2097152, stream->streamlen :551
2026-06-08 14:44:53.002 554-4264 RTKC2Venc pid-554 I ooo : frameIndex=39, streamSize=551, keyFrameFlag=0
2026-06-08 14:44:53.002 554-4264 RTKC2Venc pid-554 I Call finishWork in 761
2026-06-08 14:44:53.002 554-4264 RTKC2Venc pid-554 I Ready to finish 39
2026-06-08 14:44:53.003 554-4264 RTKC2Venc pid-554 I Finish finish 39
2026-06-08 14:44:53.003 554-4264 RTKC2Venc pid-554 I iii : flag=0, frameIndex=40, timeStamp=476913081, eos=0, dump_enable=0, yuvDumpFreq=1
2026-06-08 14:44:53.003 554-4264 RTKC2Venc pid-554 I Continue standard encode!
2026-06-08 14:44:53.003 554-4264 RTKC2Venc pid-554 I [extractGraphicBuffer][833] width = 1280 || height = 1600 || y_stride = 5120 || uStride = 5120 || vStride = 5120 || colorFormat = 1 || srcPhy = 0x0 || srcbufSize = 8192000
2026-06-08 14:44:53.003 554-4264 RTKC2Venc pid-554 I encoder->RequestSync = 0 cur_requestSync = 0
2026-06-08 14:44:53.004 554-4264 VideoClientEncVE pid-554 I [writeInputFrame][521] write input data to HW
2026-06-08 14:44:53.004 554-4264 RTK_WRAP_ENC_VE4 pid-554 I CODEC_SET_COLOR_FORMAT = 0x1
2026-06-08 14:44:53.004 554-4264 RTK_WRAP_ENC_VE4 pid-554 I [2599][encoder_set_video_config][CODEC_SET_COLOR_FORMAT] HAL_PIXEL_FORMAT_RGBA_8888
2026-06-08 14:44:53.004 554-4264 VideoClientEncVE pid-554 I calculated frameSize = 3072000
2026-06-08 14:44:53.004 554-4264 VideoClientEncVE pid-554 I mImpl->I_Interval = 600
2026-06-08 14:44:53.004 554-4264 RTK_WRAP_ENC_VE4 pid-554 I width 1280(1280), height 1600(1600), stride 1280
2026-06-08 14:44:53.004 554-4264 RTK_WRAP_ENC_VE4 pid-554 I =================encoder_encode_video================= encOP.picWidth: 1280 encOP.picHeight: 1600 origWidth: 1280 origHeight: 1600 srcFrameWidth: 1280 srcFrameHeight: 1600 srcFrameStride: 1280 fbStride: 1280 framebufWidth: 1280 framebufHeight: 1600 framebufStride: 1280 fbAllocInfo.stride: 1280 fbAllocInfo.height: 1600 buffe_resolution_flag=0
2026-06-08 14:44:53.004 554-4264 RTK_WRAP_ENC_VE4 pid-554 I copy method: HAL_PIXEL_FORMAT_RGBA_8888
2026-06-08 14:44:53.004 554-4264 RTK_WRAP_ENC_VE4 pid-554 I [+] in [CopyRGBA8888ToYUV420Frame]
2026-06-08 14:44:53.004 4251-4267 MPEG4Writer pid-4251 D non-key frame, nIPFramesCtr 40, nLastIPFramesCtr 0
2026-06-08 14:44:53.081 2359-2492 BluetoothSocket pid-2359 D accept(), timeout (ms):-1
2026-06-08 14:44:53.081 2359-2492 BTConnectionMethod pid-2359 E AcceptThread: accept() failed java.io.IOException: read failed, socket might closed or timeout, read ret: -1
at android.bluetooth.BluetoothSocket.readAll(BluetoothSocket.java:924)
at android.bluetooth.BluetoothSocket.waitSocketSignal(BluetoothSocket.java:877)
at android.bluetooth.BluetoothSocket.accept(BluetoothSocket.java:626)
at android.bluetooth.BluetoothServerSocket.accept(BluetoothServerSocket.java:195)
at android.bluetooth.BluetoothServerSocket.accept(BluetoothServerSocket.java:178)
at com.abaltatech.mcs.bluetooth.android.BluetoothConnectionMethod$AcceptThread.acceptConnection(BluetoothConnectionMethod.java:504)
at com.abaltatech.mcs.bluetooth.android.BluetoothConnectionMethod$AcceptThread.run(BluetoothConnectionMethod.java:475)
2026-06-08 14:44:53.101 554-4264 RTK_WRAP_ENC_VE4 pid-554 I [-] in [CopyRGBA8888ToYUV420Frame]
2026-06-08 14:44:53.102 554-4264 RTK_WRAP_ENC_VE4 pid-554 I GopSize is greater than 1, GopSize=600, encodedIdx=40
2026-06-08 14:44:53.102 554-4264 VPUAPI pid-554 I [+][2488]VPU_EncStartOneFrame.
2026-06-08 14:44:53.102 554-4264 VPUAPI pid-554 I [2509]VPU_EncStartOneFrame.bf ProductVpuEncCheckEncParam
2026-06-08 14:44:53.102 554-4264 VPUAPI pid-554 I [2511]VPU_EncStartOneFrame.af ProductVpuEncCheckEncParam
2026-06-08 14:44:53.102 554-4264 VPUAPI pid-554 I wrapper_reg_wirte(0x0008,0x00000020);
2026-06-08 14:44:53.102 554-4264 VPUAPI pid-554 I [2910]gen_enc_pic_reg.encWidth:1280.set axi bit:0,1
2026-06-08 14:44:53.102 554-4264 VPUAPI pid-554 I reg_wirte(VE4_IP_BASE_ADDR+0x0300,0x262e0000);
2026-06-08 14:44:53.102 554-4264 VPUAPI pid-554 I reg_wirte(VE4_IP_BASE_ADDR+0x0304,0x0002a000);
2026-06-08 14:44:53.102 554-4264 VPUAPI pid-554 I reg_wirte(VE4_IP_BASE_ADDR+0x0308,0x00000040);
2026-06-08 14:44:53.102 554-4264 VPUAPI pid-554 I reg_wirte(VE4_IP_BASE_ADDR+0x030c,0x00000001);
2026-06-08 14:44:53.102 554-4264 VPUAPI pid-554 I reg_wirte(VE4_IP_BASE_ADDR+0x0310,0x00000000);
2026-06-08 14:44:53.102 554-4264 VPUAPI pid-554 I reg_wirte(VE4_IP_BASE_ADDR+0x0318,0x00000000);
2026-06-08 14:44:53.102 554-4264 VPUAPI pid-554 I reg_wirte(VE4_IP_BASE_ADDR+0x031c,0x00000000);
2026-06-08 14:44:53.102 554-4264 VPUAPI pid-554 I reg_wirte(VE4_IP_BASE_ADDR+0x0320,0x00000000);
2026-06-08 14:44:53.103 554-4264 VPUAPI pid-554 I reg_wirte(VE4_IP_BASE_ADDR+0x0324,0x00000000);
2026-06-08 14:44:53.103 554-4264 VPUAPI pid-554 I reg_wirte(VE4_IP_BASE_ADDR+0x032c,0x00000000);
2026-06-08 14:44:53.103 554-4264 VPUAPI pid-554 I reg_wirte(VE4_IP_BASE_ADDR+0x0330,0x26964000);
2026-06-08 14:44:53.103 554-4264 VPUAPI pid-554 I reg_wirte(VE4_IP_BASE_ADDR+0x0334,0x26b58000);
2026-06-08 14:44:53.103 554-4264 VPUAPI pid-554 I reg_wirte(VE4_IP_BASE_ADDR+0x0338,0x26bd5000);
2026-06-08 14:44:53.103 554-4264 VPUAPI pid-554 I reg_wirte(VE4_IP_BASE_ADDR+0x033c,0x05000280);
2026-06-08 14:44:53.103 554-4264 VPUAPI pid-554 I reg_wirte(VE4_IP_BASE_ADDR+0x0340,0x0000f000);
2026-06-08 14:44:53.103 554-4264 VPUAPI pid-554 I reg_wirte(VE4_IP_BASE_ADDR+0x0348,0x00000000);
2026-06-08 14:44:53.103 554-4264 VPUAPI pid-554 I reg_wirte(VE4_IP_BASE_ADDR+0x034c,0x00000003);
2026-06-08 14:44:53.103 554-4264 VPUAPI pid-554 I reg_wirte(VE4_IP_BASE_ADDR+0x0350,0x07200000);
2026-06-08 14:44:53.103 554-4264 VPUAPI pid-554 I reg_wirte(VE4_IP_BASE_ADDR+0x0354,0x00000000);
2026-06-08 14:44:53.103 554-4264 VPUAPI pid-554 I reg_wirte(VE4_IP_BASE_ADDR+0x0358,0x00000000);
2026-06-08 14:44:53.103 554-4264 VPUAPI pid-554 I reg_wirte(VE4_IP_BASE_ADDR+0x035c,0x00000000);
2026-06-08 14:44:53.103 554-4264 VPUAPI pid-554 I reg_wirte(VE4_IP_BASE_ADDR+0x0360,0x00000000);
2026-06-08 14:44:53.103 554-4264 VPUAPI pid-554 I reg_wirte(VE4_IP_BASE_ADDR+0x0364,0x00000000);
2026-06-08 14:44:53.103 554-4264 VPUAPI pid-554 I reg_wirte(VE4_IP_BASE_ADDR+0x03e8,0x00000000);
2026-06-08 14:44:53.103 554-4264 VPUAPI pid-554 I reg_wirte(VE4_IP_BASE_ADDR+0x03ec,0x00000000);
2026-06-08 14:44:53.103 554-4264 VPUAPI pid-554 I reg_wirte(VE4_IP_BASE_ADDR+0x03f0,0x00000000);
2026-06-08 14:44:53.103 554-4264 VPUAPI pid-554 I reg_wirte(VE4_IP_BASE_ADDR+0x03f4,0x00000000);
2026-06-08 14:44:53.103 554-4264 VPUAPI pid-554 I reg_wirte(VE4_IP_BASE_ADDR+0x0414,0x00000000);
2026-06-08 14:44:53.103 554-4264 VPUAPI pid-554 I reg_wirte(VE4_IP_BASE_ADDR+0x0418,0x00000000);
2026-06-08 14:44:53.103 554-4264 VPUAPI pid-554 I reg_wirte(VE4_IP_BASE_ADDR+0x041c,0x00000000);
2026-06-08 14:44:53.103 554-4264 VPUAPI pid-554 I reg_wirte(VE4_IP_BASE_ADDR+0x0420,0x00000000);
2026-06-08 14:44:53.103 554-4264 VPUAPI pid-554 I reg_wirte(VE4_IP_BASE_ADDR+0x0424,0x00000000);
2026-06-08 14:44:53.103 554-4264 VPUAPI pid-554 I reg_wirte(VE4_IP_BASE_ADDR+0x0428,0x00000000);
2026-06-08 14:44:53.103 554-4264 VPUAPI pid-554 I reg_wirte(VE4_IP_BASE_ADDR+0x03f8,0x00000000);
2026-06-08 14:44:53.103 554-4264 VPUAPI pid-554 I reg_wirte(VE4_IP_BASE_ADDR+0x042c,0x00000001);
2026-06-08 14:44:53.103 554-4264 VPUAPI pid-554 I reg_wirte(VE4_IP_BASE_ADDR+0x03fc,0x00000000);
2026-06-08 14:44:53.103 554-4264 VPUAPI pid-554 I reg_wirte(VE4_IP_BASE_ADDR+0x0400,0x00000000);
2026-06-08 14:44:53.103 554-4264 VPUAPI pid-554 I reg_wirte(VE4_IP_BASE_ADDR+0x0404,0x00000000);
2026-06-08 14:44:53.103 554-4264 VPUAPI pid-554 I reg_wirte(VE4_IP_BASE_ADDR+0x0408,0x00000000);
2026-06-08 14:44:53.103 554-4264 VPUAPI pid-554 I reg_wirte(VE4_IP_BASE_ADDR+0x040c,0x00000000);
2026-06-08 14:44:53.103 554-4264 VPUAPI pid-554 I reg_wirte(VE4_IP_BASE_ADDR+0x0410,0x00000000);
2026-06-08 14:44:53.103 554-4264 VPUAPI pid-554 I [119]W6SendCommand.VpuWriteReg W6_CMD_INSTANCE_INFO:0x210.value:0x30000
2026-06-08 14:44:53.103 554-4264 VPUAPI pid-554 I reg_wirte(VE4_IP_BASE_ADDR+0x0210,0x00030000);
2026-06-08 14:44:53.103 554-4264 VPUAPI pid-554 I [123]W6SendCommand.VpuWriteReg W6_VPU_CMD_BUSY_STATUS:0x70.value:1
2026-06-08 14:44:53.103 554-4264 VPUAPI pid-554 I reg_wirte(VE4_IP_BASE_ADDR+0x0070,0x00000001);
2026-06-08 14:44:53.103 554-4264 VPUAPI pid-554 I [125]W6SendCommand.VpuWriteReg W6_COMMAND:0x200.value:0x100
2026-06-08 14:44:53.103 554-4264 VPUAPI pid-554 I reg_wirte(VE4_IP_BASE_ADDR+0x0200,0x00000100);
2026-06-08 14:44:53.103 554-4264 VPUAPI pid-554 I [131]W6SendCommand.VpuWriteReg W6_VPU_HOST_INT_REQ:0x6c.value:1
2026-06-08 14:44:53.103 554-4264 VPUAPI pid-554 I reg_wirte(VE4_IP_BASE_ADDR+0x0038,0x00000001);
2026-06-08 14:44:53.103 554-4264 VPUAPI pid-554 I [134]W6SendCommand.cmd:0x100.W6_VPU_VPU_INT_STS:0x0.W6_VPU_VINT_REASON:0x0
2026-06-08 14:44:53.103 554-4264 VPUAPI pid-554 I [-][2548]VPU_EncStartOneFrame.ret:0x0
2026-06-08 14:44:53.103 554-4264 RTK_WRAP_ENC_VE4 pid-554 I VPU_EncStartOneFrame() success
2026-06-08 14:44:53.107 554-4264 VPUAPI pid-554 I clear interruptFlag=256
2026-06-08 14:44:53.107 554-4264 VPUAPI pid-554 I [+][2562]VPU_EncGetOutputInfo.
2026-06-08 14:44:53.107 554-4264 VPUAPI pid-554 I [+][3185]Wave6VpuEncGetResult.
2026-06-08 14:44:53.107 554-4264 VPUAPI pid-554 I [Wave6VpuEncGetResult]gpuCacheStatus[0] = 0
2026-06-08 14:44:53.107 554-4264 VPUAPI pid-554 I [-][3340]Wave6VpuEncGetResult.ret:0x0
2026-06-08 14:44:53.107 554-4264 VPUAPI pid-554 I [2593]VPU_EncGetOutputInfo.encSrcIdx:0x0,reconFrameIndex:0x0
2026-06-08 14:44:53.107 554-4264 VPUAPI pid-554 I [-][2605]VPU_EncGetOutputInfo.ret:0x0
2026-06-08 14:44:53.107 554-4264 RTK_WRAP_ENC_VE4 pid-554 I encodeTime 3.808768 ms || Enc: 40|| picType 1 || reconIdx 0 || rdPtr 262e0000 || wrPtr 262e0333
2026-06-08 14:44:53.107 554-4264 RTK_WRAP_ENC_VE4 pid-554 I nHeaderLen: 0|| pVpu->outputInfo.bitstreamSize 819
2026-06-08 14:44:53.107 554-4264 RTK_WRAP_ENC_VE4 pid-554 I stream->buf_max_size : 2097152, stream->streamlen :819
2026-06-08 14:44:53.107 554-4264 RTKC2Venc pid-554 I ooo : frameIndex=40, streamSize=819, keyFrameFlag=0
2026-06-08 14:44:53.107 554-4264 RTKC2Venc pid-554 I Call finishWork in 761
2026-06-08 14:44:53.107 554-4264 RTKC2Venc pid-554 I Ready to finish 40
2026-06-08 14:44:53.108 554-4264 RTKC2Venc pid-554 I Finish finish 40
2026-06-08 14:44:53.108 554-4264 RTKC2Venc pid-554 I iii : flag=0, frameIndex=41, timeStamp=476942898, eos=0, dump_enable=0, yuvDumpFreq=1
2026-06-08 14:44:53.108 554-4264 RTKC2Venc pid-554 I Continue standard encode!
2026-06-08 14:44:53.109 554-4264 RTKC2Venc pid-554 I [extractGraphicBuffer][833] width = 1280 || height = 1600 || y_stride = 5120 || uStride = 5120 || vStride = 5120 || colorFormat = 1 || srcPhy = 0x0 || srcbufSize = 8192000
2026-06-08 14:44:53.109 554-4264 RTKC2Venc pid-554 I encoder->RequestSync = 0 cur_requestSync = 0
2026-06-08 14:44:53.109 554-4264 VideoClientEncVE pid-554 I [writeInputFrame][521] write input data to HW
2026-06-08 14:44:53.109 4251-4267 MPEG4Writer pid-4251 D non-key frame, nIPFramesCtr 41, nLastIPFramesCtr 0
2026-06-08 14:44:53.109 554-4264 RTK_WRAP_ENC_VE4 pid-554 I CODEC_SET_COLOR_FORMAT = 0x1
2026-06-08 14:44:53.109 554-4264 RTK_WRAP_ENC_VE4 pid-554 I [2599][encoder_set_video_config][CODEC_SET_COLOR_FORMAT] HAL_PIXEL_FORMAT_RGBA_8888
2026-06-08 14:44:53.109 554-4264 VideoClientEncVE pid-554 I calculated frameSize = 3072000
2026-06-08 14:44:53.110 554-4264 VideoClientEncVE pid-554 I mImpl->I_Interval = 600
2026-06-08 14:44:53.110 554-4264 RTK_WRAP_ENC_VE4 pid-554 I width 1280(1280), height 1600(1600), stride 1280
2026-06-08 14:44:53.110 554-4264 RTK_WRAP_ENC_VE4 pid-554 I =================encoder_encode_video================= encOP.picWidth: 1280 encOP.picHeight: 1600 origWidth: 1280 origHeight: 1600 srcFrameWidth: 1280 srcFrameHeight: 1600 srcFrameStride: 1280 fbStride: 1280 framebufWidth: 1280 framebufHeight: 1600 framebufStride: 1280 fbAllocInfo.stride: 1280 fbAllocInfo.height: 1600 buffe_resolution_flag=0
2026-06-08 14:44:53.110 554-4264 RTK_WRAP_ENC_VE4 pid-554 I copy method: HAL_PIXEL_FORMAT_RGBA_8888
2026-06-08 14:44:53.110 554-4264 RTK_WRAP_ENC_VE4 pid-554 I [+] in [CopyRGBA8888ToYUV420Frame]
2026-06-08 14:44:53.204 554-4264 RTK_WRAP_ENC_VE4 pid-554 I [-] in [CopyRGBA8888ToYUV420Frame]
2026-06-08 14:44:53.204 554-4264 RTK_WRAP_ENC_VE4 pid-554 I GopSize is greater than 1, GopSize=600, encodedIdx=41
2026-06-08 14:44:53.204 554-4264 VPUAPI pid-554 I [+][2488]VPU_EncStartOneFrame.
2026-06-08 14:44:53.204 554-4264 VPUAPI pid-554 I [2509]VPU_EncStartOneFrame.bf ProductVpuEncCheckEncParam
2026-06-08 14:44:53.204 554-4264 VPUAPI pid-554 I [2511]VPU_EncStartOneFrame.af ProductVpuEncCheckEncParam
2026-06-08 14:44:53.204 554-4264 VPUAPI pid-554 I wrapper_reg_wirte(0x0008,0x00000020);
2026-06-08 14:44:53.204 554-4264 VPUAPI pid-554 I [2910]gen_enc_pic_reg.encWidth:1280.set axi bit:0,1
2026-06-08 14:44:53.205 554-4264 VPUAPI pid-554 I reg_wirte(VE4_IP_BASE_ADDR+0x0300,0x262e0000);
2026-06-08 14:44:53.205 554-4264 VPUAPI pid-554 I reg_wirte(VE4_IP_BASE_ADDR+0x0304,0x0002a000);
2026-06-08 14:44:53.205 554-4264 VPUAPI pid-554 I reg_wirte(VE4_IP_BASE_ADDR+0x0308,0x00000040);
2026-06-08 14:44:53.205 554-4264 VPUAPI pid-554 I reg_wirte(VE4_IP_BASE_ADDR+0x030c,0x00000001);
2026-06-08 14:44:53.205 554-4264 VPUAPI pid-554 I reg_wirte(VE4_IP_BASE_ADDR+0x0310,0x00000000);
2026-06-08 14:44:53.205 554-4264 VPUAPI pid-554 I reg_wirte(VE4_IP_BASE_ADDR+0x0318,0x00000000);
2026-06-08 14:44:53.205 554-4264 VPUAPI pid-554 I reg_wirte(VE4_IP_BASE_ADDR+0x031c,0x00000000);
2026-06-08 14:44:53.205 554-4264 VPUAPI pid-554 I reg_wirte(VE4_IP_BASE_ADDR+0x0320,0x00000000);
2026-06-08 14:44:53.205 554-4264 VPUAPI pid-554 I reg_wirte(VE4_IP_BASE_ADDR+0x0324,0x00000000);
2026-06-08 14:44:53.205 554-4264 VPUAPI pid-554 I reg_wirte(VE4_IP_BASE_ADDR+0x032c,0x00000000);
2026-06-08 14:44:53.205 554-4264 VPUAPI pid-554 I reg_wirte(VE4_IP_BASE_ADDR+0x0330,0x26964000);
2026-06-08 14:44:53.205 554-4264 VPUAPI pid-554 I reg_wirte(VE4_IP_BASE_ADDR+0x0334,0x26b58000);
2026-06-08 14:44:53.205 554-4264 VPUAPI pid-554 I reg_wirte(VE4_IP_BASE_ADDR+0x0338,0x26bd5000);
2026-06-08 14:44:53.205 554-4264 VPUAPI pid-554 I reg_wirte(VE4_IP_BASE_ADDR+0x033c,0x05000280);
2026-06-08 14:44:53.205 554-4264 VPUAPI pid-554 I reg_wirte(VE4_IP_BASE_ADDR+0x0340,0x0000f000);
2026-06-08 14:44:53.205 554-4264 VPUAPI pid-554 I reg_wirte(VE4_IP_BASE_ADDR+0x0348,0x00000000);
2026-06-08 14:44:53.205 554-4264 VPUAPI pid-554 I reg_wirte(VE4_IP_BASE_ADDR+0x034c,0x00000003);
2026-06-08 14:44:53.205 554-4264 VPUAPI pid-554 I reg_wirte(VE4_IP_BASE_ADDR+0x0350,0x07200000);
2026-06-08 14:44:53.205 554-4264 VPUAPI pid-554 I reg_wirte(VE4_IP_BASE_ADDR+0x0354,0x00000000);
2026-06-08 14:44:53.205 554-4264 VPUAPI pid-554 I reg_wirte(VE4_IP_BASE_ADDR+0x0358,0x00000000);
2026-06-08 14:44:53.205 554-4264 VPUAPI pid-554 I reg_wirte(VE4_IP_BASE_ADDR+0x035c,0x00000000);
2026-06-08 14:44:53.205 554-4264 VPUAPI pid-554 I reg_wirte(VE4_IP_BASE_ADDR+0x0360,0x00000000);
2026-06-08 14:44:53.205 554-4264 VPUAPI pid-554 I reg_wirte(VE4_IP_BASE_ADDR+0x0364,0x00000000);
2026-06-08 14:44:53.205 554-4264 VPUAPI pid-554 I reg_wirte(VE4_IP_BASE_ADDR+0x03e8,0x00000000);
2026-06-08 14:44:53.205 554-4264 VPUAPI pid-554 I reg_wirte(VE4_IP_BASE_ADDR+0x03ec,0x00000000);
2026-06-08 14:44:53.205 554-4264 VPUAPI pid-554 I reg_wirte(VE4_IP_BASE_ADDR+0x03f0,0x00000000);
2026-06-08 14:44:53.205 554-4264 VPUAPI pid-554 I reg_wirte(VE4_IP_BASE_ADDR+0x03f4,0x00000000);
2026-06-08 14:44:53.205 554-4264 VPUAPI pid-554 I reg_wirte(VE4_IP_BASE_ADDR+0x0414,0x00000000);
2026-06-08 14:44:53.205 554-4264 VPUAPI pid-554 I reg_wirte(VE4_IP_BASE_ADDR+0x0418,0x00000000);
2026-06-08 14:44:53.205 554-4264 VPUAPI pid-554 I reg_wirte(VE4_IP_BASE_ADDR+0x041c,0x00000000);
2026-06-08 14:44:53.205 554-4264 VPUAPI pid-554 I reg_wirte(VE4_IP_BASE_ADDR+0x0420,0x00000000);
2026-06-08 14:44:53.205 554-4264 VPUAPI pid-554 I reg_wirte(VE4_IP_BASE_ADDR+0x0424,0x00000000);
2026-06-08 14:44:53.205 554-4264 VPUAPI pid-554 I reg_wirte(VE4_IP_BASE_ADDR+0x0428,0x00000000);
2026-06-08 14:44:53.205 554-4264 VPUAPI pid-554 I reg_wirte(VE4_IP_BASE_ADDR+0x03f8,0x00000000);
2026-06-08 14:44:53.205 554-4264 VPUAPI pid-554 I reg_wirte(VE4_IP_BASE_ADDR+0x042c,0x00000001);
2026-06-08 14:44:53.205 554-4264 VPUAPI pid-554 I reg_wirte(VE4_IP_BASE_ADDR+0x03fc,0x00000000);
2026-06-08 14:44:53.205 554-4264 VPUAPI pid-554 I reg_wirte(VE4_IP_BASE_ADDR+0x0400,0x00000000);
2026-06-08 14:44:53.205 554-4264 VPUAPI pid-554 I reg_wirte(VE4_IP_BASE_ADDR+0x0404,0x00000000);
2026-06-08 14:44:53.205 554-4264 VPUAPI pid-554 I reg_wirte(VE4_IP_BASE_ADDR+0x0408,0x00000000);
2026-06-08 14:44:53.205 554-4264 VPUAPI pid-554 I reg_wirte(VE4_IP_BASE_ADDR+0x040c,0x00000000);
2026-06-08 14:44:53.205 554-4264 VPUAPI pid-554 I reg_wirte(VE4_IP_BASE_ADDR+0x0410,0x00000000);
2026-06-08 14:44:53.205 554-4264 VPUAPI pid-554 I [119]W6SendCommand.VpuWriteReg W6_CMD_INSTANCE_INFO:0x210.value:0x30000
2026-06-08 14:44:53.205 554-4264 VPUAPI pid-554 I reg_wirte(VE4_IP_BASE_ADDR+0x0210,0x00030000);
2026-06-08 14:44:53.205 554-4264 VPUAPI pid-554 I [123]W6SendCommand.VpuWriteReg W6_VPU_CMD_BUSY_STATUS:0x70.value:1
2026-06-08 14:44:53.205 554-4264 VPUAPI pid-554 I reg_wirte(VE4_IP_BASE_ADDR+0x0070,0x00000001);
