2026-06-08 14:45:04.417 554-4264 VPUAPI pid-554 I [-][3340]Wave6VpuEncGetResult.ret:0x0
2026-06-08 14:45:04.417 554-4264 VPUAPI pid-554 I [2593]VPU_EncGetOutputInfo.encSrcIdx:0x0,reconFrameIndex:0x1
2026-06-08 14:45:04.417 554-4264 VPUAPI pid-554 I [-][2605]VPU_EncGetOutputInfo.ret:0x0
2026-06-08 14:45:04.417 554-4264 RTK_WRAP_ENC_VE4 pid-554 I encodeTime 3.772928 ms || Enc: 105|| picType 1 || reconIdx 1 || rdPtr 262e0000 || wrPtr 262e122c
2026-06-08 14:45:04.417 554-4264 RTK_WRAP_ENC_VE4 pid-554 I nHeaderLen: 0|| pVpu->outputInfo.bitstreamSize 4652
2026-06-08 14:45:04.417 554-4264 RTK_WRAP_ENC_VE4 pid-554 I stream->buf_max_size : 2097152, stream->streamlen :4652
2026-06-08 14:45:04.417 554-4264 RTKC2Venc pid-554 I ooo : frameIndex=105, streamSize=4652, keyFrameFlag=0
2026-06-08 14:45:04.417 554-4264 RTKC2Venc pid-554 I Call finishWork in 761
2026-06-08 14:45:04.417 554-4264 RTKC2Venc pid-554 I Ready to finish 105
2026-06-08 14:45:04.417 554-4264 RTKC2Venc pid-554 I Finish finish 105
2026-06-08 14:45:04.418 4251-4267 MPEG4Writer pid-4251 D non-key frame, nIPFramesCtr 106, nLastIPFramesCtr 0
2026-06-08 14:45:04.560 3287-3287 ParkingRestMonitor pid-3287 D getCurrentLocation(gps) null reason=tick
2026-06-08 14:45:04.563 3287-3287 FatigueDriveMonitor pid-3287 D getCurrentLocation(gps) null reason=tick
2026-06-08 14:45:04.564 971-988 AlarmManager pid-971 W Unrecognized alarm listener com.android.server.location.gnss.GnssLocationProvider$$ExternalSyntheticLambda21@41216cc
2026-06-08 14:45:04.683 3388-3434 AHU.TCP_CONNECTION pid-3388 D Socket accept timed out; retrying
2026-06-08 14:45:05.090 2359-2492 BluetoothSocket pid-2359 D accept(), timeout (ms):-1
2026-06-08 14:45:05.090 2359-2492 BTConnectionMethod pid-2359 E AcceptThread: accept() failed java.io.IOException: read failed, socket might closed or timeout, read ret: -1
at android.bluetooth.BluetoothSocket.readAll(BluetoothSocket.java:924)
at android.bluetooth.BluetoothSocket.waitSocketSignal(BluetoothSocket.java:877)
at android.bluetooth.BluetoothSocket.accept(BluetoothSocket.java:626)
at android.bluetooth.BluetoothServerSocket.accept(BluetoothServerSocket.java:195)
at android.bluetooth.BluetoothServerSocket.accept(BluetoothServerSocket.java:178)
at com.abaltatech.mcs.bluetooth.android.BluetoothConnectionMethod$AcceptThread.acceptConnection(BluetoothConnectionMethod.java:504)
at com.abaltatech.mcs.bluetooth.android.BluetoothConnectionMethod$AcceptThread.run(BluetoothConnectionMethod.java:475)
2026-06-08 14:45:05.684 3388-3434 AHU.TCP_CONNECTION pid-3388 D Socket accept timed out; retrying
2026-06-08 14:45:06.090 2359-2492 BluetoothSocket pid-2359 D accept(), timeout (ms):-1
2026-06-08 14:45:06.090 2359-2492 BTConnectionMethod pid-2359 E AcceptThread: accept() failed java.io.IOException: read failed, socket might closed or timeout, read ret: -1
at android.bluetooth.BluetoothSocket.readAll(BluetoothSocket.java:924)
at android.bluetooth.BluetoothSocket.waitSocketSignal(BluetoothSocket.java:877)
at android.bluetooth.BluetoothSocket.accept(BluetoothSocket.java:626)
at android.bluetooth.BluetoothServerSocket.accept(BluetoothServerSocket.java:195)
at android.bluetooth.BluetoothServerSocket.accept(BluetoothServerSocket.java:178)
at com.abaltatech.mcs.bluetooth.android.BluetoothConnectionMethod$AcceptThread.acceptConnection(BluetoothConnectionMethod.java:504)
at com.abaltatech.mcs.bluetooth.android.BluetoothConnectionMethod$AcceptThread.run(BluetoothConnectionMethod.java:475)
2026-06-08 14:45:06.142 971-989 SystemGestures pid-971 D down ... event.getPointerCount() =1 mDisplayID =0 mSleepBasetime =20
2026-06-08 14:45:06.196 554-4264 RTKC2Venc pid-554 I iii : flag=0, frameIndex=106, timeStamp=491277099, eos=0, dump_enable=0, yuvDumpFreq=1
2026-06-08 14:45:06.196 554-4264 RTKC2Venc pid-554 I Continue standard encode!
2026-06-08 14:45:06.197 554-4264 RTKC2Venc pid-554 I [extractGraphicBuffer][833] width = 1280 || height = 1600 || y_stride = 5120 || uStride = 5120 || vStride = 5120 || colorFormat = 1 || srcPhy = 0x0 || srcbufSize = 8192000
2026-06-08 14:45:06.197 554-4264 RTKC2Venc pid-554 I encoder->RequestSync = 0 cur_requestSync = 0
2026-06-08 14:45:06.197 554-4264 BufferPoolAccessor2.0 pid-554 D bufferpool2 0xb400007d25ca4788 : 3(8388608 size) total buffers - 1(3145728 size) used buffers - 105/108 (recycle/alloc) - 6/106 (fetch/transfer)
2026-06-08 14:45:06.197 554-4264 VideoClientEncVE pid-554 I [writeInputFrame][521] write input data to HW
2026-06-08 14:45:06.197 554-4264 RTK_WRAP_ENC_VE4 pid-554 I CODEC_SET_COLOR_FORMAT = 0x1
2026-06-08 14:45:06.197 554-4264 RTK_WRAP_ENC_VE4 pid-554 I [2599][encoder_set_video_config][CODEC_SET_COLOR_FORMAT] HAL_PIXEL_FORMAT_RGBA_8888
2026-06-08 14:45:06.197 554-4264 VideoClientEncVE pid-554 I calculated frameSize = 3072000
2026-06-08 14:45:06.197 554-4264 VideoClientEncVE pid-554 I mImpl->I_Interval = 600
2026-06-08 14:45:06.197 554-4264 RTK_WRAP_ENC_VE4 pid-554 I width 1280(1280), height 1600(1600), stride 1280
2026-06-08 14:45:06.197 554-4264 RTK_WRAP_ENC_VE4 pid-554 I =================encoder_encode_video================= encOP.picWidth: 1280 encOP.picHeight: 1600 origWidth: 1280 origHeight: 1600 srcFrameWidth: 1280 srcFrameHeight: 1600 srcFrameStride: 1280 fbStride: 1280 framebufWidth: 1280 framebufHeight: 1600 framebufStride: 1280 fbAllocInfo.stride: 1280 fbAllocInfo.height: 1600 buffe_resolution_flag=0
2026-06-08 14:45:06.197 554-4264 RTK_WRAP_ENC_VE4 pid-554 I copy method: HAL_PIXEL_FORMAT_RGBA_8888
2026-06-08 14:45:06.197 554-4264 RTK_WRAP_ENC_VE4 pid-554 I [+] in [CopyRGBA8888ToYUV420Frame]
2026-06-08 14:45:06.288 554-4264 RTK_WRAP_ENC_VE4 pid-554 I [-] in [CopyRGBA8888ToYUV420Frame]
2026-06-08 14:45:06.288 554-4264 RTK_WRAP_ENC_VE4 pid-554 I GopSize is greater than 1, GopSize=600, encodedIdx=106
2026-06-08 14:45:06.288 554-4264 VPUAPI pid-554 I [+][2488]VPU_EncStartOneFrame.
2026-06-08 14:45:06.288 554-4264 VPUAPI pid-554 I [2509]VPU_EncStartOneFrame.bf ProductVpuEncCheckEncParam
2026-06-08 14:45:06.288 554-4264 VPUAPI pid-554 I [2511]VPU_EncStartOneFrame.af ProductVpuEncCheckEncParam
2026-06-08 14:45:06.288 554-4264 VPUAPI pid-554 I wrapper_reg_wirte(0x0008,0x00000020);
2026-06-08 14:45:06.288 554-4264 VPUAPI pid-554 I [2910]gen_enc_pic_reg.encWidth:1280.set axi bit:0,1
2026-06-08 14:45:06.288 554-4264 VPUAPI pid-554 I reg_wirte(VE4_IP_BASE_ADDR+0x0300,0x262e0000);
2026-06-08 14:45:06.289 554-4264 VPUAPI pid-554 I reg_wirte(VE4_IP_BASE_ADDR+0x0304,0x0002a000);
2026-06-08 14:45:06.289 554-4264 VPUAPI pid-554 I reg_wirte(VE4_IP_BASE_ADDR+0x0308,0x00000040);
2026-06-08 14:45:06.289 554-4264 VPUAPI pid-554 I reg_wirte(VE4_IP_BASE_ADDR+0x030c,0x00000001);
2026-06-08 14:45:06.289 554-4264 VPUAPI pid-554 I reg_wirte(VE4_IP_BASE_ADDR+0x0310,0x00000000);
2026-06-08 14:45:06.289 554-4264 VPUAPI pid-554 I reg_wirte(VE4_IP_BASE_ADDR+0x0318,0x00000000);
2026-06-08 14:45:06.289 554-4264 VPUAPI pid-554 I reg_wirte(VE4_IP_BASE_ADDR+0x031c,0x00000000);
2026-06-08 14:45:06.289 554-4264 VPUAPI pid-554 I reg_wirte(VE4_IP_BASE_ADDR+0x0320,0x00000000);
2026-06-08 14:45:06.289 554-4264 VPUAPI pid-554 I reg_wirte(VE4_IP_BASE_ADDR+0x0324,0x00000000);
2026-06-08 14:45:06.289 554-4264 VPUAPI pid-554 I reg_wirte(VE4_IP_BASE_ADDR+0x032c,0x00000000);
2026-06-08 14:45:06.289 554-4264 VPUAPI pid-554 I reg_wirte(VE4_IP_BASE_ADDR+0x0330,0x26964000);
2026-06-08 14:45:06.289 554-4264 VPUAPI pid-554 I reg_wirte(VE4_IP_BASE_ADDR+0x0334,0x26b58000);
2026-06-08 14:45:06.290 554-4264 VPUAPI pid-554 I reg_wirte(VE4_IP_BASE_ADDR+0x0338,0x26bd5000);
2026-06-08 14:45:06.290 554-4264 VPUAPI pid-554 I reg_wirte(VE4_IP_BASE_ADDR+0x033c,0x05000280);
2026-06-08 14:45:06.290 554-4264 VPUAPI pid-554 I reg_wirte(VE4_IP_BASE_ADDR+0x0340,0x0000f000);
2026-06-08 14:45:06.290 554-4264 VPUAPI pid-554 I reg_wirte(VE4_IP_BASE_ADDR+0x0348,0x00000000);
2026-06-08 14:45:06.290 554-4264 VPUAPI pid-554 I reg_wirte(VE4_IP_BASE_ADDR+0x034c,0x00000003);
2026-06-08 14:45:06.290 554-4264 VPUAPI pid-554 I reg_wirte(VE4_IP_BASE_ADDR+0x0350,0x07200000);
2026-06-08 14:45:06.290 554-4264 VPUAPI pid-554 I reg_wirte(VE4_IP_BASE_ADDR+0x0354,0x00000000);
2026-06-08 14:45:06.290 554-4264 VPUAPI pid-554 I reg_wirte(VE4_IP_BASE_ADDR+0x0358,0x00000000);
2026-06-08 14:45:06.290 554-4264 VPUAPI pid-554 I reg_wirte(VE4_IP_BASE_ADDR+0x035c,0x00000000);
2026-06-08 14:45:06.290 554-4264 VPUAPI pid-554 I reg_wirte(VE4_IP_BASE_ADDR+0x0360,0x00000000);
2026-06-08 14:45:06.290 554-4264 VPUAPI pid-554 I reg_wirte(VE4_IP_BASE_ADDR+0x0364,0x00000000);
2026-06-08 14:45:06.290 554-4264 VPUAPI pid-554 I reg_wirte(VE4_IP_BASE_ADDR+0x03e8,0x00000000);
2026-06-08 14:45:06.290 554-4264 VPUAPI pid-554 I reg_wirte(VE4_IP_BASE_ADDR+0x03ec,0x00000000);
2026-06-08 14:45:06.290 554-4264 VPUAPI pid-554 I reg_wirte(VE4_IP_BASE_ADDR+0x03f0,0x00000000);
2026-06-08 14:45:06.290 554-4264 VPUAPI pid-554 I reg_wirte(VE4_IP_BASE_ADDR+0x03f4,0x00000000);
2026-06-08 14:45:06.290 554-4264 VPUAPI pid-554 I reg_wirte(VE4_IP_BASE_ADDR+0x0414,0x00000000);
2026-06-08 14:45:06.290 554-4264 VPUAPI pid-554 I reg_wirte(VE4_IP_BASE_ADDR+0x0418,0x00000000);
2026-06-08 14:45:06.290 554-4264 VPUAPI pid-554 I reg_wirte(VE4_IP_BASE_ADDR+0x041c,0x00000000);
2026-06-08 14:45:06.290 554-4264 VPUAPI pid-554 I reg_wirte(VE4_IP_BASE_ADDR+0x0420,0x00000000);
2026-06-08 14:45:06.290 554-4264 VPUAPI pid-554 I reg_wirte(VE4_IP_BASE_ADDR+0x0424,0x00000000);
2026-06-08 14:45:06.290 554-4264 VPUAPI pid-554 I reg_wirte(VE4_IP_BASE_ADDR+0x0428,0x00000000);
2026-06-08 14:45:06.290 554-4264 VPUAPI pid-554 I reg_wirte(VE4_IP_BASE_ADDR+0x03f8,0x00000000);
2026-06-08 14:45:06.291 554-4264 VPUAPI pid-554 I reg_wirte(VE4_IP_BASE_ADDR+0x042c,0x00000001);
2026-06-08 14:45:06.291 554-4264 VPUAPI pid-554 I reg_wirte(VE4_IP_BASE_ADDR+0x03fc,0x00000000);
2026-06-08 14:45:06.291 554-4264 VPUAPI pid-554 I reg_wirte(VE4_IP_BASE_ADDR+0x0400,0x00000000);
2026-06-08 14:45:06.291 554-4264 VPUAPI pid-554 I reg_wirte(VE4_IP_BASE_ADDR+0x0404,0x00000000);
2026-06-08 14:45:06.291 554-4264 VPUAPI pid-554 I reg_wirte(VE4_IP_BASE_ADDR+0x0408,0x00000000);
2026-06-08 14:45:06.291 554-4264 VPUAPI pid-554 I reg_wirte(VE4_IP_BASE_ADDR+0x040c,0x00000000);
2026-06-08 14:45:06.291 554-4264 VPUAPI pid-554 I reg_wirte(VE4_IP_BASE_ADDR+0x0410,0x00000000);
2026-06-08 14:45:06.291 554-4264 VPUAPI pid-554 I [119]W6SendCommand.VpuWriteReg W6_CMD_INSTANCE_INFO:0x210.value:0x30000
2026-06-08 14:45:06.291 554-4264 VPUAPI pid-554 I reg_wirte(VE4_IP_BASE_ADDR+0x0210,0x00030000);
2026-06-08 14:45:06.291 554-4264 VPUAPI pid-554 I [123]W6SendCommand.VpuWriteReg W6_VPU_CMD_BUSY_STATUS:0x70.value:1
2026-06-08 14:45:06.291 554-4264 VPUAPI pid-554 I reg_wirte(VE4_IP_BASE_ADDR+0x0070,0x00000001);
2026-06-08 14:45:06.291 554-4264 VPUAPI pid-554 I [125]W6SendCommand.VpuWriteReg W6_COMMAND:0x200.value:0x100
2026-06-08 14:45:06.291 554-4264 VPUAPI pid-554 I reg_wirte(VE4_IP_BASE_ADDR+0x0200,0x00000100);
2026-06-08 14:45:06.291 554-4264 VPUAPI pid-554 I [131]W6SendCommand.VpuWriteReg W6_VPU_HOST_INT_REQ:0x6c.value:1
2026-06-08 14:45:06.291 554-4264 VPUAPI pid-554 I reg_wirte(VE4_IP_BASE_ADDR+0x0038,0x00000001);
2026-06-08 14:45:06.291 554-4264 VPUAPI pid-554 I [134]W6SendCommand.cmd:0x100.W6_VPU_VPU_INT_STS:0x0.W6_VPU_VINT_REASON:0x0
2026-06-08 14:45:06.291 554-4264 VPUAPI pid-554 I [-][2548]VPU_EncStartOneFrame.ret:0x0
2026-06-08 14:45:06.291 554-4264 RTK_WRAP_ENC_VE4 pid-554 I VPU_EncStartOneFrame() success
2026-06-08 14:45:06.295 554-4264 VPUAPI pid-554 I clear interruptFlag=256
2026-06-08 14:45:06.295 554-4264 VPUAPI pid-554 I [+][2562]VPU_EncGetOutputInfo.
2026-06-08 14:45:06.295 554-4264 VPUAPI pid-554 I [+][3185]Wave6VpuEncGetResult.
2026-06-08 14:45:06.295 554-4264 VPUAPI pid-554 I [Wave6VpuEncGetResult]gpuCacheStatus[0] = 0
2026-06-08 14:45:06.295 554-4264 VPUAPI pid-554 I [-][3340]Wave6VpuEncGetResult.ret:0x0
2026-06-08 14:45:06.295 554-4264 VPUAPI pid-554 I [2593]VPU_EncGetOutputInfo.encSrcIdx:0x0,reconFrameIndex:0x1
2026-06-08 14:45:06.295 554-4264 VPUAPI pid-554 I [-][2605]VPU_EncGetOutputInfo.ret:0x0
2026-06-08 14:45:06.295 554-4264 RTK_WRAP_ENC_VE4 pid-554 I encodeTime 3.808768 ms || Enc: 106|| picType 1 || reconIdx 1 || rdPtr 262e0000 || wrPtr 262e17c1
2026-06-08 14:45:06.295 554-4264 RTK_WRAP_ENC_VE4 pid-554 I nHeaderLen: 0|| pVpu->outputInfo.bitstreamSize 6081
2026-06-08 14:45:06.295 554-4264 RTK_WRAP_ENC_VE4 pid-554 I stream->buf_max_size : 2097152, stream->streamlen :6081
2026-06-08 14:45:06.295 554-4264 RTKC2Venc pid-554 I ooo : frameIndex=106, streamSize=6081, keyFrameFlag=0
2026-06-08 14:45:06.295 554-4264 RTKC2Venc pid-554 I Call finishWork in 761
2026-06-08 14:45:06.295 554-4264 RTKC2Venc pid-554 I Ready to finish 106
2026-06-08 14:45:06.295 554-4264 RTKC2Venc pid-554 I Finish finish 106
2026-06-08 14:45:06.297 4251-4267 MPEG4Writer pid-4251 D non-key frame, nIPFramesCtr 107, nLastIPFramesCtr 0
2026-06-08 14:45:06.320 554-4264 RTKC2Venc pid-554 I iii : flag=0, frameIndex=107, timeStamp=491398616, eos=0, dump_enable=0, yuvDumpFreq=1
2026-06-08 14:45:06.320 554-4264 RTKC2Venc pid-554 I Continue standard encode!
2026-06-08 14:45:06.322 554-4264 RTKC2Venc pid-554 I [extractGraphicBuffer][833] width = 1280 || height = 1600 || y_stride = 5120 || uStride = 5120 || vStride = 5120 || colorFormat = 1 || srcPhy = 0x0 || srcbufSize = 8192000
2026-06-08 14:45:06.322 554-4264 RTKC2Venc pid-554 I encoder->RequestSync = 0 cur_requestSync = 0
2026-06-08 14:45:06.322 554-4264 VideoClientEncVE pid-554 I [writeInputFrame][521] write input data to HW
2026-06-08 14:45:06.322 554-4264 RTK_WRAP_ENC_VE4 pid-554 I CODEC_SET_COLOR_FORMAT = 0x1
2026-06-08 14:45:06.322 554-4264 RTK_WRAP_ENC_VE4 pid-554 I [2599][encoder_set_video_config][CODEC_SET_COLOR_FORMAT] HAL_PIXEL_FORMAT_RGBA_8888
2026-06-08 14:45:06.322 554-4264 VideoClientEncVE pid-554 I calculated frameSize = 3072000
2026-06-08 14:45:06.322 554-4264 VideoClientEncVE pid-554 I mImpl->I_Interval = 600
2026-06-08 14:45:06.322 554-4264 RTK_WRAP_ENC_VE4 pid-554 I width 1280(1280), height 1600(1600), stride 1280
2026-06-08 14:45:06.322 554-4264 RTK_WRAP_ENC_VE4 pid-554 I =================encoder_encode_video================= encOP.picWidth: 1280 encOP.picHeight: 1600 origWidth: 1280 origHeight: 1600 srcFrameWidth: 1280 srcFrameHeight: 1600 srcFrameStride: 1280 fbStride: 1280 framebufWidth: 1280 framebufHeight: 1600 framebufStride: 1280 fbAllocInfo.stride: 1280 fbAllocInfo.height: 1600 buffe_resolution_flag=0
2026-06-08 14:45:06.322 554-4264 RTK_WRAP_ENC_VE4 pid-554 I copy method: HAL_PIXEL_FORMAT_RGBA_8888
2026-06-08 14:45:06.322 554-4264 RTK_WRAP_ENC_VE4 pid-554 I [+] in [CopyRGBA8888ToYUV420Frame]
2026-06-08 14:45:06.342 971-989 SystemGestures pid-971 D ACTION_UP mCurDisplayID= 0 mSlipXPos=0 mIsINScreenSlip=false
2026-06-08 14:45:06.346 4342-4342 RadioViewModel com.auto.radio D dispatch SetBand: band=0, freq=9140
2026-06-08 14:45:06.349 4342-4364 QsmwRepository com.auto.radio D seekStop
2026-06-08 14:45:06.373 2779-3773 McuLink pid-2779 I [TX] seq=49 ft=0x06 payload=4B sent=OK
2026-06-08 14:45:06.373 2779-3773 McuLink pid-2779 I [TX] send_and_wait_ack seq=49 ft=0x06 attempt=1/4
2026-06-08 14:45:06.407 566-3352 gps_hdbd pid-566 D RTK: disable write_gpio /sys/ontim_bootinfo/gps_reset value 1
2026-06-08 14:45:06.419 566-3352 gps_hdbd pid-566 D RTK: disable write_gpio /sys/ontim_bootinfo/gps_reset value 0
2026-06-08 14:45:06.439 566-3352 gps_hdbd pid-566 D RTK: disable write_gpio /sys/ontim_bootinfo/gps_reset value 1
2026-06-08 14:45:06.449 554-4264 RTK_WRAP_ENC_VE4 pid-554 I [-] in [CopyRGBA8888ToYUV420Frame]
2026-06-08 14:45:06.450 554-4264 RTK_WRAP_ENC_VE4 pid-554 I GopSize is greater than 1, GopSize=600, encodedIdx=107
2026-06-08 14:45:06.450 554-4264 VPUAPI pid-554 I [+][2488]VPU_EncStartOneFrame.
2026-06-08 14:45:06.450 554-4264 VPUAPI pid-554 I [2509]VPU_EncStartOneFrame.bf ProductVpuEncCheckEncParam
2026-06-08 14:45:06.450 554-4264 VPUAPI pid-554 I [2511]VPU_EncStartOneFrame.af ProductVpuEncCheckEncParam
2026-06-08 14:45:06.450 554-4264 VPUAPI pid-554 I wrapper_reg_wirte(0x0008,0x00000020);
2026-06-08 14:45:06.450 554-4264 VPUAPI pid-554 I [2910]gen_enc_pic_reg.encWidth:1280.set axi bit:0,1
2026-06-08 14:45:06.450 554-4264 VPUAPI pid-554 I reg_wirte(VE4_IP_BASE_ADDR+0x0300,0x262e0000);
2026-06-08 14:45:06.450 554-4264 VPUAPI pid-554 I reg_wirte(VE4_IP_BASE_ADDR+0x0304,0x0002a000);
2026-06-08 14:45:06.450 554-4264 VPUAPI pid-554 I reg_wirte(VE4_IP_BASE_ADDR+0x0308,0x00000040);
2026-06-08 14:45:06.450 554-4264 VPUAPI pid-554 I reg_wirte(VE4_IP_BASE_ADDR+0x030c,0x00000001);
2026-06-08 14:45:06.450 554-4264 VPUAPI pid-554 I reg_wirte(VE4_IP_BASE_ADDR+0x0310,0x00000000);
2026-06-08 14:45:06.450 554-4264 VPUAPI pid-554 I reg_wirte(VE4_IP_BASE_ADDR+0x0318,0x00000000);
2026-06-08 14:45:06.450 554-4264 VPUAPI pid-554 I reg_wirte(VE4_IP_BASE_ADDR+0x031c,0x00000000);
2026-06-08 14:45:06.450 554-4264 VPUAPI pid-554 I reg_wirte(VE4_IP_BASE_ADDR+0x0320,0x00000000);
2026-06-08 14:45:06.450 554-4264 VPUAPI pid-554 I reg_wirte(VE4_IP_BASE_ADDR+0x0324,0x00000000);
2026-06-08 14:45:06.450 554-4264 VPUAPI pid-554 I reg_wirte(VE4_IP_BASE_ADDR+0x032c,0x00000000);
2026-06-08 14:45:06.450 554-4264 VPUAPI pid-554 I reg_wirte(VE4_IP_BASE_ADDR+0x0330,0x26964000);
2026-06-08 14:45:06.450 554-4264 VPUAPI pid-554 I reg_wirte(VE4_IP_BASE_ADDR+0x0334,0x26b58000);
2026-06-08 14:45:06.450 554-4264 VPUAPI pid-554 I reg_wirte(VE4_IP_BASE_ADDR+0x0338,0x26bd5000);
2026-06-08 14:45:06.450 554-4264 VPUAPI pid-554 I reg_wirte(VE4_IP_BASE_ADDR+0x033c,0x05000280);
2026-06-08 14:45:06.450 554-4264 VPUAPI pid-554 I reg_wirte(VE4_IP_BASE_ADDR+0x0340,0x0000f000);
2026-06-08 14:45:06.450 554-4264 VPUAPI pid-554 I reg_wirte(VE4_IP_BASE_ADDR+0x0348,0x00000000);
2026-06-08 14:45:06.450 554-4264 VPUAPI pid-554 I reg_wirte(VE4_IP_BASE_ADDR+0x034c,0x00000003);
2026-06-08 14:45:06.450 554-4264 VPUAPI pid-554 I reg_wirte(VE4_IP_BASE_ADDR+0x0350,0x07200000);
2026-06-08 14:45:06.450 554-4264 VPUAPI pid-554 I reg_wirte(VE4_IP_BASE_ADDR+0x0354,0x00000000);
2026-06-08 14:45:06.450 554-4264 VPUAPI pid-554 I reg_wirte(VE4_IP_BASE_ADDR+0x0358,0x00000000);
2026-06-08 14:45:06.450 554-4264 VPUAPI pid-554 I reg_wirte(VE4_IP_BASE_ADDR+0x035c,0x00000000);
2026-06-08 14:45:06.450 554-4264 VPUAPI pid-554 I reg_wirte(VE4_IP_BASE_ADDR+0x0360,0x00000000);
2026-06-08 14:45:06.450 554-4264 VPUAPI pid-554 I reg_wirte(VE4_IP_BASE_ADDR+0x0364,0x00000000);
2026-06-08 14:45:06.450 554-4264 VPUAPI pid-554 I reg_wirte(VE4_IP_BASE_ADDR+0x03e8,0x00000000);
2026-06-08 14:45:06.450 554-4264 VPUAPI pid-554 I reg_wirte(VE4_IP_BASE_ADDR+0x03ec,0x00000000);
2026-06-08 14:45:06.450 554-4264 VPUAPI pid-554 I reg_wirte(VE4_IP_BASE_ADDR+0x03f0,0x00000000);
2026-06-08 14:45:06.450 554-4264 VPUAPI pid-554 I reg_wirte(VE4_IP_BASE_ADDR+0x03f4,0x00000000);
2026-06-08 14:45:06.450 554-4264 VPUAPI pid-554 I reg_wirte(VE4_IP_BASE_ADDR+0x0414,0x00000000);
2026-06-08 14:45:06.450 554-4264 VPUAPI pid-554 I reg_wirte(VE4_IP_BASE_ADDR+0x0418,0x00000000);
2026-06-08 14:45:06.450 554-4264 VPUAPI pid-554 I reg_wirte(VE4_IP_BASE_ADDR+0x041c,0x00000000);
2026-06-08 14:45:06.450 554-4264 VPUAPI pid-554 I reg_wirte(VE4_IP_BASE_ADDR+0x0420,0x00000000);
2026-06-08 14:45:06.450 554-4264 VPUAPI pid-554 I reg_wirte(VE4_IP_BASE_ADDR+0x0424,0x00000000);
2026-06-08 14:45:06.450 554-4264 VPUAPI pid-554 I reg_wirte(VE4_IP_BASE_ADDR+0x0428,0x00000000);
2026-06-08 14:45:06.450 554-4264 VPUAPI pid-554 I reg_wirte(VE4_IP_BASE_ADDR+0x03f8,0x00000000);
2026-06-08 14:45:06.450 554-4264 VPUAPI pid-554 I reg_wirte(VE4_IP_BASE_ADDR+0x042c,0x00000001);
2026-06-08 14:45:06.450 554-4264 VPUAPI pid-554 I reg_wirte(VE4_IP_BASE_ADDR+0x03fc,0x00000000);
2026-06-08 14:45:06.450 554-4264 VPUAPI pid-554 I reg_wirte(VE4_IP_BASE_ADDR+0x0400,0x00000000);
2026-06-08 14:45:06.450 554-4264 VPUAPI pid-554 I reg_wirte(VE4_IP_BASE_ADDR+0x0404,0x00000000);
2026-06-08 14:45:06.450 554-4264 VPUAPI pid-554 I reg_wirte(VE4_IP_BASE_ADDR+0x0408,0x00000000);
2026-06-08 14:45:06.450 554-4264 VPUAPI pid-554 I reg_wirte(VE4_IP_BASE_ADDR+0x040c,0x00000000);
2026-06-08 14:45:06.450 554-4264 VPUAPI pid-554 I reg_wirte(VE4_IP_BASE_ADDR+0x0410,0x00000000);
2026-06-08 14:45:06.450 554-4264 VPUAPI pid-554 I [119]W6SendCommand.VpuWriteReg W6_CMD_INSTANCE_INFO:0x210.value:0x30000
2026-06-08 14:45:06.450 554-4264 VPUAPI pid-554 I reg_wirte(VE4_IP_BASE_ADDR+0x0210,0x00030000);
2026-06-08 14:45:06.450 554-4264 VPUAPI pid-554 I [123]W6SendCommand.VpuWriteReg W6_VPU_CMD_BUSY_STATUS:0x70.value:1
2026-06-08 14:45:06.450 554-4264 VPUAPI pid-554 I reg_wirte(VE4_IP_BASE_ADDR+0x0070,0x00000001);
2026-06-08 14:45:06.450 554-4264 VPUAPI pid-554 I [125]W6SendCommand.VpuWriteReg W6_COMMAND:0x200.value:0x100
2026-06-08 14:45:06.450 554-4264 VPUAPI pid-554 I reg_wirte(VE4_IP_BASE_ADDR+0x0200,0x00000100);
2026-06-08 14:45:06.450 554-4264 VPUAPI pid-554 I [131]W6SendCommand.VpuWriteReg W6_VPU_HOST_INT_REQ:0x6c.value:1
2026-06-08 14:45:06.450 554-4264 VPUAPI pid-554 I reg_wirte(VE4_IP_BASE_ADDR+0x0038,0x00000001);
2026-06-08 14:45:06.450 554-4264 VPUAPI pid-554 I [134]W6SendCommand.cmd:0x100.W6_VPU_VPU_INT_STS:0x0.W6_VPU_VINT_REASON:0x0
2026-06-08 14:45:06.450 554-4264 VPUAPI pid-554 I [-][2548]VPU_EncStartOneFrame.ret:0x0
2026-06-08 14:45:06.450 554-4264 RTK_WRAP_ENC_VE4 pid-554 I VPU_EncStartOneFrame() success
2026-06-08 14:45:06.454 554-4264 VPUAPI pid-554 I clear interruptFlag=256
2026-06-08 14:45:06.454 554-4264 VPUAPI pid-554 I [+][2562]VPU_EncGetOutputInfo.
2026-06-08 14:45:06.454 554-4264 VPUAPI pid-554 I [+][3185]Wave6VpuEncGetResult.
2026-06-08 14:45:06.454 554-4264 VPUAPI pid-554 I [Wave6VpuEncGetResult]gpuCacheStatus[0] = 0
2026-06-08 14:45:06.454 554-4264 VPUAPI pid-554 I [-][3340]Wave6VpuEncGetResult.ret:0x0
2026-06-08 14:45:06.454 554-4264 VPUAPI pid-554 I [2593]VPU_EncGetOutputInfo.encSrcIdx:0x0,reconFrameIndex:0x0
2026-06-08 14:45:06.454 554-4264 VPUAPI pid-554 I [-][2605]VPU_EncGetOutputInfo.ret:0x0
2026-06-08 14:45:06.454 554-4264 RTK_WRAP_ENC_VE4 pid-554 I encodeTime 3.789824 ms || Enc: 107|| picType 1 || reconIdx 0 || rdPtr 262e0000 || wrPtr 262e013d
2026-06-08 14:45:06.454 554-4264 RTK_WRAP_ENC_VE4 pid-554 I nHeaderLen: 0|| pVpu->outputInfo.bitstreamSize 317
2026-06-08 14:45:06.454 554-4264 RTK_WRAP_ENC_VE4 pid-554 I stream->buf_max_size : 2097152, stream->streamlen :317
2026-06-08 14:45:06.454 554-4264 RTKC2Venc pid-554 I ooo : frameIndex=107, streamSize=317, keyFrameFlag=0
2026-06-08 14:45:06.454 554-4264 RTKC2Venc pid-554 I Call finishWork in 761
2026-06-08 14:45:06.454 554-4264 RTKC2Venc pid-554 I Ready to finish 107
2026-06-08 14:45:06.455 554-4264 RTKC2Venc pid-554 I Finish finish 107
2026-06-08 14:45:06.455 554-4264 RTKC2Venc pid-554 I iii : flag=0, frameIndex=108, timeStamp=491407751, eos=0, dump_enable=0, yuvDumpFreq=1
2026-06-08 14:45:06.455 554-4264 RTKC2Venc pid-554 I Continue standard encode!
2026-06-08 14:45:06.456 554-4264 RTKC2Venc pid-554 I [extractGraphicBuffer][833] width = 1280 || height = 1600 || y_stride = 5120 || uStride = 5120 || vStride = 5120 || colorFormat = 1 || srcPhy = 0x0 || srcbufSize = 8192000
2026-06-08 14:45:06.456 554-4264 RTKC2Venc pid-554 I encoder->RequestSync = 0 cur_requestSync = 0
2026-06-08 14:45:06.456 554-4264 VideoClientEncVE pid-554 I [writeInputFrame][521] write input data to HW
2026-06-08 14:45:06.456 554-4264 RTK_WRAP_ENC_VE4 pid-554 I CODEC_SET_COLOR_FORMAT = 0x1
2026-06-08 14:45:06.456 554-4264 RTK_WRAP_ENC_VE4 pid-554 I [2599][encoder_set_video_config][CODEC_SET_COLOR_FORMAT] HAL_PIXEL_FORMAT_RGBA_8888
2026-06-08 14:45:06.456 554-4264 VideoClientEncVE pid-554 I calculated frameSize = 3072000
2026-06-08 14:45:06.456 554-4264 VideoClientEncVE pid-554 I mImpl->I_Interval = 600
2026-06-08 14:45:06.456 554-4264 RTK_WRAP_ENC_VE4 pid-554 I width 1280(1280), height 1600(1600), stride 1280
2026-06-08 14:45:06.456 554-4264 RTK_WRAP_ENC_VE4 pid-554 I =================encoder_encode_video================= encOP.picWidth: 1280 encOP.picHeight: 1600 origWidth: 1280 origHeight: 1600 srcFrameWidth: 1280 srcFrameHeight: 1600 srcFrameStride: 1280 fbStride: 1280 framebufWidth: 1280 framebufHeight: 1600 framebufStride: 1280 fbAllocInfo.stride: 1280 fbAllocInfo.height: 1600 buffe_resolution_flag=0
2026-06-08 14:45:06.456 554-4264 RTK_WRAP_ENC_VE4 pid-554 I copy method: HAL_PIXEL_FORMAT_RGBA_8888
2026-06-08 14:45:06.456 554-4264 RTK_WRAP_ENC_VE4 pid-554 I [+] in [CopyRGBA8888ToYUV420Frame]
2026-06-08 14:45:06.456 4251-4267 MPEG4Writer pid-4251 D non-key frame, nIPFramesCtr 108, nLastIPFramesCtr 0
2026-06-08 14:45:06.574 2779-3773 McuLink pid-2779 W [TIMEOUT] wait_for_ack expected_seq=49 timeout=200ms deferred=128
2026-06-08 14:45:06.574 2779-3773 McuLink pid-2779 W [RETRY] ACK timeout seq=49 ft=0x06 attempt=1/4, retransmitting
2026-06-08 14:45:06.589 566-3352 gps_hdbd pid-566 I [chip_to_reset 1383]HDBD HD8040 Reset
2026-06-08 14:45:06.589 566-3352 gps_hdbd pid-566 I [gps_monitor_thread 3665]no nmea > 3s, chip reset
2026-06-08 14:45:06.589 2779-3773 McuLink pid-2779 I [TX] seq=49 ft=0x06 payload=4B sent=OK
2026-06-08 14:45:06.589 2779-3773 McuLink pid-2779 I [TX] send_and_wait_ack seq=49 ft=0x06 attempt=2/4
2026-06-08 14:45:06.629 554-4264 RTK_WRAP_ENC_VE4 pid-554 I [-] in [CopyRGBA8888ToYUV420Frame]
2026-06-08 14:45:06.629 554-4264 RTK_WRAP_ENC_VE4 pid-554 I GopSize is greater than 1, GopSize=600, encodedIdx=108
2026-06-08 14:45:06.629 554-4264 VPUAPI pid-554 I [+][2488]VPU_EncStartOneFrame.
2026-06-08 14:45:06.629 554-4264 VPUAPI pid-554 I [2509]VPU_EncStartOneFrame.bf ProductVpuEncCheckEncParam
2026-06-08 14:45:06.629 554-4264 VPUAPI pid-554 I [2511]VPU_EncStartOneFrame.af ProductVpuEncCheckEncParam
2026-06-08 14:45:06.629 554-4264 VPUAPI pid-554 I wrapper_reg_wirte(0x0008,0x00000020);
2026-06-08 14:45:06.629 554-4264 VPUAPI pid-554 I [2910]gen_enc_pic_reg.encWidth:1280.set axi bit:0,1
2026-06-08 14:45:06.629 554-4264 VPUAPI pid-554 I reg_wirte(VE4_IP_BASE_ADDR+0x0300,0x262e0000);
2026-06-08 14:45:06.629 554-4264 VPUAPI pid-554 I reg_wirte(VE4_IP_BASE_ADDR+0x0304,0x0002a000);
2026-06-08 14:45:06.629 554-4264 VPUAPI pid-554 I reg_wirte(VE4_IP_BASE_ADDR+0x0308,0x00000040);
2026-06-08 14:45:06.629 554-4264 VPUAPI pid-554 I reg_wirte(VE4_IP_BASE_ADDR+0x030c,0x00000001);
2026-06-08 14:45:06.629 554-4264 VPUAPI pid-554 I reg_wirte(VE4_IP_BASE_ADDR+0x0310,0x00000000);
2026-06-08 14:45:06.629 554-4264 VPUAPI pid-554 I reg_wirte(VE4_IP_BASE_ADDR+0x0318,0x00000000);
2026-06-08 14:45:06.629 554-4264 VPUAPI pid-554 I reg_wirte(VE4_IP_BASE_ADDR+0x031c,0x00000000);
2026-06-08 14:45:06.629 554-4264 VPUAPI pid-554 I reg_wirte(VE4_IP_BASE_ADDR+0x0320,0x00000000);
2026-06-08 14:45:06.629 554-4264 VPUAPI pid-554 I reg_wirte(VE4_IP_BASE_ADDR+0x0324,0x00000000);
2026-06-08 14:45:06.629 554-4264 VPUAPI pid-554 I reg_wirte(VE4_IP_BASE_ADDR+0x032c,0x00000000);
2026-06-08 14:45:06.629 554-4264 VPUAPI pid-554 I reg_wirte(VE4_IP_BASE_ADDR+0x0330,0x26964000);
2026-06-08 14:45:06.629 554-4264 VPUAPI pid-554 I reg_wirte(VE4_IP_BASE_ADDR+0x0334,0x26b58000);
2026-06-08 14:45:06.629 554-4264 VPUAPI pid-554 I reg_wirte(VE4_IP_BASE_ADDR+0x0338,0x26bd5000);
2026-06-08 14:45:06.629 554-4264 VPUAPI pid-554 I reg_wirte(VE4_IP_BASE_ADDR+0x033c,0x05000280);
2026-06-08 14:45:06.629 554-4264 VPUAPI pid-554 I reg_wirte(VE4_IP_BASE_ADDR+0x0340,0x0000f000);
2026-06-08 14:45:06.629 554-4264 VPUAPI pid-554 I reg_wirte(VE4_IP_BASE_ADDR+0x0348,0x00000000);
2026-06-08 14:45:06.629 554-4264 VPUAPI pid-554 I reg_wirte(VE4_IP_BASE_ADDR+0x034c,0x00000003);
2026-06-08 14:45:06.629 554-4264 VPUAPI pid-554 I reg_wirte(VE4_IP_BASE_ADDR+0x0350,0x07200000);
2026-06-08 14:45:06.629 554-4264 VPUAPI pid-554 I reg_wirte(VE4_IP_BASE_ADDR+0x0354,0x00000000);
2026-06-08 14:45:06.629 554-4264 VPUAPI pid-554 I reg_wirte(VE4_IP_BASE_ADDR+0x0358,0x00000000);
2026-06-08 14:45:06.629 554-4264 VPUAPI pid-554 I reg_wirte(VE4_IP_BASE_ADDR+0x035c,0x00000000);
2026-06-08 14:45:06.629 554-4264 VPUAPI pid-554 I reg_wirte(VE4_IP_BASE_ADDR+0x0360,0x00000000);
2026-06-08 14:45:06.629 554-4264 VPUAPI pid-554 I reg_wirte(VE4_IP_BASE_ADDR+0x0364,0x00000000);
2026-06-08 14:45:06.629 554-4264 VPUAPI pid-554 I reg_wirte(VE4_IP_BASE_ADDR+0x03e8,0x00000000);
2026-06-08 14:45:06.629 554-4264 VPUAPI pid-554 I reg_wirte(VE4_IP_BASE_ADDR+0x03ec,0x00000000);
2026-06-08 14:45:06.629 554-4264 VPUAPI pid-554 I reg_wirte(VE4_IP_BASE_ADDR+0x03f0,0x00000000);
2026-06-08 14:45:06.629 554-4264 VPUAPI pid-554 I reg_wirte(VE4_IP_BASE_ADDR+0x03f4,0x00000000);
2026-06-08 14:45:06.629 554-4264 VPUAPI pid-554 I reg_wirte(VE4_IP_BASE_ADDR+0x0414,0x00000000);
2026-06-08 14:45:06.629 554-4264 VPUAPI pid-554 I reg_wirte(VE4_IP_BASE_ADDR+0x0418,0x00000000);
2026-06-08 14:45:06.629 554-4264 VPUAPI pid-554 I reg_wirte(VE4_IP_BASE_ADDR+0x041c,0x00000000);
2026-06-08 14:45:06.629 554-4264 VPUAPI pid-554 I reg_wirte(VE4_IP_BASE_ADDR+0x0420,0x00000000);
2026-06-08 14:45:06.629 554-4264 VPUAPI pid-554 I reg_wirte(VE4_IP_BASE_ADDR+0x0424,0x00000000);
2026-06-08 14:45:06.629 554-4264 VPUAPI pid-554 I reg_wirte(VE4_IP_BASE_ADDR+0x0428,0x00000000);
2026-06-08 14:45:06.629 554-4264 VPUAPI pid-554 I reg_wirte(VE4_IP_BASE_ADDR+0x03f8,0x00000000);
2026-06-08 14:45:06.629 554-4264 VPUAPI pid-554 I reg_wirte(VE4_IP_BASE_ADDR+0x042c,0x00000001);
2026-06-08 14:45:06.629 554-4264 VPUAPI pid-554 I reg_wirte(VE4_IP_BASE_ADDR+0x03fc,0x00000000);
2026-06-08 14:45:06.629 554-4264 VPUAPI pid-554 I reg_wirte(VE4_IP_BASE_ADDR+0x0400,0x00000000);
2026-06-08 14:45:06.629 554-4264 VPUAPI pid-554 I reg_wirte(VE4_IP_BASE_ADDR+0x0404,0x00000000);
2026-06-08 14:45:06.629 554-4264 VPUAPI pid-554 I reg_wirte(VE4_IP_BASE_ADDR+0x0408,0x00000000);
2026-06-08 14:45:06.629 554-4264 VPUAPI pid-554 I reg_wirte(VE4_IP_BASE_ADDR+0x040c,0x00000000);
2026-06-08 14:45:06.629 554-4264 VPUAPI pid-554 I reg_wirte(VE4_IP_BASE_ADDR+0x0410,0x00000000);
2026-06-08 14:45:06.629 554-4264 VPUAPI pid-554 I [119]W6SendCommand.VpuWriteReg W6_CMD_INSTANCE_INFO:0x210.value:0x30000
2026-06-08 14:45:06.629 554-4264 VPUAPI pid-554 I reg_wirte(VE4_IP_BASE_ADDR+0x0210,0x00030000);
2026-06-08 14:45:06.629 554-4264 VPUAPI pid-554 I [123]W6SendCommand.VpuWriteReg W6_VPU_CMD_BUSY_STATUS:0x70.value:1
2026-06-08 14:45:06.629 554-4264 VPUAPI pid-554 I reg_wirte(VE4_IP_BASE_ADDR+0x0070,0x00000001);
2026-06-08 14:45:06.629 554-4264 VPUAPI pid-554 I [125]W6SendCommand.VpuWriteReg W6_COMMAND:0x200.value:0x100
2026-06-08 14:45:06.629 554-4264 VPUAPI pid-554 I reg_wirte(VE4_IP_BASE_ADDR+0x0200,0x00000100);
2026-06-08 14:45:06.629 554-4264 VPUAPI pid-554 I [131]W6SendCommand.VpuWriteReg W6_VPU_HOST_INT_REQ:0x6c.value:1
2026-06-08 14:45:06.629 554-4264 VPUAPI pid-554 I reg_wirte(VE4_IP_BASE_ADDR+0x0038,0x00000001);
2026-06-08 14:45:06.629 554-4264 VPUAPI pid-554 I [134]W6SendCommand.cmd:0x100.W6_VPU_VPU_INT_STS:0x0.W6_VPU_VINT_REASON:0x0
2026-06-08 14:45:06.629 554-4264 VPUAPI pid-554 I [-][2548]VPU_EncStartOneFrame.ret:0x0
2026-06-08 14:45:06.629 554-4264 RTK_WRAP_ENC_VE4 pid-554 I VPU_EncStartOneFrame() success
2026-06-08 14:45:06.633 554-4264 VPUAPI pid-554 I clear interruptFlag=256
2026-06-08 14:45:06.633 554-4264 VPUAPI pid-554 I [+][2562]VPU_EncGetOutputInfo.
2026-06-08 14:45:06.633 554-4264 VPUAPI pid-554 I [+][3185]Wave6VpuEncGetResult.
2026-06-08 14:45:06.633 554-4264 VPUAPI pid-554 I [Wave6VpuEncGetResult]gpuCacheStatus[0] = 0
2026-06-08 14:45:06.633 554-4264 VPUAPI pid-554 I [-][3340]Wave6VpuEncGetResult.ret:0x0
2026-06-08 14:45:06.633 554-4264 VPUAPI pid-554 I [2593]VPU_EncGetOutputInfo.encSrcIdx:0x0,reconFrameIndex:0x0
2026-06-08 14:45:06.633 554-4264 VPUAPI pid-554 I [-][2605]VPU_EncGetOutputInfo.ret:0x0
2026-06-08 14:45:06.633 554-4264 RTK_WRAP_ENC_VE4 pid-554 I encodeTime 3.832832 ms || Enc: 108|| picType 1 || reconIdx 0 || rdPtr 262e0000 || wrPtr 262e04b0
2026-06-08 14:45:06.633 554-4264 RTK_WRAP_ENC_VE4 pid-554 I nHeaderLen: 0|| pVpu->outputInfo.bitstreamSize 1200
2026-06-08 14:45:06.633 554-4264 RTK_WRAP_ENC_VE4 pid-554 I stream->buf_max_size : 2097152, stream->streamlen :1200
2026-06-08 14:45:06.633 554-4264 RTKC2Venc pid-554 I ooo : frameIndex=108, streamSize=1200, keyFrameFlag=0
2026-06-08 14:45:06.633 554-4264 RTKC2Venc pid-554 I Call finishWork in 761
2026-06-08 14:45:06.633 554-4264 RTKC2Venc pid-554 I Ready to finish 108
2026-06-08 14:45:06.634 554-4264 RTKC2Venc pid-554 I Finish finish 108
2026-06-08 14:45:06.634 554-4264 RTKC2Venc pid-554 I iii : flag=0, frameIndex=109, timeStamp=491424767, eos=0, dump_enable=0, yuvDumpFreq=1
2026-06-08 14:45:06.634 554-4264 RTKC2Venc pid-554 I Continue standard encode!
2026-06-08 14:45:06.635 554-4264 RTKC2Venc pid-554 I [extractGraphicBuffer][833] width = 1280 || height = 1600 || y_stride = 5120 || uStride = 5120 || vStride = 5120 || colorFormat = 1 || srcPhy = 0x0 || srcbufSize = 8192000
2026-06-08 14:45:06.635 554-4264 RTKC2Venc pid-554 I encoder->RequestSync = 0 cur_requestSync = 0
2026-06-08 14:45:06.635 554-4264 VideoClientEncVE pid-554 I [writeInputFrame][521] write input data to HW
2026-06-08 14:45:06.635 554-4264 RTK_WRAP_ENC_VE4 pid-554 I CODEC_SET_COLOR_FORMAT = 0x1
2026-06-08 14:45:06.635 554-4264 RTK_WRAP_ENC_VE4 pid-554 I [2599][encoder_set_video_config][CODEC_SET_COLOR_FORMAT] HAL_PIXEL_FORMAT_RGBA_8888
2026-06-08 14:45:06.635 554-4264 VideoClientEncVE pid-554 I calculated frameSize = 3072000
2026-06-08 14:45:06.635 554-4264 VideoClientEncVE pid-554 I mImpl->I_Interval = 600
2026-06-08 14:45:06.635 554-4264 RTK_WRAP_ENC_VE4 pid-554 I width 1280(1280), height 1600(1600), stride 1280
2026-06-08 14:45:06.635 554-4264 RTK_WRAP_ENC_VE4 pid-554 I =================encoder_encode_video================= encOP.picWidth: 1280 encOP.picHeight: 1600 origWidth: 1280 origHeight: 1600 srcFrameWidth: 1280 srcFrameHeight: 1600 srcFrameStride: 1280 fbStride: 1280 framebufWidth: 1280 framebufHeight: 1600 framebufStride: 1280 fbAllocInfo.stride: 1280 fbAllocInfo.height: 1600 buffe_resolution_flag=0
2026-06-08 14:45:06.635 554-4264 RTK_WRAP_ENC_VE4 pid-554 I copy method: HAL_PIXEL_FORMAT_RGBA_8888
2026-06-08 14:45:06.635 554-4264 RTK_WRAP_ENC_VE4 pid-554 I [+] in [CopyRGBA8888ToYUV420Frame]
2026-06-08 14:45:06.637 4251-4267 MPEG4Writer pid-4251 D non-key frame, nIPFramesCtr 109, nLastIPFramesCtr 0
2026-06-08 14:45:06.690 3388-3434 AHU.TCP_CONNECTION pid-3388 D Socket accept timed out; retrying
2026-06-08 14:45:06.756 554-4264 RTK_WRAP_ENC_VE4 pid-554 I [-] in [CopyRGBA8888ToYUV420Frame]
2026-06-08 14:45:06.757 554-4264 RTK_WRAP_ENC_VE4 pid-554 I GopSize is greater than 1, GopSize=600, encodedIdx=109
2026-06-08 14:45:06.757 554-4264 VPUAPI pid-554 I [+][2488]VPU_EncStartOneFrame.
2026-06-08 14:45:06.757 554-4264 VPUAPI pid-554 I [2509]VPU_EncStartOneFrame.bf ProductVpuEncCheckEncParam
2026-06-08 14:45:06.757 554-4264 VPUAPI pid-554 I [2511]VPU_EncStartOneFrame.af ProductVpuEncCheckEncParam
2026-06-08 14:45:06.757 554-4264 VPUAPI pid-554 I wrapper_reg_wirte(0x0008,0x00000020);
2026-06-08 14:45:06.757 554-4264 VPUAPI pid-554 I [2910]gen_enc_pic_reg.encWidth:1280.set axi bit:0,1
2026-06-08 14:45:06.757 554-4264 VPUAPI pid-554 I reg_wirte(VE4_IP_BASE_ADDR+0x0300,0x262e0000);
2026-06-08 14:45:06.757 554-4264 VPUAPI pid-554 I reg_wirte(VE4_IP_BASE_ADDR+0x0304,0x0002a000);
2026-06-08 14:45:06.757 554-4264 VPUAPI pid-554 I reg_wirte(VE4_IP_BASE_ADDR+0x0308,0x00000040);
2026-06-08 14:45:06.757 554-4264 VPUAPI pid-554 I reg_wirte(VE4_IP_BASE_ADDR+0x030c,0x00000001);
2026-06-08 14:45:06.757 554-4264 VPUAPI pid-554 I reg_wirte(VE4_IP_BASE_ADDR+0x0310,0x00000000);
2026-06-08 14:45:06.757 554-4264 VPUAPI pid-554 I reg_wirte(VE4_IP_BASE_ADDR+0x0318,0x00000000);
2026-06-08 14:45:06.757 554-4264 VPUAPI pid-554 I reg_wirte(VE4_IP_BASE_ADDR+0x031c,0x00000000);
2026-06-08 14:45:06.757 554-4264 VPUAPI pid-554 I reg_wirte(VE4_IP_BASE_ADDR+0x0320,0x00000000);
2026-06-08 14:45:06.757 554-4264 VPUAPI pid-554 I reg_wirte(VE4_IP_BASE_ADDR+0x0324,0x00000000);
2026-06-08 14:45:06.757 554-4264 VPUAPI pid-554 I reg_wirte(VE4_IP_BASE_ADDR+0x032c,0x00000000);
2026-06-08 14:45:06.757 554-4264 VPUAPI pid-554 I reg_wirte(VE4_IP_BASE_ADDR+0x0330,0x26964000);
2026-06-08 14:45:06.757 554-4264 VPUAPI pid-554 I reg_wirte(VE4_IP_BASE_ADDR+0x0334,0x26b58000);
2026-06-08 14:45:06.757 554-4264 VPUAPI pid-554 I reg_wirte(VE4_IP_BASE_ADDR+0x0338,0x26bd5000);
2026-06-08 14:45:06.757 554-4264 VPUAPI pid-554 I reg_wirte(VE4_IP_BASE_ADDR+0x033c,0x05000280);
2026-06-08 14:45:06.757 554-4264 VPUAPI pid-554 I reg_wirte(VE4_IP_BASE_ADDR+0x0340,0x0000f000);
2026-06-08 14:45:06.757 554-4264 VPUAPI pid-554 I reg_wirte(VE4_IP_BASE_ADDR+0x0348,0x00000000);
2026-06-08 14:45:06.757 554-4264 VPUAPI pid-554 I reg_wirte(VE4_IP_BASE_ADDR+0x034c,0x00000003);
2026-06-08 14:45:06.757 554-4264 VPUAPI pid-554 I reg_wirte(VE4_IP_BASE_ADDR+0x0350,0x07200000);
2026-06-08 14:45:06.758 554-4264 VPUAPI pid-554 I reg_wirte(VE4_IP_BASE_ADDR+0x0354,0x00000000);
2026-06-08 14:45:06.758 554-4264 VPUAPI pid-554 I reg_wirte(VE4_IP_BASE_ADDR+0x0358,0x00000000);
2026-06-08 14:45:06.758 554-4264 VPUAPI pid-554 I reg_wirte(VE4_IP_BASE_ADDR+0x035c,0x00000000);
2026-06-08 14:45:06.758 554-4264 VPUAPI pid-554 I reg_wirte(VE4_IP_BASE_ADDR+0x0360,0x00000000);
2026-06-08 14:45:06.758 554-4264 VPUAPI pid-554 I reg_wirte(VE4_IP_BASE_ADDR+0x0364,0x00000000);
2026-06-08 14:45:06.758 554-4264 VPUAPI pid-554 I reg_wirte(VE4_IP_BASE_ADDR+0x03e8,0x00000000);
2026-06-08 14:45:06.758 554-4264 VPUAPI pid-554 I reg_wirte(VE4_IP_BASE_ADDR+0x03ec,0x00000000);
2026-06-08 14:45:06.758 554-4264 VPUAPI pid-554 I reg_wirte(VE4_IP_BASE_ADDR+0x03f0,0x00000000);
2026-06-08 14:45:06.758 554-4264 VPUAPI pid-554 I reg_wirte(VE4_IP_BASE_ADDR+0x03f4,0x00000000);
2026-06-08 14:45:06.758 554-4264 VPUAPI pid-554 I reg_wirte(VE4_IP_BASE_ADDR+0x0414,0x00000000);
2026-06-08 14:45:06.758 554-4264 VPUAPI pid-554 I reg_wirte(VE4_IP_BASE_ADDR+0x0418,0x00000000);
2026-06-08 14:45:06.758 554-4264 VPUAPI pid-554 I reg_wirte(VE4_IP_BASE_ADDR+0x041c,0x00000000);
2026-06-08 14:45:06.758 554-4264 VPUAPI pid-554 I reg_wirte(VE4_IP_BASE_ADDR+0x0420,0x00000000);
2026-06-08 14:45:06.758 554-4264 VPUAPI pid-554 I reg_wirte(VE4_IP_BASE_ADDR+0x0424,0x00000000);
2026-06-08 14:45:06.758 554-4264 VPUAPI pid-554 I reg_wirte(VE4_IP_BASE_ADDR+0x0428,0x00000000);
2026-06-08 14:45:06.758 554-4264 VPUAPI pid-554 I reg_wirte(VE4_IP_BASE_ADDR+0x03f8,0x00000000);
2026-06-08 14:45:06.758 554-4264 VPUAPI pid-554 I reg_wirte(VE4_IP_BASE_ADDR+0x042c,0x00000001);
2026-06-08 14:45:06.759 554-4264 VPUAPI pid-554 I reg_wirte(VE4_IP_BASE_ADDR+0x03fc,0x00000000);
2026-06-08 14:45:06.759 554-4264 VPUAPI pid-554 I reg_wirte(VE4_IP_BASE_ADDR+0x0400,0x00000000);
2026-06-08 14:45:06.759 554-4264 VPUAPI pid-554 I reg_wirte(VE4_IP_BASE_ADDR+0x0404,0x00000000);
2026-06-08 14:45:06.759 554-4264 VPUAPI pid-554 I reg_wirte(VE4_IP_BASE_ADDR+0x0408,0x00000000);
2026-06-08 14:45:06.759 554-4264 VPUAPI pid-554 I reg_wirte(VE4_IP_BASE_ADDR+0x040c,0x00000000);
2026-06-08 14:45:06.759 554-4264 VPUAPI pid-554 I reg_wirte(VE4_IP_BASE_ADDR+0x0410,0x00000000);
2026-06-08 14:45:06.759 554-4264 VPUAPI pid-554 I [119]W6SendCommand.VpuWriteReg W6_CMD_INSTANCE_INFO:0x210.value:0x30000
2026-06-08 14:45:06.759 554-4264 VPUAPI pid-554 I reg_wirte(VE4_IP_BASE_ADDR+0x0210,0x00030000);
2026-06-08 14:45:06.759 554-4264 VPUAPI pid-554 I [123]W6SendCommand.VpuWriteReg W6_VPU_CMD_BUSY_STATUS:0x70.value:1
2026-06-08 14:45:06.759 554-4264 VPUAPI pid-554 I reg_wirte(VE4_IP_BASE_ADDR+0x0070,0x00000001);
2026-06-08 14:45:06.759 554-4264 VPUAPI pid-554 I [125]W6SendCommand.VpuWriteReg W6_COMMAND:0x200.value:0x100
2026-06-08 14:45:06.759 554-4264 VPUAPI pid-554 I reg_wirte(VE4_IP_BASE_ADDR+0x0200,0x00000100);
2026-06-08 14:45:06.759 554-4264 VPUAPI pid-554 I [131]W6SendCommand.VpuWriteReg W6_VPU_HOST_INT_REQ:0x6c.value:1
2026-06-08 14:45:06.759 554-4264 VPUAPI pid-554 I reg_wirte(VE4_IP_BASE_ADDR+0x0038,0x00000001);
2026-06-08 14:45:06.759 554-4264 VPUAPI pid-554 I [134]W6SendCommand.cmd:0x100.W6_VPU_VPU_INT_STS:0x0.W6_VPU_VINT_REASON:0x0
2026-06-08 14:45:06.759 554-4264 VPUAPI pid-554 I [-][2548]VPU_EncStartOneFrame.ret:0x0
2026-06-08 14:45:06.759 554-4264 RTK_WRAP_ENC_VE4 pid-554 I VPU_EncStartOneFrame() success
2026-06-08 14:45:06.763 554-4264 VPUAPI pid-554 I clear interruptFlag=256
2026-06-08 14:45:06.763 554-4264 VPUAPI pid-554 I [+][2562]VPU_EncGetOutputInfo.
2026-06-08 14:45:06.763 554-4264 VPUAPI pid-554 I [+][3185]Wave6VpuEncGetResult.
2026-06-08 14:45:06.763 554-4264 VPUAPI pid-554 I [Wave6VpuEncGetResult]gpuCacheStatus[0] = 0
2026-06-08 14:45:06.763 554-4264 VPUAPI pid-554 I [-][3340]Wave6VpuEncGetResult.ret:0x0
2026-06-08 14:45:06.763 554-4264 VPUAPI pid-554 I [2593]VPU_EncGetOutputInfo.encSrcIdx:0x0,reconFrameIndex:0x1
2026-06-08 14:45:06.763 554-4264 VPUAPI pid-554 I [-][2605]VPU_EncGetOutputInfo.ret:0x0
2026-06-08 14:45:06.763 554-4264 RTK_WRAP_ENC_VE4 pid-554 I encodeTime 3.817984 ms || Enc: 109|| picType 1 || reconIdx 1 || rdPtr 262e0000 || wrPtr 262e0021
2026-06-08 14:45:06.763 554-4264 RTK_WRAP_ENC_VE4 pid-554 I nHeaderLen: 0|| pVpu->outputInfo.bitstreamSize 33
2026-06-08 14:45:06.763 554-4264 RTK_WRAP_ENC_VE4 pid-554 I stream->buf_max_size : 2097152, stream->streamlen :33
2026-06-08 14:45:06.763 554-4264 RTKC2Venc pid-554 I ooo : frameIndex=109, streamSize=33, keyFrameFlag=0
2026-06-08 14:45:06.763 554-4264 RTKC2Venc pid-554 I Call finishWork in 761
2026-06-08 14:45:06.763 554-4264 RTKC2Venc pid-554 I Ready to finish 109
2026-06-08 14:45:06.764 554-4264 RTKC2Venc pid-554 I Finish finish 109
2026-06-08 14:45:06.764 554-4264 RTKC2Venc pid-554 I iii : flag=0, frameIndex=110, timeStamp=491462502, eos=0, dump_enable=0, yuvDumpFreq=1
2026-06-08 14:45:06.764 554-4264 RTKC2Venc pid-554 I Continue standard encode!
2026-06-08 14:45:06.764 554-4264 RTKC2Venc pid-554 I [extractGraphicBuffer][833] width = 1280 || height = 1600 || y_stride = 5120 || uStride = 5120 || vStride = 5120 || colorFormat = 1 || srcPhy = 0x0 || srcbufSize = 8192000
2026-06-08 14:45:06.765 554-4264 RTKC2Venc pid-554 I encoder->RequestSync = 0 cur_requestSync = 0
2026-06-08 14:45:06.765 554-4264 VideoClientEncVE pid-554 I [writeInputFrame][521] write input data to HW
2026-06-08 14:45:06.765 554-4264 RTK_WRAP_ENC_VE4 pid-554 I CODEC_SET_COLOR_FORMAT = 0x1
2026-06-08 14:45:06.765 554-4264 RTK_WRAP_ENC_VE4 pid-554 I [2599][encoder_set_video_config][CODEC_SET_COLOR_FORMAT] HAL_PIXEL_FORMAT_RGBA_8888
2026-06-08 14:45:06.765 554-4264 VideoClientEncVE pid-554 I calculated frameSize = 3072000
2026-06-08 14:45:06.765 554-4264 VideoClientEncVE pid-554 I mImpl->I_Interval = 600
2026-06-08 14:45:06.765 554-4264 RTK_WRAP_ENC_VE4 pid-554 I width 1280(1280), height 1600(1600), stride 1280
2026-06-08 14:45:06.765 554-4264 RTK_WRAP_ENC_VE4 pid-554 I =================encoder_encode_video================= encOP.picWidth: 1280 encOP.picHeight: 1600 origWidth: 1280 origHeight: 1600 srcFrameWidth: 1280 srcFrameHeight: 1600 srcFrameStride: 1280 fbStride: 1280 framebufWidth: 1280 framebufHeight: 1600 framebufStride: 1280 fbAllocInfo.stride: 1280 fbAllocInfo.height: 1600 buffe_resolution_flag=0
2026-06-08 14:45:06.765 554-4264 RTK_WRAP_ENC_VE4 pid-554 I copy method: HAL_PIXEL_FORMAT_RGBA_8888
2026-06-08 14:45:06.765 554-4264 RTK_WRAP_ENC_VE4 pid-554 I [+] in [CopyRGBA8888ToYUV420Frame]
2026-06-08 14:45:06.768 4251-4267 MPEG4Writer pid-4251 D non-key frame, nIPFramesCtr 110, nLastIPFramesCtr 0
2026-06-08 14:45:06.791 2779-3773 McuLink pid-2779 W [TIMEOUT] wait_for_ack expected_seq=49 timeout=200ms deferred=128
2026-06-08 14:45:06.792 2779-3773 McuLink pid-2779 W [RETRY] ACK timeout seq=49 ft=0x06 attempt=2/4, retransmitting
2026-06-08 14:45:06.821 2779-3773 McuLink pid-2779 I [TX] seq=50 ft=0x06 payload=5B sent=OK
2026-06-08 14:45:06.821 2779-3773 McuLink pid-2779 I [TX] send_and_wait_ack seq=50 ft=0x06 attempt=1/4
2026-06-08 14:45:06.823 4342-4364 QsmwRepository com.auto.radio D switchBand result: 0
2026-06-08 14:45:06.868 554-4264 RTK_WRAP_ENC_VE4 pid-554 I [-] in [CopyRGBA8888ToYUV420Frame]
2026-06-08 14:45:06.868 554-4264 RTK_WRAP_ENC_VE4 pid-554 I GopSize is greater than 1, GopSize=600, encodedIdx=110
2026-06-08 14:45:06.868 554-4264 VPUAPI pid-554 I [+][2488]VPU_EncStartOneFrame.
2026-06-08 14:45:06.868 554-4264 VPUAPI pid-554 I [2509]VPU_EncStartOneFrame.bf ProductVpuEncCheckEncParam
2026-06-08 14:45:06.868 554-4264 VPUAPI pid-554 I [2511]VPU_EncStartOneFrame.af ProductVpuEncCheckEncParam
2026-06-08 14:45:06.868 554-4264 VPUAPI pid-554 I wrapper_reg_wirte(0x0008,0x00000020);
2026-06-08 14:45:06.868 554-4264 VPUAPI pid-554 I [2910]gen_enc_pic_reg.encWidth:1280.set axi bit:0,1
2026-06-08 14:45:06.868 554-4264 VPUAPI pid-554 I reg_wirte(VE4_IP_BASE_ADDR+0x0300,0x262e0000);
2026-06-08 14:45:06.868 554-4264 VPUAPI pid-554 I reg_wirte(VE4_IP_BASE_ADDR+0x0304,0x0002a000);
2026-06-08 14:45:06.868 554-4264 VPUAPI pid-554 I reg_wirte(VE4_IP_BASE_ADDR+0x0308,0x00000040);
2026-06-08 14:45:06.868 554-4264 VPUAPI pid-554 I reg_wirte(VE4_IP_BASE_ADDR+0x030c,0x00000001);
2026-06-08 14:45:06.868 554-4264 VPUAPI pid-554 I reg_wirte(VE4_IP_BASE_ADDR+0x0310,0x00000000);
2026-06-08 14:45:06.868 554-4264 VPUAPI pid-554 I reg_wirte(VE4_IP_BASE_ADDR+0x0318,0x00000000);
2026-06-08 14:45:06.868 554-4264 VPUAPI pid-554 I reg_wirte(VE4_IP_BASE_ADDR+0x031c,0x00000000);
2026-06-08 14:45:06.868 554-4264 VPUAPI pid-554 I reg_wirte(VE4_IP_BASE_ADDR+0x0320,0x00000000);
2026-06-08 14:45:06.868 554-4264 VPUAPI pid-554 I reg_wirte(VE4_IP_BASE_ADDR+0x0324,0x00000000);
2026-06-08 14:45:06.868 554-4264 VPUAPI pid-554 I reg_wirte(VE4_IP_BASE_ADDR+0x032c,0x00000000);
2026-06-08 14:45:06.868 554-4264 VPUAPI pid-554 I reg_wirte(VE4_IP_BASE_ADDR+0x0330,0x26964000);
2026-06-08 14:45:06.868 554-4264 VPUAPI pid-554 I reg_wirte(VE4_IP_BASE_ADDR+0x0334,0x26b58000);
2026-06-08 14:45:06.868 554-4264 VPUAPI pid-554 I reg_wirte(VE4_IP_BASE_ADDR+0x0338,0x26bd5000);
2026-06-08 14:45:06.868 554-4264 VPUAPI pid-554 I reg_wirte(VE4_IP_BASE_ADDR+0x033c,0x05000280);
2026-06-08 14:45:06.868 554-4264 VPUAPI pid-554 I reg_wirte(VE4_IP_BASE_ADDR+0x0340,0x0000f000);
2026-06-08 14:45:06.868 554-4264 VPUAPI pid-554 I reg_wirte(VE4_IP_BASE_ADDR+0x0348,0x00000000);
2026-06-08 14:45:06.868 554-4264 VPUAPI pid-554 I reg_wirte(VE4_IP_BASE_ADDR+0x034c,0x00000003);
2026-06-08 14:45:06.868 554-4264 VPUAPI pid-554 I reg_wirte(VE4_IP_BASE_ADDR+0x0350,0x07200000);
2026-06-08 14:45:06.868 554-4264 VPUAPI pid-554 I reg_wirte(VE4_IP_BASE_ADDR+0x0354,0x00000000);
2026-06-08 14:45:06.868 554-4264 VPUAPI pid-554 I reg_wirte(VE4_IP_BASE_ADDR+0x0358,0x00000000);
2026-06-08 14:45:06.868 554-4264 VPUAPI pid-554 I reg_wirte(VE4_IP_BASE_ADDR+0x035c,0x00000000);
2026-06-08 14:45:06.868 554-4264 VPUAPI pid-554 I reg_wirte(VE4_IP_BASE_ADDR+0x0360,0x00000000);
2026-06-08 14:45:06.868 554-4264 VPUAPI pid-554 I reg_wirte(VE4_IP_BASE_ADDR+0x0364,0x00000000);
2026-06-08 14:45:06.868 554-4264 VPUAPI pid-554 I reg_wirte(VE4_IP_BASE_ADDR+0x03e8,0x00000000);
2026-06-08 14:45:06.868 554-4264 VPUAPI pid-554 I reg_wirte(VE4_IP_BASE_ADDR+0x03ec,0x00000000);
2026-06-08 14:45:06.868 554-4264 VPUAPI pid-554 I reg_wirte(VE4_IP_BASE_ADDR+0x03f0,0x00000000);
2026-06-08 14:45:06.868 554-4264 VPUAPI pid-554 I reg_wirte(VE4_IP_BASE_ADDR+0x03f4,0x00000000);
2026-06-08 14:45:06.868 554-4264 VPUAPI pid-554 I reg_wirte(VE4_IP_BASE_ADDR+0x0414,0x00000000);
2026-06-08 14:45:06.868 554-4264 VPUAPI pid-554 I reg_wirte(VE4_IP_BASE_ADDR+0x0418,0x00000000);
2026-06-08 14:45:06.868 554-4264 VPUAPI pid-554 I reg_wirte(VE4_IP_BASE_ADDR+0x041c,0x00000000);
2026-06-08 14:45:06.868 554-4264 VPUAPI pid-554 I reg_wirte(VE4_IP_BASE_ADDR+0x0420,0x00000000);
2026-06-08 14:45:06.868 554-4264 VPUAPI pid-554 I reg_wirte(VE4_IP_BASE_ADDR+0x0424,0x00000000);
2026-06-08 14:45:06.868 554-4264 VPUAPI pid-554 I reg_wirte(VE4_IP_BASE_ADDR+0x0428,0x00000000);
2026-06-08 14:45:06.868 554-4264 VPUAPI pid-554 I reg_wirte(VE4_IP_BASE_ADDR+0x03f8,0x00000000);
2026-06-08 14:45:06.868 554-4264 VPUAPI pid-554 I reg_wirte(VE4_IP_BASE_ADDR+0x042c,0x00000001);
2026-06-08 14:45:06.868 554-4264 VPUAPI pid-554 I reg_wirte(VE4_IP_BASE_ADDR+0x03fc,0x00000000);
2026-06-08 14:45:06.869 554-4264 VPUAPI pid-554 I reg_wirte(VE4_IP_BASE_ADDR+0x0400,0x00000000);
2026-06-08 14:45:06.869 554-4264 VPUAPI pid-554 I reg_wirte(VE4_IP_BASE_ADDR+0x0404,0x00000000);
2026-06-08 14:45:06.869 554-4264 VPUAPI pid-554 I reg_wirte(VE4_IP_BASE_ADDR+0x0408,0x00000000);
2026-06-08 14:45:06.869 554-4264 VPUAPI pid-554 I reg_wirte(VE4_IP_BASE_ADDR+0x040c,0x00000000);
2026-06-08 14:45:06.869 554-4264 VPUAPI pid-554 I reg_wirte(VE4_IP_BASE_ADDR+0x0410,0x00000000);
2026-06-08 14:45:06.869 554-4264 VPUAPI pid-554 I [119]W6SendCommand.VpuWriteReg W6_CMD_INSTANCE_INFO:0x210.value:0x30000
2026-06-08 14:45:06.869 554-4264 VPUAPI pid-554 I reg_wirte(VE4_IP_BASE_ADDR+0x0210,0x00030000);
2026-06-08 14:45:06.869 554-4264 VPUAPI pid-554 I [123]W6SendCommand.VpuWriteReg W6_VPU_CMD_BUSY_STATUS:0x70.value:1
2026-06-08 14:45:06.869 554-4264 VPUAPI pid-554 I reg_wirte(VE4_IP_BASE_ADDR+0x0070,0x00000001);
2026-06-08 14:45:06.869 554-4264 VPUAPI pid-554 I [125]W6SendCommand.VpuWriteReg W6_COMMAND:0x200.value:0x100
2026-06-08 14:45:06.869 554-4264 VPUAPI pid-554 I reg_wirte(VE4_IP_BASE_ADDR+0x0200,0x00000100);
2026-06-08 14:45:06.869 554-4264 VPUAPI pid-554 I [131]W6SendCommand.VpuWriteReg W6_VPU_HOST_INT_REQ:0x6c.value:1
2026-06-08 14:45:06.869 554-4264 VPUAPI pid-554 I reg_wirte(VE4_IP_BASE_ADDR+0x0038,0x00000001);
2026-06-08 14:45:06.869 554-4264 VPUAPI pid-554 I [134]W6SendCommand.cmd:0x100.W6_VPU_VPU_INT_STS:0x0.W6_VPU_VINT_REASON:0x0
2026-06-08 14:45:06.869 554-4264 VPUAPI pid-554 I [-][2548]VPU_EncStartOneFrame.ret:0x0
2026-06-08 14:45:06.869 554-4264 RTK_WRAP_ENC_VE4 pid-554 I VPU_EncStartOneFrame() success
2026-06-08 14:45:06.872 554-4264 VPUAPI pid-554 I clear interruptFlag=256
2026-06-08 14:45:06.873 554-4264 VPUAPI pid-554 I [+][2562]VPU_EncGetOutputInfo.
2026-06-08 14:45:06.873 554-4264 VPUAPI pid-554 I [+][3185]Wave6VpuEncGetResult.
2026-06-08 14:45:06.873 554-4264 VPUAPI pid-554 I [Wave6VpuEncGetResult]gpuCacheStatus[0] = 0
2026-06-08 14:45:06.874 554-4264 VPUAPI pid-554 I [-][3340]Wave6VpuEncGetResult.ret:0x0
