2026-06-08 14:44:51.653 1776-1776 RotaryController pid-1776 V onAccessibilityEvent: EventType: TYPE_WINDOW_STATE_CHANGED; EventTime: 476623; PackageName: com.auto.radio; MovementGranularity: 0; Action: 0; ContentChangeTypes: []; WindowChangeTypes: [] [ ClassName: com.auto.radio.MainActivity; Text: [Radio]; ContentDescription: null; ItemCount: -1; CurrentItemIndex: -1; Enabled: true; Password: false; Checked: false; FullScreen: true; Scrollable: false; ImportantForAccessibility: true; AccessibilityDataSensitive: false; BeforeText: null; FromIndex: -1; ToIndex: -1; ScrollX: 0; ScrollY: 0; MaxScrollX: 0; MaxScrollY: 0; ScrollDeltaX: -1; ScrollDeltaY: -1; AddedCount: -1; RemovedCount: -1; ParcelableData: null; DisplayId: 0 ]; recordCount: 0
2026-06-08 14:44:51.710 4342-4342 RadioViewModel com.auto.radio D dispatch EnterBand: band=0
2026-06-08 14:44:51.713 591-797 AudioFlinger pid-591 D mixer(0xb4000071392de940) throttle end: throttle time(8)
2026-06-08 14:44:51.717 4342-4384 QsmwRepository com.auto.radio D seekStop
2026-06-08 14:44:51.729 2779-3773 McuLink pid-2779 I [TX] seq=43 ft=0x06 payload=4B sent=OK
2026-06-08 14:44:51.729 2779-3773 McuLink pid-2779 I [TX] send_and_wait_ack seq=43 ft=0x06 attempt=1/4
2026-06-08 14:44:51.732 4342-4384 QsmwRepository com.auto.radio D seekStop result: 0
2026-06-08 14:44:51.732 4342-4384 RadioViewModel com.auto.radio D switch band before enterBand: targetBand=0, currentBand=null, bandSwitching=null
2026-06-08 14:44:51.734 4342-4384 QsmwRepository com.auto.radio D switchBand: band=0
2026-06-08 14:44:51.735 4342-4362 com.auto.radio com.auto.radio W Long monitor contention with owner DefaultDispatcher-worker-4 (4364) at java.lang.Object kotlin.SynchronizedLazyImpl.getValue()(LazyJVM.kt:78) waiters=0 in java.lang.Object kotlin.SynchronizedLazyImpl.getValue() for 403ms
2026-06-08 14:44:51.736 4342-4365 com.auto.radio com.auto.radio W Long monitor contention with owner DefaultDispatcher-worker-4 (4364) at java.lang.Object kotlin.SynchronizedLazyImpl.getValue()(LazyJVM.kt:78) waiters=1 in java.lang.Object kotlin.SynchronizedLazyImpl.getValue() for 398ms
2026-06-08 14:44:51.737 4342-4361 com.auto.radio com.auto.radio W Long monitor contention with owner DefaultDispatcher-worker-4 (4364) at java.lang.Object kotlin.SynchronizedLazyImpl.getValue()(LazyJVM.kt:78) waiters=2 in java.lang.Object kotlin.SynchronizedLazyImpl.getValue() for 396ms
2026-06-08 14:44:51.744 4342-4342 Choreographer com.auto.radio I Skipped 105 frames! The application may be doing too much work on its main thread.
2026-06-08 14:44:51.745 2779-3773 McuLink pid-2779 I [TX] seq=44 ft=0x06 payload=5B sent=OK
2026-06-08 14:44:51.745 2779-3773 McuLink pid-2779 I [TX] send_and_wait_ack seq=44 ft=0x06 attempt=1/4
2026-06-08 14:44:51.753 4342-4374 com.auto.radio com.auto.radio W Long monitor contention with owner DefaultDispatcher-worker-4 (4364) at java.lang.Object kotlin.SynchronizedLazyImpl.getValue()(LazyJVM.kt:78) waiters=5 in java.lang.Object kotlin.SynchronizedLazyImpl.getValue() for 379ms
2026-06-08 14:44:51.753 4342-4377 com.auto.radio com.auto.radio W Long monitor contention with owner DefaultDispatcher-worker-4 (4364) at java.lang.Object kotlin.SynchronizedLazyImpl.getValue()(LazyJVM.kt:78) waiters=6 in java.lang.Object kotlin.SynchronizedLazyImpl.getValue() for 369ms
2026-06-08 14:44:51.753 4342-4376 com.auto.radio com.auto.radio W Long monitor contention with owner DefaultDispatcher-worker-4 (4364) at java.lang.Object kotlin.SynchronizedLazyImpl.getValue()(LazyJVM.kt:78) waiters=7 in java.lang.Object kotlin.SynchronizedLazyImpl.getValue() for 359ms
2026-06-08 14:44:51.755 4342-4378 com.auto.radio com.auto.radio W Long monitor contention with owner DefaultDispatcher-worker-4 (4364) at java.lang.Object kotlin.SynchronizedLazyImpl.getValue()(LazyJVM.kt:78) waiters=8 in java.lang.Object kotlin.SynchronizedLazyImpl.getValue() for 357ms
2026-06-08 14:44:51.758 4342-4379 com.auto.radio com.auto.radio W Long monitor contention with owner DefaultDispatcher-worker-4 (4364) at java.lang.Object kotlin.SynchronizedLazyImpl.getValue()(LazyJVM.kt:78) waiters=9 in java.lang.Object kotlin.SynchronizedLazyImpl.getValue() for 356ms
2026-06-08 14:44:51.759 4342-4381 com.auto.radio com.auto.radio W Long monitor contention with owner DefaultDispatcher-worker-4 (4364) at java.lang.Object kotlin.SynchronizedLazyImpl.getValue()(LazyJVM.kt:78) waiters=11 in java.lang.Object kotlin.SynchronizedLazyImpl.getValue() for 348ms
2026-06-08 14:44:51.771 4342-4382 com.auto.radio com.auto.radio W Long monitor contention with owner DefaultDispatcher-worker-4 (4364) at java.lang.Object kotlin.SynchronizedLazyImpl.getValue()(LazyJVM.kt:78) waiters=13 in java.lang.Object kotlin.SynchronizedLazyImpl.getValue() for 346ms
2026-06-08 14:44:51.776 4342-4384 QsmwRepository com.auto.radio D switchBand result: 0
2026-06-08 14:44:51.814 591-797 AudioFlinger pid-591 D mixer(0xb4000071392de940) throttle end: throttle time(9)
2026-06-08 14:44:51.828 4342-4357 OpenGLRenderer com.auto.radio I Davey! duration=1816ms; Flags=0, FrameTimelineVsyncId=27396, IntendedVsync=475068361669, Vsync=476818479619, InputEventId=0, HandleInputStart=476831412307, AnimationStart=476831420937, PerformTraversalsStart=476869773048, DrawStart=476872143715, FrameDeadline=476719896564, FrameInterval=476830863493, FrameStartTime=16667790, SyncQueued=476876793715, SyncStart=476876910863, IssueDrawCommandsStart=476876989826, SwapBuffers=476878554789, FrameCompleted=476885164307, DequeueBufferDuration=17186, QueueBufferDuration=471148, GpuCompleted=476885164307, SwapBuffersCompleted=476879502344, DisplayPresentTime=-4791513335583473664, CommandSubmissionCompleted=476878554789,
2026-06-08 14:44:51.844 194-194 mali_gralloc pid-194 I internal_format: 1 format_idx: 2
2026-06-08 14:44:51.844 194-194 android.ha...V1-service pid-194 I mali_gralloc_adjust_dimensions: alloc_format=FMT:0x1,MOD:0 usage=0x100 alloc_width=78, alloc_height=64
2026-06-08 14:44:51.844 194-194 RTK_HAL_UTILS pid-194 D [DmabufAlloc:71] mDmabufFd = 0x6
2026-06-08 14:44:51.844 194-194 RTK_HAL_UTILS pid-194 D DMA Alloc: heap name = system !
2026-06-08 14:44:51.844 194-194 android.ha...V1-service pid-194 W alloc_from_ion_heap (20480, 0, 0, 7)
2026-06-08 14:44:51.845 194-194 mali_gralloc pid-194 I internal_format: 1 format_idx: 2
2026-06-08 14:44:51.845 194-194 android.ha...V1-service pid-194 I mali_gralloc_adjust_dimensions: alloc_format=FMT:0x1,MOD:0 usage=0x100 alloc_width=64, alloc_height=64
2026-06-08 14:44:51.845 194-194 RTK_HAL_UTILS pid-194 D [DmabufAlloc:71] mDmabufFd = 0x6
2026-06-08 14:44:51.845 194-194 RTK_HAL_UTILS pid-194 D DMA Alloc: heap name = system !
2026-06-08 14:44:51.845 194-194 android.ha...V1-service pid-194 W alloc_from_ion_heap (16384, 0, 0, 7)
2026-06-08 14:44:51.845 194-194 mali_gralloc pid-194 I internal_format: 1 format_idx: 2
2026-06-08 14:44:51.845 194-194 android.ha...V1-service pid-194 I mali_gralloc_adjust_dimensions: alloc_format=FMT:0x1,MOD:0 usage=0x100 alloc_width=64, alloc_height=64
2026-06-08 14:44:51.845 194-194 RTK_HAL_UTILS pid-194 D [DmabufAlloc:71] mDmabufFd = 0x6
2026-06-08 14:44:51.845 194-194 RTK_HAL_UTILS pid-194 D DMA Alloc: heap name = system !
2026-06-08 14:44:51.845 194-194 android.ha...V1-service pid-194 W alloc_from_ion_heap (16384, 0, 0, 7)
2026-06-08 14:44:51.854 194-194 mali_gralloc pid-194 I internal_format: 1 format_idx: 2
2026-06-08 14:44:51.854 194-194 android.ha...V1-service pid-194 I mali_gralloc_adjust_dimensions: alloc_format=FMT:0x1,MOD:0 usage=0x100 alloc_width=64, alloc_height=53
2026-06-08 14:44:51.854 194-194 RTK_HAL_UTILS pid-194 D [DmabufAlloc:71] mDmabufFd = 0x6
2026-06-08 14:44:51.854 194-194 RTK_HAL_UTILS pid-194 D DMA Alloc: heap name = system !
2026-06-08 14:44:51.854 194-194 android.ha...V1-service pid-194 W alloc_from_ion_heap (13568, 0, 0, 7)
2026-06-08 14:44:51.855 194-194 mali_gralloc pid-194 I internal_format: 1 format_idx: 2
2026-06-08 14:44:51.855 194-194 android.ha...V1-service pid-194 I mali_gralloc_adjust_dimensions: alloc_format=FMT:0x1,MOD:0 usage=0x100 alloc_width=64, alloc_height=64
2026-06-08 14:44:51.857 194-194 RTK_HAL_UTILS pid-194 D [DmabufAlloc:71] mDmabufFd = 0x6
2026-06-08 14:44:51.857 194-194 RTK_HAL_UTILS pid-194 D DMA Alloc: heap name = system !
2026-06-08 14:44:51.857 194-194 android.ha...V1-service pid-194 W alloc_from_ion_heap (16384, 0, 0, 7)
2026-06-08 14:44:51.857 194-194 mali_gralloc pid-194 I internal_format: 1 format_idx: 2
2026-06-08 14:44:51.857 194-194 android.ha...V1-service pid-194 I mali_gralloc_adjust_dimensions: alloc_format=FMT:0x1,MOD:0 usage=0x100 alloc_width=64, alloc_height=64
2026-06-08 14:44:51.857 194-194 RTK_HAL_UTILS pid-194 D [DmabufAlloc:71] mDmabufFd = 0x6
2026-06-08 14:44:51.857 194-194 RTK_HAL_UTILS pid-194 D DMA Alloc: heap name = system !
2026-06-08 14:44:51.857 194-194 android.ha...V1-service pid-194 W alloc_from_ion_heap (16384, 0, 0, 7)
2026-06-08 14:44:51.865 1776-1776 RotaryController pid-1776 V event source: android.view.accessibility.AccessibilityNodeInfo@80006cd8; boundsInParent: Rect(0, 0 - 1280, 1600); boundsInScreen: Rect(0, 0 - 1280, 1600); boundsInWindow: Rect(0, 0 - 1280, 1600); packageName: com.auto.radio; className: android.widget.FrameLayout; text: null; error: null; maxTextLength: -1; stateDescription: null; contentDescription: null; tooltipText: null; containerTitle: null; viewIdResName: null; uniqueId: null; checkable: false; checked: false; focusable: false; focused: false; selected: false; clickable: false; longClickable: false; contextClickable: false; enabled: true; password: false; scrollable: false; importantForAccessibility: true; visible: true; actions: [AccessibilityAction: ACTION_SELECT - null, AccessibilityAction: ACTION_CLEAR_SELECTION - null, AccessibilityAction: ACTION_ACCESSIBILITY_FOCUS - null, AccessibilityAction: ACTION_SHOW_ON_SCREEN - null]; isTextSelectable: false
2026-06-08 14:44:51.865 1776-1776 RotaryController pid-1776 V event window ID: 1a
2026-06-08 14:44:51.878 971-4287 Compatibil...geReporter pid-971 D Compat change id reported: 214016041; UID 1001000; state: DISABLED
2026-06-08 14:44:51.878 971-4287 Compatibil...geReporter pid-971 D Compat change id reported: 214016041; UID 1001000; state: ENABLED
2026-06-08 14:44:51.880 971-4287 ImeTracker pid-971 I com.auto.radio:13732cca: onRequestHide at ORIGIN_SERVER_HIDE_INPUT reason HIDE_UNSPECIFIED_WINDOW
2026-06-08 14:44:51.881 971-4287 ImeTracker pid-971 I com.auto.radio:13732cca: onCancelled at PHASE_SERVER_SHOULD_HIDE
2026-06-08 14:44:51.946 554-4264 RTK_WRAP_ENC_VE4 pid-554 I [-] in [CopyRGBA8888ToYUV420Frame]
2026-06-08 14:44:51.947 554-4264 RTK_WRAP_ENC_VE4 pid-554 I GopSize is greater than 1, GopSize=600, encodedIdx=33
2026-06-08 14:44:51.947 554-4264 VPUAPI pid-554 I [+][2488]VPU_EncStartOneFrame.
2026-06-08 14:44:51.947 554-4264 VPUAPI pid-554 I [2509]VPU_EncStartOneFrame.bf ProductVpuEncCheckEncParam
2026-06-08 14:44:51.947 554-4264 VPUAPI pid-554 I [2511]VPU_EncStartOneFrame.af ProductVpuEncCheckEncParam
2026-06-08 14:44:51.947 554-4264 VPUAPI pid-554 I wrapper_reg_wirte(0x0008,0x00000020);
2026-06-08 14:44:51.947 554-4264 VPUAPI pid-554 I [2910]gen_enc_pic_reg.encWidth:1280.set axi bit:0,1
2026-06-08 14:44:51.947 554-4264 VPUAPI pid-554 I reg_wirte(VE4_IP_BASE_ADDR+0x0300,0x262e0000);
2026-06-08 14:44:51.947 554-4264 VPUAPI pid-554 I reg_wirte(VE4_IP_BASE_ADDR+0x0304,0x0002a000);
2026-06-08 14:44:51.947 554-4264 VPUAPI pid-554 I reg_wirte(VE4_IP_BASE_ADDR+0x0308,0x00000040);
2026-06-08 14:44:51.947 554-4264 VPUAPI pid-554 I reg_wirte(VE4_IP_BASE_ADDR+0x030c,0x00000001);
2026-06-08 14:44:51.947 554-4264 VPUAPI pid-554 I reg_wirte(VE4_IP_BASE_ADDR+0x0310,0x00000000);
2026-06-08 14:44:51.947 554-4264 VPUAPI pid-554 I reg_wirte(VE4_IP_BASE_ADDR+0x0318,0x00000000);
2026-06-08 14:44:51.947 554-4264 VPUAPI pid-554 I reg_wirte(VE4_IP_BASE_ADDR+0x031c,0x00000000);
2026-06-08 14:44:51.947 554-4264 VPUAPI pid-554 I reg_wirte(VE4_IP_BASE_ADDR+0x0320,0x00000000);
2026-06-08 14:44:51.947 554-4264 VPUAPI pid-554 I reg_wirte(VE4_IP_BASE_ADDR+0x0324,0x00000000);
2026-06-08 14:44:51.947 554-4264 VPUAPI pid-554 I reg_wirte(VE4_IP_BASE_ADDR+0x032c,0x00000000);
2026-06-08 14:44:51.947 554-4264 VPUAPI pid-554 I reg_wirte(VE4_IP_BASE_ADDR+0x0330,0x26964000);
2026-06-08 14:44:51.947 554-4264 VPUAPI pid-554 I reg_wirte(VE4_IP_BASE_ADDR+0x0334,0x26b58000);
2026-06-08 14:44:51.947 554-4264 VPUAPI pid-554 I reg_wirte(VE4_IP_BASE_ADDR+0x0338,0x26bd5000);
2026-06-08 14:44:51.947 554-4264 VPUAPI pid-554 I reg_wirte(VE4_IP_BASE_ADDR+0x033c,0x05000280);
2026-06-08 14:44:51.947 554-4264 VPUAPI pid-554 I reg_wirte(VE4_IP_BASE_ADDR+0x0340,0x0000f000);
2026-06-08 14:44:51.947 554-4264 VPUAPI pid-554 I reg_wirte(VE4_IP_BASE_ADDR+0x0348,0x00000000);
2026-06-08 14:44:51.947 554-4264 VPUAPI pid-554 I reg_wirte(VE4_IP_BASE_ADDR+0x034c,0x00000003);
2026-06-08 14:44:51.947 554-4264 VPUAPI pid-554 I reg_wirte(VE4_IP_BASE_ADDR+0x0350,0x07200000);
2026-06-08 14:44:51.947 554-4264 VPUAPI pid-554 I reg_wirte(VE4_IP_BASE_ADDR+0x0354,0x00000000);
2026-06-08 14:44:51.947 554-4264 VPUAPI pid-554 I reg_wirte(VE4_IP_BASE_ADDR+0x0358,0x00000000);
2026-06-08 14:44:51.947 554-4264 VPUAPI pid-554 I reg_wirte(VE4_IP_BASE_ADDR+0x035c,0x00000000);
2026-06-08 14:44:51.947 554-4264 VPUAPI pid-554 I reg_wirte(VE4_IP_BASE_ADDR+0x0360,0x00000000);
2026-06-08 14:44:51.947 554-4264 VPUAPI pid-554 I reg_wirte(VE4_IP_BASE_ADDR+0x0364,0x00000000);
2026-06-08 14:44:51.947 554-4264 VPUAPI pid-554 I reg_wirte(VE4_IP_BASE_ADDR+0x03e8,0x00000000);
2026-06-08 14:44:51.947 554-4264 VPUAPI pid-554 I reg_wirte(VE4_IP_BASE_ADDR+0x03ec,0x00000000);
2026-06-08 14:44:51.947 554-4264 VPUAPI pid-554 I reg_wirte(VE4_IP_BASE_ADDR+0x03f0,0x00000000);
2026-06-08 14:44:51.947 554-4264 VPUAPI pid-554 I reg_wirte(VE4_IP_BASE_ADDR+0x03f4,0x00000000);
2026-06-08 14:44:51.947 554-4264 VPUAPI pid-554 I reg_wirte(VE4_IP_BASE_ADDR+0x0414,0x00000000);
2026-06-08 14:44:51.947 554-4264 VPUAPI pid-554 I reg_wirte(VE4_IP_BASE_ADDR+0x0418,0x00000000);
2026-06-08 14:44:51.947 554-4264 VPUAPI pid-554 I reg_wirte(VE4_IP_BASE_ADDR+0x041c,0x00000000);
2026-06-08 14:44:51.947 554-4264 VPUAPI pid-554 I reg_wirte(VE4_IP_BASE_ADDR+0x0420,0x00000000);
2026-06-08 14:44:51.947 554-4264 VPUAPI pid-554 I reg_wirte(VE4_IP_BASE_ADDR+0x0424,0x00000000);
2026-06-08 14:44:51.947 554-4264 VPUAPI pid-554 I reg_wirte(VE4_IP_BASE_ADDR+0x0428,0x00000000);
2026-06-08 14:44:51.947 554-4264 VPUAPI pid-554 I reg_wirte(VE4_IP_BASE_ADDR+0x03f8,0x00000000);
2026-06-08 14:44:51.947 554-4264 VPUAPI pid-554 I reg_wirte(VE4_IP_BASE_ADDR+0x042c,0x00000001);
2026-06-08 14:44:51.947 554-4264 VPUAPI pid-554 I reg_wirte(VE4_IP_BASE_ADDR+0x03fc,0x00000000);
2026-06-08 14:44:51.947 554-4264 VPUAPI pid-554 I reg_wirte(VE4_IP_BASE_ADDR+0x0400,0x00000000);
2026-06-08 14:44:51.947 554-4264 VPUAPI pid-554 I reg_wirte(VE4_IP_BASE_ADDR+0x0404,0x00000000);
2026-06-08 14:44:51.947 554-4264 VPUAPI pid-554 I reg_wirte(VE4_IP_BASE_ADDR+0x0408,0x00000000);
2026-06-08 14:44:51.947 554-4264 VPUAPI pid-554 I reg_wirte(VE4_IP_BASE_ADDR+0x040c,0x00000000);
2026-06-08 14:44:51.947 554-4264 VPUAPI pid-554 I reg_wirte(VE4_IP_BASE_ADDR+0x0410,0x00000000);
2026-06-08 14:44:51.947 554-4264 VPUAPI pid-554 I [119]W6SendCommand.VpuWriteReg W6_CMD_INSTANCE_INFO:0x210.value:0x30000
2026-06-08 14:44:51.947 554-4264 VPUAPI pid-554 I reg_wirte(VE4_IP_BASE_ADDR+0x0210,0x00030000);
2026-06-08 14:44:51.947 554-4264 VPUAPI pid-554 I [123]W6SendCommand.VpuWriteReg W6_VPU_CMD_BUSY_STATUS:0x70.value:1
2026-06-08 14:44:51.947 554-4264 VPUAPI pid-554 I reg_wirte(VE4_IP_BASE_ADDR+0x0070,0x00000001);
2026-06-08 14:44:51.947 554-4264 VPUAPI pid-554 I [125]W6SendCommand.VpuWriteReg W6_COMMAND:0x200.value:0x100
2026-06-08 14:44:51.947 554-4264 VPUAPI pid-554 I reg_wirte(VE4_IP_BASE_ADDR+0x0200,0x00000100);
2026-06-08 14:44:51.947 554-4264 VPUAPI pid-554 I [131]W6SendCommand.VpuWriteReg W6_VPU_HOST_INT_REQ:0x6c.value:1
2026-06-08 14:44:51.947 554-4264 VPUAPI pid-554 I reg_wirte(VE4_IP_BASE_ADDR+0x0038,0x00000001);
2026-06-08 14:44:51.947 554-4264 VPUAPI pid-554 I [134]W6SendCommand.cmd:0x100.W6_VPU_VPU_INT_STS:0x0.W6_VPU_VINT_REASON:0x0
2026-06-08 14:44:51.947 554-4264 VPUAPI pid-554 I [-][2548]VPU_EncStartOneFrame.ret:0x0
2026-06-08 14:44:51.947 554-4264 RTK_WRAP_ENC_VE4 pid-554 I VPU_EncStartOneFrame() success
2026-06-08 14:44:51.954 554-4264 VPUAPI pid-554 I clear interruptFlag=256
2026-06-08 14:44:51.954 554-4264 VPUAPI pid-554 I [+][2562]VPU_EncGetOutputInfo.
2026-06-08 14:44:51.954 554-4264 VPUAPI pid-554 I [+][3185]Wave6VpuEncGetResult.
2026-06-08 14:44:51.954 554-4264 VPUAPI pid-554 I [Wave6VpuEncGetResult]gpuCacheStatus[0] = 0
2026-06-08 14:44:51.954 554-4264 VPUAPI pid-554 I [-][3340]Wave6VpuEncGetResult.ret:0x0
2026-06-08 14:44:51.954 554-4264 VPUAPI pid-554 I [2593]VPU_EncGetOutputInfo.encSrcIdx:0x0,reconFrameIndex:0x1
2026-06-08 14:44:51.954 554-4264 VPUAPI pid-554 I [-][2605]VPU_EncGetOutputInfo.ret:0x0
2026-06-08 14:44:51.954 554-4264 RTK_WRAP_ENC_VE4 pid-554 I encodeTime 3.784192 ms || Enc: 33|| picType 1 || reconIdx 1 || rdPtr 262e0000 || wrPtr 262e0013
2026-06-08 14:44:51.954 554-4264 RTK_WRAP_ENC_VE4 pid-554 I nHeaderLen: 0|| pVpu->outputInfo.bitstreamSize 19
2026-06-08 14:44:51.954 554-4264 RTK_WRAP_ENC_VE4 pid-554 I stream->buf_max_size : 2097152, stream->streamlen :19
2026-06-08 14:44:51.954 554-4264 RTKC2Venc pid-554 I ooo : frameIndex=33, streamSize=19, keyFrameFlag=0
2026-06-08 14:44:51.954 554-4264 RTKC2Venc pid-554 I Call finishWork in 761
2026-06-08 14:44:51.954 554-4264 RTKC2Venc pid-554 I Ready to finish 33
2026-06-08 14:44:51.964 554-4264 RTKC2Venc pid-554 I Finish finish 33
2026-06-08 14:44:51.964 554-4264 RTKC2Venc pid-554 I iii : flag=0, frameIndex=34, timeStamp=476707657, eos=0, dump_enable=0, yuvDumpFreq=1
2026-06-08 14:44:51.964 554-4264 RTKC2Venc pid-554 I Continue standard encode!
2026-06-08 14:44:51.964 554-4264 RTKC2Venc pid-554 I [extractGraphicBuffer][833] width = 1280 || height = 1600 || y_stride = 5120 || uStride = 5120 || vStride = 5120 || colorFormat = 1 || srcPhy = 0x0 || srcbufSize = 8192000
2026-06-08 14:44:51.965 554-4264 RTKC2Venc pid-554 I encoder->RequestSync = 0 cur_requestSync = 0
2026-06-08 14:44:51.967 554-4264 VideoClientEncVE pid-554 I [writeInputFrame][521] write input data to HW
2026-06-08 14:44:51.973 4251-4267 MPEG4Writer pid-4251 D non-key frame, nIPFramesCtr 34, nLastIPFramesCtr 0
2026-06-08 14:44:51.980 554-4264 RTK_WRAP_ENC_VE4 pid-554 I CODEC_SET_COLOR_FORMAT = 0x1
2026-06-08 14:44:51.980 554-4264 RTK_WRAP_ENC_VE4 pid-554 I [2599][encoder_set_video_config][CODEC_SET_COLOR_FORMAT] HAL_PIXEL_FORMAT_RGBA_8888
2026-06-08 14:44:51.980 554-4264 VideoClientEncVE pid-554 I calculated frameSize = 3072000
2026-06-08 14:44:51.980 554-4264 VideoClientEncVE pid-554 I mImpl->I_Interval = 600
2026-06-08 14:44:51.980 554-4264 RTK_WRAP_ENC_VE4 pid-554 I width 1280(1280), height 1600(1600), stride 1280
2026-06-08 14:44:51.980 554-4264 RTK_WRAP_ENC_VE4 pid-554 I =================encoder_encode_video================= encOP.picWidth: 1280 encOP.picHeight: 1600 origWidth: 1280 origHeight: 1600 srcFrameWidth: 1280 srcFrameHeight: 1600 srcFrameStride: 1280 fbStride: 1280 framebufWidth: 1280 framebufHeight: 1600 framebufStride: 1280 fbAllocInfo.stride: 1280 fbAllocInfo.height: 1600 buffe_resolution_flag=0
2026-06-08 14:44:51.980 554-4264 RTK_WRAP_ENC_VE4 pid-554 I copy method: HAL_PIXEL_FORMAT_RGBA_8888
2026-06-08 14:44:51.980 554-4264 RTK_WRAP_ENC_VE4 pid-554 I [+] in [CopyRGBA8888ToYUV420Frame]
2026-06-08 14:44:52.060 1173-1213 WindowOnBackDispatcher pid-1173 W sendCancelIfRunning: isInProgress=falsecallback=android.view.ViewRootImpl$$ExternalSyntheticLambda17@b4145e8
2026-06-08 14:44:52.063 971-2226 CoreBackPreview pid-971 D Window{a27d496 u10 Splash Screen com.auto.radio EXITING}: Setting back callback null
2026-06-08 14:44:52.072 971-2226 InputManager-JNI pid-971 W Input channel object 'a27d496 Splash Screen com.auto.radio (client)' was disposed without first being removed with the input manager!
2026-06-08 14:44:52.080 2359-2492 BluetoothSocket pid-2359 D accept(), timeout (ms):-1
2026-06-08 14:44:52.081 2359-2492 BTConnectionMethod pid-2359 E AcceptThread: accept() failed java.io.IOException: read failed, socket might closed or timeout, read ret: -1
at android.bluetooth.BluetoothSocket.readAll(BluetoothSocket.java:924)
at android.bluetooth.BluetoothSocket.waitSocketSignal(BluetoothSocket.java:877)
at android.bluetooth.BluetoothSocket.accept(BluetoothSocket.java:626)
at android.bluetooth.BluetoothServerSocket.accept(BluetoothServerSocket.java:195)
at android.bluetooth.BluetoothServerSocket.accept(BluetoothServerSocket.java:178)
at com.abaltatech.mcs.bluetooth.android.BluetoothConnectionMethod$AcceptThread.acceptConnection(BluetoothConnectionMethod.java:504)
at com.abaltatech.mcs.bluetooth.android.BluetoothConnectionMethod$AcceptThread.run(BluetoothConnectionMethod.java:475)
2026-06-08 14:44:52.091 2246-2246 ShortcutFragment pid-2246 D collapseAllCards
2026-06-08 14:44:52.110 1173-1213 FrameTracker pid-1173 W Missed App frame:UNKNOWN: 24, 27434, 34343672, CUJ=J
2026-06-08 14:44:52.110 1173-1213 FrameTracker pid-1173 W Missed SF frame:UNKNOWN: 24, 27434, 34343672, CUJ=J
2026-06-08 14:44:52.110 1173-1213 FrameTracker pid-1173 W Missed SF frame:UNKNOWN: 65, 27447, 0, CUJ=J
2026-06-08 14:44:52.111 1173-1213 FrameTracker pid-1173 W Missing HWUI jank callback for vsyncId: 27447, CUJ=J
2026-06-08 14:44:52.111 1173-1213 FrameTracker pid-1173 W Missed SF frame:UNKNOWN: 68, 27460, 0, CUJ=J
2026-06-08 14:44:52.111 1173-1213 FrameTracker pid-1173 W Missing HWUI jank callback for vsyncId: 27460, CUJ=J
2026-06-08 14:44:52.111 1173-1213 FrameTracker pid-1173 W Missed SF frame:UNKNOWN: 65, 27467, 52482877, CUJ=J
2026-06-08 14:44:52.111 1173-1213 FrameTracker pid-1173 W Missed SF frame:UNKNOWN: 80, 27474, 75616929, CUJ=J
2026-06-08 14:44:52.111 1173-1213 FrameTracker pid-1173 W Missed SF frame:UNKNOWN: 65, 27481, 121270788, CUJ=J
2026-06-08 14:44:52.111 1173-1213 FrameTracker pid-1173 W Missed App frame:UNKNOWN: 76, 27518, 0, CUJ=J
2026-06-08 14:44:52.111 1173-1213 FrameTracker pid-1173 W Missed SF frame:UNKNOWN: 76, 27518, 0, CUJ=J
2026-06-08 14:44:52.112 1173-1213 FrameTracker pid-1173 W Missing HWUI jank callback for vsyncId: 27518, CUJ=J
2026-06-08 14:44:52.112 1173-1213 FrameTracker pid-1173 W Missed App frame:UNKNOWN: 72, 27532, 0, CUJ=J
2026-06-08 14:44:52.112 1173-1213 FrameTracker pid-1173 W Missing HWUI jank callback for vsyncId: 27532, CUJ=J
2026-06-08 14:44:52.112 1173-1213 FrameTracker pid-1173 W Missing HWUI jank callback for vsyncId: 27549, CUJ=J
2026-06-08 14:44:52.112 1173-1268 PerfettoTrigger pid-1173 V Not triggering com.android.telemetry.interaction-jank-monitor-39 - not enough time since last trigger
2026-06-08 14:44:52.329 554-4264 RTK_WRAP_ENC_VE4 pid-554 I [-] in [CopyRGBA8888ToYUV420Frame]
2026-06-08 14:44:52.330 554-4264 RTK_WRAP_ENC_VE4 pid-554 I GopSize is greater than 1, GopSize=600, encodedIdx=34
2026-06-08 14:44:52.331 554-4264 VPUAPI pid-554 I [+][2488]VPU_EncStartOneFrame.
2026-06-08 14:44:52.331 554-4264 VPUAPI pid-554 I [2509]VPU_EncStartOneFrame.bf ProductVpuEncCheckEncParam
2026-06-08 14:44:52.331 554-4264 VPUAPI pid-554 I [2511]VPU_EncStartOneFrame.af ProductVpuEncCheckEncParam
2026-06-08 14:44:52.332 554-4264 VPUAPI pid-554 I wrapper_reg_wirte(0x0008,0x00000020);
2026-06-08 14:44:52.332 554-4264 VPUAPI pid-554 I [2910]gen_enc_pic_reg.encWidth:1280.set axi bit:0,1
2026-06-08 14:44:52.332 554-4264 VPUAPI pid-554 I reg_wirte(VE4_IP_BASE_ADDR+0x0300,0x262e0000);
2026-06-08 14:44:52.333 554-4264 VPUAPI pid-554 I reg_wirte(VE4_IP_BASE_ADDR+0x0304,0x0002a000);
2026-06-08 14:44:52.333 554-4264 VPUAPI pid-554 I reg_wirte(VE4_IP_BASE_ADDR+0x0308,0x00000040);
2026-06-08 14:44:52.333 554-4264 VPUAPI pid-554 I reg_wirte(VE4_IP_BASE_ADDR+0x030c,0x00000001);
2026-06-08 14:44:52.333 554-4264 VPUAPI pid-554 I reg_wirte(VE4_IP_BASE_ADDR+0x0310,0x00000000);
2026-06-08 14:44:52.333 554-4264 VPUAPI pid-554 I reg_wirte(VE4_IP_BASE_ADDR+0x0318,0x00000000);
2026-06-08 14:44:52.333 554-4264 VPUAPI pid-554 I reg_wirte(VE4_IP_BASE_ADDR+0x031c,0x00000000);
2026-06-08 14:44:52.333 554-4264 VPUAPI pid-554 I reg_wirte(VE4_IP_BASE_ADDR+0x0320,0x00000000);
2026-06-08 14:44:52.333 554-4264 VPUAPI pid-554 I reg_wirte(VE4_IP_BASE_ADDR+0x0324,0x00000000);
2026-06-08 14:44:52.333 554-4264 VPUAPI pid-554 I reg_wirte(VE4_IP_BASE_ADDR+0x032c,0x00000000);
2026-06-08 14:44:52.333 554-4264 VPUAPI pid-554 I reg_wirte(VE4_IP_BASE_ADDR+0x0330,0x26964000);
2026-06-08 14:44:52.334 554-4264 VPUAPI pid-554 I reg_wirte(VE4_IP_BASE_ADDR+0x0334,0x26b58000);
2026-06-08 14:44:52.334 554-4264 VPUAPI pid-554 I reg_wirte(VE4_IP_BASE_ADDR+0x0338,0x26bd5000);
2026-06-08 14:44:52.334 554-4264 VPUAPI pid-554 I reg_wirte(VE4_IP_BASE_ADDR+0x033c,0x05000280);
2026-06-08 14:44:52.334 554-4264 VPUAPI pid-554 I reg_wirte(VE4_IP_BASE_ADDR+0x0340,0x0000f000);
2026-06-08 14:44:52.334 554-4264 VPUAPI pid-554 I reg_wirte(VE4_IP_BASE_ADDR+0x0348,0x00000000);
2026-06-08 14:44:52.334 554-4264 VPUAPI pid-554 I reg_wirte(VE4_IP_BASE_ADDR+0x034c,0x00000003);
2026-06-08 14:44:52.334 554-4264 VPUAPI pid-554 I reg_wirte(VE4_IP_BASE_ADDR+0x0350,0x07200000);
2026-06-08 14:44:52.334 554-4264 VPUAPI pid-554 I reg_wirte(VE4_IP_BASE_ADDR+0x0354,0x00000000);
2026-06-08 14:44:52.335 554-4264 VPUAPI pid-554 I reg_wirte(VE4_IP_BASE_ADDR+0x0358,0x00000000);
2026-06-08 14:44:52.336 554-4264 VPUAPI pid-554 I reg_wirte(VE4_IP_BASE_ADDR+0x035c,0x00000000);
2026-06-08 14:44:52.336 554-4264 VPUAPI pid-554 I reg_wirte(VE4_IP_BASE_ADDR+0x0360,0x00000000);
2026-06-08 14:44:52.336 554-4264 VPUAPI pid-554 I reg_wirte(VE4_IP_BASE_ADDR+0x0364,0x00000000);
2026-06-08 14:44:52.336 554-4264 VPUAPI pid-554 I reg_wirte(VE4_IP_BASE_ADDR+0x03e8,0x00000000);
2026-06-08 14:44:52.336 554-4264 VPUAPI pid-554 I reg_wirte(VE4_IP_BASE_ADDR+0x03ec,0x00000000);
2026-06-08 14:44:52.337 554-4264 VPUAPI pid-554 I reg_wirte(VE4_IP_BASE_ADDR+0x03f0,0x00000000);
2026-06-08 14:44:52.337 554-4264 VPUAPI pid-554 I reg_wirte(VE4_IP_BASE_ADDR+0x03f4,0x00000000);
2026-06-08 14:44:52.337 554-4264 VPUAPI pid-554 I reg_wirte(VE4_IP_BASE_ADDR+0x0414,0x00000000);
2026-06-08 14:44:52.337 554-4264 VPUAPI pid-554 I reg_wirte(VE4_IP_BASE_ADDR+0x0418,0x00000000);
2026-06-08 14:44:52.337 554-4264 VPUAPI pid-554 I reg_wirte(VE4_IP_BASE_ADDR+0x041c,0x00000000);
2026-06-08 14:44:52.337 554-4264 VPUAPI pid-554 I reg_wirte(VE4_IP_BASE_ADDR+0x0420,0x00000000);
2026-06-08 14:44:52.337 554-4264 VPUAPI pid-554 I reg_wirte(VE4_IP_BASE_ADDR+0x0424,0x00000000);
2026-06-08 14:44:52.337 554-4264 VPUAPI pid-554 I reg_wirte(VE4_IP_BASE_ADDR+0x0428,0x00000000);
2026-06-08 14:44:52.337 554-4264 VPUAPI pid-554 I reg_wirte(VE4_IP_BASE_ADDR+0x03f8,0x00000000);
2026-06-08 14:44:52.337 554-4264 VPUAPI pid-554 I reg_wirte(VE4_IP_BASE_ADDR+0x042c,0x00000001);
2026-06-08 14:44:52.337 554-4264 VPUAPI pid-554 I reg_wirte(VE4_IP_BASE_ADDR+0x03fc,0x00000000);
2026-06-08 14:44:52.337 554-4264 VPUAPI pid-554 I reg_wirte(VE4_IP_BASE_ADDR+0x0400,0x00000000);
2026-06-08 14:44:52.337 554-4264 VPUAPI pid-554 I reg_wirte(VE4_IP_BASE_ADDR+0x0404,0x00000000);
2026-06-08 14:44:52.337 554-4264 VPUAPI pid-554 I reg_wirte(VE4_IP_BASE_ADDR+0x0408,0x00000000);
2026-06-08 14:44:52.337 554-4264 VPUAPI pid-554 I reg_wirte(VE4_IP_BASE_ADDR+0x040c,0x00000000);
2026-06-08 14:44:52.337 554-4264 VPUAPI pid-554 I reg_wirte(VE4_IP_BASE_ADDR+0x0410,0x00000000);
2026-06-08 14:44:52.337 554-4264 VPUAPI pid-554 I [119]W6SendCommand.VpuWriteReg W6_CMD_INSTANCE_INFO:0x210.value:0x30000
2026-06-08 14:44:52.337 554-4264 VPUAPI pid-554 I reg_wirte(VE4_IP_BASE_ADDR+0x0210,0x00030000);
2026-06-08 14:44:52.337 554-4264 VPUAPI pid-554 I [123]W6SendCommand.VpuWriteReg W6_VPU_CMD_BUSY_STATUS:0x70.value:1
2026-06-08 14:44:52.337 554-4264 VPUAPI pid-554 I reg_wirte(VE4_IP_BASE_ADDR+0x0070,0x00000001);
2026-06-08 14:44:52.337 554-4264 VPUAPI pid-554 I [125]W6SendCommand.VpuWriteReg W6_COMMAND:0x200.value:0x100
2026-06-08 14:44:52.337 554-4264 VPUAPI pid-554 I reg_wirte(VE4_IP_BASE_ADDR+0x0200,0x00000100);
2026-06-08 14:44:52.337 554-4264 VPUAPI pid-554 I [131]W6SendCommand.VpuWriteReg W6_VPU_HOST_INT_REQ:0x6c.value:1
2026-06-08 14:44:52.337 554-4264 VPUAPI pid-554 I reg_wirte(VE4_IP_BASE_ADDR+0x0038,0x00000001);
2026-06-08 14:44:52.337 554-4264 VPUAPI pid-554 I [134]W6SendCommand.cmd:0x100.W6_VPU_VPU_INT_STS:0x0.W6_VPU_VINT_REASON:0x0
2026-06-08 14:44:52.337 554-4264 VPUAPI pid-554 I [-][2548]VPU_EncStartOneFrame.ret:0x0
2026-06-08 14:44:52.337 554-4264 RTK_WRAP_ENC_VE4 pid-554 I VPU_EncStartOneFrame() success
2026-06-08 14:44:52.340 554-4264 VPUAPI pid-554 I clear interruptFlag=256
2026-06-08 14:44:52.340 554-4264 VPUAPI pid-554 I [+][2562]VPU_EncGetOutputInfo.
2026-06-08 14:44:52.341 554-4264 VPUAPI pid-554 I [+][3185]Wave6VpuEncGetResult.
2026-06-08 14:44:52.341 554-4264 VPUAPI pid-554 I [Wave6VpuEncGetResult]gpuCacheStatus[0] = 0
2026-06-08 14:44:52.341 554-4264 VPUAPI pid-554 I [-][3340]Wave6VpuEncGetResult.ret:0x0
2026-06-08 14:44:52.341 554-4264 VPUAPI pid-554 I [2593]VPU_EncGetOutputInfo.encSrcIdx:0x0,reconFrameIndex:0x1
2026-06-08 14:44:52.341 554-4264 VPUAPI pid-554 I [-][2605]VPU_EncGetOutputInfo.ret:0x0
2026-06-08 14:44:52.341 554-4264 RTK_WRAP_ENC_VE4 pid-554 I encodeTime 3.812352 ms || Enc: 34|| picType 1 || reconIdx 1 || rdPtr 262e0000 || wrPtr 262e0504
2026-06-08 14:44:52.341 554-4264 RTK_WRAP_ENC_VE4 pid-554 I nHeaderLen: 0|| pVpu->outputInfo.bitstreamSize 1284
2026-06-08 14:44:52.341 554-4264 RTK_WRAP_ENC_VE4 pid-554 I stream->buf_max_size : 2097152, stream->streamlen :1284
2026-06-08 14:44:52.341 554-4264 RTKC2Venc pid-554 I ooo : frameIndex=34, streamSize=1284, keyFrameFlag=0
2026-06-08 14:44:52.341 554-4264 RTKC2Venc pid-554 I Call finishWork in 761
2026-06-08 14:44:52.341 554-4264 RTKC2Venc pid-554 I Ready to finish 34
2026-06-08 14:44:52.341 554-4264 RTKC2Venc pid-554 I Finish finish 34
2026-06-08 14:44:52.341 554-4264 RTKC2Venc pid-554 I iii : flag=0, frameIndex=35, timeStamp=476725868, eos=0, dump_enable=0, yuvDumpFreq=1
2026-06-08 14:44:52.341 554-4264 RTKC2Venc pid-554 I Continue standard encode!
2026-06-08 14:44:52.343 554-4264 RTKC2Venc pid-554 I [extractGraphicBuffer][833] width = 1280 || height = 1600 || y_stride = 5120 || uStride = 5120 || vStride = 5120 || colorFormat = 1 || srcPhy = 0x0 || srcbufSize = 8192000
2026-06-08 14:44:52.343 554-4264 RTKC2Venc pid-554 I encoder->RequestSync = 0 cur_requestSync = 0
2026-06-08 14:44:52.343 554-4264 VideoClientEncVE pid-554 I [writeInputFrame][521] write input data to HW
2026-06-08 14:44:52.344 554-4264 RTK_WRAP_ENC_VE4 pid-554 I CODEC_SET_COLOR_FORMAT = 0x1
2026-06-08 14:44:52.344 554-4264 RTK_WRAP_ENC_VE4 pid-554 I [2599][encoder_set_video_config][CODEC_SET_COLOR_FORMAT] HAL_PIXEL_FORMAT_RGBA_8888
2026-06-08 14:44:52.344 554-4264 VideoClientEncVE pid-554 I calculated frameSize = 3072000
2026-06-08 14:44:52.344 554-4264 VideoClientEncVE pid-554 I mImpl->I_Interval = 600
2026-06-08 14:44:52.344 554-4264 RTK_WRAP_ENC_VE4 pid-554 I width 1280(1280), height 1600(1600), stride 1280
2026-06-08 14:44:52.344 554-4264 RTK_WRAP_ENC_VE4 pid-554 I =================encoder_encode_video================= encOP.picWidth: 1280 encOP.picHeight: 1600 origWidth: 1280 origHeight: 1600 srcFrameWidth: 1280 srcFrameHeight: 1600 srcFrameStride: 1280 fbStride: 1280 framebufWidth: 1280 framebufHeight: 1600 framebufStride: 1280 fbAllocInfo.stride: 1280 fbAllocInfo.height: 1600 buffe_resolution_flag=0
2026-06-08 14:44:52.344 554-4264 RTK_WRAP_ENC_VE4 pid-554 I copy method: HAL_PIXEL_FORMAT_RGBA_8888
2026-06-08 14:44:52.344 554-4264 RTK_WRAP_ENC_VE4 pid-554 I [+] in [CopyRGBA8888ToYUV420Frame]
2026-06-08 14:44:52.355 4251-4267 MPEG4Writer pid-4251 D non-key frame, nIPFramesCtr 35, nLastIPFramesCtr 0
2026-06-08 14:44:52.371 4319-4320 AidlLazySe...eRegistrar pid-4319 I Process has 0 (of 1 available) client(s) in use after notification artd has clients: 0
2026-06-08 14:44:52.372 4319-4320 AidlLazySe...eRegistrar pid-4319 I Trying to shut down the service. No clients in use for any service in process.
1970-01-01 08:07:57.562 167-167 servicemanager pid-167 I Notifying artd they don't (previously: do) have clients when we now have no record of a client
1970-01-01 08:07:57.572 167-167 servicemanager pid-167 I Unregistering artd
1970-01-01 08:07:57.574 167-167 BpBinder pid-167 I onLastStrongRef automatically unlinking death recipients:
2026-06-08 14:44:52.377 4319-4320 AidlLazySe...eRegistrar pid-4319 I Unregistered all clients and exiting
2026-06-08 14:44:52.378 1552-1708 blueware pid-1552 D BLUEWARE_HCI_LOCAL_BD_ADDR_IND DC0D30863FB2,1
1970-01-01 08:07:57.581 1-1 init pid-1 I Service 'artd' (pid 4319) exited with status 0 oneshot service took 4.768000 seconds in background
1970-01-01 08:07:57.584 1-1 init pid-1 I Sending signal 9 to service 'artd' (pid 4319) process group...
1970-01-01 08:07:57.586 1-1 libprocessgroup pid-1 I Successfully killed process cgroup uid 1082 pid 4319 in 0ms
2026-06-08 14:44:52.519 554-4264 RTK_WRAP_ENC_VE4 pid-554 I [-] in [CopyRGBA8888ToYUV420Frame]
2026-06-08 14:44:52.520 554-4264 RTK_WRAP_ENC_VE4 pid-554 I GopSize is greater than 1, GopSize=600, encodedIdx=35
2026-06-08 14:44:52.520 554-4264 VPUAPI pid-554 I [+][2488]VPU_EncStartOneFrame.
2026-06-08 14:44:52.520 554-4264 VPUAPI pid-554 I [2509]VPU_EncStartOneFrame.bf ProductVpuEncCheckEncParam
2026-06-08 14:44:52.520 554-4264 VPUAPI pid-554 I [2511]VPU_EncStartOneFrame.af ProductVpuEncCheckEncParam
2026-06-08 14:44:52.520 554-4264 VPUAPI pid-554 I wrapper_reg_wirte(0x0008,0x00000020);
2026-06-08 14:44:52.520 554-4264 VPUAPI pid-554 I [2910]gen_enc_pic_reg.encWidth:1280.set axi bit:0,1
2026-06-08 14:44:52.521 554-4264 VPUAPI pid-554 I reg_wirte(VE4_IP_BASE_ADDR+0x0300,0x262e0000);
2026-06-08 14:44:52.521 554-4264 VPUAPI pid-554 I reg_wirte(VE4_IP_BASE_ADDR+0x0304,0x0002a000);
2026-06-08 14:44:52.521 554-4264 VPUAPI pid-554 I reg_wirte(VE4_IP_BASE_ADDR+0x0308,0x00000040);
2026-06-08 14:44:52.521 554-4264 VPUAPI pid-554 I reg_wirte(VE4_IP_BASE_ADDR+0x030c,0x00000001);
2026-06-08 14:44:52.521 554-4264 VPUAPI pid-554 I reg_wirte(VE4_IP_BASE_ADDR+0x0310,0x00000000);
2026-06-08 14:44:52.521 554-4264 VPUAPI pid-554 I reg_wirte(VE4_IP_BASE_ADDR+0x0318,0x00000000);
2026-06-08 14:44:52.521 554-4264 VPUAPI pid-554 I reg_wirte(VE4_IP_BASE_ADDR+0x031c,0x00000000);
2026-06-08 14:44:52.522 554-4264 VPUAPI pid-554 I reg_wirte(VE4_IP_BASE_ADDR+0x0320,0x00000000);
2026-06-08 14:44:52.522 554-4264 VPUAPI pid-554 I reg_wirte(VE4_IP_BASE_ADDR+0x0324,0x00000000);
2026-06-08 14:44:52.522 554-4264 VPUAPI pid-554 I reg_wirte(VE4_IP_BASE_ADDR+0x032c,0x00000000);
2026-06-08 14:44:52.522 554-4264 VPUAPI pid-554 I reg_wirte(VE4_IP_BASE_ADDR+0x0330,0x26964000);
2026-06-08 14:44:52.522 554-4264 VPUAPI pid-554 I reg_wirte(VE4_IP_BASE_ADDR+0x0334,0x26b58000);
2026-06-08 14:44:52.522 554-4264 VPUAPI pid-554 I reg_wirte(VE4_IP_BASE_ADDR+0x0338,0x26bd5000);
2026-06-08 14:44:52.523 554-4264 VPUAPI pid-554 I reg_wirte(VE4_IP_BASE_ADDR+0x033c,0x05000280);
2026-06-08 14:44:52.523 554-4264 VPUAPI pid-554 I reg_wirte(VE4_IP_BASE_ADDR+0x0340,0x0000f000);
2026-06-08 14:44:52.524 554-4264 VPUAPI pid-554 I reg_wirte(VE4_IP_BASE_ADDR+0x0348,0x00000000);
2026-06-08 14:44:52.524 554-4264 VPUAPI pid-554 I reg_wirte(VE4_IP_BASE_ADDR+0x034c,0x00000003);
2026-06-08 14:44:52.524 554-4264 VPUAPI pid-554 I reg_wirte(VE4_IP_BASE_ADDR+0x0350,0x07200000);
2026-06-08 14:44:52.524 554-4264 VPUAPI pid-554 I reg_wirte(VE4_IP_BASE_ADDR+0x0354,0x00000000);
2026-06-08 14:44:52.524 554-4264 VPUAPI pid-554 I reg_wirte(VE4_IP_BASE_ADDR+0x0358,0x00000000);
2026-06-08 14:44:52.524 554-4264 VPUAPI pid-554 I reg_wirte(VE4_IP_BASE_ADDR+0x035c,0x00000000);
2026-06-08 14:44:52.525 554-4264 VPUAPI pid-554 I reg_wirte(VE4_IP_BASE_ADDR+0x0360,0x00000000);
2026-06-08 14:44:52.525 554-4264 VPUAPI pid-554 I reg_wirte(VE4_IP_BASE_ADDR+0x0364,0x00000000);
2026-06-08 14:44:52.525 554-4264 VPUAPI pid-554 I reg_wirte(VE4_IP_BASE_ADDR+0x03e8,0x00000000);
2026-06-08 14:44:52.525 554-4264 VPUAPI pid-554 I reg_wirte(VE4_IP_BASE_ADDR+0x03ec,0x00000000);
2026-06-08 14:44:52.525 554-4264 VPUAPI pid-554 I reg_wirte(VE4_IP_BASE_ADDR+0x03f0,0x00000000);
2026-06-08 14:44:52.525 554-4264 VPUAPI pid-554 I reg_wirte(VE4_IP_BASE_ADDR+0x03f4,0x00000000);
2026-06-08 14:44:52.526 554-4264 VPUAPI pid-554 I reg_wirte(VE4_IP_BASE_ADDR+0x0414,0x00000000);
2026-06-08 14:44:52.526 554-4264 VPUAPI pid-554 I reg_wirte(VE4_IP_BASE_ADDR+0x0418,0x00000000);
2026-06-08 14:44:52.526 554-4264 VPUAPI pid-554 I reg_wirte(VE4_IP_BASE_ADDR+0x041c,0x00000000);
2026-06-08 14:44:52.526 554-4264 VPUAPI pid-554 I reg_wirte(VE4_IP_BASE_ADDR+0x0420,0x00000000);
2026-06-08 14:44:52.526 554-4264 VPUAPI pid-554 I reg_wirte(VE4_IP_BASE_ADDR+0x0424,0x00000000);
2026-06-08 14:44:52.526 554-4264 VPUAPI pid-554 I reg_wirte(VE4_IP_BASE_ADDR+0x0428,0x00000000);
2026-06-08 14:44:52.526 554-4264 VPUAPI pid-554 I reg_wirte(VE4_IP_BASE_ADDR+0x03f8,0x00000000);
2026-06-08 14:44:52.526 554-4264 VPUAPI pid-554 I reg_wirte(VE4_IP_BASE_ADDR+0x042c,0x00000001);
2026-06-08 14:44:52.527 554-4264 VPUAPI pid-554 I reg_wirte(VE4_IP_BASE_ADDR+0x03fc,0x00000000);
2026-06-08 14:44:52.527 554-4264 VPUAPI pid-554 I reg_wirte(VE4_IP_BASE_ADDR+0x0400,0x00000000);
2026-06-08 14:44:52.527 554-4264 VPUAPI pid-554 I reg_wirte(VE4_IP_BASE_ADDR+0x0404,0x00000000);
2026-06-08 14:44:52.527 554-4264 VPUAPI pid-554 I reg_wirte(VE4_IP_BASE_ADDR+0x0408,0x00000000);
2026-06-08 14:44:52.527 554-4264 VPUAPI pid-554 I reg_wirte(VE4_IP_BASE_ADDR+0x040c,0x00000000);
2026-06-08 14:44:52.527 554-4264 VPUAPI pid-554 I reg_wirte(VE4_IP_BASE_ADDR+0x0410,0x00000000);
2026-06-08 14:44:52.527 554-4264 VPUAPI pid-554 I [119]W6SendCommand.VpuWriteReg W6_CMD_INSTANCE_INFO:0x210.value:0x30000
2026-06-08 14:44:52.528 554-4264 VPUAPI pid-554 I reg_wirte(VE4_IP_BASE_ADDR+0x0210,0x00030000);
2026-06-08 14:44:52.529 554-4264 VPUAPI pid-554 I [123]W6SendCommand.VpuWriteReg W6_VPU_CMD_BUSY_STATUS:0x70.value:1
2026-06-08 14:44:52.529 554-4264 VPUAPI pid-554 I reg_wirte(VE4_IP_BASE_ADDR+0x0070,0x00000001);
2026-06-08 14:44:52.529 554-4264 VPUAPI pid-554 I [125]W6SendCommand.VpuWriteReg W6_COMMAND:0x200.value:0x100
2026-06-08 14:44:52.529 554-4264 VPUAPI pid-554 I reg_wirte(VE4_IP_BASE_ADDR+0x0200,0x00000100);
2026-06-08 14:44:52.529 554-4264 VPUAPI pid-554 I [131]W6SendCommand.VpuWriteReg W6_VPU_HOST_INT_REQ:0x6c.value:1
2026-06-08 14:44:52.530 554-4264 VPUAPI pid-554 I reg_wirte(VE4_IP_BASE_ADDR+0x0038,0x00000001);
2026-06-08 14:44:52.530 554-4264 VPUAPI pid-554 I [134]W6SendCommand.cmd:0x100.W6_VPU_VPU_INT_STS:0x0.W6_VPU_VINT_REASON:0x0
2026-06-08 14:44:52.530 554-4264 VPUAPI pid-554 I [-][2548]VPU_EncStartOneFrame.ret:0x0
2026-06-08 14:44:52.530 554-4264 RTK_WRAP_ENC_VE4 pid-554 I VPU_EncStartOneFrame() success
2026-06-08 14:44:52.533 554-4264 VPUAPI pid-554 I clear interruptFlag=256
2026-06-08 14:44:52.534 554-4264 VPUAPI pid-554 I [+][2562]VPU_EncGetOutputInfo.
2026-06-08 14:44:52.535 554-4264 VPUAPI pid-554 I [+][3185]Wave6VpuEncGetResult.
2026-06-08 14:44:52.535 554-4264 VPUAPI pid-554 I [Wave6VpuEncGetResult]gpuCacheStatus[0] = 0
2026-06-08 14:44:52.535 554-4264 VPUAPI pid-554 I [-][3340]Wave6VpuEncGetResult.ret:0x0
2026-06-08 14:44:52.535 554-4264 VPUAPI pid-554 I [2593]VPU_EncGetOutputInfo.encSrcIdx:0x0,reconFrameIndex:0x0
2026-06-08 14:44:52.535 554-4264 VPUAPI pid-554 I [-][2605]VPU_EncGetOutputInfo.ret:0x0
2026-06-08 14:44:52.535 554-4264 RTK_WRAP_ENC_VE4 pid-554 I encodeTime 3.777024 ms || Enc: 35|| picType 1 || reconIdx 0 || rdPtr 262e0000 || wrPtr 262e0023
2026-06-08 14:44:52.535 554-4264 RTK_WRAP_ENC_VE4 pid-554 I nHeaderLen: 0|| pVpu->outputInfo.bitstreamSize 35
2026-06-08 14:44:52.535 554-4264 RTK_WRAP_ENC_VE4 pid-554 I stream->buf_max_size : 2097152, stream->streamlen :35
2026-06-08 14:44:52.535 554-4264 RTKC2Venc pid-554 I ooo : frameIndex=35, streamSize=35, keyFrameFlag=0
2026-06-08 14:44:52.535 554-4264 RTKC2Venc pid-554 I Call finishWork in 761
2026-06-08 14:44:52.535 554-4264 RTKC2Venc pid-554 I Ready to finish 35
2026-06-08 14:44:52.536 554-4264 RTKC2Venc pid-554 I Finish finish 35
2026-06-08 14:44:52.536 554-4264 RTKC2Venc pid-554 I iii : flag=0, frameIndex=36, timeStamp=476776346, eos=0, dump_enable=0, yuvDumpFreq=1
2026-06-08 14:44:52.536 554-4264 RTKC2Venc pid-554 I Continue standard encode!
2026-06-08 14:44:52.536 554-4264 RTKC2Venc pid-554 I [extractGraphicBuffer][833] width = 1280 || height = 1600 || y_stride = 5120 || uStride = 5120 || vStride = 5120 || colorFormat = 1 || srcPhy = 0x0 || srcbufSize = 8192000
2026-06-08 14:44:52.536 554-4264 RTKC2Venc pid-554 I encoder->RequestSync = 0 cur_requestSync = 0
2026-06-08 14:44:52.536 554-4264 VideoClientEncVE pid-554 I [writeInputFrame][521] write input data to HW
2026-06-08 14:44:52.536 554-4264 RTK_WRAP_ENC_VE4 pid-554 I CODEC_SET_COLOR_FORMAT = 0x1
2026-06-08 14:44:52.536 554-4264 RTK_WRAP_ENC_VE4 pid-554 I [2599][encoder_set_video_config][CODEC_SET_COLOR_FORMAT] HAL_PIXEL_FORMAT_RGBA_8888
2026-06-08 14:44:52.536 554-4264 VideoClientEncVE pid-554 I calculated frameSize = 3072000
2026-06-08 14:44:52.536 554-4264 VideoClientEncVE pid-554 I mImpl->I_Interval = 600
2026-06-08 14:44:52.537 554-4264 RTK_WRAP_ENC_VE4 pid-554 I width 1280(1280), height 1600(1600), stride 1280
2026-06-08 14:44:52.537 554-4264 RTK_WRAP_ENC_VE4 pid-554 I =================encoder_encode_video================= encOP.picWidth: 1280 encOP.picHeight: 1600 origWidth: 1280 origHeight: 1600 srcFrameWidth: 1280 srcFrameHeight: 1600 srcFrameStride: 1280 fbStride: 1280 framebufWidth: 1280 framebufHeight: 1600 framebufStride: 1280 fbAllocInfo.stride: 1280 fbAllocInfo.height: 1600 buffe_resolution_flag=0
2026-06-08 14:44:52.537 554-4264 RTK_WRAP_ENC_VE4 pid-554 I copy method: HAL_PIXEL_FORMAT_RGBA_8888
2026-06-08 14:44:52.537 554-4264 RTK_WRAP_ENC_VE4 pid-554 I [+] in [CopyRGBA8888ToYUV420Frame]
2026-06-08 14:44:52.537 4251-4267 MPEG4Writer pid-4251 D non-key frame, nIPFramesCtr 36, nLastIPFramesCtr 0
2026-06-08 14:44:52.643 554-4264 RTK_WRAP_ENC_VE4 pid-554 I [-] in [CopyRGBA8888ToYUV420Frame]
2026-06-08 14:44:52.643 554-4264 RTK_WRAP_ENC_VE4 pid-554 I GopSize is greater than 1, GopSize=600, encodedIdx=36
2026-06-08 14:44:52.643 554-4264 VPUAPI pid-554 I [+][2488]VPU_EncStartOneFrame.
2026-06-08 14:44:52.643 554-4264 VPUAPI pid-554 I [2509]VPU_EncStartOneFrame.bf ProductVpuEncCheckEncParam
2026-06-08 14:44:52.643 554-4264 VPUAPI pid-554 I [2511]VPU_EncStartOneFrame.af ProductVpuEncCheckEncParam
2026-06-08 14:44:52.643 554-4264 VPUAPI pid-554 I wrapper_reg_wirte(0x0008,0x00000020);
2026-06-08 14:44:52.643 554-4264 VPUAPI pid-554 I [2910]gen_enc_pic_reg.encWidth:1280.set axi bit:0,1
2026-06-08 14:44:52.643 554-4264 VPUAPI pid-554 I reg_wirte(VE4_IP_BASE_ADDR+0x0300,0x262e0000);
2026-06-08 14:44:52.643 554-4264 VPUAPI pid-554 I reg_wirte(VE4_IP_BASE_ADDR+0x0304,0x0002a000);
2026-06-08 14:44:52.643 554-4264 VPUAPI pid-554 I reg_wirte(VE4_IP_BASE_ADDR+0x0308,0x00000040);
2026-06-08 14:44:52.643 554-4264 VPUAPI pid-554 I reg_wirte(VE4_IP_BASE_ADDR+0x030c,0x00000001);
2026-06-08 14:44:52.643 554-4264 VPUAPI pid-554 I reg_wirte(VE4_IP_BASE_ADDR+0x0310,0x00000000);
2026-06-08 14:44:52.643 554-4264 VPUAPI pid-554 I reg_wirte(VE4_IP_BASE_ADDR+0x0318,0x00000000);
2026-06-08 14:44:52.643 554-4264 VPUAPI pid-554 I reg_wirte(VE4_IP_BASE_ADDR+0x031c,0x00000000);
2026-06-08 14:44:52.643 554-4264 VPUAPI pid-554 I reg_wirte(VE4_IP_BASE_ADDR+0x0320,0x00000000);
2026-06-08 14:44:52.643 554-4264 VPUAPI pid-554 I reg_wirte(VE4_IP_BASE_ADDR+0x0324,0x00000000);
2026-06-08 14:44:52.643 554-4264 VPUAPI pid-554 I reg_wirte(VE4_IP_BASE_ADDR+0x032c,0x00000000);
2026-06-08 14:44:52.643 554-4264 VPUAPI pid-554 I reg_wirte(VE4_IP_BASE_ADDR+0x0330,0x26964000);
2026-06-08 14:44:52.643 554-4264 VPUAPI pid-554 I reg_wirte(VE4_IP_BASE_ADDR+0x0334,0x26b58000);
2026-06-08 14:44:52.643 554-4264 VPUAPI pid-554 I reg_wirte(VE4_IP_BASE_ADDR+0x0338,0x26bd5000);
2026-06-08 14:44:52.643 554-4264 VPUAPI pid-554 I reg_wirte(VE4_IP_BASE_ADDR+0x033c,0x05000280);
2026-06-08 14:44:52.644 554-4264 VPUAPI pid-554 I reg_wirte(VE4_IP_BASE_ADDR+0x0340,0x0000f000);
2026-06-08 14:44:52.644 554-4264 VPUAPI pid-554 I reg_wirte(VE4_IP_BASE_ADDR+0x0348,0x00000000);
2026-06-08 14:44:52.644 554-4264 VPUAPI pid-554 I reg_wirte(VE4_IP_BASE_ADDR+0x034c,0x00000003);
2026-06-08 14:44:52.644 554-4264 VPUAPI pid-554 I reg_wirte(VE4_IP_BASE_ADDR+0x0350,0x07200000);
2026-06-08 14:44:52.644 554-4264 VPUAPI pid-554 I reg_wirte(VE4_IP_BASE_ADDR+0x0354,0x00000000);
2026-06-08 14:44:52.644 554-4264 VPUAPI pid-554 I reg_wirte(VE4_IP_BASE_ADDR+0x0358,0x00000000);
2026-06-08 14:44:52.644 554-4264 VPUAPI pid-554 I reg_wirte(VE4_IP_BASE_ADDR+0x035c,0x00000000);
2026-06-08 14:44:52.644 554-4264 VPUAPI pid-554 I reg_wirte(VE4_IP_BASE_ADDR+0x0360,0x00000000);
2026-06-08 14:44:52.644 554-4264 VPUAPI pid-554 I reg_wirte(VE4_IP_BASE_ADDR+0x0364,0x00000000);
2026-06-08 14:44:52.644 554-4264 VPUAPI pid-554 I reg_wirte(VE4_IP_BASE_ADDR+0x03e8,0x00000000);
2026-06-08 14:44:52.644 554-4264 VPUAPI pid-554 I reg_wirte(VE4_IP_BASE_ADDR+0x03ec,0x00000000);
2026-06-08 14:44:52.644 554-4264 VPUAPI pid-554 I reg_wirte(VE4_IP_BASE_ADDR+0x03f0,0x00000000);
2026-06-08 14:44:52.644 554-4264 VPUAPI pid-554 I reg_wirte(VE4_IP_BASE_ADDR+0x03f4,0x00000000);
2026-06-08 14:44:52.644 554-4264 VPUAPI pid-554 I reg_wirte(VE4_IP_BASE_ADDR+0x0414,0x00000000);
2026-06-08 14:44:52.644 554-4264 VPUAPI pid-554 I reg_wirte(VE4_IP_BASE_ADDR+0x0418,0x00000000);
2026-06-08 14:44:52.644 554-4264 VPUAPI pid-554 I reg_wirte(VE4_IP_BASE_ADDR+0x041c,0x00000000);
2026-06-08 14:44:52.644 554-4264 VPUAPI pid-554 I reg_wirte(VE4_IP_BASE_ADDR+0x0420,0x00000000);
2026-06-08 14:44:52.644 554-4264 VPUAPI pid-554 I reg_wirte(VE4_IP_BASE_ADDR+0x0424,0x00000000);
2026-06-08 14:44:52.644 554-4264 VPUAPI pid-554 I reg_wirte(VE4_IP_BASE_ADDR+0x0428,0x00000000);
2026-06-08 14:44:52.644 554-4264 VPUAPI pid-554 I reg_wirte(VE4_IP_BASE_ADDR+0x03f8,0x00000000);
2026-06-08 14:44:52.644 554-4264 VPUAPI pid-554 I reg_wirte(VE4_IP_BASE_ADDR+0x042c,0x00000001);
2026-06-08 14:44:52.644 554-4264 VPUAPI pid-554 I reg_wirte(VE4_IP_BASE_ADDR+0x03fc,0x00000000);
2026-06-08 14:44:52.644 554-4264 VPUAPI pid-554 I reg_wirte(VE4_IP_BASE_ADDR+0x0400,0x00000000);
2026-06-08 14:44:52.644 554-4264 VPUAPI pid-554 I reg_wirte(VE4_IP_BASE_ADDR+0x0404,0x00000000);
2026-06-08 14:44:52.644 554-4264 VPUAPI pid-554 I reg_wirte(VE4_IP_BASE_ADDR+0x0408,0x00000000);
2026-06-08 14:44:52.644 554-4264 VPUAPI pid-554 I reg_wirte(VE4_IP_BASE_ADDR+0x040c,0x00000000);
2026-06-08 14:44:52.644 554-4264 VPUAPI pid-554 I reg_wirte(VE4_IP_BASE_ADDR+0x0410,0x00000000);
2026-06-08 14:44:52.644 554-4264 VPUAPI pid-554 I [119]W6SendCommand.VpuWriteReg W6_CMD_INSTANCE_INFO:0x210.value:0x30000
2026-06-08 14:44:52.644 554-4264 VPUAPI pid-554 I reg_wirte(VE4_IP_BASE_ADDR+0x0210,0x00030000);
2026-06-08 14:44:52.644 554-4264 VPUAPI pid-554 I [123]W6SendCommand.VpuWriteReg W6_VPU_CMD_BUSY_STATUS:0x70.value:1
2026-06-08 14:44:52.644 554-4264 VPUAPI pid-554 I reg_wirte(VE4_IP_BASE_ADDR+0x0070,0x00000001);
2026-06-08 14:44:52.644 554-4264 VPUAPI pid-554 I [125]W6SendCommand.VpuWriteReg W6_COMMAND:0x200.value:0x100
2026-06-08 14:44:52.644 554-4264 VPUAPI pid-554 I reg_wirte(VE4_IP_BASE_ADDR+0x0200,0x00000100);
2026-06-08 14:44:52.644 554-4264 VPUAPI pid-554 I [131]W6SendCommand.VpuWriteReg W6_VPU_HOST_INT_REQ:0x6c.value:1
2026-06-08 14:44:52.645 554-4264 VPUAPI pid-554 I reg_wirte(VE4_IP_BASE_ADDR+0x0038,0x00000001);
2026-06-08 14:44:52.645 554-4264 VPUAPI pid-554 I [134]W6SendCommand.cmd:0x100.W6_VPU_VPU_INT_STS:0x0.W6_VPU_VINT_REASON:0x0
2026-06-08 14:44:52.645 554-4264 VPUAPI pid-554 I [-][2548]VPU_EncStartOneFrame.ret:0x0
2026-06-08 14:44:52.645 554-4264 RTK_WRAP_ENC_VE4 pid-554 I VPU_EncStartOneFrame() success
2026-06-08 14:44:52.648 554-4264 VPUAPI pid-554 I clear interruptFlag=256
2026-06-08 14:44:52.648 554-4264 VPUAPI pid-554 I [+][2562]VPU_EncGetOutputInfo.
2026-06-08 14:44:52.648 554-4264 VPUAPI pid-554 I [+][3185]Wave6VpuEncGetResult.
2026-06-08 14:44:52.648 554-4264 VPUAPI pid-554 I [Wave6VpuEncGetResult]gpuCacheStatus[0] = 0
2026-06-08 14:44:52.649 554-4264 VPUAPI pid-554 I [-][3340]Wave6VpuEncGetResult.ret:0x0
2026-06-08 14:44:52.649 554-4264 VPUAPI pid-554 I [2593]VPU_EncGetOutputInfo.encSrcIdx:0x0,reconFrameIndex:0x0
2026-06-08 14:44:52.649 554-4264 VPUAPI pid-554 I [-][2605]VPU_EncGetOutputInfo.ret:0x0
2026-06-08 14:44:52.649 554-4264 RTK_WRAP_ENC_VE4 pid-554 I encodeTime 3.805184 ms || Enc: 36|| picType 1 || reconIdx 0 || rdPtr 262e0000 || wrPtr 262e0158
2026-06-08 14:44:52.649 554-4264 RTK_WRAP_ENC_VE4 pid-554 I nHeaderLen: 0|| pVpu->outputInfo.bitstreamSize 344
2026-06-08 14:44:52.649 554-4264 RTK_WRAP_ENC_VE4 pid-554 I stream->buf_max_size : 2097152, stream->streamlen :344
2026-06-08 14:44:52.649 554-4264 RTKC2Venc pid-554 I ooo : frameIndex=36, streamSize=344, keyFrameFlag=0
2026-06-08 14:44:52.649 554-4264 RTKC2Venc pid-554 I Call finishWork in 761
2026-06-08 14:44:52.649 554-4264 RTKC2Venc pid-554 I Ready to finish 36
2026-06-08 14:44:52.650 554-4264 RTKC2Venc pid-554 I Finish finish 36
2026-06-08 14:44:52.650 554-4264 RTKC2Venc pid-554 I iii : flag=0, frameIndex=37, timeStamp=476809199, eos=0, dump_enable=0, yuvDumpFreq=1
2026-06-08 14:44:52.650 554-4264 RTKC2Venc pid-554 I Continue standard encode!
2026-06-08 14:44:52.651 554-4264 RTKC2Venc pid-554 I [extractGraphicBuffer][833] width = 1280 || height = 1600 || y_stride = 5120 || uStride = 5120 || vStride = 5120 || colorFormat = 1 || srcPhy = 0x0 || srcbufSize = 8192000
2026-06-08 14:44:52.651 554-4264 RTKC2Venc pid-554 I encoder->RequestSync = 0 cur_requestSync = 0
2026-06-08 14:44:52.651 554-4264 VideoClientEncVE pid-554 I [writeInputFrame][521] write input data to HW
2026-06-08 14:44:52.651 554-4264 RTK_WRAP_ENC_VE4 pid-554 I CODEC_SET_COLOR_FORMAT = 0x1
